Submit
Path:
~
/
home
/
ampckwxt
/
access-logs
/
File Content:
wheninromebigfork.com.ampcuan123.lol
114.119.136.160 - - [13/Feb/2026:12:06:19 +0000] "GET /shopdetail/1394384634.shtml HTTP/1.1" 200 4371 "-" "Mozilla/5.0 (Linux; Android 7.0;) AppleWebKit/537.36 (KHTML, like Gecko) Mobile Safari/537.36 (compatible; PetalBot;+https://webmaster.petalsearch.com/site/petalbot)"
114.119.157.54 - - [13/Feb/2026:12:08:15 +0000] "GET /shopdetail/1394383068.shtml HTTP/1.1" 200 4371 "-" "Mozilla/5.0 (Linux; Android 7.0;) AppleWebKit/537.36 (KHTML, like Gecko) Mobile Safari/537.36 (compatible; PetalBot;+https://webmaster.petalsearch.com/site/petalbot)"
114.119.133.138 - - [13/Feb/2026:12:10:06 +0000] "GET /shopdetail/1394376046.shtml HTTP/1.1" 200 4371 "-" "Mozilla/5.0 (Linux; Android 7.0;) AppleWebKit/537.36 (KHTML, like Gecko) Mobile Safari/537.36 (compatible; PetalBot;+https://webmaster.petalsearch.com/site/petalbot)"
69.30.223.218 - - [13/Feb/2026:12:11:28 +0000] "GET /wp-content/x464d3f/index.php HTTP/1.1" 200 23 "http://wheninromebigfork.com/wp-content/x464d3f/index.php" "Mozilla/5.0 (Windows NT 10.0; Win64; x64) AppleWebKit/537.36 (KHTML, like Gecko) Chrome/58.0.3029.110 Safari/537.3"
114.119.137.38 - - [13/Feb/2026:12:12:01 +0000] "GET /shopdetail/1394375484.shtml HTTP/1.1" 200 4371 "-" "Mozilla/5.0 (Linux; Android 7.0;) AppleWebKit/537.36 (KHTML, like Gecko) Mobile Safari/537.36 (compatible; PetalBot;+https://webmaster.petalsearch.com/site/petalbot)"
114.119.154.6 - - [13/Feb/2026:12:13:54 +0000] "GET /shopdetail/1394375002.shtml HTTP/1.1" 200 4371 "-" "Mozilla/5.0 (Linux; Android 7.0;) AppleWebKit/537.36 (KHTML, like Gecko) Mobile Safari/537.36 (compatible; PetalBot;+https://webmaster.petalsearch.com/site/petalbot)"
114.119.157.54 - - [13/Feb/2026:12:15:47 +0000] "GET /shopdetail/1394372802.shtml HTTP/1.1" 200 4371 "-" "Mozilla/5.0 (Linux; Android 7.0;) AppleWebKit/537.36 (KHTML, like Gecko) Mobile Safari/537.36 (compatible; PetalBot;+https://webmaster.petalsearch.com/site/petalbot)"
114.119.133.125 - - [13/Feb/2026:12:17:41 +0000] "GET /shopdetail/1394366326.shtml HTTP/1.1" 200 4371 "-" "Mozilla/5.0 (Linux; Android 7.0;) AppleWebKit/537.36 (KHTML, like Gecko) Mobile Safari/537.36 (compatible; PetalBot;+https://webmaster.petalsearch.com/site/petalbot)"
43.153.15.51 - - [13/Feb/2026:12:18:21 +0000] "GET / HTTP/1.1" 200 23 "-" "Mozilla/5.0 (iPhone; CPU iPhone OS 13_2_3 like Mac OS X) AppleWebKit/605.1.15 (KHTML, like Gecko) Version/13.0.3 Mobile/15E148 Safari/604.1"
114.119.155.13 - - [13/Feb/2026:12:19:35 +0000] "GET /shopdetail/1394365852.shtml HTTP/1.1" 200 4371 "-" "Mozilla/5.0 (Linux; Android 7.0;) AppleWebKit/537.36 (KHTML, like Gecko) Mobile Safari/537.36 (compatible; PetalBot;+https://webmaster.petalsearch.com/site/petalbot)"
69.30.223.218 - - [13/Feb/2026:12:21:25 +0000] "GET /wp-content/x464d3f/index.php HTTP/1.1" 200 23 "http://wheninromebigfork.com/wp-content/x464d3f/index.php" "Mozilla/5.0 (Windows NT 10.0; Win64; x64) AppleWebKit/537.36 (KHTML, like Gecko) Chrome/58.0.3029.110 Safari/537.3"
114.119.142.125 - - [13/Feb/2026:12:21:33 +0000] "GET /shopdetail/1394358810.shtml HTTP/1.1" 200 4371 "-" "Mozilla/5.0 (Linux; Android 7.0;) AppleWebKit/537.36 (KHTML, like Gecko) Mobile Safari/537.36 (compatible; PetalBot;+https://webmaster.petalsearch.com/site/petalbot)"
185.241.211.8 - - [13/Feb/2026:12:23:20 +0000] "GET / HTTP/1.1" 200 23 "-" "-"
114.119.133.125 - - [13/Feb/2026:12:23:23 +0000] "GET /index.php/?detail/99944539389542 HTTP/1.1" 200 4371 "http://wheninromebigfork.com/wp-includes/revisions.php?sitemap_index.xml" "Mozilla/5.0 (Linux; Android 7.0;) AppleWebKit/537.36 (KHTML, like Gecko) Mobile Safari/537.36 (compatible; PetalBot;+https://webmaster.petalsearch.com/site/petalbot)"
2a09:bac1:76e0:450::1c:307 - - [13/Feb/2026:12:24:26 +0000] "GET /style.php HTTP/1.1" 403 23 "-" "Go-http-client/1.1"
2a09:bac1:76e0:450::1c:307 - - [13/Feb/2026:12:24:26 +0000] "GET /wp-content/style.php HTTP/1.1" 200 23 "-" "Go-http-client/1.1"
2a09:bac1:76e0:450::1c:307 - - [13/Feb/2026:12:24:26 +0000] "GET /wp-content/themes/style.php HTTP/1.1" 200 23 "-" "Go-http-client/1.1"
2a09:bac1:76e0:450::1c:307 - - [13/Feb/2026:12:24:27 +0000] "GET /wp-admin/style.php HTTP/1.1" 200 23 "-" "Go-http-client/1.1"
2a09:bac1:76e0:450::1c:307 - - [13/Feb/2026:12:24:27 +0000] "GET /wp-includes/style.php HTTP/1.1" 200 23 "-" "Go-http-client/1.1"
2a09:bac1:76e0:450::1c:307 - - [13/Feb/2026:12:24:27 +0000] "GET /chosen.php?p= HTTP/1.1" 403 23 "-" "Go-http-client/1.1"
2a09:bac1:76e0:450::1c:307 - - [13/Feb/2026:12:24:27 +0000] "GET /file.php HTTP/1.1" 403 23 "-" "Go-http-client/1.1"
2a09:bac1:76e0:450::1c:307 - - [13/Feb/2026:12:24:28 +0000] "GET /flower.php HTTP/1.1" 403 23 "-" "Go-http-client/1.1"
2a09:bac1:76e0:450::1c:307 - - [13/Feb/2026:12:24:28 +0000] "GET /gifclass.php HTTP/1.1" 403 23 "-" "Go-http-client/1.1"
2a09:bac1:76e0:450::1c:307 - - [13/Feb/2026:12:24:28 +0000] "GET /bless.php HTTP/1.1" 403 23 "-" "Go-http-client/1.1"
2a09:bac1:76e0:450::1c:307 - - [13/Feb/2026:12:24:28 +0000] "GET /class-t.api.php HTTP/1.1" 403 23 "-" "Go-http-client/1.1"
2a09:bac1:76e0:450::1c:307 - - [13/Feb/2026:12:24:29 +0000] "GET /blurbs.php HTTP/1.1" 403 23 "-" "Go-http-client/1.1"
2a09:bac1:76e0:450::1c:307 - - [13/Feb/2026:12:24:29 +0000] "GET /akcc.php HTTP/1.1" 403 23 "-" "Go-http-client/1.1"
2a09:bac1:76e0:450::1c:307 - - [13/Feb/2026:12:24:29 +0000] "GET /abcd.php HTTP/1.1" 403 23 "-" "Go-http-client/1.1"
2a09:bac1:76e0:450::1c:307 - - [13/Feb/2026:12:24:29 +0000] "GET /shelp.php HTTP/1.1" 403 23 "-" "Go-http-client/1.1"
2a09:bac1:76e0:450::1c:307 - - [13/Feb/2026:12:24:30 +0000] "GET /cord.php HTTP/1.1" 403 23 "-" "Go-http-client/1.1"
2a09:bac1:76e0:450::1c:307 - - [13/Feb/2026:12:24:30 +0000] "GET /dex.php HTTP/1.1" 403 23 "-" "Go-http-client/1.1"
2a09:bac1:76e0:450::1c:307 - - [13/Feb/2026:12:24:30 +0000] "GET /wp-admin/admin-ajax.php HTTP/1.1" 200 23 "-" "Go-http-client/1.1"
2a09:bac1:76e0:450::1c:307 - - [13/Feb/2026:12:24:31 +0000] "GET /file2.php HTTP/1.1" 403 23 "-" "Go-http-client/1.1"
2a09:bac1:76e0:450::1c:307 - - [13/Feb/2026:12:24:31 +0000] "GET //zwso.php HTTP/1.1" 403 23 "-" "Go-http-client/1.1"
2a09:bac1:76e0:450::1c:307 - - [13/Feb/2026:12:24:31 +0000] "GET /wp-admin/zwso.php HTTP/1.1" 200 23 "-" "Go-http-client/1.1"
2a09:bac1:76e0:450::1c:307 - - [13/Feb/2026:12:24:31 +0000] "GET /wp-content/plugins/hellopress/wp_mna.php HTTP/1.1" 200 23 "-" "Go-http-client/1.1"
2a09:bac1:76e0:450::1c:307 - - [13/Feb/2026:12:24:31 +0000] "GET /bolt.php HTTP/1.1" 403 23 "-" "Go-http-client/1.1"
2a09:bac1:76e0:450::1c:307 - - [13/Feb/2026:12:24:32 +0000] "GET /shlo.php HTTP/1.1" 403 23 "-" "Go-http-client/1.1"
2a09:bac1:76e0:450::1c:307 - - [13/Feb/2026:12:24:32 +0000] "GET /133.php HTTP/1.1" 403 23 "-" "Go-http-client/1.1"
2a09:bac1:76e0:450::1c:307 - - [13/Feb/2026:12:24:32 +0000] "GET /ahax.php HTTP/1.1" 403 23 "-" "Go-http-client/1.1"
2a09:bac1:76e0:450::1c:307 - - [13/Feb/2026:12:24:32 +0000] "GET /php8.php HTTP/1.1" 403 23 "-" "Go-http-client/1.1"
2a09:bac1:76e0:450::1c:307 - - [13/Feb/2026:12:24:33 +0000] "GET /lufix1.php HTTP/1.1" 403 23 "-" "Go-http-client/1.1"
2a09:bac1:76e0:450::1c:307 - - [13/Feb/2026:12:24:33 +0000] "GET /witmm.php HTTP/1.1" 403 23 "-" "Go-http-client/1.1"
2a09:bac1:76e0:450::1c:307 - - [13/Feb/2026:12:24:33 +0000] "GET /wp-admin/css/index.php HTTP/1.1" 200 23 "-" "Go-http-client/1.1"
2a09:bac1:76e0:450::1c:307 - - [13/Feb/2026:12:24:33 +0000] "GET /wp-content/plugins/index.php HTTP/1.1" 200 23 "-" "Go-http-client/1.1"
2a09:bac1:76e0:450::1c:307 - - [13/Feb/2026:12:24:34 +0000] "GET /wp-content/index.php HTTP/1.1" 200 23 "-" "Go-http-client/1.1"
2a09:bac1:76e0:450::1c:307 - - [13/Feb/2026:12:24:34 +0000] "GET /ioxi-o.php HTTP/1.1" 403 23 "-" "Go-http-client/1.1"
2a09:bac1:76e0:450::1c:307 - - [13/Feb/2026:12:24:34 +0000] "GET /222.php HTTP/1.1" 403 23 "-" "Go-http-client/1.1"
2a09:bac1:76e0:450::1c:307 - - [13/Feb/2026:12:24:34 +0000] "GET /files.php HTTP/1.1" 403 23 "-" "Go-http-client/1.1"
2a09:bac1:76e0:450::1c:307 - - [13/Feb/2026:12:24:34 +0000] "GET /wp-editor.php HTTP/1.1" 200 23 "-" "Go-http-client/1.1"
2a09:bac1:76e0:450::1c:307 - - [13/Feb/2026:12:24:35 +0000] "GET /txets.php HTTP/1.1" 403 23 "-" "Go-http-client/1.1"
2a09:bac1:76e0:450::1c:307 - - [13/Feb/2026:12:24:35 +0000] "GET /wp-content/txets.php HTTP/1.1" 200 23 "-" "Go-http-client/1.1"
2a09:bac1:76e0:450::1c:307 - - [13/Feb/2026:12:24:35 +0000] "GET /wp-admin/txets.php HTTP/1.1" 200 23 "-" "Go-http-client/1.1"
2a09:bac1:76e0:450::1c:307 - - [13/Feb/2026:12:24:36 +0000] "GET /postnews.php HTTP/1.1" 403 23 "-" "Go-http-client/1.1"
2a09:bac1:76e0:450::1c:307 - - [13/Feb/2026:12:24:36 +0000] "GET /wp-content/postnews.php HTTP/1.1" 200 23 "-" "Go-http-client/1.1"
2a09:bac1:76e0:450::1c:307 - - [13/Feb/2026:12:24:36 +0000] "GET /wp-admin/postnews.php HTTP/1.1" 200 23 "-" "Go-http-client/1.1"
114.119.157.56 - - [13/Feb/2026:12:25:45 +0000] "GET /?sitemap-item3.xml HTTP/1.1" 200 4371 "-" "Mozilla/5.0 (Linux; Android 7.0;) AppleWebKit/537.36 (KHTML, like Gecko) Mobile Safari/537.36 (compatible; PetalBot;+https://webmaster.petalsearch.com/site/petalbot)"
114.119.149.171 - - [13/Feb/2026:12:27:12 +0000] "GET /?sitemap-item18.xml HTTP/1.1" 200 4371 "-" "Mozilla/5.0 (Linux; Android 7.0;) AppleWebKit/537.36 (KHTML, like Gecko) Mobile Safari/537.36 (compatible; PetalBot;+https://webmaster.petalsearch.com/site/petalbot)"
114.119.154.6 - - [13/Feb/2026:12:29:06 +0000] "GET /index.php/?detail/99800921552827 HTTP/1.1" 200 4371 "http://wheninromebigfork.com/wp-includes/revisions.php?sitemap_index.xml" "Mozilla/5.0 (Linux; Android 7.0;) AppleWebKit/537.36 (KHTML, like Gecko) Mobile Safari/537.36 (compatible; PetalBot;+https://webmaster.petalsearch.com/site/petalbot)"
51.120.78.0 - - [13/Feb/2026:12:29:45 +0000] "GET /wp-content/plugins/hellopress/wp_filemanager.php HTTP/1.1" 200 23 "-" "-"
51.120.78.0 - - [13/Feb/2026:12:29:45 +0000] "GET /88.php HTTP/1.1" 403 23 "-" "-"
51.120.78.0 - - [13/Feb/2026:12:29:46 +0000] "GET /pass4.php HTTP/1.1" 403 23 "-" "-"
51.120.78.0 - - [13/Feb/2026:12:29:46 +0000] "GET /php8.php HTTP/1.1" 403 23 "-" "-"
51.120.78.0 - - [13/Feb/2026:12:29:46 +0000] "GET /cvtcosue.php HTTP/1.1" 403 23 "-" "-"
51.120.78.0 - - [13/Feb/2026:12:29:46 +0000] "GET /gm.php HTTP/1.1" 403 23 "-" "-"
51.120.78.0 - - [13/Feb/2026:12:29:47 +0000] "GET /1a.php HTTP/1.1" 403 23 "-" "-"
51.120.78.0 - - [13/Feb/2026:12:29:47 +0000] "GET /aer.php HTTP/1.1" 403 23 "-" "-"
51.120.78.0 - - [13/Feb/2026:12:29:47 +0000] "GET /f6.php HTTP/1.1" 403 23 "-" "-"
51.120.78.0 - - [13/Feb/2026:12:29:48 +0000] "GET /667.php HTTP/1.1" 403 23 "-" "-"
51.120.78.0 - - [13/Feb/2026:12:29:48 +0000] "GET /kma.php HTTP/1.1" 403 23 "-" "-"
51.120.78.0 - - [13/Feb/2026:12:29:48 +0000] "GET /kimono.php HTTP/1.1" 403 23 "-" "-"
114.119.154.6 - - [13/Feb/2026:12:30:59 +0000] "GET /index.php/?detail/98530934188571 HTTP/1.1" 200 4371 "http://wheninromebigfork.com/wp-includes/revisions.php?sitemap_index.xml" "Mozilla/5.0 (Linux; Android 7.0;) AppleWebKit/537.36 (KHTML, like Gecko) Mobile Safari/537.36 (compatible; PetalBot;+https://webmaster.petalsearch.com/site/petalbot)"
69.30.223.218 - - [13/Feb/2026:12:31:28 +0000] "GET /wp-content/x464d3f/index.php HTTP/1.1" 200 23 "http://wheninromebigfork.com/wp-content/x464d3f/index.php" "Mozilla/5.0 (Windows NT 10.0; Win64; x64) AppleWebKit/537.36 (KHTML, like Gecko) Chrome/58.0.3029.110 Safari/537.3"
114.119.142.125 - - [13/Feb/2026:12:32:52 +0000] "GET /index.php/?detail/98216893554847 HTTP/1.1" 200 4371 "http://wheninromebigfork.com/wp-includes/revisions.php?sitemap_index.xml" "Mozilla/5.0 (Linux; Android 7.0;) AppleWebKit/537.36 (KHTML, like Gecko) Mobile Safari/537.36 (compatible; PetalBot;+https://webmaster.petalsearch.com/site/petalbot)"
114.119.155.13 - - [13/Feb/2026:12:34:46 +0000] "GET /index.php/?detail/97941353895830 HTTP/1.1" 200 4371 "http://wheninromebigfork.com/wp-includes/revisions.php?sitemap_index.xml" "Mozilla/5.0 (Linux; Android 7.0;) AppleWebKit/537.36 (KHTML, like Gecko) Mobile Safari/537.36 (compatible; PetalBot;+https://webmaster.petalsearch.com/site/petalbot)"
114.119.154.6 - - [13/Feb/2026:12:36:44 +0000] "GET /index.php/?detail/96039947908513 HTTP/1.1" 200 4371 "http://wheninromebigfork.com/wp-includes/revisions.php?sitemap_index.xml" "Mozilla/5.0 (Linux; Android 7.0;) AppleWebKit/537.36 (KHTML, like Gecko) Mobile Safari/537.36 (compatible; PetalBot;+https://webmaster.petalsearch.com/site/petalbot)"
114.119.154.6 - - [13/Feb/2026:12:38:35 +0000] "GET /index.php/?detail/92261047854088 HTTP/1.1" 200 4371 "http://wheninromebigfork.com/wp-includes/revisions.php?sitemap_index.xml" "Mozilla/5.0 (Linux; Android 7.0;) AppleWebKit/537.36 (KHTML, like Gecko) Mobile Safari/537.36 (compatible; PetalBot;+https://webmaster.petalsearch.com/site/petalbot)"
114.119.133.138 - - [13/Feb/2026:12:40:29 +0000] "GET /index.php/?detail/9053870991927 HTTP/1.1" 200 4371 "http://wheninromebigfork.com/wp-includes/revisions.php?sitemap_index.xml" "Mozilla/5.0 (Linux; Android 7.0;) AppleWebKit/537.36 (KHTML, like Gecko) Mobile Safari/537.36 (compatible; PetalBot;+https://webmaster.petalsearch.com/site/petalbot)"
69.30.223.218 - - [13/Feb/2026:12:41:57 +0000] "GET /wp-content/x464d3f/index.php HTTP/1.1" 200 23 "http://wheninromebigfork.com/wp-content/x464d3f/index.php" "Mozilla/5.0 (Windows NT 10.0; Win64; x64) AppleWebKit/537.36 (KHTML, like Gecko) Chrome/58.0.3029.110 Safari/537.3"
114.119.133.125 - - [13/Feb/2026:12:42:22 +0000] "GET /index.php/?detail/89727053535073 HTTP/1.1" 200 4371 "http://wheninromebigfork.com/wp-includes/revisions.php?sitemap_index.xml" "Mozilla/5.0 (Linux; Android 7.0;) AppleWebKit/537.36 (KHTML, like Gecko) Mobile Safari/537.36 (compatible; PetalBot;+https://webmaster.petalsearch.com/site/petalbot)"
114.119.137.38 - - [13/Feb/2026:12:44:19 +0000] "GET /index.php/?detail/88434372427133 HTTP/1.1" 200 4371 "http://wheninromebigfork.com/wp-includes/revisions.php?sitemap_index.xml" "Mozilla/5.0 (Linux; Android 7.0;) AppleWebKit/537.36 (KHTML, like Gecko) Mobile Safari/537.36 (compatible; PetalBot;+https://webmaster.petalsearch.com/site/petalbot)"
114.119.154.6 - - [13/Feb/2026:12:46:13 +0000] "GET /index.php/?detail/88045322069570 HTTP/1.1" 200 4371 "http://wheninromebigfork.com/wp-includes/revisions.php?sitemap_index.xml" "Mozilla/5.0 (Linux; Android 7.0;) AppleWebKit/537.36 (KHTML, like Gecko) Mobile Safari/537.36 (compatible; PetalBot;+https://webmaster.petalsearch.com/site/petalbot)"
114.119.137.38 - - [13/Feb/2026:12:48:04 +0000] "GET /index.php/?detail/87582241886048 HTTP/1.1" 200 4371 "http://wheninromebigfork.com/wp-includes/revisions.php?sitemap_index.xml" "Mozilla/5.0 (Linux; Android 7.0;) AppleWebKit/537.36 (KHTML, like Gecko) Mobile Safari/537.36 (compatible; PetalBot;+https://webmaster.petalsearch.com/site/petalbot)"
114.119.133.125 - - [13/Feb/2026:12:49:57 +0000] "GET /index.php/?detail/87376395012940 HTTP/1.1" 200 4371 "http://wheninromebigfork.com/wp-includes/revisions.php?sitemap_index.xml" "Mozilla/5.0 (Linux; Android 7.0;) AppleWebKit/537.36 (KHTML, like Gecko) Mobile Safari/537.36 (compatible; PetalBot;+https://webmaster.petalsearch.com/site/petalbot)"
51.68.236.91 - - [13/Feb/2026:12:51:36 +0000] "GET /robots.txt HTTP/1.1" 200 4371 "-" "Mozilla/5.0 (compatible; MJ12bot/v2.0.4; http://mj12bot.com/)"
51.68.236.91 - - [13/Feb/2026:12:51:37 +0000] "GET / HTTP/1.1" 200 4371 "-" "Mozilla/5.0 (compatible; MJ12bot/v2.0.4; http://mj12bot.com/)"
114.119.142.125 - - [13/Feb/2026:12:51:51 +0000] "GET /index.php/?detail/85518557313935 HTTP/1.1" 200 4371 "http://wheninromebigfork.com/wp-includes/revisions.php?sitemap_index.xml" "Mozilla/5.0 (Linux; Android 7.0;) AppleWebKit/537.36 (KHTML, like Gecko) Mobile Safari/537.36 (compatible; PetalBot;+https://webmaster.petalsearch.com/site/petalbot)"
69.30.223.218 - - [13/Feb/2026:12:51:56 +0000] "GET /wp-content/x464d3f/index.php HTTP/1.1" 200 23 "http://wheninromebigfork.com/wp-content/x464d3f/index.php" "Mozilla/5.0 (Windows NT 10.0; Win64; x64) AppleWebKit/537.36 (KHTML, like Gecko) Chrome/58.0.3029.110 Safari/537.3"
114.119.133.138 - - [13/Feb/2026:12:53:44 +0000] "GET /index.php/?detail/8341876936434 HTTP/1.1" 200 4371 "http://wheninromebigfork.com/wp-includes/revisions.php?sitemap_index.xml" "Mozilla/5.0 (Linux; Android 7.0;) AppleWebKit/537.36 (KHTML, like Gecko) Mobile Safari/537.36 (compatible; PetalBot;+https://webmaster.petalsearch.com/site/petalbot)"
114.119.135.136 - - [13/Feb/2026:12:55:39 +0000] "GET /?sitemap-item23.xml HTTP/1.1" 200 4371 "-" "Mozilla/5.0 (Linux; Android 7.0;) AppleWebKit/537.36 (KHTML, like Gecko) Mobile Safari/537.36 (compatible; PetalBot;+https://webmaster.petalsearch.com/site/petalbot)"
114.119.155.13 - - [13/Feb/2026:12:59:26 +0000] "GET /index.php/?detail/83380967437481 HTTP/1.1" 200 4371 "http://wheninromebigfork.com/wp-includes/revisions.php?sitemap_index.xml" "Mozilla/5.0 (Linux; Android 7.0;) AppleWebKit/537.36 (KHTML, like Gecko) Mobile Safari/537.36 (compatible; PetalBot;+https://webmaster.petalsearch.com/site/petalbot)"
114.119.157.54 - - [13/Feb/2026:13:01:20 +0000] "GET /index.php/?detail/83182958017249 HTTP/1.1" 200 4371 "http://wheninromebigfork.com/wp-includes/revisions.php?sitemap_index.xml" "Mozilla/5.0 (Linux; Android 7.0;) AppleWebKit/537.36 (KHTML, like Gecko) Mobile Safari/537.36 (compatible; PetalBot;+https://webmaster.petalsearch.com/site/petalbot)"
114.119.146.244 - - [13/Feb/2026:13:02:39 +0000] "GET /?sitemap-item11.xml HTTP/1.1" 200 4371 "-" "Mozilla/5.0 (Linux; Android 7.0;) AppleWebKit/537.36 (KHTML, like Gecko) Mobile Safari/537.36 (compatible; PetalBot;+https://webmaster.petalsearch.com/site/petalbot)"
69.30.223.218 - - [13/Feb/2026:13:02:56 +0000] "GET /wp-content/x464d3f/index.php HTTP/1.1" 200 23 "http://wheninromebigfork.com/wp-content/x464d3f/index.php" "Mozilla/5.0 (Windows NT 10.0; Win64; x64) AppleWebKit/537.36 (KHTML, like Gecko) Chrome/58.0.3029.110 Safari/537.3"
114.119.155.13 - - [13/Feb/2026:13:03:14 +0000] "GET /index.php/?detail/82770681352936 HTTP/1.1" 200 4371 "http://wheninromebigfork.com/wp-includes/revisions.php?sitemap_index.xml" "Mozilla/5.0 (Linux; Android 7.0;) AppleWebKit/537.36 (KHTML, like Gecko) Mobile Safari/537.36 (compatible; PetalBot;+https://webmaster.petalsearch.com/site/petalbot)"
114.119.136.160 - - [13/Feb/2026:13:05:08 +0000] "GET /index.php/?detail/80893927493934 HTTP/1.1" 200 4371 "http://wheninromebigfork.com/wp-includes/revisions.php?sitemap_index.xml" "Mozilla/5.0 (Linux; Android 7.0;) AppleWebKit/537.36 (KHTML, like Gecko) Mobile Safari/537.36 (compatible; PetalBot;+https://webmaster.petalsearch.com/site/petalbot)"
114.119.137.38 - - [13/Feb/2026:13:07:03 +0000] "GET /index.php/?detail/80021021459875 HTTP/1.1" 200 4371 "http://wheninromebigfork.com/wp-includes/revisions.php?sitemap_index.xml" "Mozilla/5.0 (Linux; Android 7.0;) AppleWebKit/537.36 (KHTML, like Gecko) Mobile Safari/537.36 (compatible; PetalBot;+https://webmaster.petalsearch.com/site/petalbot)"
114.119.142.125 - - [13/Feb/2026:13:08:58 +0000] "GET /index.php/?detail/77515682165024 HTTP/1.1" 200 4371 "http://wheninromebigfork.com/wp-includes/revisions.php?sitemap_index.xml" "Mozilla/5.0 (Linux; Android 7.0;) AppleWebKit/537.36 (KHTML, like Gecko) Mobile Safari/537.36 (compatible; PetalBot;+https://webmaster.petalsearch.com/site/petalbot)"
114.119.154.6 - - [13/Feb/2026:13:10:49 +0000] "GET /index.php/?detail/767164602816851 HTTP/1.1" 200 4371 "http://wheninromebigfork.com/wp-includes/revisions.php?sitemap_index.xml" "Mozilla/5.0 (Linux; Android 7.0;) AppleWebKit/537.36 (KHTML, like Gecko) Mobile Safari/537.36 (compatible; PetalBot;+https://webmaster.petalsearch.com/site/petalbot)"
51.103.141.136 - - [13/Feb/2026:13:12:23 +0000] "GET /wp-content/plugins/hellopress/wp_filemanager.php HTTP/1.1" 200 23 "-" "-"
51.103.141.136 - - [13/Feb/2026:13:12:24 +0000] "GET /88.php HTTP/1.1" 403 23 "-" "-"
51.103.141.136 - - [13/Feb/2026:13:12:24 +0000] "GET /pass4.php HTTP/1.1" 403 23 "-" "-"
51.103.141.136 - - [13/Feb/2026:13:12:24 +0000] "GET /php8.php HTTP/1.1" 403 23 "-" "-"
51.103.141.136 - - [13/Feb/2026:13:12:25 +0000] "GET /cvtcosue.php HTTP/1.1" 403 23 "-" "-"
51.103.141.136 - - [13/Feb/2026:13:12:25 +0000] "GET /gm.php HTTP/1.1" 403 23 "-" "-"
51.103.141.136 - - [13/Feb/2026:13:12:26 +0000] "GET /1a.php HTTP/1.1" 403 23 "-" "-"
51.103.141.136 - - [13/Feb/2026:13:12:26 +0000] "GET /aer.php HTTP/1.1" 403 23 "-" "-"
51.103.141.136 - - [13/Feb/2026:13:12:26 +0000] "GET /f6.php HTTP/1.1" 403 23 "-" "-"
51.103.141.136 - - [13/Feb/2026:13:12:27 +0000] "GET /667.php HTTP/1.1" 403 23 "-" "-"
51.103.141.136 - - [13/Feb/2026:13:12:27 +0000] "GET /kma.php HTTP/1.1" 403 23 "-" "-"
51.103.141.136 - - [13/Feb/2026:13:12:28 +0000] "GET /kimono.php HTTP/1.1" 403 23 "-" "-"
209.97.149.137 - - [13/Feb/2026:13:12:41 +0000] "GET /wp-content/plugins/profile-builder/readme.txt HTTP/1.1" 200 23 "-" "Mozlila/5.0 (Linux; Android 7.0; SM-G892A Bulid/NRD90M; wv) AppleWebKit/537.36 (KHTML, like Gecko) Version/4.0 Chrome/60.0.3112.107 Moblie Safari/537.36"
114.119.155.13 - - [13/Feb/2026:13:12:43 +0000] "GET /index.php/?detail/765573589912478 HTTP/1.1" 200 4371 "http://wheninromebigfork.com/wp-includes/revisions.php?sitemap_index.xml" "Mozilla/5.0 (Linux; Android 7.0;) AppleWebKit/537.36 (KHTML, like Gecko) Mobile Safari/537.36 (compatible; PetalBot;+https://webmaster.petalsearch.com/site/petalbot)"
69.30.223.218 - - [13/Feb/2026:13:13:12 +0000] "GET /wp-content/x464d3f/index.php HTTP/1.1" 200 23 "http://wheninromebigfork.com/wp-content/x464d3f/index.php" "Mozilla/5.0 (Windows NT 10.0; Win64; x64) AppleWebKit/537.36 (KHTML, like Gecko) Chrome/58.0.3029.110 Safari/537.3"
114.119.133.125 - - [13/Feb/2026:13:14:37 +0000] "GET /index.php/?detail/765329329185746 HTTP/1.1" 200 4371 "http://wheninromebigfork.com/wp-includes/revisions.php?sitemap_index.xml" "Mozilla/5.0 (Linux; Android 7.0;) AppleWebKit/537.36 (KHTML, like Gecko) Mobile Safari/537.36 (compatible; PetalBot;+https://webmaster.petalsearch.com/site/petalbot)"
104.236.196.6 - - [13/Feb/2026:13:16:19 +0000] "GET /wp-login.php HTTP/1.1" 200 23 "https://www.facebook.com/" "Mozilla/5.0 (Macintosh; Intel Mac OS X 13_6_1) AppleWebKit/605.1.15 (KHTML, like Gecko) Version/17.1 Safari/605.1.15"
114.119.137.38 - - [13/Feb/2026:13:16:31 +0000] "GET /index.php/?detail/764906704417250 HTTP/1.1" 200 4371 "http://wheninromebigfork.com/wp-includes/revisions.php?sitemap_index.xml" "Mozilla/5.0 (Linux; Android 7.0;) AppleWebKit/537.36 (KHTML, like Gecko) Mobile Safari/537.36 (compatible; PetalBot;+https://webmaster.petalsearch.com/site/petalbot)"
116.178.128.146 - - [13/Feb/2026:13:18:00 +0000] "GET / HTTP/1.1" 200 23 "-" "Mozilla/5.0 (Windows NT 10.0; Win64; x64) Chrome/120.0.0.0"
116.178.128.146 - - [13/Feb/2026:13:18:04 +0000] "GET /favicon.ico HTTP/1.1" 200 1 "-" "Mozilla/5.0 (Windows NT 10.0; Win64; x64) Chrome/120.0.0.0"
116.178.128.146 - - [13/Feb/2026:13:18:05 +0000] "GET / HTTP/1.1" 200 23 "-" "Mozilla/5.0 (Windows NT 10.0; Win64; x64) Chrome/120.0.0.0"
116.178.128.146 - - [13/Feb/2026:13:18:06 +0000] "GET / HTTP/1.1" 200 23 "-" "Mozilla/5.0 (Windows NT 10.0; Win64; x64) Chrome/120.0.0.0"
116.178.128.146 - - [13/Feb/2026:13:18:09 +0000] "GET /Alvin9999/https/fanfan1.net/daohang/ HTTP/1.1" 200 23 "-" "Mozilla/5.0 (Windows NT 10.0; Win64; x64) Chrome/120.0.0.0"
116.178.128.146 - - [13/Feb/2026:13:18:23 +0000] "GET /officialsite HTTP/1.1" 200 23 "-" "Mozilla/5.0 (Windows NT 10.0; Win64; x64) Chrome/120.0.0.0"
114.119.157.54 - - [13/Feb/2026:13:18:28 +0000] "GET /index.php/?detail/760605640107980 HTTP/1.1" 200 4371 "http://wheninromebigfork.com/wp-includes/revisions.php?sitemap_index.xml" "Mozilla/5.0 (Linux; Android 7.0;) AppleWebKit/537.36 (KHTML, like Gecko) Mobile Safari/537.36 (compatible; PetalBot;+https://webmaster.petalsearch.com/site/petalbot)"
123.14.121.25 - - [13/Feb/2026:13:18:36 +0000] "GET /officialsite HTTP/1.1" 200 23 "-" "Mozilla/5.0 (Windows NT 10.0; Win64; x64) Chrome/120.0.0.0"
182.138.158.8 - - [13/Feb/2026:13:19:03 +0000] "GET /officialsite HTTP/1.1" 200 23 "-" "Mozilla/5.0 (Windows NT 10.0; Win64; x64) Chrome/120.0.0.0"
182.138.158.8 - - [13/Feb/2026:13:19:04 +0000] "GET / HTTP/1.1" 200 23 "-" "Mozilla/5.0 (Windows NT 10.0; Win64; x64) Chrome/120.0.0.0"
182.138.158.8 - - [13/Feb/2026:13:19:05 +0000] "GET /static/favicon.ico HTTP/1.1" 200 23 "-" "Mozilla/5.0 (Windows NT 10.0; Win64; x64) Chrome/120.0.0.0"
182.138.158.8 - - [13/Feb/2026:13:19:06 +0000] "GET /images/logo-cn-352x97_1.png HTTP/1.1" 200 23 "-" "Mozilla/5.0 (Windows NT 10.0; Win64; x64) Chrome/120.0.0.0"
182.138.158.8 - - [13/Feb/2026:13:19:07 +0000] "GET /assets/images/logo-cn-vpnweb.png HTTP/1.1" 200 23 "-" "Mozilla/5.0 (Windows NT 10.0; Win64; x64) Chrome/120.0.0.0"
182.138.158.8 - - [13/Feb/2026:13:19:08 +0000] "GET /static/images/home/VPNlogo.png HTTP/1.1" 200 23 "-" "Mozilla/5.0 (Windows NT 10.0; Win64; x64) Chrome/120.0.0.0"
182.138.158.8 - - [13/Feb/2026:13:19:09 +0000] "GET /img/logo.png HTTP/1.1" 200 23 "-" "Mozilla/5.0 (Windows NT 10.0; Win64; x64) Chrome/120.0.0.0"
182.138.158.8 - - [13/Feb/2026:13:19:13 +0000] "GET /static/icon/bjch.png HTTP/1.1" 200 23 "-" "Mozilla/5.0 (Windows NT 10.0; Win64; x64) Chrome/120.0.0.0"
158.158.42.54 - - [13/Feb/2026:13:19:15 +0000] "GET /wp-content/plugins/hellopress/wp_filemanager.php HTTP/1.1" 200 23 "-" "-"
158.158.42.54 - - [13/Feb/2026:13:19:15 +0000] "GET /pass4.php HTTP/1.1" 403 23 "-" "-"
182.138.158.8 - - [13/Feb/2026:13:19:15 +0000] "GET /assets/images/icon-vpnweb.ico HTTP/1.1" 200 23 "-" "Mozilla/5.0 (Windows NT 10.0; Win64; x64) Chrome/120.0.0.0"
158.158.42.54 - - [13/Feb/2026:13:19:16 +0000] "GET /term.php HTTP/1.1" 403 23 "-" "-"
158.158.42.54 - - [13/Feb/2026:13:19:17 +0000] "GET /lp6.php HTTP/1.1" 403 23 "-" "-"
182.138.158.8 - - [13/Feb/2026:13:19:17 +0000] "GET /assets/images/official-site/favicon.ico HTTP/1.1" 200 23 "-" "Mozilla/5.0 (Windows NT 10.0; Win64; x64) Chrome/120.0.0.0"
158.158.42.54 - - [13/Feb/2026:13:19:17 +0000] "GET /we.php HTTP/1.1" 403 23 "-" "-"
158.158.42.54 - - [13/Feb/2026:13:19:18 +0000] "GET /asax.php HTTP/1.1" 403 23 "-" "-"
182.138.158.8 - - [13/Feb/2026:13:19:18 +0000] "GET /v1/file/icon/seo/cdc3fff6-6034-46fb-8ef3-1746e374d4fc.png HTTP/1.1" 200 23 "-" "Mozilla/5.0 (Windows NT 10.0; Win64; x64) Chrome/120.0.0.0"
158.158.42.54 - - [13/Feb/2026:13:19:19 +0000] "GET /co.php HTTP/1.1" 403 23 "-" "-"
158.158.42.54 - - [13/Feb/2026:13:19:19 +0000] "GET /wp-k3w6g9s4h2.php HTTP/1.1" 403 23 "-" "-"
158.158.42.54 - - [13/Feb/2026:13:19:19 +0000] "GET /ahax.php HTTP/1.1" 403 23 "-" "-"
158.158.42.54 - - [13/Feb/2026:13:19:20 +0000] "GET /Okxob.php HTTP/1.1" 403 23 "-" "-"
158.158.42.54 - - [13/Feb/2026:13:19:21 +0000] "GET /acfdr.php HTTP/1.1" 403 23 "-" "-"
182.138.158.8 - - [13/Feb/2026:13:19:21 +0000] "GET /fav-icon.ico HTTP/1.1" 200 23 "-" "Mozilla/5.0 (Windows NT 10.0; Win64; x64) Chrome/120.0.0.0"
158.158.42.54 - - [13/Feb/2026:13:19:21 +0000] "GET /init.php HTTP/1.1" 403 23 "-" "-"
182.138.158.8 - - [13/Feb/2026:13:19:22 +0000] "GET /image/logo.ico HTTP/1.1" 200 23 "-" "Mozilla/5.0 (Windows NT 10.0; Win64; x64) Chrome/120.0.0.0"
158.158.42.54 - - [13/Feb/2026:13:19:22 +0000] "GET /themes.php HTTP/1.1" 403 23 "-" "-"
158.158.42.54 - - [13/Feb/2026:13:19:22 +0000] "GET /ff.php HTTP/1.1" 403 23 "-" "-"
182.138.158.8 - - [13/Feb/2026:13:19:23 +0000] "GET /images/default.png HTTP/1.1" 200 23 "-" "Mozilla/5.0 (Windows NT 10.0; Win64; x64) Chrome/120.0.0.0"
158.158.42.54 - - [13/Feb/2026:13:19:23 +0000] "GET /ak.php/wp-admin/async-upload.php HTTP/1.1" 403 23 "-" "-"
158.158.42.54 - - [13/Feb/2026:13:19:24 +0000] "GET /bjfl.php HTTP/1.1" 403 23 "-" "-"
158.158.42.54 - - [13/Feb/2026:13:19:24 +0000] "GET /vx.php HTTP/1.1" 403 23 "-" "-"
158.158.42.54 - - [13/Feb/2026:13:19:25 +0000] "GET /jga.php HTTP/1.1" 403 23 "-" "-"
158.158.42.54 - - [13/Feb/2026:13:19:25 +0000] "GET /a4.php/wp-admin/index.php HTTP/1.1" 403 23 "-" "-"
182.138.158.8 - - [13/Feb/2026:13:19:25 +0000] "GET /static/image/logo2.png HTTP/1.1" 200 23 "-" "Mozilla/5.0 (Windows NT 10.0; Win64; x64) Chrome/120.0.0.0"
158.158.42.54 - - [13/Feb/2026:13:19:26 +0000] "GET /wp-includes/images/about.php HTTP/1.1" 200 23 "-" "-"
182.138.158.8 - - [13/Feb/2026:13:19:26 +0000] "GET /themes/custom/ahaspeed/favicon.ico HTTP/1.1" 200 23 "-" "Mozilla/5.0 (Windows NT 10.0; Win64; x64) Chrome/120.0.0.0"
158.158.42.54 - - [13/Feb/2026:13:19:26 +0000] "GET /inege.php HTTP/1.1" 403 23 "-" "-"
182.138.158.8 - - [13/Feb/2026:13:19:29 +0000] "GET /favicon.ico HTTP/1.1" 200 1 "-" "Mozilla/5.0 (Windows NT 10.0; Win64; x64) Chrome/120.0.0.0"
182.138.158.8 - - [13/Feb/2026:13:19:31 +0000] "GET /image/favicon.png HTTP/1.1" 200 23 "-" "Mozilla/5.0 (Windows NT 10.0; Win64; x64) Chrome/120.0.0.0"
182.138.158.8 - - [13/Feb/2026:13:19:32 +0000] "GET /image/favicon.ico HTTP/1.1" 200 23 "-" "Mozilla/5.0 (Windows NT 10.0; Win64; x64) Chrome/120.0.0.0"
182.138.158.8 - - [13/Feb/2026:13:19:33 +0000] "GET /images/log1.png HTTP/1.1" 200 23 "-" "Mozilla/5.0 (Windows NT 10.0; Win64; x64) Chrome/120.0.0.0"
182.138.158.8 - - [13/Feb/2026:13:19:34 +0000] "GET /details/images/favicon.ico HTTP/1.1" 200 23 "-" "Mozilla/5.0 (Windows NT 10.0; Win64; x64) Chrome/120.0.0.0"
182.138.158.8 - - [13/Feb/2026:13:19:35 +0000] "GET /images/favicon.png HTTP/1.1" 200 23 "-" "Mozilla/5.0 (Windows NT 10.0; Win64; x64) Chrome/120.0.0.0"
182.138.158.8 - - [13/Feb/2026:13:19:37 +0000] "GET /txpro/img/html_icon.ico HTTP/1.1" 200 23 "-" "Mozilla/5.0 (Windows NT 10.0; Win64; x64) Chrome/120.0.0.0"
182.138.158.8 - - [13/Feb/2026:13:19:38 +0000] "GET /assets/fire_admin/images/logo.png HTTP/1.1" 200 23 "-" "Mozilla/5.0 (Windows NT 10.0; Win64; x64) Chrome/120.0.0.0"
182.138.158.8 - - [13/Feb/2026:13:19:40 +0000] "GET /statics/abc/images/tu/abcpppin_03.png HTTP/1.1" 200 23 "-" "Mozilla/5.0 (Windows NT 10.0; Win64; x64) Chrome/120.0.0.0"
182.138.158.8 - - [13/Feb/2026:13:19:41 +0000] "GET /images/pc/logo.png HTTP/1.1" 200 23 "-" "Mozilla/5.0 (Windows NT 10.0; Win64; x64) Chrome/120.0.0.0"
182.138.158.8 - - [13/Feb/2026:13:19:42 +0000] "GET /images/favicon-icon.png HTTP/1.1" 200 23 "-" "Mozilla/5.0 (Windows NT 10.0; Win64; x64) Chrome/120.0.0.0"
182.138.158.8 - - [13/Feb/2026:13:19:44 +0000] "GET /images/favicon-196x196.png HTTP/1.1" 200 23 "-" "Mozilla/5.0 (Windows NT 10.0; Win64; x64) Chrome/120.0.0.0"
182.138.158.8 - - [13/Feb/2026:13:19:46 +0000] "GET /assets/img/favicon.png HTTP/1.1" 200 23 "-" "Mozilla/5.0 (Windows NT 10.0; Win64; x64) Chrome/120.0.0.0"
182.138.158.8 - - [13/Feb/2026:13:19:47 +0000] "GET /static/images/logo.png HTTP/1.1" 200 23 "-" "Mozilla/5.0 (Windows NT 10.0; Win64; x64) Chrome/120.0.0.0"
182.138.158.8 - - [13/Feb/2026:13:19:49 +0000] "GET /images/favicon.ico HTTP/1.1" 200 23 "-" "Mozilla/5.0 (Windows NT 10.0; Win64; x64) Chrome/120.0.0.0"
182.138.158.8 - - [13/Feb/2026:13:19:51 +0000] "GET /static/picture/logo_jg2.png HTTP/1.1" 200 23 "-" "Mozilla/5.0 (Windows NT 10.0; Win64; x64) Chrome/120.0.0.0"
182.138.158.8 - - [13/Feb/2026:13:19:53 +0000] "GET /favicon.png HTTP/1.1" 200 23 "-" "Mozilla/5.0 (Windows NT 10.0; Win64; x64) Chrome/120.0.0.0"
182.138.158.8 - - [13/Feb/2026:13:19:55 +0000] "GET /theme/Bob-Theme-Argon/favicon.ico HTTP/1.1" 200 23 "-" "Mozilla/5.0 (Windows NT 10.0; Win64; x64) Chrome/120.0.0.0"
182.138.158.8 - - [13/Feb/2026:13:19:56 +0000] "GET /imgs/logox.png HTTP/1.1" 200 23 "-" "Mozilla/5.0 (Windows NT 10.0; Win64; x64) Chrome/120.0.0.0"
182.138.158.8 - - [13/Feb/2026:13:19:57 +0000] "GET /assets/index/kuailian/image/favicon.ico HTTP/1.1" 200 23 "-" "Mozilla/5.0 (Windows NT 10.0; Win64; x64) Chrome/120.0.0.0"
182.138.158.8 - - [13/Feb/2026:13:19:58 +0000] "GET /img/logo_512.png HTTP/1.1" 200 23 "-" "Mozilla/5.0 (Windows NT 10.0; Win64; x64) Chrome/120.0.0.0"
114.119.154.6 - - [13/Feb/2026:13:20:21 +0000] "GET /index.php/?detail/760574049350854 HTTP/1.1" 200 4371 "http://wheninromebigfork.com/wp-includes/revisions.php?sitemap_index.xml" "Mozilla/5.0 (Linux; Android 7.0;) AppleWebKit/537.36 (KHTML, like Gecko) Mobile Safari/537.36 (compatible; PetalBot;+https://webmaster.petalsearch.com/site/petalbot)"
114.119.157.54 - - [13/Feb/2026:13:22:16 +0000] "GET /index.php/?detail/759747076557450 HTTP/1.1" 200 4371 "http://wheninromebigfork.com/wp-includes/revisions.php?sitemap_index.xml" "Mozilla/5.0 (Linux; Android 7.0;) AppleWebKit/537.36 (KHTML, like Gecko) Mobile Safari/537.36 (compatible; PetalBot;+https://webmaster.petalsearch.com/site/petalbot)"
69.30.223.218 - - [13/Feb/2026:13:23:11 +0000] "GET /wp-content/x464d3f/index.php HTTP/1.1" 200 23 "http://wheninromebigfork.com/wp-content/x464d3f/index.php" "Mozilla/5.0 (Windows NT 10.0; Win64; x64) AppleWebKit/537.36 (KHTML, like Gecko) Chrome/58.0.3029.110 Safari/537.3"
114.119.155.13 - - [13/Feb/2026:13:24:06 +0000] "GET /index.php/?detail/759625424930879 HTTP/1.1" 200 4371 "http://wheninromebigfork.com/wp-includes/revisions.php?sitemap_index.xml" "Mozilla/5.0 (Linux; Android 7.0;) AppleWebKit/537.36 (KHTML, like Gecko) Mobile Safari/537.36 (compatible; PetalBot;+https://webmaster.petalsearch.com/site/petalbot)"
119.164.99.54 - - [13/Feb/2026:13:24:57 +0000] "GET / HTTP/1.1" 200 23 "-" "Mozilla/5.0 (Windows NT 10.0; Win64; x64) Chrome/120.0.0.0"
119.164.99.54 - - [13/Feb/2026:13:24:58 +0000] "GET /favicon.ico HTTP/1.1" 200 1 "-" "Mozilla/5.0 (Windows NT 10.0; Win64; x64) Chrome/120.0.0.0"
119.164.99.54 - - [13/Feb/2026:13:24:59 +0000] "GET / HTTP/1.1" 200 23 "-" "Mozilla/5.0 (Windows NT 10.0; Win64; x64) Chrome/120.0.0.0"
119.164.99.54 - - [13/Feb/2026:13:25:00 +0000] "GET / HTTP/1.1" 200 23 "-" "Mozilla/5.0 (Windows NT 10.0; Win64; x64) Chrome/120.0.0.0"
119.164.99.54 - - [13/Feb/2026:13:25:01 +0000] "GET /Alvin9999/https/fanfan1.net/daohang/ HTTP/1.1" 200 23 "-" "Mozilla/5.0 (Windows NT 10.0; Win64; x64) Chrome/120.0.0.0"
119.164.99.54 - - [13/Feb/2026:13:25:02 +0000] "GET /officialsite HTTP/1.1" 200 23 "-" "Mozilla/5.0 (Windows NT 10.0; Win64; x64) Chrome/120.0.0.0"
119.164.99.54 - - [13/Feb/2026:13:25:04 +0000] "GET / HTTP/1.1" 200 23 "-" "Mozilla/5.0 (Windows NT 10.0; Win64; x64) Chrome/120.0.0.0"
119.164.99.54 - - [13/Feb/2026:13:25:05 +0000] "GET /static/favicon.ico HTTP/1.1" 200 23 "-" "Mozilla/5.0 (Windows NT 10.0; Win64; x64) Chrome/120.0.0.0"
119.164.99.54 - - [13/Feb/2026:13:25:07 +0000] "GET /images/logo-cn-352x97_1.png HTTP/1.1" 200 23 "-" "Mozilla/5.0 (Windows NT 10.0; Win64; x64) Chrome/120.0.0.0"
119.164.99.54 - - [13/Feb/2026:13:25:09 +0000] "GET /assets/images/logo-cn-vpnweb.png HTTP/1.1" 200 23 "-" "Mozilla/5.0 (Windows NT 10.0; Win64; x64) Chrome/120.0.0.0"
119.164.99.54 - - [13/Feb/2026:13:25:10 +0000] "GET /static/images/home/VPNlogo.png HTTP/1.1" 200 23 "-" "Mozilla/5.0 (Windows NT 10.0; Win64; x64) Chrome/120.0.0.0"
119.164.99.54 - - [13/Feb/2026:13:25:11 +0000] "GET /img/logo.png HTTP/1.1" 200 23 "-" "Mozilla/5.0 (Windows NT 10.0; Win64; x64) Chrome/120.0.0.0"
119.164.99.54 - - [13/Feb/2026:13:25:13 +0000] "GET /static/icon/bjch.png HTTP/1.1" 200 23 "-" "Mozilla/5.0 (Windows NT 10.0; Win64; x64) Chrome/120.0.0.0"
119.164.99.54 - - [13/Feb/2026:13:25:14 +0000] "GET /assets/images/icon-vpnweb.ico HTTP/1.1" 200 23 "-" "Mozilla/5.0 (Windows NT 10.0; Win64; x64) Chrome/120.0.0.0"
119.164.99.54 - - [13/Feb/2026:13:25:15 +0000] "GET /assets/images/official-site/favicon.ico HTTP/1.1" 200 23 "-" "Mozilla/5.0 (Windows NT 10.0; Win64; x64) Chrome/120.0.0.0"
119.164.99.54 - - [13/Feb/2026:13:25:16 +0000] "GET /v1/file/icon/seo/cdc3fff6-6034-46fb-8ef3-1746e374d4fc.png HTTP/1.1" 200 23 "-" "Mozilla/5.0 (Windows NT 10.0; Win64; x64) Chrome/120.0.0.0"
119.164.99.54 - - [13/Feb/2026:13:25:17 +0000] "GET /fav-icon.ico HTTP/1.1" 200 23 "-" "Mozilla/5.0 (Windows NT 10.0; Win64; x64) Chrome/120.0.0.0"
119.164.99.54 - - [13/Feb/2026:13:25:18 +0000] "GET /image/logo.ico HTTP/1.1" 200 23 "-" "Mozilla/5.0 (Windows NT 10.0; Win64; x64) Chrome/120.0.0.0"
119.164.99.54 - - [13/Feb/2026:13:25:19 +0000] "GET /images/default.png HTTP/1.1" 200 23 "-" "Mozilla/5.0 (Windows NT 10.0; Win64; x64) Chrome/120.0.0.0"
119.164.99.54 - - [13/Feb/2026:13:25:20 +0000] "GET /static/image/logo2.png HTTP/1.1" 200 23 "-" "Mozilla/5.0 (Windows NT 10.0; Win64; x64) Chrome/120.0.0.0"
119.164.99.54 - - [13/Feb/2026:13:25:21 +0000] "GET /themes/custom/ahaspeed/favicon.ico HTTP/1.1" 200 23 "-" "Mozilla/5.0 (Windows NT 10.0; Win64; x64) Chrome/120.0.0.0"
119.164.99.54 - - [13/Feb/2026:13:25:22 +0000] "GET /image/favicon.png HTTP/1.1" 200 23 "-" "Mozilla/5.0 (Windows NT 10.0; Win64; x64) Chrome/120.0.0.0"
119.164.99.54 - - [13/Feb/2026:13:25:27 +0000] "GET /image/favicon.ico HTTP/1.1" 200 23 "-" "Mozilla/5.0 (Windows NT 10.0; Win64; x64) Chrome/120.0.0.0"
119.164.99.54 - - [13/Feb/2026:13:25:28 +0000] "GET /images/log1.png HTTP/1.1" 200 23 "-" "Mozilla/5.0 (Windows NT 10.0; Win64; x64) Chrome/120.0.0.0"
119.164.99.54 - - [13/Feb/2026:13:25:29 +0000] "GET /details/images/favicon.ico HTTP/1.1" 200 23 "-" "Mozilla/5.0 (Windows NT 10.0; Win64; x64) Chrome/120.0.0.0"
119.164.99.54 - - [13/Feb/2026:13:25:30 +0000] "GET /images/favicon.png HTTP/1.1" 200 23 "-" "Mozilla/5.0 (Windows NT 10.0; Win64; x64) Chrome/120.0.0.0"
119.164.99.54 - - [13/Feb/2026:13:25:34 +0000] "GET /txpro/img/html_icon.ico HTTP/1.1" 200 23 "-" "Mozilla/5.0 (Windows NT 10.0; Win64; x64) Chrome/120.0.0.0"
119.164.99.54 - - [13/Feb/2026:13:25:35 +0000] "GET /assets/fire_admin/images/logo.png HTTP/1.1" 200 23 "-" "Mozilla/5.0 (Windows NT 10.0; Win64; x64) Chrome/120.0.0.0"
119.164.99.54 - - [13/Feb/2026:13:25:36 +0000] "GET /statics/abc/images/tu/abcpppin_03.png HTTP/1.1" 200 23 "-" "Mozilla/5.0 (Windows NT 10.0; Win64; x64) Chrome/120.0.0.0"
119.164.99.54 - - [13/Feb/2026:13:25:38 +0000] "GET /images/pc/logo.png HTTP/1.1" 200 23 "-" "Mozilla/5.0 (Windows NT 10.0; Win64; x64) Chrome/120.0.0.0"
119.164.99.54 - - [13/Feb/2026:13:25:41 +0000] "GET /images/favicon-icon.png HTTP/1.1" 200 23 "-" "Mozilla/5.0 (Windows NT 10.0; Win64; x64) Chrome/120.0.0.0"
119.164.99.54 - - [13/Feb/2026:13:25:42 +0000] "GET /images/favicon-196x196.png HTTP/1.1" 200 23 "-" "Mozilla/5.0 (Windows NT 10.0; Win64; x64) Chrome/120.0.0.0"
119.164.99.54 - - [13/Feb/2026:13:25:44 +0000] "GET /assets/img/favicon.png HTTP/1.1" 200 23 "-" "Mozilla/5.0 (Windows NT 10.0; Win64; x64) Chrome/120.0.0.0"
119.164.99.54 - - [13/Feb/2026:13:25:45 +0000] "GET /static/images/logo.png HTTP/1.1" 200 23 "-" "Mozilla/5.0 (Windows NT 10.0; Win64; x64) Chrome/120.0.0.0"
119.164.99.54 - - [13/Feb/2026:13:25:46 +0000] "GET /images/favicon.ico HTTP/1.1" 200 23 "-" "Mozilla/5.0 (Windows NT 10.0; Win64; x64) Chrome/120.0.0.0"
119.164.99.54 - - [13/Feb/2026:13:25:48 +0000] "GET /static/picture/logo_jg2.png HTTP/1.1" 200 23 "-" "Mozilla/5.0 (Windows NT 10.0; Win64; x64) Chrome/120.0.0.0"
119.164.99.54 - - [13/Feb/2026:13:25:51 +0000] "GET /favicon.png HTTP/1.1" 200 23 "-" "Mozilla/5.0 (Windows NT 10.0; Win64; x64) Chrome/120.0.0.0"
119.164.99.54 - - [13/Feb/2026:13:25:52 +0000] "GET /theme/Bob-Theme-Argon/favicon.ico HTTP/1.1" 200 23 "-" "Mozilla/5.0 (Windows NT 10.0; Win64; x64) Chrome/120.0.0.0"
119.164.99.54 - - [13/Feb/2026:13:25:52 +0000] "GET /imgs/logox.png HTTP/1.1" 200 23 "-" "Mozilla/5.0 (Windows NT 10.0; Win64; x64) Chrome/120.0.0.0"
119.164.99.54 - - [13/Feb/2026:13:25:54 +0000] "GET /assets/index/kuailian/image/favicon.ico HTTP/1.1" 200 23 "-" "Mozilla/5.0 (Windows NT 10.0; Win64; x64) Chrome/120.0.0.0"
119.164.99.54 - - [13/Feb/2026:13:25:59 +0000] "GET /img/logo_512.png HTTP/1.1" 200 23 "-" "Mozilla/5.0 (Windows NT 10.0; Win64; x64) Chrome/120.0.0.0"
114.119.139.128 - - [13/Feb/2026:13:26:01 +0000] "GET /?sitemap-item12.xml HTTP/1.1" 200 4371 "-" "Mozilla/5.0 (Linux; Android 7.0;) AppleWebKit/537.36 (KHTML, like Gecko) Mobile Safari/537.36 (compatible; PetalBot;+https://webmaster.petalsearch.com/site/petalbot)"
114.119.142.125 - - [13/Feb/2026:13:27:54 +0000] "GET /index.php/?detail/758482808550542 HTTP/1.1" 200 4371 "http://wheninromebigfork.com/wp-includes/revisions.php?sitemap_index.xml" "Mozilla/5.0 (Linux; Android 7.0;) AppleWebKit/537.36 (KHTML, like Gecko) Mobile Safari/537.36 (compatible; PetalBot;+https://webmaster.petalsearch.com/site/petalbot)"
114.119.157.54 - - [13/Feb/2026:13:29:48 +0000] "GET /index.php/?detail/755783695890871 HTTP/1.1" 200 4371 "http://wheninromebigfork.com/wp-includes/revisions.php?sitemap_index.xml" "Mozilla/5.0 (Linux; Android 7.0;) AppleWebKit/537.36 (KHTML, like Gecko) Mobile Safari/537.36 (compatible; PetalBot;+https://webmaster.petalsearch.com/site/petalbot)"
114.119.133.138 - - [13/Feb/2026:13:31:43 +0000] "GET /index.php/?detail/749455134724810 HTTP/1.1" 200 4371 "http://wheninromebigfork.com/wp-includes/revisions.php?sitemap_index.xml" "Mozilla/5.0 (Linux; Android 7.0;) AppleWebKit/537.36 (KHTML, like Gecko) Mobile Safari/537.36 (compatible; PetalBot;+https://webmaster.petalsearch.com/site/petalbot)"
114.119.136.160 - - [13/Feb/2026:13:33:36 +0000] "GET /index.php/?detail/748724982966203 HTTP/1.1" 200 4371 "http://wheninromebigfork.com/wp-includes/revisions.php?sitemap_index.xml" "Mozilla/5.0 (Linux; Android 7.0;) AppleWebKit/537.36 (KHTML, like Gecko) Mobile Safari/537.36 (compatible; PetalBot;+https://webmaster.petalsearch.com/site/petalbot)"
69.30.223.218 - - [13/Feb/2026:13:34:12 +0000] "GET /wp-content/x464d3f/index.php HTTP/1.1" 200 23 "http://wheninromebigfork.com/wp-content/x464d3f/index.php" "Mozilla/5.0 (Windows NT 10.0; Win64; x64) AppleWebKit/537.36 (KHTML, like Gecko) Chrome/58.0.3029.110 Safari/537.3"
114.119.133.138 - - [13/Feb/2026:13:35:30 +0000] "GET /index.php/?detail/748529293538656 HTTP/1.1" 200 4371 "http://wheninromebigfork.com/wp-includes/revisions.php?sitemap_index.xml" "Mozilla/5.0 (Linux; Android 7.0;) AppleWebKit/537.36 (KHTML, like Gecko) Mobile Safari/537.36 (compatible; PetalBot;+https://webmaster.petalsearch.com/site/petalbot)"
114.119.136.160 - - [13/Feb/2026:13:37:23 +0000] "GET /index.php/?detail/746412864953 HTTP/1.1" 200 4371 "http://wheninromebigfork.com/wp-includes/revisions.php?sitemap_index.xml" "Mozilla/5.0 (Linux; Android 7.0;) AppleWebKit/537.36 (KHTML, like Gecko) Mobile Safari/537.36 (compatible; PetalBot;+https://webmaster.petalsearch.com/site/petalbot)"
114.119.133.125 - - [13/Feb/2026:13:39:38 +0000] "GET /index.php/?detail/746412864953 HTTP/1.1" 200 4371 "http://wheninromebigfork.com/wp-includes/revisions.php?sitemap_index.xml" "Mozilla/5.0 (Linux; Android 7.0;) AppleWebKit/537.36 (KHTML, like Gecko) Mobile Safari/537.36 (compatible; PetalBot;+https://webmaster.petalsearch.com/site/petalbot)"
114.119.133.125 - - [13/Feb/2026:13:41:11 +0000] "GET /index.php/?detail/743784011119637 HTTP/1.1" 200 4371 "http://wheninromebigfork.com/wp-includes/revisions.php?sitemap_index.xml" "Mozilla/5.0 (Linux; Android 7.0;) AppleWebKit/537.36 (KHTML, like Gecko) Mobile Safari/537.36 (compatible; PetalBot;+https://webmaster.petalsearch.com/site/petalbot)"
114.119.133.125 - - [13/Feb/2026:13:43:06 +0000] "GET /index.php/?detail/743637910134137 HTTP/1.1" 200 4371 "http://wheninromebigfork.com/wp-includes/revisions.php?sitemap_index.xml" "Mozilla/5.0 (Linux; Android 7.0;) AppleWebKit/537.36 (KHTML, like Gecko) Mobile Safari/537.36 (compatible; PetalBot;+https://webmaster.petalsearch.com/site/petalbot)"
69.30.223.218 - - [13/Feb/2026:13:44:12 +0000] "GET /wp-content/x464d3f/index.php HTTP/1.1" 200 23 "http://wheninromebigfork.com/wp-content/x464d3f/index.php" "Mozilla/5.0 (Windows NT 10.0; Win64; x64) AppleWebKit/537.36 (KHTML, like Gecko) Chrome/58.0.3029.110 Safari/537.3"
114.119.133.125 - - [13/Feb/2026:13:44:59 +0000] "GET /index.php/?detail/742373524115383 HTTP/1.1" 200 4371 "http://wheninromebigfork.com/wp-includes/revisions.php?sitemap_index.xml" "Mozilla/5.0 (Linux; Android 7.0;) AppleWebKit/537.36 (KHTML, like Gecko) Mobile Safari/537.36 (compatible; PetalBot;+https://webmaster.petalsearch.com/site/petalbot)"
114.119.133.125 - - [13/Feb/2026:13:46:53 +0000] "GET /index.php/?detail/741687481100665 HTTP/1.1" 200 4371 "http://wheninromebigfork.com/wp-includes/revisions.php?sitemap_index.xml" "Mozilla/5.0 (Linux; Android 7.0;) AppleWebKit/537.36 (KHTML, like Gecko) Mobile Safari/537.36 (compatible; PetalBot;+https://webmaster.petalsearch.com/site/petalbot)"
114.119.157.54 - - [13/Feb/2026:13:49:05 +0000] "GET /index.php/?detail/740012921754636 HTTP/1.1" 200 4371 "http://wheninromebigfork.com/wp-includes/revisions.php?sitemap_index.xml" "Mozilla/5.0 (Linux; Android 7.0;) AppleWebKit/537.36 (KHTML, like Gecko) Mobile Safari/537.36 (compatible; PetalBot;+https://webmaster.petalsearch.com/site/petalbot)"
114.119.136.160 - - [13/Feb/2026:13:50:40 +0000] "GET /index.php/?detail/739131194856793 HTTP/1.1" 200 4371 "http://wheninromebigfork.com/wp-includes/revisions.php?sitemap_index.xml" "Mozilla/5.0 (Linux; Android 7.0;) AppleWebKit/537.36 (KHTML, like Gecko) Mobile Safari/537.36 (compatible; PetalBot;+https://webmaster.petalsearch.com/site/petalbot)"
114.119.142.125 - - [13/Feb/2026:13:52:35 +0000] "GET /index.php/?detail/739037407774673 HTTP/1.1" 200 4371 "http://wheninromebigfork.com/wp-includes/revisions.php?sitemap_index.xml" "Mozilla/5.0 (Linux; Android 7.0;) AppleWebKit/537.36 (KHTML, like Gecko) Mobile Safari/537.36 (compatible; PetalBot;+https://webmaster.petalsearch.com/site/petalbot)"
114.119.137.38 - - [13/Feb/2026:13:54:30 +0000] "GET /index.php/?detail/73845002919515 HTTP/1.1" 200 4371 "http://wheninromebigfork.com/wp-includes/revisions.php?sitemap_index.xml" "Mozilla/5.0 (Linux; Android 7.0;) AppleWebKit/537.36 (KHTML, like Gecko) Mobile Safari/537.36 (compatible; PetalBot;+https://webmaster.petalsearch.com/site/petalbot)"
69.30.223.218 - - [13/Feb/2026:13:54:43 +0000] "GET /wp-content/x464d3f/index.php HTTP/1.1" 200 23 "http://wheninromebigfork.com/wp-content/x464d3f/index.php" "Mozilla/5.0 (Windows NT 10.0; Win64; x64) AppleWebKit/537.36 (KHTML, like Gecko) Chrome/58.0.3029.110 Safari/537.3"
114.119.154.6 - - [13/Feb/2026:13:56:25 +0000] "GET /index.php/?detail/738020996515450 HTTP/1.1" 200 4371 "http://wheninromebigfork.com/wp-includes/revisions.php?sitemap_index.xml" "Mozilla/5.0 (Linux; Android 7.0;) AppleWebKit/537.36 (KHTML, like Gecko) Mobile Safari/537.36 (compatible; PetalBot;+https://webmaster.petalsearch.com/site/petalbot)"
114.119.133.125 - - [13/Feb/2026:13:58:20 +0000] "GET /index.php/?detail/73690633667698 HTTP/1.1" 200 4371 "http://wheninromebigfork.com/wp-includes/revisions.php?sitemap_index.xml" "Mozilla/5.0 (Linux; Android 7.0;) AppleWebKit/537.36 (KHTML, like Gecko) Mobile Safari/537.36 (compatible; PetalBot;+https://webmaster.petalsearch.com/site/petalbot)"
114.119.155.13 - - [13/Feb/2026:14:00:11 +0000] "GET /index.php/?detail/736559364725343 HTTP/1.1" 200 4371 "http://wheninromebigfork.com/wp-includes/revisions.php?sitemap_index.xml" "Mozilla/5.0 (Linux; Android 7.0;) AppleWebKit/537.36 (KHTML, like Gecko) Mobile Safari/537.36 (compatible; PetalBot;+https://webmaster.petalsearch.com/site/petalbot)"
114.119.133.138 - - [13/Feb/2026:14:02:05 +0000] "GET /index.php/?detail/736033322776991 HTTP/1.1" 200 4371 "http://wheninromebigfork.com/wp-includes/revisions.php?sitemap_index.xml" "Mozilla/5.0 (Linux; Android 7.0;) AppleWebKit/537.36 (KHTML, like Gecko) Mobile Safari/537.36 (compatible; PetalBot;+https://webmaster.petalsearch.com/site/petalbot)"
114.119.154.6 - - [13/Feb/2026:14:03:58 +0000] "GET /index.php/?detail/732310346080046 HTTP/1.1" 200 4371 "http://wheninromebigfork.com/wp-includes/revisions.php?sitemap_index.xml" "Mozilla/5.0 (Linux; Android 7.0;) AppleWebKit/537.36 (KHTML, like Gecko) Mobile Safari/537.36 (compatible; PetalBot;+https://webmaster.petalsearch.com/site/petalbot)"
69.30.223.218 - - [13/Feb/2026:14:05:12 +0000] "GET /wp-content/x464d3f/index.php HTTP/1.1" 200 23 "http://wheninromebigfork.com/wp-content/x464d3f/index.php" "Mozilla/5.0 (Windows NT 10.0; Win64; x64) AppleWebKit/537.36 (KHTML, like Gecko) Chrome/58.0.3029.110 Safari/537.3"
114.119.133.125 - - [13/Feb/2026:14:05:52 +0000] "GET /index.php/?detail/731472993503721 HTTP/1.1" 200 4371 "http://wheninromebigfork.com/wp-includes/revisions.php?sitemap_index.xml" "Mozilla/5.0 (Linux; Android 7.0;) AppleWebKit/537.36 (KHTML, like Gecko) Mobile Safari/537.36 (compatible; PetalBot;+https://webmaster.petalsearch.com/site/petalbot)"
114.119.155.13 - - [13/Feb/2026:14:07:46 +0000] "GET /index.php/?detail/730045498998501 HTTP/1.1" 200 4371 "http://wheninromebigfork.com/wp-includes/revisions.php?sitemap_index.xml" "Mozilla/5.0 (Linux; Android 7.0;) AppleWebKit/537.36 (KHTML, like Gecko) Mobile Safari/537.36 (compatible; PetalBot;+https://webmaster.petalsearch.com/site/petalbot)"
114.119.154.6 - - [13/Feb/2026:14:09:40 +0000] "GET /index.php/?detail/730014874751847 HTTP/1.1" 200 4371 "http://wheninromebigfork.com/wp-includes/revisions.php?sitemap_index.xml" "Mozilla/5.0 (Linux; Android 7.0;) AppleWebKit/537.36 (KHTML, like Gecko) Mobile Safari/537.36 (compatible; PetalBot;+https://webmaster.petalsearch.com/site/petalbot)"
114.119.157.54 - - [13/Feb/2026:14:11:33 +0000] "GET /index.php/?detail/729911999221935 HTTP/1.1" 200 4371 "http://wheninromebigfork.com/wp-includes/revisions.php?sitemap_index.xml" "Mozilla/5.0 (Linux; Android 7.0;) AppleWebKit/537.36 (KHTML, like Gecko) Mobile Safari/537.36 (compatible; PetalBot;+https://webmaster.petalsearch.com/site/petalbot)"
114.119.137.38 - - [13/Feb/2026:14:13:28 +0000] "GET /index.php/?detail/726350812212002 HTTP/1.1" 200 4371 "http://wheninromebigfork.com/wp-includes/revisions.php?sitemap_index.xml" "Mozilla/5.0 (Linux; Android 7.0;) AppleWebKit/537.36 (KHTML, like Gecko) Mobile Safari/537.36 (compatible; PetalBot;+https://webmaster.petalsearch.com/site/petalbot)"
