40.89.135.33 - - [13/Feb/2026:22:49:48 +0000] "GET /revision.php HTTP/1.1" 403 23 "-" "-"
40.89.135.33 - - [13/Feb/2026:22:49:48 +0000] "GET /environment.php HTTP/1.1" 403 23 "-" "-"
40.89.135.33 - - [13/Feb/2026:22:49:48 +0000] "GET /xmrlpc.php HTTP/1.1" 403 23 "-" "-"
40.89.135.33 - - [13/Feb/2026:22:49:48 +0000] "GET /wp-admin/maint/admin.php HTTP/1.1" 200 23 "-" "-"
40.89.135.33 - - [13/Feb/2026:22:49:49 +0000] "GET /buy.php HTTP/1.1" 403 23 "-" "-"
40.89.135.33 - - [13/Feb/2026:22:49:49 +0000] "GET /sx.php HTTP/1.1" 403 23 "-" "-"
40.89.135.33 - - [13/Feb/2026:22:49:49 +0000] "GET /wp-admin/images/admin.php HTTP/1.1" 200 23 "-" "-"
40.89.135.33 - - [13/Feb/2026:22:49:50 +0000] "GET /size.php HTTP/1.1" 403 23 "-" "-"
40.89.135.33 - - [13/Feb/2026:22:49:50 +0000] "GET /zfile.php HTTP/1.1" 403 23 "-" "-"
40.89.135.33 - - [13/Feb/2026:22:49:50 +0000] "GET /a2.php HTTP/1.1" 403 23 "-" "-"
40.89.135.33 - - [13/Feb/2026:22:49:51 +0000] "GET /yas.php HTTP/1.1" 403 23 "-" "-"
40.89.135.33 - - [13/Feb/2026:22:49:51 +0000] "GET /abc.php HTTP/1.1" 403 23 "-" "-"
40.89.135.33 - - [13/Feb/2026:22:49:51 +0000] "GET /aboutc.php HTTP/1.1" 403 23 "-" "-"
40.89.135.33 - - [13/Feb/2026:22:49:51 +0000] "GET /dropdown.php HTTP/1.1" 403 23 "-" "-"
40.89.135.33 - - [13/Feb/2026:22:49:52 +0000] "GET /content.php HTTP/1.1" 200 23 "-" "-"
40.89.135.33 - - [13/Feb/2026:22:49:52 +0000] "GET /wp-load.php HTTP/1.1" 403 23 "-" "-"
40.89.135.33 - - [13/Feb/2026:22:49:52 +0000] "GET /w3llscc.php7 HTTP/1.1" 200 23 "-" "-"
40.89.135.33 - - [13/Feb/2026:22:49:53 +0000] "GET /wp-includes/assets/index.php HTTP/1.1" 200 23 "-" "-"
40.89.135.33 - - [13/Feb/2026:22:49:53 +0000] "GET /item.php HTTP/1.1" 403 23 "-" "-"
40.89.135.33 - - [13/Feb/2026:22:49:53 +0000] "GET /wp-tot.php HTTP/1.1" 403 23 "-" "-"
40.89.135.33 - - [13/Feb/2026:22:49:54 +0000] "GET /classwithtostring.php HTTP/1.1" 403 23 "-" "-"
40.89.135.33 - - [13/Feb/2026:22:49:54 +0000] "GET /xx.php HTTP/1.1" 403 23 "-" "-"
40.89.135.33 - - [13/Feb/2026:22:49:54 +0000] "GET /wbbw.php HTTP/1.1" 403 23 "-" "-"
40.89.135.33 - - [13/Feb/2026:22:49:55 +0000] "GET /akcc.php HTTP/1.1" 403 23 "-" "-"
40.89.135.33 - - [13/Feb/2026:22:49:55 +0000] "GET /acxx.php HTTP/1.1" 403 23 "-" "-"
40.89.135.33 - - [13/Feb/2026:22:49:55 +0000] "GET /x7.php HTTP/1.1" 403 23 "-" "-"
40.89.135.33 - - [13/Feb/2026:22:49:56 +0000] "GET /wp-admin/maint/about.php HTTP/1.1" 200 23 "-" "-"
40.89.135.33 - - [13/Feb/2026:22:49:56 +0000] "GET /class.php HTTP/1.1" 403 23 "-" "-"
40.89.135.33 - - [13/Feb/2026:22:49:56 +0000] "GET /test1.php HTTP/1.1" 403 23 "-" "-"
40.89.135.33 - - [13/Feb/2026:22:49:57 +0000] "GET /css/radio.php HTTP/1.1" 200 23 "-" "-"
40.89.135.33 - - [13/Feb/2026:22:49:57 +0000] "GET /img.php HTTP/1.1" 403 23 "-" "-"
40.89.135.33 - - [13/Feb/2026:22:49:57 +0000] "GET /wp-admin/js/wp-conflg.php HTTP/1.1" 200 23 "-" "-"
40.89.135.33 - - [13/Feb/2026:22:49:58 +0000] "GET /wp-admin/js/index.php HTTP/1.1" 200 23 "-" "-"
40.89.135.33 - - [13/Feb/2026:22:49:58 +0000] "GET /sim.php HTTP/1.1" 403 23 "-" "-"
40.89.135.33 - - [13/Feb/2026:22:49:58 +0000] "GET /gg.php HTTP/1.1" 403 23 "-" "-"
40.89.135.33 - - [13/Feb/2026:22:49:59 +0000] "GET /0x.php HTTP/1.1" 403 23 "-" "-"
40.89.135.33 - - [13/Feb/2026:22:49:59 +0000] "GET /siteheads.php HTTP/1.1" 403 23 "-" "-"
40.89.135.33 - - [13/Feb/2026:22:49:59 +0000] "GET /mode.php HTTP/1.1" 403 23 "-" "-"
40.89.135.33 - - [13/Feb/2026:22:50:00 +0000] "GET /asasx.php HTTP/1.1" 403 23 "-" "-"
40.89.135.33 - - [13/Feb/2026:22:50:00 +0000] "GET /backup.php HTTP/1.1" 403 23 "-" "-"
40.89.135.33 - - [13/Feb/2026:22:50:00 +0000] "GET /aq.php HTTP/1.1" 403 23 "-" "-"
40.89.135.33 - - [13/Feb/2026:22:50:00 +0000] "GET /12.php HTTP/1.1" 403 23 "-" "-"
40.89.135.33 - - [13/Feb/2026:22:50:01 +0000] "GET /wp-good.php HTTP/1.1" 403 23 "-" "-"
40.89.135.33 - - [13/Feb/2026:22:50:01 +0000] "GET /includes/phpinfo.php HTTP/1.1" 200 23 "-" "-"
40.89.135.33 - - [13/Feb/2026:22:50:01 +0000] "GET /styles.php HTTP/1.1" 403 23 "-" "-"
40.89.135.33 - - [13/Feb/2026:22:50:02 +0000] "GET /wp-includes/Text/about.php HTTP/1.1" 200 23 "-" "-"
40.89.135.33 - - [13/Feb/2026:22:50:02 +0000] "GET /ty.php HTTP/1.1" 403 23 "-" "-"
40.89.135.33 - - [13/Feb/2026:22:50:03 +0000] "GET /fwe.php HTTP/1.1" 403 23 "-" "-"
40.89.135.33 - - [13/Feb/2026:22:50:03 +0000] "GET /g.php HTTP/1.1" 403 23 "-" "-"
40.89.135.33 - - [13/Feb/2026:22:50:03 +0000] "GET /tx1.php HTTP/1.1" 403 23 "-" "-"
40.89.135.33 - - [13/Feb/2026:22:50:03 +0000] "GET /xv.php HTTP/1.1" 403 23 "-" "-"
40.89.135.33 - - [13/Feb/2026:22:50:04 +0000] "GET /x56.php HTTP/1.1" 403 23 "-" "-"
40.89.135.33 - - [13/Feb/2026:22:50:04 +0000] "GET /htaccess.php HTTP/1.1" 403 23 "-" "-"
40.89.135.33 - - [13/Feb/2026:22:50:04 +0000] "GET /x50.php HTTP/1.1" 403 23 "-" "-"
40.89.135.33 - - [13/Feb/2026:22:50:05 +0000] "GET /fv.php HTTP/1.1" 403 23 "-" "-"
40.89.135.33 - - [13/Feb/2026:22:50:05 +0000] "GET /lsd.php HTTP/1.1" 403 23 "-" "-"
40.89.135.33 - - [13/Feb/2026:22:50:06 +0000] "GET /atx.php HTTP/1.1" 403 23 "-" "-"
40.89.135.33 - - [13/Feb/2026:22:50:06 +0000] "GET /z60.php HTTP/1.1" 403 23 "-" "-"
40.89.135.33 - - [13/Feb/2026:22:50:06 +0000] "GET /m.php HTTP/1.1" 403 23 "-" "-"
40.89.135.33 - - [13/Feb/2026:22:50:06 +0000] "GET /lv.php HTTP/1.1" 403 23 "-" "-"
40.89.135.33 - - [13/Feb/2026:22:50:07 +0000] "GET /css.php HTTP/1.1" 403 23 "-" "-"
40.89.135.33 - - [13/Feb/2026:22:50:07 +0000] "GET /cong.php HTTP/1.1" 403 23 "-" "-"
40.89.135.33 - - [13/Feb/2026:22:50:07 +0000] "GET /w.php HTTP/1.1" 403 23 "-" "-"
40.89.135.33 - - [13/Feb/2026:22:50:08 +0000] "GET /gmo.php HTTP/1.1" 403 23 "-" "-"
40.89.135.33 - - [13/Feb/2026:22:50:08 +0000] "GET /ww1.php HTTP/1.1" 403 23 "-" "-"
40.89.135.33 - - [13/Feb/2026:22:50:08 +0000] "GET /bless5.php HTTP/1.1" 403 23 "-" "-"
40.89.135.33 - - [13/Feb/2026:22:50:08 +0000] "GET /f35.php HTTP/1.1" 403 23 "-" "-"
40.89.135.33 - - [13/Feb/2026:22:50:09 +0000] "GET /juuuu.php HTTP/1.1" 403 23 "-" "-"
40.89.135.33 - - [13/Feb/2026:22:50:09 +0000] "GET /file7.php HTTP/1.1" 403 23 "-" "-"
40.89.135.33 - - [13/Feb/2026:22:50:10 +0000] "GET /file48.php HTTP/1.1" 403 23 "-" "-"
40.89.135.33 - - [13/Feb/2026:22:50:10 +0000] "GET /new4.php HTTP/1.1" 403 23 "-" "-"
40.89.135.33 - - [13/Feb/2026:22:50:10 +0000] "GET /pop.php HTTP/1.1" 403 23 "-" "-"
40.89.135.33 - - [13/Feb/2026:22:50:11 +0000] "GET /file9.php HTTP/1.1" 403 23 "-" "-"
114.119.136.160 - - [13/Feb/2026:22:51:01 +0000] "GET /index.php/?detail/279466442098611 HTTP/1.1" 200 4371 "http://wheninromebigfork.com/wp-includes/revisions.php?sitemap_index.xml" "Mozilla/5.0 (Linux; Android 7.0;) AppleWebKit/537.36 (KHTML, like Gecko) Mobile Safari/537.36 (compatible; PetalBot;+https://webmaster.petalsearch.com/site/petalbot)"
114.119.133.138 - - [13/Feb/2026:22:57:19 +0000] "GET / HTTP/1.1" 200 4371 "-" "Mozilla/5.0 (Linux; Android 7.0;) AppleWebKit/537.36 (KHTML, like Gecko) Mobile Safari/537.36 (compatible; PetalBot;+https://webmaster.petalsearch.com/site/petalbot)"
114.119.133.125 - - [13/Feb/2026:22:58:54 +0000] "GET / HTTP/1.1" 200 4371 "-" "Mozilla/5.0 (Linux; Android 7.0;) AppleWebKit/537.36 (KHTML, like Gecko) Mobile Safari/537.36 (compatible; PetalBot;+https://webmaster.petalsearch.com/site/petalbot)"
114.119.157.54 - - [13/Feb/2026:23:00:28 +0000] "GET /index.php/?detail/279266533247126 HTTP/1.1" 200 4371 "http://wheninromebigfork.com/wp-includes/revisions.php?sitemap_index.xml" "Mozilla/5.0 (Linux; Android 7.0;) AppleWebKit/537.36 (KHTML, like Gecko) Mobile Safari/537.36 (compatible; PetalBot;+https://webmaster.petalsearch.com/site/petalbot)"
69.30.223.218 - - [13/Feb/2026:23:01:57 +0000] "GET /wp-content/x464d3f/index.php HTTP/1.1" 200 23 "http://wheninromebigfork.com/wp-content/x464d3f/index.php" "Mozilla/5.0 (Windows NT 10.0; Win64; x64) AppleWebKit/537.36 (KHTML, like Gecko) Chrome/58.0.3029.110 Safari/537.3"
114.119.157.54 - - [13/Feb/2026:23:02:03 +0000] "GET /index.php/?detail/279060715972108 HTTP/1.1" 200 4371 "http://wheninromebigfork.com/wp-includes/revisions.php?sitemap_index.xml" "Mozilla/5.0 (Linux; Android 7.0;) AppleWebKit/537.36 (KHTML, like Gecko) Mobile Safari/537.36 (compatible; PetalBot;+https://webmaster.petalsearch.com/site/petalbot)"
114.119.133.138 - - [13/Feb/2026:23:03:37 +0000] "GET /index.php/?detail/278862999902354 HTTP/1.1" 200 4371 "http://wheninromebigfork.com/wp-includes/revisions.php?sitemap_index.xml" "Mozilla/5.0 (Linux; Android 7.0;) AppleWebKit/537.36 (KHTML, like Gecko) Mobile Safari/537.36 (compatible; PetalBot;+https://webmaster.petalsearch.com/site/petalbot)"
114.119.136.160 - - [13/Feb/2026:23:05:10 +0000] "GET /index.php/?detail/278450514144608 HTTP/1.1" 200 4371 "http://wheninromebigfork.com/wp-includes/revisions.php?sitemap_index.xml" "Mozilla/5.0 (Linux; Android 7.0;) AppleWebKit/537.36 (KHTML, like Gecko) Mobile Safari/537.36 (compatible; PetalBot;+https://webmaster.petalsearch.com/site/petalbot)"
114.119.157.54 - - [13/Feb/2026:23:06:45 +0000] "GET /index.php/?detail/278261510777074 HTTP/1.1" 200 4371 "http://wheninromebigfork.com/wp-includes/revisions.php?sitemap_index.xml" "Mozilla/5.0 (Linux; Android 7.0;) AppleWebKit/537.36 (KHTML, like Gecko) Mobile Safari/537.36 (compatible; PetalBot;+https://webmaster.petalsearch.com/site/petalbot)"
114.119.136.160 - - [13/Feb/2026:23:08:19 +0000] "GET /index.php/?detail/277899134285664 HTTP/1.1" 200 4371 "http://wheninromebigfork.com/wp-includes/revisions.php?sitemap_index.xml" "Mozilla/5.0 (Linux; Android 7.0;) AppleWebKit/537.36 (KHTML, like Gecko) Mobile Safari/537.36 (compatible; PetalBot;+https://webmaster.petalsearch.com/site/petalbot)"
114.119.133.138 - - [13/Feb/2026:23:09:53 +0000] "GET /index.php/?detail/277482314513245 HTTP/1.1" 200 4371 "http://wheninromebigfork.com/wp-includes/revisions.php?sitemap_index.xml" "Mozilla/5.0 (Linux; Android 7.0;) AppleWebKit/537.36 (KHTML, like Gecko) Mobile Safari/537.36 (compatible; PetalBot;+https://webmaster.petalsearch.com/site/petalbot)"
114.119.137.38 - - [13/Feb/2026:23:11:29 +0000] "GET /index.php/?detail/271893779685543 HTTP/1.1" 200 4371 "http://wheninromebigfork.com/wp-includes/revisions.php?sitemap_index.xml" "Mozilla/5.0 (Linux; Android 7.0;) AppleWebKit/537.36 (KHTML, like Gecko) Mobile Safari/537.36 (compatible; PetalBot;+https://webmaster.petalsearch.com/site/petalbot)"
114.119.157.54 - - [13/Feb/2026:23:13:04 +0000] "GET /index.php/?detail/271348190807347 HTTP/1.1" 200 4371 "http://wheninromebigfork.com/wp-includes/revisions.php?sitemap_index.xml" "Mozilla/5.0 (Linux; Android 7.0;) AppleWebKit/537.36 (KHTML, like Gecko) Mobile Safari/537.36 (compatible; PetalBot;+https://webmaster.petalsearch.com/site/petalbot)"
69.30.223.218 - - [13/Feb/2026:23:14:11 +0000] "GET /wp-content/x464d3f/index.php HTTP/1.1" 200 23 "http://wheninromebigfork.com/wp-content/x464d3f/index.php" "Mozilla/5.0 (Windows NT 10.0; Win64; x64) AppleWebKit/537.36 (KHTML, like Gecko) Chrome/58.0.3029.110 Safari/537.3"
114.119.136.160 - - [13/Feb/2026:23:14:35 +0000] "GET /index.php/?detail/270598409649284 HTTP/1.1" 200 4371 "http://wheninromebigfork.com/wp-includes/revisions.php?sitemap_index.xml" "Mozilla/5.0 (Linux; Android 7.0;) AppleWebKit/537.36 (KHTML, like Gecko) Mobile Safari/537.36 (compatible; PetalBot;+https://webmaster.petalsearch.com/site/petalbot)"
114.119.154.6 - - [13/Feb/2026:23:16:09 +0000] "GET /index.php/?detail/269942724695648 HTTP/1.1" 200 4371 "http://wheninromebigfork.com/wp-includes/revisions.php?sitemap_index.xml" "Mozilla/5.0 (Linux; Android 7.0;) AppleWebKit/537.36 (KHTML, like Gecko) Mobile Safari/537.36 (compatible; PetalBot;+https://webmaster.petalsearch.com/site/petalbot)"
54.39.0.28 - - [13/Feb/2026:23:16:28 +0000] "GET /robots.txt HTTP/1.1" 200 4371 "-" "Mozilla/5.0 (compatible; AhrefsBot/7.0; +http://ahrefs.com/robot/)"
54.38.147.145 - - [13/Feb/2026:23:16:32 +0000] "GET / HTTP/1.1" 200 4371 "-" "Mozilla/5.0 (compatible; AhrefsBot/7.0; +http://ahrefs.com/robot/)"
114.119.157.54 - - [13/Feb/2026:23:17:48 +0000] "GET /index.php/?detail/269549293586388 HTTP/1.1" 200 4371 "http://wheninromebigfork.com/wp-includes/revisions.php?sitemap_index.xml" "Mozilla/5.0 (Linux; Android 7.0;) AppleWebKit/537.36 (KHTML, like Gecko) Mobile Safari/537.36 (compatible; PetalBot;+https://webmaster.petalsearch.com/site/petalbot)"
114.119.133.125 - - [13/Feb/2026:23:19:17 +0000] "GET /index.php/?detail/267341812598624 HTTP/1.1" 200 4371 "http://wheninromebigfork.com/wp-includes/revisions.php?sitemap_index.xml" "Mozilla/5.0 (Linux; Android 7.0;) AppleWebKit/537.36 (KHTML, like Gecko) Mobile Safari/537.36 (compatible; PetalBot;+https://webmaster.petalsearch.com/site/petalbot)"
114.119.137.38 - - [13/Feb/2026:23:20:51 +0000] "GET /index.php/?detail/261114169701380 HTTP/1.1" 200 4371 "http://wheninromebigfork.com/wp-includes/revisions.php?sitemap_index.xml" "Mozilla/5.0 (Linux; Android 7.0;) AppleWebKit/537.36 (KHTML, like Gecko) Mobile Safari/537.36 (compatible; PetalBot;+https://webmaster.petalsearch.com/site/petalbot)"
114.119.137.38 - - [13/Feb/2026:23:22:25 +0000] "GET /index.php/?detail/258592498390573 HTTP/1.1" 200 4371 "http://wheninromebigfork.com/wp-includes/revisions.php?sitemap_index.xml" "Mozilla/5.0 (Linux; Android 7.0;) AppleWebKit/537.36 (KHTML, like Gecko) Mobile Safari/537.36 (compatible; PetalBot;+https://webmaster.petalsearch.com/site/petalbot)"
114.119.154.6 - - [13/Feb/2026:23:23:59 +0000] "GET /index.php/?detail/257007296679043 HTTP/1.1" 200 4371 "http://wheninromebigfork.com/wp-includes/revisions.php?sitemap_index.xml" "Mozilla/5.0 (Linux; Android 7.0;) AppleWebKit/537.36 (KHTML, like Gecko) Mobile Safari/537.36 (compatible; PetalBot;+https://webmaster.petalsearch.com/site/petalbot)"
69.30.223.218 - - [13/Feb/2026:23:25:14 +0000] "GET /wp-content/x464d3f/index.php HTTP/1.1" 200 23 "http://wheninromebigfork.com/wp-content/x464d3f/index.php" "Mozilla/5.0 (Windows NT 10.0; Win64; x64) AppleWebKit/537.36 (KHTML, like Gecko) Chrome/58.0.3029.110 Safari/537.3"
114.119.133.125 - - [13/Feb/2026:23:25:36 +0000] "GET /index.php/?detail/256975283322829 HTTP/1.1" 200 4371 "http://wheninromebigfork.com/wp-includes/revisions.php?sitemap_index.xml" "Mozilla/5.0 (Linux; Android 7.0;) AppleWebKit/537.36 (KHTML, like Gecko) Mobile Safari/537.36 (compatible; PetalBot;+https://webmaster.petalsearch.com/site/petalbot)"
114.119.142.125 - - [13/Feb/2026:23:27:09 +0000] "GET /index.php/?detail/25517005122003 HTTP/1.1" 200 4371 "http://wheninromebigfork.com/wp-includes/revisions.php?sitemap_index.xml" "Mozilla/5.0 (Linux; Android 7.0;) AppleWebKit/537.36 (KHTML, like Gecko) Mobile Safari/537.36 (compatible; PetalBot;+https://webmaster.petalsearch.com/site/petalbot)"
114.119.133.138 - - [13/Feb/2026:23:28:41 +0000] "GET /index.php/?detail/25237272573673 HTTP/1.1" 200 4371 "http://wheninromebigfork.com/wp-includes/revisions.php?sitemap_index.xml" "Mozilla/5.0 (Linux; Android 7.0;) AppleWebKit/537.36 (KHTML, like Gecko) Mobile Safari/537.36 (compatible; PetalBot;+https://webmaster.petalsearch.com/site/petalbot)"
114.119.142.125 - - [13/Feb/2026:23:30:18 +0000] "GET /index.php/?detail/25120554294614 HTTP/1.1" 200 4371 "http://wheninromebigfork.com/wp-includes/revisions.php?sitemap_index.xml" "Mozilla/5.0 (Linux; Android 7.0;) AppleWebKit/537.36 (KHTML, like Gecko) Mobile Safari/537.36 (compatible; PetalBot;+https://webmaster.petalsearch.com/site/petalbot)"
114.119.136.160 - - [13/Feb/2026:23:32:15 +0000] "GET /index.php/?detail/246867888563730 HTTP/1.1" 200 4371 "http://wheninromebigfork.com/wp-includes/revisions.php?sitemap_index.xml" "Mozilla/5.0 (Linux; Android 7.0;) AppleWebKit/537.36 (KHTML, like Gecko) Mobile Safari/537.36 (compatible; PetalBot;+https://webmaster.petalsearch.com/site/petalbot)"
114.119.137.38 - - [13/Feb/2026:23:33:24 +0000] "GET /index.php/?detail/24670271192446 HTTP/1.1" 200 4371 "http://wheninromebigfork.com/wp-includes/revisions.php?sitemap_index.xml" "Mozilla/5.0 (Linux; Android 7.0;) AppleWebKit/537.36 (KHTML, like Gecko) Mobile Safari/537.36 (compatible; PetalBot;+https://webmaster.petalsearch.com/site/petalbot)"
114.119.154.6 - - [13/Feb/2026:23:34:58 +0000] "GET /index.php/?detail/245628719531650 HTTP/1.1" 200 4371 "-" "Mozilla/5.0 (Linux; Android 7.0;) AppleWebKit/537.36 (KHTML, like Gecko) Mobile Safari/537.36 (compatible; PetalBot;+https://webmaster.petalsearch.com/site/petalbot)"
114.119.133.138 - - [13/Feb/2026:23:36:35 +0000] "GET /index.php/?detail/24498394557504 HTTP/1.1" 200 4371 "http://wheninromebigfork.com/wp-includes/revisions.php?sitemap_index.xml" "Mozilla/5.0 (Linux; Android 7.0;) AppleWebKit/537.36 (KHTML, like Gecko) Mobile Safari/537.36 (compatible; PetalBot;+https://webmaster.petalsearch.com/site/petalbot)"
114.119.155.13 - - [13/Feb/2026:23:38:07 +0000] "GET /index.php/?detail/244198621480140 HTTP/1.1" 200 4371 "http://wheninromebigfork.com/wp-includes/revisions.php?sitemap_index.xml" "Mozilla/5.0 (Linux; Android 7.0;) AppleWebKit/537.36 (KHTML, like Gecko) Mobile Safari/537.36 (compatible; PetalBot;+https://webmaster.petalsearch.com/site/petalbot)"
104.236.196.6 - - [13/Feb/2026:23:38:07 +0000] "GET /wp-login.php HTTP/1.1" 200 23 "" "Mozilla/5.0 (Windows NT 10.0; Win64; x64; rv:121.0) Gecko/20100101 Firefox/121.0"
69.30.223.218 - - [13/Feb/2026:23:38:15 +0000] "GET /wp-content/x464d3f/index.php HTTP/1.1" 200 23 "http://wheninromebigfork.com/wp-content/x464d3f/index.php" "Mozilla/5.0 (Windows NT 10.0; Win64; x64) AppleWebKit/537.36 (KHTML, like Gecko) Chrome/58.0.3029.110 Safari/537.3"
114.119.133.138 - - [13/Feb/2026:23:39:41 +0000] "GET /index.php/?detail/243732535821411 HTTP/1.1" 200 4371 "http://wheninromebigfork.com/wp-includes/revisions.php?sitemap_index.xml" "Mozilla/5.0 (Linux; Android 7.0;) AppleWebKit/537.36 (KHTML, like Gecko) Mobile Safari/537.36 (compatible; PetalBot;+https://webmaster.petalsearch.com/site/petalbot)"
114.119.136.160 - - [13/Feb/2026:23:41:15 +0000] "GET /index.php/?detail/242350529501315 HTTP/1.1" 200 4371 "http://wheninromebigfork.com/wp-includes/revisions.php?sitemap_index.xml" "Mozilla/5.0 (Linux; Android 7.0;) AppleWebKit/537.36 (KHTML, like Gecko) Mobile Safari/537.36 (compatible; PetalBot;+https://webmaster.petalsearch.com/site/petalbot)"
114.119.137.38 - - [13/Feb/2026:23:42:48 +0000] "GET /index.php/?detail/240406707994383 HTTP/1.1" 200 4371 "http://wheninromebigfork.com/wp-includes/revisions.php?sitemap_index.xml" "Mozilla/5.0 (Linux; Android 7.0;) AppleWebKit/537.36 (KHTML, like Gecko) Mobile Safari/537.36 (compatible; PetalBot;+https://webmaster.petalsearch.com/site/petalbot)"
114.119.133.125 - - [13/Feb/2026:23:44:24 +0000] "GET /index.php/?detail/238974484372049 HTTP/1.1" 200 4371 "http://wheninromebigfork.com/wp-includes/revisions.php?sitemap_index.xml" "Mozilla/5.0 (Linux; Android 7.0;) AppleWebKit/537.36 (KHTML, like Gecko) Mobile Safari/537.36 (compatible; PetalBot;+https://webmaster.petalsearch.com/site/petalbot)"
114.119.137.38 - - [13/Feb/2026:23:45:57 +0000] "GET /index.php/?detail/238030563608503 HTTP/1.1" 200 4371 "http://wheninromebigfork.com/wp-includes/revisions.php?sitemap_index.xml" "Mozilla/5.0 (Linux; Android 7.0;) AppleWebKit/537.36 (KHTML, like Gecko) Mobile Safari/537.36 (compatible; PetalBot;+https://webmaster.petalsearch.com/site/petalbot)"
114.119.155.13 - - [13/Feb/2026:23:47:31 +0000] "GET /index.php/?detail/23734811049281 HTTP/1.1" 200 4371 "http://wheninromebigfork.com/wp-includes/revisions.php?sitemap_index.xml" "Mozilla/5.0 (Linux; Android 7.0;) AppleWebKit/537.36 (KHTML, like Gecko) Mobile Safari/537.36 (compatible; PetalBot;+https://webmaster.petalsearch.com/site/petalbot)"
114.119.133.138 - - [13/Feb/2026:23:49:05 +0000] "GET /index.php/?detail/234967926459599 HTTP/1.1" 200 4371 "http://wheninromebigfork.com/wp-includes/revisions.php?sitemap_index.xml" "Mozilla/5.0 (Linux; Android 7.0;) AppleWebKit/537.36 (KHTML, like Gecko) Mobile Safari/537.36 (compatible; PetalBot;+https://webmaster.petalsearch.com/site/petalbot)"
114.119.133.125 - - [13/Feb/2026:23:50:39 +0000] "GET /index.php/?detail/232278230674100 HTTP/1.1" 200 4371 "http://wheninromebigfork.com/wp-includes/revisions.php?sitemap_index.xml" "Mozilla/5.0 (Linux; Android 7.0;) AppleWebKit/537.36 (KHTML, like Gecko) Mobile Safari/537.36 (compatible; PetalBot;+https://webmaster.petalsearch.com/site/petalbot)"
69.30.223.218 - - [13/Feb/2026:23:51:03 +0000] "GET /wp-content/x464d3f/index.php HTTP/1.1" 200 23 "http://wheninromebigfork.com/wp-content/x464d3f/index.php" "Mozilla/5.0 (Windows NT 10.0; Win64; x64) AppleWebKit/537.36 (KHTML, like Gecko) Chrome/58.0.3029.110 Safari/537.3"
114.119.137.38 - - [13/Feb/2026:23:52:13 +0000] "GET /index.php/?detail/231267149474351 HTTP/1.1" 200 4371 "http://wheninromebigfork.com/wp-includes/revisions.php?sitemap_index.xml" "Mozilla/5.0 (Linux; Android 7.0;) AppleWebKit/537.36 (KHTML, like Gecko) Mobile Safari/537.36 (compatible; PetalBot;+https://webmaster.petalsearch.com/site/petalbot)"
114.119.157.54 - - [13/Feb/2026:23:53:48 +0000] "GET /index.php/?detail/227615157408669 HTTP/1.1" 200 4371 "http://wheninromebigfork.com/wp-includes/revisions.php?sitemap_index.xml" "Mozilla/5.0 (Linux; Android 7.0;) AppleWebKit/537.36 (KHTML, like Gecko) Mobile Safari/537.36 (compatible; PetalBot;+https://webmaster.petalsearch.com/site/petalbot)"
114.119.154.6 - - [13/Feb/2026:23:55:22 +0000] "GET /index.php/?detail/223395090957138 HTTP/1.1" 200 4371 "http://wheninromebigfork.com/wp-includes/revisions.php?sitemap_index.xml" "Mozilla/5.0 (Linux; Android 7.0;) AppleWebKit/537.36 (KHTML, like Gecko) Mobile Safari/537.36 (compatible; PetalBot;+https://webmaster.petalsearch.com/site/petalbot)"
114.119.142.125 - - [13/Feb/2026:23:56:57 +0000] "GET /index.php/?detail/223075094537751 HTTP/1.1" 200 4371 "http://wheninromebigfork.com/wp-includes/revisions.php?sitemap_index.xml" "Mozilla/5.0 (Linux; Android 7.0;) AppleWebKit/537.36 (KHTML, like Gecko) Mobile Safari/537.36 (compatible; PetalBot;+https://webmaster.petalsearch.com/site/petalbot)"
114.119.157.54 - - [13/Feb/2026:23:58:30 +0000] "GET /index.php/?detail/221095577234603 HTTP/1.1" 200 4371 "http://wheninromebigfork.com/wp-includes/revisions.php?sitemap_index.xml" "Mozilla/5.0 (Linux; Android 7.0;) AppleWebKit/537.36 (KHTML, like Gecko) Mobile Safari/537.36 (compatible; PetalBot;+https://webmaster.petalsearch.com/site/petalbot)"
114.119.137.38 - - [14/Feb/2026:00:00:05 +0000] "GET /index.php/?detail/220362159057604 HTTP/1.1" 200 4371 "http://wheninromebigfork.com/wp-includes/revisions.php?sitemap_index.xml" "Mozilla/5.0 (Linux; Android 7.0;) AppleWebKit/537.36 (KHTML, like Gecko) Mobile Safari/537.36 (compatible; PetalBot;+https://webmaster.petalsearch.com/site/petalbot)"
114.119.136.160 - - [14/Feb/2026:00:01:39 +0000] "GET /index.php/?detail/220351527018620 HTTP/1.1" 200 4371 "http://wheninromebigfork.com/wp-includes/revisions.php?sitemap_index.xml" "Mozilla/5.0 (Linux; Android 7.0;) AppleWebKit/537.36 (KHTML, like Gecko) Mobile Safari/537.36 (compatible; PetalBot;+https://webmaster.petalsearch.com/site/petalbot)"
69.30.223.218 - - [14/Feb/2026:00:01:50 +0000] "GET /wp-content/x464d3f/index.php HTTP/1.1" 200 23 "http://wheninromebigfork.com/wp-content/x464d3f/index.php" "Mozilla/5.0 (Windows NT 10.0; Win64; x64) AppleWebKit/537.36 (KHTML, like Gecko) Chrome/58.0.3029.110 Safari/537.3"
114.119.157.54 - - [14/Feb/2026:00:03:13 +0000] "GET /index.php/?detail/219388966923208 HTTP/1.1" 200 4371 "http://wheninromebigfork.com/wp-includes/revisions.php?sitemap_index.xml" "Mozilla/5.0 (Linux; Android 7.0;) AppleWebKit/537.36 (KHTML, like Gecko) Mobile Safari/537.36 (compatible; PetalBot;+https://webmaster.petalsearch.com/site/petalbot)"
114.119.155.13 - - [14/Feb/2026:00:04:47 +0000] "GET /index.php/?detail/217632175214759 HTTP/1.1" 200 4371 "http://wheninromebigfork.com/wp-includes/revisions.php?sitemap_index.xml" "Mozilla/5.0 (Linux; Android 7.0;) AppleWebKit/537.36 (KHTML, like Gecko) Mobile Safari/537.36 (compatible; PetalBot;+https://webmaster.petalsearch.com/site/petalbot)"
114.119.155.13 - - [14/Feb/2026:00:06:21 +0000] "GET /index.php/?detail/214556005305142 HTTP/1.1" 200 4371 "http://wheninromebigfork.com/wp-includes/revisions.php?sitemap_index.xml" "Mozilla/5.0 (Linux; Android 7.0;) AppleWebKit/537.36 (KHTML, like Gecko) Mobile Safari/537.36 (compatible; PetalBot;+https://webmaster.petalsearch.com/site/petalbot)"
114.119.137.38 - - [14/Feb/2026:00:07:55 +0000] "GET /index.php/?detail/213227454126780 HTTP/1.1" 200 4371 "http://wheninromebigfork.com/wp-includes/revisions.php?sitemap_index.xml" "Mozilla/5.0 (Linux; Android 7.0;) AppleWebKit/537.36 (KHTML, like Gecko) Mobile Safari/537.36 (compatible; PetalBot;+https://webmaster.petalsearch.com/site/petalbot)"
114.119.133.138 - - [14/Feb/2026:00:09:30 +0000] "GET /index.php/?detail/213109440898335 HTTP/1.1" 200 4371 "http://wheninromebigfork.com/wp-includes/revisions.php?sitemap_index.xml" "Mozilla/5.0 (Linux; Android 7.0;) AppleWebKit/537.36 (KHTML, like Gecko) Mobile Safari/537.36 (compatible; PetalBot;+https://webmaster.petalsearch.com/site/petalbot)"
114.119.136.160 - - [14/Feb/2026:00:11:03 +0000] "GET /index.php/?detail/21116069356576 HTTP/1.1" 200 4371 "http://wheninromebigfork.com/wp-includes/revisions.php?sitemap_index.xml" "Mozilla/5.0 (Linux; Android 7.0;) AppleWebKit/537.36 (KHTML, like Gecko) Mobile Safari/537.36 (compatible; PetalBot;+https://webmaster.petalsearch.com/site/petalbot)"
114.119.133.125 - - [14/Feb/2026:00:12:39 +0000] "GET /index.php/?detail/210757190265665 HTTP/1.1" 200 4371 "http://wheninromebigfork.com/wp-includes/revisions.php?sitemap_index.xml" "Mozilla/5.0 (Linux; Android 7.0;) AppleWebKit/537.36 (KHTML, like Gecko) Mobile Safari/537.36 (compatible; PetalBot;+https://webmaster.petalsearch.com/site/petalbot)"
69.30.223.218 - - [14/Feb/2026:00:12:47 +0000] "GET /wp-content/x464d3f/index.php HTTP/1.1" 200 23 "http://wheninromebigfork.com/wp-content/x464d3f/index.php" "Mozilla/5.0 (Windows NT 10.0; Win64; x64) AppleWebKit/537.36 (KHTML, like Gecko) Chrome/58.0.3029.110 Safari/537.3"
114.119.154.6 - - [14/Feb/2026:00:14:12 +0000] "GET /index.php/?detail/210035852378368 HTTP/1.1" 200 4371 "http://wheninromebigfork.com/wp-includes/revisions.php?sitemap_index.xml" "Mozilla/5.0 (Linux; Android 7.0;) AppleWebKit/537.36 (KHTML, like Gecko) Mobile Safari/537.36 (compatible; PetalBot;+https://webmaster.petalsearch.com/site/petalbot)"
114.119.137.38 - - [14/Feb/2026:00:15:45 +0000] "GET /index.php/?detail/209502288576615 HTTP/1.1" 200 4371 "http://wheninromebigfork.com/wp-includes/revisions.php?sitemap_index.xml" "Mozilla/5.0 (Linux; Android 7.0;) AppleWebKit/537.36 (KHTML, like Gecko) Mobile Safari/537.36 (compatible; PetalBot;+https://webmaster.petalsearch.com/site/petalbot)"
114.119.137.38 - - [14/Feb/2026:00:17:20 +0000] "GET /index.php/?detail/206474890445494 HTTP/1.1" 200 4371 "-" "Mozilla/5.0 (Linux; Android 7.0;) AppleWebKit/537.36 (KHTML, like Gecko) Mobile Safari/537.36 (compatible; PetalBot;+https://webmaster.petalsearch.com/site/petalbot)"
114.119.133.138 - - [14/Feb/2026:00:18:54 +0000] "GET /index.php/?detail/206452991490040 HTTP/1.1" 200 4371 "http://wheninromebigfork.com/wp-includes/revisions.php?sitemap_index.xml" "Mozilla/5.0 (Linux; Android 7.0;) AppleWebKit/537.36 (KHTML, like Gecko) Mobile Safari/537.36 (compatible; PetalBot;+https://webmaster.petalsearch.com/site/petalbot)"
114.119.133.138 - - [14/Feb/2026:00:20:29 +0000] "GET /index.php/?detail/205137269850039 HTTP/1.1" 200 4371 "http://wheninromebigfork.com/wp-includes/revisions.php?sitemap_index.xml" "Mozilla/5.0 (Linux; Android 7.0;) AppleWebKit/537.36 (KHTML, like Gecko) Mobile Safari/537.36 (compatible; PetalBot;+https://webmaster.petalsearch.com/site/petalbot)"
121.229.156.59 - - [14/Feb/2026:00:20:50 +0000] "GET / HTTP/1.1" 200 23 "-" "Sogou web spider/4.0(+http://www.sogou.com/docs/help/webmasters.htm#07)"
112.86.225.174 - - [14/Feb/2026:00:20:51 +0000] "GET /robots.txt HTTP/1.1" 200 11656 "-" "Sogou web spider/4.0(+http://www.sogou.com/docs/help/webmasters.htm#07)"
114.119.136.160 - - [14/Feb/2026:00:22:03 +0000] "GET /index.php/?detail/203870741777210 HTTP/1.1" 200 4371 "http://wheninromebigfork.com/wp-includes/revisions.php?sitemap_index.xml" "Mozilla/5.0 (Linux; Android 7.0;) AppleWebKit/537.36 (KHTML, like Gecko) Mobile Safari/537.36 (compatible; PetalBot;+https://webmaster.petalsearch.com/site/petalbot)"
114.119.154.6 - - [14/Feb/2026:00:23:37 +0000] "GET /index.php/?detail/203511627389334 HTTP/1.1" 200 4371 "http://wheninromebigfork.com/wp-includes/revisions.php?sitemap_index.xml" "Mozilla/5.0 (Linux; Android 7.0;) AppleWebKit/537.36 (KHTML, like Gecko) Mobile Safari/537.36 (compatible; PetalBot;+https://webmaster.petalsearch.com/site/petalbot)"
114.119.133.138 - - [14/Feb/2026:00:25:11 +0000] "GET /index.php/?detail/200863490120361 HTTP/1.1" 200 4371 "http://wheninromebigfork.com/wp-includes/revisions.php?sitemap_index.xml" "Mozilla/5.0 (Linux; Android 7.0;) AppleWebKit/537.36 (KHTML, like Gecko) Mobile Safari/537.36 (compatible; PetalBot;+https://webmaster.petalsearch.com/site/petalbot)"
69.30.223.218 - - [14/Feb/2026:00:26:00 +0000] "GET /wp-content/x464d3f/index.php HTTP/1.1" 200 23 "http://wheninromebigfork.com/wp-content/x464d3f/index.php" "Mozilla/5.0 (Windows NT 10.0; Win64; x64) AppleWebKit/537.36 (KHTML, like Gecko) Chrome/58.0.3029.110 Safari/537.3"
114.119.133.125 - - [14/Feb/2026:00:26:46 +0000] "GET /index.php/?detail/200474162654317 HTTP/1.1" 200 4371 "http://wheninromebigfork.com/wp-includes/revisions.php?sitemap_index.xml" "Mozilla/5.0 (Linux; Android 7.0;) AppleWebKit/537.36 (KHTML, like Gecko) Mobile Safari/537.36 (compatible; PetalBot;+https://webmaster.petalsearch.com/site/petalbot)"
34.55.64.244 - - [14/Feb/2026:00:27:06 +0000] "GET / HTTP/1.1" 200 23 "-" "-"
34.55.64.244 - - [14/Feb/2026:00:27:06 +0000] "GET / HTTP/1.1" 200 23 "-" "Mozilla/5.0 (Windows NT 6.1; rv:2.0) Gecko/20100101 Firefox/4.0"
34.55.64.244 - - [14/Feb/2026:00:27:08 +0000] "GET / HTTP/1.1" 200 23 "https://www.google.com/" "Mozilla/5.0 (Windows NT 10.0; Win64; x64) AppleWebKit/537.36 (KHTML, like Gecko) Chrome/120.0.0.0 Safari/537.36"
34.55.64.244 - - [14/Feb/2026:00:27:09 +0000] "GET / HTTP/1.1" 200 23 "-" "-"
34.55.64.244 - - [14/Feb/2026:00:27:11 +0000] "GET /robots.txt HTTP/1.1" 200 10852 "-" "Mozilla/5.0 (Windows NT 6.1; rv:2.0) Gecko/20100101 Firefox/4.0"
34.55.64.244 - - [14/Feb/2026:00:27:12 +0000] "GET //sitemap.html HTTP/1.1" 200 23 "-" "-"
34.55.64.244 - - [14/Feb/2026:00:27:12 +0000] "GET /sitemap.xml HTTP/1.1" 200 176266 "-" "Mozilla/5.0 (Windows NT 6.1; rv:2.0) Gecko/20100101 Firefox/4.0"
34.55.64.244 - - [14/Feb/2026:00:27:12 +0000] "GET / HTTP/1.1" 200 23 "-" "Mozilla/5.0 (Windows NT 6.1; rv:2.0) Gecko/20100101 Firefox/4.0"
34.55.64.244 - - [14/Feb/2026:00:27:12 +0000] "GET / HTTP/1.1" 200 23 "-" "Mozilla/5.0 (Windows NT 6.1; rv:2.0) Gecko/20100101 Firefox/4.0"
34.55.64.244 - - [14/Feb/2026:00:27:13 +0000] "GET / HTTP/1.1" 200 23 "-" "curl/7.38.0"
34.55.64.244 - - [14/Feb/2026:00:27:13 +0000] "GET / HTTP/1.1" 200 23 "-" "Mozilla/5.0 (Linux; Android 6.0.1; Nexus 5 Build/MRA58N) AppleWebKit/537.36(KHTML, like Gecko) Chrome/66.0.3359.30 Mobile Safari/537.36"
34.55.64.244 - - [14/Feb/2026:00:27:13 +0000] "GET / HTTP/1.1" 200 23 "-" "Mozilla/5.0 (Windows NT 5.1; rv:17.0) Gecko/20100101 Firefox/17.0"
34.55.64.244 - - [14/Feb/2026:00:27:13 +0000] "GET / HTTP/1.1" 200 23 "-" "curl/7.38.0"
34.55.64.244 - - [14/Feb/2026:00:27:13 +0000] "GET / HTTP/1.1" 200 23 "http://wheninromebigfork.com/" "Mozilla/5.0 (Windows NT 5.1; rv:17.0) Gecko/20100101 Firefox/17.0"
34.55.64.244 - - [14/Feb/2026:00:27:22 +0000] "GET / HTTP/1.1" 200 23 "-" "Mozilla/5.0 (Windows NT 6.1; rv:2.0) Gecko/20100101 Firefox/4.0"
34.55.64.244 - - [14/Feb/2026:00:27:22 +0000] "GET / HTTP/1.1" 200 23 "-" "Mozilla/5.0 (iPhone; U; CPU iPhone OS 3_0 like Mac OS X; en-us) AppleWebKit/528.18 (KHTML, like Gecko) Version/4.0 Mobile/7A341 Safari/528.16 Mozilla/5.0 (Linux; U; Android 2.2) AppleWebKit/533.1 (KHTML, like Gecko) Version/4.0 Mobile Safari/533.1 NokiaN90-1/3.0545.5.1 Series60/2.8 Profile/MIDP-2.0 Configuration/CLDC-1.1 Mozilla/5.0 (X11; U; Linux armv7l; en-GB; rv:1.9.2b6pre) Gecko/20100318 Firefox/3.5 Maemo Browser 1.7.4.7 RX-51 N900"
34.55.64.244 - - [14/Feb/2026:00:27:22 +0000] "GET /mobile HTTP/1.1" 200 23 "-" "Mozilla/5.0 (Windows NT 6.1; rv:2.0) Gecko/20100101 Firefox/4.0"
34.55.64.244 - - [14/Feb/2026:00:27:23 +0000] "GET /m/ HTTP/1.1" 200 23 "-" "Mozilla/5.0 (Windows NT 6.1; rv:2.0) Gecko/20100101 Firefox/4.0"
34.55.64.244 - - [14/Feb/2026:00:27:23 +0000] "GET /mobi/ HTTP/1.1" 200 23 "-" "Mozilla/5.0 (iPhone; U; CPU iPhone OS 3_0 like Mac OS X; en-us) AppleWebKit/528.18 (KHTML, like Gecko) Version/4.0 Mobile/7A341 Safari/528.16 Mozilla/5.0 (Linux; U; Android 2.2) AppleWebKit/533.1 (KHTML, like Gecko) Version/4.0 Mobile Safari/533.1 NokiaN90-1/3.0545.5.1 Series60/2.8 Profile/MIDP-2.0 Configuration/CLDC-1.1 Mozilla/5.0 (X11; U; Linux armv7l; en-GB; rv:1.9.2b6pre) Gecko/20100318 Firefox/3.5 Maemo Browser 1.7.4.7 RX-51 N900"
34.55.64.244 - - [14/Feb/2026:00:27:24 +0000] "GET / HTTP/1.1" 200 23 "-" "Mozilla/5.0 (Windows NT 6.1; rv:2.0) Gecko/20100101 Firefox/4.0"
114.119.154.6 - - [14/Feb/2026:00:28:20 +0000] "GET /index.php/?detail/200255792966334 HTTP/1.1" 200 4371 "http://wheninromebigfork.com/wp-includes/revisions.php?sitemap_index.xml" "Mozilla/5.0 (Linux; Android 7.0;) AppleWebKit/537.36 (KHTML, like Gecko) Mobile Safari/537.36 (compatible; PetalBot;+https://webmaster.petalsearch.com/site/petalbot)"
114.119.157.54 - - [14/Feb/2026:00:29:53 +0000] "GET /index.php/?detail/20023943846921 HTTP/1.1" 200 4371 "http://wheninromebigfork.com/wp-includes/revisions.php?sitemap_index.xml" "Mozilla/5.0 (Linux; Android 7.0;) AppleWebKit/537.36 (KHTML, like Gecko) Mobile Safari/537.36 (compatible; PetalBot;+https://webmaster.petalsearch.com/site/petalbot)"
114.119.157.54 - - [14/Feb/2026:00:31:27 +0000] "GET /index.php/?detail/199477085238361 HTTP/1.1" 200 4371 "http://wheninromebigfork.com/wp-includes/revisions.php?sitemap_index.xml" "Mozilla/5.0 (Linux; Android 7.0;) AppleWebKit/537.36 (KHTML, like Gecko) Mobile Safari/537.36 (compatible; PetalBot;+https://webmaster.petalsearch.com/site/petalbot)"
114.119.136.160 - - [14/Feb/2026:00:33:02 +0000] "GET /index.php/?detail/195970848568467 HTTP/1.1" 200 4371 "http://wheninromebigfork.com/wp-includes/revisions.php?sitemap_index.xml" "Mozilla/5.0 (Linux; Android 7.0;) AppleWebKit/537.36 (KHTML, like Gecko) Mobile Safari/537.36 (compatible; PetalBot;+https://webmaster.petalsearch.com/site/petalbot)"
114.119.136.160 - - [14/Feb/2026:00:34:44 +0000] "GET /index.php/?detail/195524391614406 HTTP/1.1" 200 4371 "http://wheninromebigfork.com/wp-includes/revisions.php?sitemap_index.xml" "Mozilla/5.0 (Linux; Android 7.0;) AppleWebKit/537.36 (KHTML, like Gecko) Mobile Safari/537.36 (compatible; PetalBot;+https://webmaster.petalsearch.com/site/petalbot)"
114.119.154.6 - - [14/Feb/2026:00:36:09 +0000] "GET /index.php/?detail/194132048457819 HTTP/1.1" 200 4371 "http://wheninromebigfork.com/wp-includes/revisions.php?sitemap_index.xml" "Mozilla/5.0 (Linux; Android 7.0;) AppleWebKit/537.36 (KHTML, like Gecko) Mobile Safari/537.36 (compatible; PetalBot;+https://webmaster.petalsearch.com/site/petalbot)"
114.119.155.13 - - [14/Feb/2026:00:37:44 +0000] "GET /index.php/?detail/191858529135618 HTTP/1.1" 200 4371 "http://wheninromebigfork.com/wp-includes/revisions.php?sitemap_index.xml" "Mozilla/5.0 (Linux; Android 7.0;) AppleWebKit/537.36 (KHTML, like Gecko) Mobile Safari/537.36 (compatible; PetalBot;+https://webmaster.petalsearch.com/site/petalbot)"
69.30.223.218 - - [14/Feb/2026:00:38:15 +0000] "GET /wp-content/x464d3f/index.php HTTP/1.1" 200 23 "http://wheninromebigfork.com/wp-content/x464d3f/index.php" "Mozilla/5.0 (Windows NT 10.0; Win64; x64) AppleWebKit/537.36 (KHTML, like Gecko) Chrome/58.0.3029.110 Safari/537.3"
114.119.154.6 - - [14/Feb/2026:00:39:20 +0000] "GET /index.php/?detail/191210707362750 HTTP/1.1" 200 4371 "http://wheninromebigfork.com/wp-includes/revisions.php?sitemap_index.xml" "Mozilla/5.0 (Linux; Android 7.0;) AppleWebKit/537.36 (KHTML, like Gecko) Mobile Safari/537.36 (compatible; PetalBot;+https://webmaster.petalsearch.com/site/petalbot)"
114.119.142.125 - - [14/Feb/2026:00:40:52 +0000] "GET /index.php/?detail/190901204114174 HTTP/1.1" 200 4371 "http://wheninromebigfork.com/wp-includes/revisions.php?sitemap_index.xml" "Mozilla/5.0 (Linux; Android 7.0;) AppleWebKit/537.36 (KHTML, like Gecko) Mobile Safari/537.36 (compatible; PetalBot;+https://webmaster.petalsearch.com/site/petalbot)"
114.119.136.160 - - [14/Feb/2026:00:42:26 +0000] "GET /index.php/?detail/189997432262238 HTTP/1.1" 200 4371 "http://wheninromebigfork.com/wp-includes/revisions.php?sitemap_index.xml" "Mozilla/5.0 (Linux; Android 7.0;) AppleWebKit/537.36 (KHTML, like Gecko) Mobile Safari/537.36 (compatible; PetalBot;+https://webmaster.petalsearch.com/site/petalbot)"
114.119.142.125 - - [14/Feb/2026:00:44:01 +0000] "GET /index.php/?detail/187438073620685 HTTP/1.1" 200 4371 "http://wheninromebigfork.com/wp-includes/revisions.php?sitemap_index.xml" "Mozilla/5.0 (Linux; Android 7.0;) AppleWebKit/537.36 (KHTML, like Gecko) Mobile Safari/537.36 (compatible; PetalBot;+https://webmaster.petalsearch.com/site/petalbot)"
114.119.155.13 - - [14/Feb/2026:00:45:36 +0000] "GET /index.php/?detail/184956523590590 HTTP/1.1" 200 4371 "http://wheninromebigfork.com/wp-includes/revisions.php?sitemap_index.xml" "Mozilla/5.0 (Linux; Android 7.0;) AppleWebKit/537.36 (KHTML, like Gecko) Mobile Safari/537.36 (compatible; PetalBot;+https://webmaster.petalsearch.com/site/petalbot)"
98.89.254.180 - - [14/Feb/2026:00:47:09 +0000] "GET /robots.txt HTTP/1.1" 200 11656 "-" "Mozilla/5.0 (Macintosh; Intel Mac OS X 10_10_1) AppleWebKit/600.2.5 (KHTML, like Gecko) Version/8.0.2 Safari/600.2.5 (TestUserAgent)"
114.119.157.54 - - [14/Feb/2026:00:47:09 +0000] "GET /index.php/?detail/184895061347071 HTTP/1.1" 200 4371 "http://wheninromebigfork.com/wp-includes/revisions.php?sitemap_index.xml" "Mozilla/5.0 (Linux; Android 7.0;) AppleWebKit/537.36 (KHTML, like Gecko) Mobile Safari/537.36 (compatible; PetalBot;+https://webmaster.petalsearch.com/site/petalbot)"
114.119.157.54 - - [14/Feb/2026:00:48:46 +0000] "GET /index.php/?detail/181878386353365 HTTP/1.1" 200 4371 "http://wheninromebigfork.com/wp-includes/revisions.php?sitemap_index.xml" "Mozilla/5.0 (Linux; Android 7.0;) AppleWebKit/537.36 (KHTML, like Gecko) Mobile Safari/537.36 (compatible; PetalBot;+https://webmaster.petalsearch.com/site/petalbot)"
114.119.137.38 - - [14/Feb/2026:00:50:16 +0000] "GET /index.php/?detail/181509163249988 HTTP/1.1" 200 4371 "http://wheninromebigfork.com/wp-includes/revisions.php?sitemap_index.xml" "Mozilla/5.0 (Linux; Android 7.0;) AppleWebKit/537.36 (KHTML, like Gecko) Mobile Safari/537.36 (compatible; PetalBot;+https://webmaster.petalsearch.com/site/petalbot)"
69.30.223.218 - - [14/Feb/2026:00:50:28 +0000] "GET /wp-content/x464d3f/index.php HTTP/1.1" 200 23 "http://wheninromebigfork.com/wp-content/x464d3f/index.php" "Mozilla/5.0 (Windows NT 10.0; Win64; x64) AppleWebKit/537.36 (KHTML, like Gecko) Chrome/58.0.3029.110 Safari/537.3"
114.119.136.160 - - [14/Feb/2026:00:51:53 +0000] "GET /index.php/?detail/181078335447742 HTTP/1.1" 200 4371 "http://wheninromebigfork.com/wp-includes/revisions.php?sitemap_index.xml" "Mozilla/5.0 (Linux; Android 7.0;) AppleWebKit/537.36 (KHTML, like Gecko) Mobile Safari/537.36 (compatible; PetalBot;+https://webmaster.petalsearch.com/site/petalbot)"
114.119.142.125 - - [14/Feb/2026:00:53:29 +0000] "GET /index.php/?detail/180946362914647 HTTP/1.1" 200 4371 "http://wheninromebigfork.com/wp-includes/revisions.php?sitemap_index.xml" "Mozilla/5.0 (Linux; Android 7.0;) AppleWebKit/537.36 (KHTML, like Gecko) Mobile Safari/537.36 (compatible; PetalBot;+https://webmaster.petalsearch.com/site/petalbot)"
114.119.133.125 - - [14/Feb/2026:00:55:28 +0000] "GET /index.php/?detail/18026017694251 HTTP/1.1" 200 4371 "http://wheninromebigfork.com/wp-includes/revisions.php?sitemap_index.xml" "Mozilla/5.0 (Linux; Android 7.0;) AppleWebKit/537.36 (KHTML, like Gecko) Mobile Safari/537.36 (compatible; PetalBot;+https://webmaster.petalsearch.com/site/petalbot)"
114.119.137.38 - - [14/Feb/2026:00:56:35 +0000] "GET /index.php/?detail/18007184638623 HTTP/1.1" 200 4371 "http://wheninromebigfork.com/wp-includes/revisions.php?sitemap_index.xml" "Mozilla/5.0 (Linux; Android 7.0;) AppleWebKit/537.36 (KHTML, like Gecko) Mobile Safari/537.36 (compatible; PetalBot;+https://webmaster.petalsearch.com/site/petalbot)"
114.119.133.125 - - [14/Feb/2026:00:58:07 +0000] "GET /index.php/?detail/176246741564256 HTTP/1.1" 200 4371 "http://wheninromebigfork.com/wp-includes/revisions.php?sitemap_index.xml" "Mozilla/5.0 (Linux; Android 7.0;) AppleWebKit/537.36 (KHTML, like Gecko) Mobile Safari/537.36 (compatible; PetalBot;+https://webmaster.petalsearch.com/site/petalbot)"
114.119.142.125 - - [14/Feb/2026:00:59:42 +0000] "GET /index.php/?detail/175657844388660 HTTP/1.1" 200 4371 "http://wheninromebigfork.com/wp-includes/revisions.php?sitemap_index.xml" "Mozilla/5.0 (Linux; Android 7.0;) AppleWebKit/537.36 (KHTML, like Gecko) Mobile Safari/537.36 (compatible; PetalBot;+https://webmaster.petalsearch.com/site/petalbot)"
114.119.133.138 - - [14/Feb/2026:01:01:17 +0000] "GET /index.php/?detail/175627697773648 HTTP/1.1" 200 4371 "http://wheninromebigfork.com/wp-includes/revisions.php?sitemap_index.xml" "Mozilla/5.0 (Linux; Android 7.0;) AppleWebKit/537.36 (KHTML, like Gecko) Mobile Safari/537.36 (compatible; PetalBot;+https://webmaster.petalsearch.com/site/petalbot)"
69.30.223.218 - - [14/Feb/2026:01:02:44 +0000] "GET /wp-content/x464d3f/index.php HTTP/1.1" 200 23 "http://wheninromebigfork.com/wp-content/x464d3f/index.php" "Mozilla/5.0 (Windows NT 10.0; Win64; x64) AppleWebKit/537.36 (KHTML, like Gecko) Chrome/58.0.3029.110 Safari/537.3"
114.119.136.160 - - [14/Feb/2026:01:02:50 +0000] "GET /index.php/?detail/173683535412117 HTTP/1.1" 200 4371 "http://wheninromebigfork.com/wp-includes/revisions.php?sitemap_index.xml" "Mozilla/5.0 (Linux; Android 7.0;) AppleWebKit/537.36 (KHTML, like Gecko) Mobile Safari/537.36 (compatible; PetalBot;+https://webmaster.petalsearch.com/site/petalbot)"
114.119.154.6 - - [14/Feb/2026:01:04:24 +0000] "GET /index.php/?detail/172079247887901 HTTP/1.1" 200 4371 "http://wheninromebigfork.com/wp-includes/revisions.php?sitemap_index.xml" "Mozilla/5.0 (Linux; Android 7.0;) AppleWebKit/537.36 (KHTML, like Gecko) Mobile Safari/537.36 (compatible; PetalBot;+https://webmaster.petalsearch.com/site/petalbot)"
114.119.133.125 - - [14/Feb/2026:01:05:58 +0000] "GET /index.php/?detail/171969098202619 HTTP/1.1" 200 4371 "http://wheninromebigfork.com/wp-includes/revisions.php?sitemap_index.xml" "Mozilla/5.0 (Linux; Android 7.0;) AppleWebKit/537.36 (KHTML, like Gecko) Mobile Safari/537.36 (compatible; PetalBot;+https://webmaster.petalsearch.com/site/petalbot)"
114.119.154.6 - - [14/Feb/2026:01:07:32 +0000] "GET /index.php/?detail/171720908558906 HTTP/1.1" 200 4371 "http://wheninromebigfork.com/wp-includes/revisions.php?sitemap_index.xml" "Mozilla/5.0 (Linux; Android 7.0;) AppleWebKit/537.36 (KHTML, like Gecko) Mobile Safari/537.36 (compatible; PetalBot;+https://webmaster.petalsearch.com/site/petalbot)"
114.119.142.125 - - [14/Feb/2026:01:09:08 +0000] "GET /index.php/?detail/169963446982271 HTTP/1.1" 200 4371 "http://wheninromebigfork.com/wp-includes/revisions.php?sitemap_index.xml" "Mozilla/5.0 (Linux; Android 7.0;) AppleWebKit/537.36 (KHTML, like Gecko) Mobile Safari/537.36 (compatible; PetalBot;+https://webmaster.petalsearch.com/site/petalbot)"
114.119.154.6 - - [14/Feb/2026:01:10:40 +0000] "GET /index.php/?detail/169855162206069 HTTP/1.1" 200 4371 "http://wheninromebigfork.com/wp-includes/revisions.php?sitemap_index.xml" "Mozilla/5.0 (Linux; Android 7.0;) AppleWebKit/537.36 (KHTML, like Gecko) Mobile Safari/537.36 (compatible; PetalBot;+https://webmaster.petalsearch.com/site/petalbot)"
114.119.157.54 - - [14/Feb/2026:01:12:15 +0000] "GET /index.php/?detail/160266193696365 HTTP/1.1" 200 4371 "http://wheninromebigfork.com/wp-includes/revisions.php?sitemap_index.xml" "Mozilla/5.0 (Linux; Android 7.0;) AppleWebKit/537.36 (KHTML, like Gecko) Mobile Safari/537.36 (compatible; PetalBot;+https://webmaster.petalsearch.com/site/petalbot)"
114.119.157.54 - - [14/Feb/2026:01:13:49 +0000] "GET /index.php/?detail/160087809112265 HTTP/1.1" 200 4371 "http://wheninromebigfork.com/wp-includes/revisions.php?sitemap_index.xml" "Mozilla/5.0 (Linux; Android 7.0;) AppleWebKit/537.36 (KHTML, like Gecko) Mobile Safari/537.36 (compatible; PetalBot;+https://webmaster.petalsearch.com/site/petalbot)"
114.119.154.6 - - [14/Feb/2026:01:15:24 +0000] "GET /index.php/?detail/156905968077642 HTTP/1.1" 200 4371 "http://wheninromebigfork.com/wp-includes/revisions.php?sitemap_index.xml" "Mozilla/5.0 (Linux; Android 7.0;) AppleWebKit/537.36 (KHTML, like Gecko) Mobile Safari/537.36 (compatible; PetalBot;+https://webmaster.petalsearch.com/site/petalbot)"
69.30.223.218 - - [14/Feb/2026:01:16:14 +0000] "GET /wp-content/x464d3f/index.php HTTP/1.1" 200 23 "http://wheninromebigfork.com/wp-content/x464d3f/index.php" "Mozilla/5.0 (Windows NT 10.0; Win64; x64) AppleWebKit/537.36 (KHTML, like Gecko) Chrome/58.0.3029.110 Safari/537.3"
114.119.133.125 - - [14/Feb/2026:01:16:57 +0000] "GET /index.php/?detail/156882015675164 HTTP/1.1" 200 4371 "http://wheninromebigfork.com/wp-includes/revisions.php?sitemap_index.xml" "Mozilla/5.0 (Linux; Android 7.0;) AppleWebKit/537.36 (KHTML, like Gecko) Mobile Safari/537.36 (compatible; PetalBot;+https://webmaster.petalsearch.com/site/petalbot)"
114.119.142.125 - - [14/Feb/2026:01:18:32 +0000] "GET /index.php/?detail/152916630460523 HTTP/1.1" 200 4371 "http://wheninromebigfork.com/wp-includes/revisions.php?sitemap_index.xml" "Mozilla/5.0 (Linux; Android 7.0;) AppleWebKit/537.36 (KHTML, like Gecko) Mobile Safari/537.36 (compatible; PetalBot;+https://webmaster.petalsearch.com/site/petalbot)"
114.119.155.13 - - [14/Feb/2026:01:20:06 +0000] "GET /index.php/?detail/152328901725978 HTTP/1.1" 200 4371 "http://wheninromebigfork.com/wp-includes/revisions.php?sitemap_index.xml" "Mozilla/5.0 (Linux; Android 7.0;) AppleWebKit/537.36 (KHTML, like Gecko) Mobile Safari/537.36 (compatible; PetalBot;+https://webmaster.petalsearch.com/site/petalbot)"
64.89.163.24 - - [14/Feb/2026:01:20:29 +0000] "GET / HTTP/1.1" 200 23 "-" "-"
114.119.133.125 - - [14/Feb/2026:01:21:41 +0000] "GET /index.php/?detail/150257189658060 HTTP/1.1" 200 4371 "http://wheninromebigfork.com/wp-includes/revisions.php?sitemap_index.xml" "Mozilla/5.0 (Linux; Android 7.0;) AppleWebKit/537.36 (KHTML, like Gecko) Mobile Safari/537.36 (compatible; PetalBot;+https://webmaster.petalsearch.com/site/petalbot)"
114.119.133.125 - - [14/Feb/2026:01:23:15 +0000] "GET /index.php/?detail/149777904307210 HTTP/1.1" 200 4371 "http://wheninromebigfork.com/wp-includes/revisions.php?sitemap_index.xml" "Mozilla/5.0 (Linux; Android 7.0;) AppleWebKit/537.36 (KHTML, like Gecko) Mobile Safari/537.36 (compatible; PetalBot;+https://webmaster.petalsearch.com/site/petalbot)"
114.119.133.125 - - [14/Feb/2026:01:24:49 +0000] "GET /index.php/?detail/147913750440549 HTTP/1.1" 200 4371 "http://wheninromebigfork.com/wp-includes/revisions.php?sitemap_index.xml" "Mozilla/5.0 (Linux; Android 7.0;) AppleWebKit/537.36 (KHTML, like Gecko) Mobile Safari/537.36 (compatible; PetalBot;+https://webmaster.petalsearch.com/site/petalbot)"
114.119.142.125 - - [14/Feb/2026:01:26:22 +0000] "GET /index.php/?detail/145938634824227 HTTP/1.1" 200 4371 "http://wheninromebigfork.com/wp-includes/revisions.php?sitemap_index.xml" "Mozilla/5.0 (Linux; Android 7.0;) AppleWebKit/537.36 (KHTML, like Gecko) Mobile Safari/537.36 (compatible; PetalBot;+https://webmaster.petalsearch.com/site/petalbot)"
114.119.157.54 - - [14/Feb/2026:01:27:57 +0000] "GET /index.php/?detail/144766612527461 HTTP/1.1" 200 4371 "http://wheninromebigfork.com/wp-includes/revisions.php?sitemap_index.xml" "Mozilla/5.0 (Linux; Android 7.0;) AppleWebKit/537.36 (KHTML, like Gecko) Mobile Safari/537.36 (compatible; PetalBot;+https://webmaster.petalsearch.com/site/petalbot)"
69.30.223.218 - - [14/Feb/2026:01:28:44 +0000] "GET /wp-content/x464d3f/index.php HTTP/1.1" 200 23 "http://wheninromebigfork.com/wp-content/x464d3f/index.php" "Mozilla/5.0 (Windows NT 10.0; Win64; x64) AppleWebKit/537.36 (KHTML, like Gecko) Chrome/58.0.3029.110 Safari/537.3"
114.119.136.160 - - [14/Feb/2026:01:29:30 +0000] "GET /index.php/?detail/143105467533530 HTTP/1.1" 200 4371 "http://wheninromebigfork.com/wp-includes/revisions.php?sitemap_index.xml" "Mozilla/5.0 (Linux; Android 7.0;) AppleWebKit/537.36 (KHTML, like Gecko) Mobile Safari/537.36 (compatible; PetalBot;+https://webmaster.petalsearch.com/site/petalbot)"
114.119.142.125 - - [14/Feb/2026:01:31:05 +0000] "GET /index.php/?detail/141991199990525 HTTP/1.1" 200 4371 "http://wheninromebigfork.com/wp-includes/revisions.php?sitemap_index.xml" "Mozilla/5.0 (Linux; Android 7.0;) AppleWebKit/537.36 (KHTML, like Gecko) Mobile Safari/537.36 (compatible; PetalBot;+https://webmaster.petalsearch.com/site/petalbot)"
114.119.133.125 - - [14/Feb/2026:01:32:39 +0000] "GET /index.php/?detail/141048354744986 HTTP/1.1" 200 4371 "http://wheninromebigfork.com/wp-includes/revisions.php?sitemap_index.xml" "Mozilla/5.0 (Linux; Android 7.0;) AppleWebKit/537.36 (KHTML, like Gecko) Mobile Safari/537.36 (compatible; PetalBot;+https://webmaster.petalsearch.com/site/petalbot)"
114.119.133.125 - - [14/Feb/2026:01:34:13 +0000] "GET /index.php/?detail/139317181150934 HTTP/1.1" 200 4371 "http://wheninromebigfork.com/wp-includes/revisions.php?sitemap_index.xml" "Mozilla/5.0 (Linux; Android 7.0;) AppleWebKit/537.36 (KHTML, like Gecko) Mobile Safari/537.36 (compatible; PetalBot;+https://webmaster.petalsearch.com/site/petalbot)"
