123.145.28.28 - - [13/Feb/2026:19:59:27 +0000] "GET /static/image/logo2.png HTTP/1.1" 200 23 "-" "Mozilla/5.0 (Windows NT 10.0; Win64; x64) Chrome/120.0.0.0"
123.145.28.28 - - [13/Feb/2026:19:59:27 +0000] "GET /themes/custom/ahaspeed/favicon.ico HTTP/1.1" 200 23 "-" "Mozilla/5.0 (Windows NT 10.0; Win64; x64) Chrome/120.0.0.0"
123.145.28.28 - - [13/Feb/2026:19:59:28 +0000] "GET /image/favicon.png HTTP/1.1" 200 23 "-" "Mozilla/5.0 (Windows NT 10.0; Win64; x64) Chrome/120.0.0.0"
123.145.28.28 - - [13/Feb/2026:19:59:29 +0000] "GET /image/favicon.ico HTTP/1.1" 200 23 "-" "Mozilla/5.0 (Windows NT 10.0; Win64; x64) Chrome/120.0.0.0"
123.145.28.28 - - [13/Feb/2026:19:59:30 +0000] "GET /images/log1.png HTTP/1.1" 200 23 "-" "Mozilla/5.0 (Windows NT 10.0; Win64; x64) Chrome/120.0.0.0"
123.145.28.28 - - [13/Feb/2026:19:59:30 +0000] "GET /details/images/favicon.ico HTTP/1.1" 200 23 "-" "Mozilla/5.0 (Windows NT 10.0; Win64; x64) Chrome/120.0.0.0"
123.145.28.28 - - [13/Feb/2026:19:59:31 +0000] "GET /images/favicon.png HTTP/1.1" 200 23 "-" "Mozilla/5.0 (Windows NT 10.0; Win64; x64) Chrome/120.0.0.0"
123.145.28.28 - - [13/Feb/2026:19:59:33 +0000] "GET /txpro/img/html_icon.ico HTTP/1.1" 200 23 "-" "Mozilla/5.0 (Windows NT 10.0; Win64; x64) Chrome/120.0.0.0"
123.145.28.28 - - [13/Feb/2026:19:59:33 +0000] "GET /assets/fire_admin/images/logo.png HTTP/1.1" 200 23 "-" "Mozilla/5.0 (Windows NT 10.0; Win64; x64) Chrome/120.0.0.0"
123.145.28.28 - - [13/Feb/2026:19:59:34 +0000] "GET /statics/abc/images/tu/abcpppin_03.png HTTP/1.1" 200 23 "-" "Mozilla/5.0 (Windows NT 10.0; Win64; x64) Chrome/120.0.0.0"
123.145.28.28 - - [13/Feb/2026:19:59:35 +0000] "GET /images/pc/logo.png HTTP/1.1" 200 23 "-" "Mozilla/5.0 (Windows NT 10.0; Win64; x64) Chrome/120.0.0.0"
123.145.28.28 - - [13/Feb/2026:19:59:36 +0000] "GET /images/favicon-icon.png HTTP/1.1" 200 23 "-" "Mozilla/5.0 (Windows NT 10.0; Win64; x64) Chrome/120.0.0.0"
123.145.28.28 - - [13/Feb/2026:19:59:37 +0000] "GET /images/favicon-196x196.png HTTP/1.1" 200 23 "-" "Mozilla/5.0 (Windows NT 10.0; Win64; x64) Chrome/120.0.0.0"
123.145.28.28 - - [13/Feb/2026:19:59:37 +0000] "GET /assets/img/favicon.png HTTP/1.1" 200 23 "-" "Mozilla/5.0 (Windows NT 10.0; Win64; x64) Chrome/120.0.0.0"
123.145.28.28 - - [13/Feb/2026:19:59:38 +0000] "GET /static/images/logo.png HTTP/1.1" 200 23 "-" "Mozilla/5.0 (Windows NT 10.0; Win64; x64) Chrome/120.0.0.0"
123.145.28.28 - - [13/Feb/2026:19:59:39 +0000] "GET /images/favicon.ico HTTP/1.1" 200 23 "-" "Mozilla/5.0 (Windows NT 10.0; Win64; x64) Chrome/120.0.0.0"
123.145.28.28 - - [13/Feb/2026:19:59:40 +0000] "GET /static/picture/logo_jg2.png HTTP/1.1" 200 23 "-" "Mozilla/5.0 (Windows NT 10.0; Win64; x64) Chrome/120.0.0.0"
123.145.28.28 - - [13/Feb/2026:19:59:40 +0000] "GET /favicon.png HTTP/1.1" 200 23 "-" "Mozilla/5.0 (Windows NT 10.0; Win64; x64) Chrome/120.0.0.0"
123.145.28.28 - - [13/Feb/2026:19:59:42 +0000] "GET /theme/Bob-Theme-Argon/favicon.ico HTTP/1.1" 200 23 "-" "Mozilla/5.0 (Windows NT 10.0; Win64; x64) Chrome/120.0.0.0"
123.145.28.28 - - [13/Feb/2026:19:59:43 +0000] "GET /imgs/logox.png HTTP/1.1" 200 23 "-" "Mozilla/5.0 (Windows NT 10.0; Win64; x64) Chrome/120.0.0.0"
123.145.28.28 - - [13/Feb/2026:19:59:44 +0000] "GET /assets/index/kuailian/image/favicon.ico HTTP/1.1" 200 23 "-" "Mozilla/5.0 (Windows NT 10.0; Win64; x64) Chrome/120.0.0.0"
123.145.28.28 - - [13/Feb/2026:19:59:45 +0000] "GET /img/logo_512.png HTTP/1.1" 200 23 "-" "Mozilla/5.0 (Windows NT 10.0; Win64; x64) Chrome/120.0.0.0"
114.119.157.54 - - [13/Feb/2026:20:00:17 +0000] "GET /index.php/?detail/431456679261755 HTTP/1.1" 200 4371 "http://wheninromebigfork.com/wp-includes/revisions.php?sitemap_index.xml" "Mozilla/5.0 (Linux; Android 7.0;) AppleWebKit/537.36 (KHTML, like Gecko) Mobile Safari/537.36 (compatible; PetalBot;+https://webmaster.petalsearch.com/site/petalbot)"
223.199.167.41 - - [13/Feb/2026:20:01:11 +0000] "GET / HTTP/1.1" 200 23 "-" "Mozilla/5.0 (Windows NT 10.0; Win64; x64) Chrome/120.0.0.0"
223.199.167.41 - - [13/Feb/2026:20:01:13 +0000] "GET /favicon.ico HTTP/1.1" 200 1 "-" "Mozilla/5.0 (Windows NT 10.0; Win64; x64) Chrome/120.0.0.0"
223.199.167.41 - - [13/Feb/2026:20:01:14 +0000] "GET / HTTP/1.1" 200 23 "-" "Mozilla/5.0 (Windows NT 10.0; Win64; x64) Chrome/120.0.0.0"
223.199.167.41 - - [13/Feb/2026:20:01:16 +0000] "GET / HTTP/1.1" 200 23 "-" "Mozilla/5.0 (Windows NT 10.0; Win64; x64) Chrome/120.0.0.0"
223.199.167.41 - - [13/Feb/2026:20:01:17 +0000] "GET /Alvin9999/https/fanfan1.net/daohang/ HTTP/1.1" 200 23 "-" "Mozilla/5.0 (Windows NT 10.0; Win64; x64) Chrome/120.0.0.0"
223.199.167.41 - - [13/Feb/2026:20:01:18 +0000] "GET /officialsite HTTP/1.1" 200 23 "-" "Mozilla/5.0 (Windows NT 10.0; Win64; x64) Chrome/120.0.0.0"
223.199.167.41 - - [13/Feb/2026:20:01:20 +0000] "GET / HTTP/1.1" 200 23 "-" "Mozilla/5.0 (Windows NT 10.0; Win64; x64) Chrome/120.0.0.0"
223.199.167.41 - - [13/Feb/2026:20:01:21 +0000] "GET /static/favicon.ico HTTP/1.1" 200 23 "-" "Mozilla/5.0 (Windows NT 10.0; Win64; x64) Chrome/120.0.0.0"
223.199.167.41 - - [13/Feb/2026:20:01:25 +0000] "GET /images/logo-cn-352x97_1.png HTTP/1.1" 200 23 "-" "Mozilla/5.0 (Windows NT 10.0; Win64; x64) Chrome/120.0.0.0"
223.199.167.41 - - [13/Feb/2026:20:01:26 +0000] "GET /assets/images/logo-cn-vpnweb.png HTTP/1.1" 200 23 "-" "Mozilla/5.0 (Windows NT 10.0; Win64; x64) Chrome/120.0.0.0"
223.199.167.41 - - [13/Feb/2026:20:01:28 +0000] "GET /static/images/home/VPNlogo.png HTTP/1.1" 200 23 "-" "Mozilla/5.0 (Windows NT 10.0; Win64; x64) Chrome/120.0.0.0"
223.199.167.41 - - [13/Feb/2026:20:01:32 +0000] "GET /img/logo.png HTTP/1.1" 200 23 "-" "Mozilla/5.0 (Windows NT 10.0; Win64; x64) Chrome/120.0.0.0"
223.199.167.41 - - [13/Feb/2026:20:01:34 +0000] "GET /static/icon/bjch.png HTTP/1.1" 200 23 "-" "Mozilla/5.0 (Windows NT 10.0; Win64; x64) Chrome/120.0.0.0"
223.199.167.41 - - [13/Feb/2026:20:01:36 +0000] "GET /assets/images/icon-vpnweb.ico HTTP/1.1" 200 23 "-" "Mozilla/5.0 (Windows NT 10.0; Win64; x64) Chrome/120.0.0.0"
223.199.167.41 - - [13/Feb/2026:20:01:38 +0000] "GET /assets/images/official-site/favicon.ico HTTP/1.1" 200 23 "-" "Mozilla/5.0 (Windows NT 10.0; Win64; x64) Chrome/120.0.0.0"
223.199.167.41 - - [13/Feb/2026:20:01:39 +0000] "GET /v1/file/icon/seo/cdc3fff6-6034-46fb-8ef3-1746e374d4fc.png HTTP/1.1" 200 23 "-" "Mozilla/5.0 (Windows NT 10.0; Win64; x64) Chrome/120.0.0.0"
223.199.167.41 - - [13/Feb/2026:20:01:41 +0000] "GET /fav-icon.ico HTTP/1.1" 200 23 "-" "Mozilla/5.0 (Windows NT 10.0; Win64; x64) Chrome/120.0.0.0"
223.199.167.41 - - [13/Feb/2026:20:01:42 +0000] "GET /image/logo.ico HTTP/1.1" 200 23 "-" "Mozilla/5.0 (Windows NT 10.0; Win64; x64) Chrome/120.0.0.0"
223.199.167.41 - - [13/Feb/2026:20:01:43 +0000] "GET /images/default.png HTTP/1.1" 200 23 "-" "Mozilla/5.0 (Windows NT 10.0; Win64; x64) Chrome/120.0.0.0"
223.199.167.41 - - [13/Feb/2026:20:01:46 +0000] "GET /static/image/logo2.png HTTP/1.1" 200 23 "-" "Mozilla/5.0 (Windows NT 10.0; Win64; x64) Chrome/120.0.0.0"
223.199.167.41 - - [13/Feb/2026:20:01:47 +0000] "GET /themes/custom/ahaspeed/favicon.ico HTTP/1.1" 200 23 "-" "Mozilla/5.0 (Windows NT 10.0; Win64; x64) Chrome/120.0.0.0"
223.199.167.41 - - [13/Feb/2026:20:01:49 +0000] "GET /image/favicon.png HTTP/1.1" 200 23 "-" "Mozilla/5.0 (Windows NT 10.0; Win64; x64) Chrome/120.0.0.0"
223.199.167.41 - - [13/Feb/2026:20:01:50 +0000] "GET /image/favicon.ico HTTP/1.1" 200 23 "-" "Mozilla/5.0 (Windows NT 10.0; Win64; x64) Chrome/120.0.0.0"
223.199.167.41 - - [13/Feb/2026:20:01:52 +0000] "GET /images/log1.png HTTP/1.1" 200 23 "-" "Mozilla/5.0 (Windows NT 10.0; Win64; x64) Chrome/120.0.0.0"
223.199.167.41 - - [13/Feb/2026:20:01:54 +0000] "GET /details/images/favicon.ico HTTP/1.1" 200 23 "-" "Mozilla/5.0 (Windows NT 10.0; Win64; x64) Chrome/120.0.0.0"
223.199.167.41 - - [13/Feb/2026:20:01:56 +0000] "GET /images/favicon.png HTTP/1.1" 200 23 "-" "Mozilla/5.0 (Windows NT 10.0; Win64; x64) Chrome/120.0.0.0"
223.199.167.41 - - [13/Feb/2026:20:01:59 +0000] "GET /txpro/img/html_icon.ico HTTP/1.1" 200 23 "-" "Mozilla/5.0 (Windows NT 10.0; Win64; x64) Chrome/120.0.0.0"
114.119.133.125 - - [13/Feb/2026:20:01:59 +0000] "GET /index.php/?detail/429332341516642 HTTP/1.1" 200 4371 "http://wheninromebigfork.com/wp-includes/revisions.php?sitemap_index.xml" "Mozilla/5.0 (Linux; Android 7.0;) AppleWebKit/537.36 (KHTML, like Gecko) Mobile Safari/537.36 (compatible; PetalBot;+https://webmaster.petalsearch.com/site/petalbot)"
223.199.167.41 - - [13/Feb/2026:20:02:01 +0000] "GET /assets/fire_admin/images/logo.png HTTP/1.1" 200 23 "-" "Mozilla/5.0 (Windows NT 10.0; Win64; x64) Chrome/120.0.0.0"
223.199.167.41 - - [13/Feb/2026:20:02:04 +0000] "GET /statics/abc/images/tu/abcpppin_03.png HTTP/1.1" 200 23 "-" "Mozilla/5.0 (Windows NT 10.0; Win64; x64) Chrome/120.0.0.0"
223.199.167.41 - - [13/Feb/2026:20:02:06 +0000] "GET /images/pc/logo.png HTTP/1.1" 200 23 "-" "Mozilla/5.0 (Windows NT 10.0; Win64; x64) Chrome/120.0.0.0"
223.199.167.41 - - [13/Feb/2026:20:02:08 +0000] "GET /images/favicon-icon.png HTTP/1.1" 200 23 "-" "Mozilla/5.0 (Windows NT 10.0; Win64; x64) Chrome/120.0.0.0"
223.199.167.41 - - [13/Feb/2026:20:02:10 +0000] "GET /images/favicon-196x196.png HTTP/1.1" 200 23 "-" "Mozilla/5.0 (Windows NT 10.0; Win64; x64) Chrome/120.0.0.0"
223.199.167.41 - - [13/Feb/2026:20:02:12 +0000] "GET /assets/img/favicon.png HTTP/1.1" 200 23 "-" "Mozilla/5.0 (Windows NT 10.0; Win64; x64) Chrome/120.0.0.0"
223.199.167.41 - - [13/Feb/2026:20:02:16 +0000] "GET /static/images/logo.png HTTP/1.1" 200 23 "-" "Mozilla/5.0 (Windows NT 10.0; Win64; x64) Chrome/120.0.0.0"
223.199.167.41 - - [13/Feb/2026:20:02:18 +0000] "GET /images/favicon.ico HTTP/1.1" 200 23 "-" "Mozilla/5.0 (Windows NT 10.0; Win64; x64) Chrome/120.0.0.0"
223.199.167.41 - - [13/Feb/2026:20:02:19 +0000] "GET /static/picture/logo_jg2.png HTTP/1.1" 200 23 "-" "Mozilla/5.0 (Windows NT 10.0; Win64; x64) Chrome/120.0.0.0"
223.199.167.41 - - [13/Feb/2026:20:02:21 +0000] "GET /favicon.png HTTP/1.1" 200 23 "-" "Mozilla/5.0 (Windows NT 10.0; Win64; x64) Chrome/120.0.0.0"
223.199.167.41 - - [13/Feb/2026:20:02:23 +0000] "GET /theme/Bob-Theme-Argon/favicon.ico HTTP/1.1" 200 23 "-" "Mozilla/5.0 (Windows NT 10.0; Win64; x64) Chrome/120.0.0.0"
223.199.167.41 - - [13/Feb/2026:20:02:25 +0000] "GET /imgs/logox.png HTTP/1.1" 200 23 "-" "Mozilla/5.0 (Windows NT 10.0; Win64; x64) Chrome/120.0.0.0"
223.199.167.41 - - [13/Feb/2026:20:02:27 +0000] "GET /assets/index/kuailian/image/favicon.ico HTTP/1.1" 200 23 "-" "Mozilla/5.0 (Windows NT 10.0; Win64; x64) Chrome/120.0.0.0"
223.199.167.41 - - [13/Feb/2026:20:02:29 +0000] "GET /img/logo_512.png HTTP/1.1" 200 23 "-" "Mozilla/5.0 (Windows NT 10.0; Win64; x64) Chrome/120.0.0.0"
114.119.157.54 - - [13/Feb/2026:20:03:43 +0000] "GET /index.php/?detail/4287013083913 HTTP/1.1" 200 4371 "http://wheninromebigfork.com/wp-includes/revisions.php?sitemap_index.xml" "Mozilla/5.0 (Linux; Android 7.0;) AppleWebKit/537.36 (KHTML, like Gecko) Mobile Safari/537.36 (compatible; PetalBot;+https://webmaster.petalsearch.com/site/petalbot)"
69.30.223.218 - - [13/Feb/2026:20:04:28 +0000] "GET /wp-content/x464d3f/index.php HTTP/1.1" 200 23 "http://wheninromebigfork.com/wp-content/x464d3f/index.php" "Mozilla/5.0 (Windows NT 10.0; Win64; x64) AppleWebKit/537.36 (KHTML, like Gecko) Chrome/58.0.3029.110 Safari/537.3"
114.119.142.125 - - [13/Feb/2026:20:05:26 +0000] "GET /index.php/?detail/427394657966126 HTTP/1.1" 200 4371 "http://wheninromebigfork.com/wp-includes/revisions.php?sitemap_index.xml" "Mozilla/5.0 (Linux; Android 7.0;) AppleWebKit/537.36 (KHTML, like Gecko) Mobile Safari/537.36 (compatible; PetalBot;+https://webmaster.petalsearch.com/site/petalbot)"
114.119.142.125 - - [13/Feb/2026:20:07:12 +0000] "GET /index.php/?detail/425935123314921 HTTP/1.1" 200 4371 "http://wheninromebigfork.com/wp-includes/revisions.php?sitemap_index.xml" "Mozilla/5.0 (Linux; Android 7.0;) AppleWebKit/537.36 (KHTML, like Gecko) Mobile Safari/537.36 (compatible; PetalBot;+https://webmaster.petalsearch.com/site/petalbot)"
34.82.12.167 - - [13/Feb/2026:20:08:40 +0000] "HEAD /backup/ HTTP/1.1" 200 - "-" "Mozilla/5.0 (Linux; Android 14; Samsung SM-A546B) AppleWebKit/537.36 (KHTML, like Gecko) Chrome/126.0.6478.14 Mobile Safari/537.36"
34.82.12.167 - - [13/Feb/2026:20:08:41 +0000] "HEAD /wp/ HTTP/1.1" 200 - "-" "Mozilla/5.0 (Windows NT 10.0; Win64; x64) AppleWebKit/537.36 (KHTML, like Gecko) Chrome/125.0.6422.112 Safari/537.36 Brave/1.63.120"
34.82.12.167 - - [13/Feb/2026:20:08:41 +0000] "HEAD /new/ HTTP/1.1" 200 - "-" "Mozilla/5.0 (X11; Linux x86_64) AppleWebKit/537.36 (KHTML, like Gecko) Chrome/125.0.6422.76 Safari/537.36"
34.82.12.167 - - [13/Feb/2026:20:08:42 +0000] "HEAD /blog/ HTTP/1.1" 200 - "-" "Mozilla/5.0 (Macintosh; Intel Mac OS X 13_5) AppleWebKit/605.1.15 (KHTML, like Gecko) Version/16.5 Safari/605.1.15"
34.82.12.167 - - [13/Feb/2026:20:08:42 +0000] "HEAD /wordpress/ HTTP/1.1" 200 - "-" "Mozilla/5.0 (Windows NT 10.0; Win64; x64) AppleWebKit/537.36 (KHTML, like Gecko) Chrome/125.0.6422.112 Safari/537.36 Brave/1.63.120"
34.82.12.167 - - [13/Feb/2026:20:08:42 +0000] "HEAD / HTTP/1.1" 200 - "-" "Mozilla/5.0 (Linux; Android 14; Xiaomi 14 Pro) AppleWebKit/537.36 (KHTML, like Gecko) Chrome/126.0.6478.33 Mobile Safari/537.36"
34.82.12.167 - - [13/Feb/2026:20:08:42 +0000] "HEAD /old/ HTTP/1.1" 200 - "-" "Mozilla/5.0 (Windows NT 10.0; Win64; x64) AppleWebKit/537.36 (KHTML, like Gecko) Chrome/126.0.6478.70 Safari/537.36 Vivaldi/6.7.3200.25"
114.119.155.13 - - [13/Feb/2026:20:08:54 +0000] "GET /index.php/?detail/425585729215609 HTTP/1.1" 200 4371 "http://wheninromebigfork.com/wp-includes/revisions.php?sitemap_index.xml" "Mozilla/5.0 (Linux; Android 7.0;) AppleWebKit/537.36 (KHTML, like Gecko) Mobile Safari/537.36 (compatible; PetalBot;+https://webmaster.petalsearch.com/site/petalbot)"
114.119.154.6 - - [13/Feb/2026:20:10:37 +0000] "GET /index.php/?detail/422183439595936 HTTP/1.1" 200 4371 "http://wheninromebigfork.com/wp-includes/revisions.php?sitemap_index.xml" "Mozilla/5.0 (Linux; Android 7.0;) AppleWebKit/537.36 (KHTML, like Gecko) Mobile Safari/537.36 (compatible; PetalBot;+https://webmaster.petalsearch.com/site/petalbot)"
114.119.137.38 - - [13/Feb/2026:20:12:21 +0000] "GET /index.php/?detail/422017447798664 HTTP/1.1" 200 4371 "http://wheninromebigfork.com/wp-includes/revisions.php?sitemap_index.xml" "Mozilla/5.0 (Linux; Android 7.0;) AppleWebKit/537.36 (KHTML, like Gecko) Mobile Safari/537.36 (compatible; PetalBot;+https://webmaster.petalsearch.com/site/petalbot)"
114.119.137.38 - - [13/Feb/2026:20:14:04 +0000] "GET /index.php/?detail/41517733357907 HTTP/1.1" 200 4371 "http://wheninromebigfork.com/wp-includes/revisions.php?sitemap_index.xml" "Mozilla/5.0 (Linux; Android 7.0;) AppleWebKit/537.36 (KHTML, like Gecko) Mobile Safari/537.36 (compatible; PetalBot;+https://webmaster.petalsearch.com/site/petalbot)"
69.30.223.218 - - [13/Feb/2026:20:15:29 +0000] "GET /wp-content/x464d3f/index.php HTTP/1.1" 200 23 "http://wheninromebigfork.com/wp-content/x464d3f/index.php" "Mozilla/5.0 (Windows NT 10.0; Win64; x64) AppleWebKit/537.36 (KHTML, like Gecko) Chrome/58.0.3029.110 Safari/537.3"
114.119.142.125 - - [13/Feb/2026:20:15:53 +0000] "GET /index.php/?detail/415096336462670 HTTP/1.1" 200 4371 "http://wheninromebigfork.com/wp-includes/revisions.php?sitemap_index.xml" "Mozilla/5.0 (Linux; Android 7.0;) AppleWebKit/537.36 (KHTML, like Gecko) Mobile Safari/537.36 (compatible; PetalBot;+https://webmaster.petalsearch.com/site/petalbot)"
114.119.157.54 - - [13/Feb/2026:20:17:31 +0000] "GET /index.php/?detail/414135838189838 HTTP/1.1" 200 4371 "-" "Mozilla/5.0 (Linux; Android 7.0;) AppleWebKit/537.36 (KHTML, like Gecko) Mobile Safari/537.36 (compatible; PetalBot;+https://webmaster.petalsearch.com/site/petalbot)"
114.119.133.138 - - [13/Feb/2026:20:19:15 +0000] "GET /index.php/?detail/41256378312069 HTTP/1.1" 200 4371 "http://wheninromebigfork.com/wp-includes/revisions.php?sitemap_index.xml" "Mozilla/5.0 (Linux; Android 7.0;) AppleWebKit/537.36 (KHTML, like Gecko) Mobile Safari/537.36 (compatible; PetalBot;+https://webmaster.petalsearch.com/site/petalbot)"
114.119.155.13 - - [13/Feb/2026:20:20:58 +0000] "GET /index.php/?detail/412361954507363 HTTP/1.1" 200 4371 "http://wheninromebigfork.com/wp-includes/revisions.php?sitemap_index.xml" "Mozilla/5.0 (Linux; Android 7.0;) AppleWebKit/537.36 (KHTML, like Gecko) Mobile Safari/537.36 (compatible; PetalBot;+https://webmaster.petalsearch.com/site/petalbot)"
114.119.155.13 - - [13/Feb/2026:20:22:42 +0000] "GET /index.php/?detail/409650000730491 HTTP/1.1" 200 4371 "http://wheninromebigfork.com/wp-includes/revisions.php?sitemap_index.xml" "Mozilla/5.0 (Linux; Android 7.0;) AppleWebKit/537.36 (KHTML, like Gecko) Mobile Safari/537.36 (compatible; PetalBot;+https://webmaster.petalsearch.com/site/petalbot)"
114.119.155.13 - - [13/Feb/2026:20:24:27 +0000] "GET /index.php/?detail/409234299795506 HTTP/1.1" 200 4371 "http://wheninromebigfork.com/wp-includes/revisions.php?sitemap_index.xml" "Mozilla/5.0 (Linux; Android 7.0;) AppleWebKit/537.36 (KHTML, like Gecko) Mobile Safari/537.36 (compatible; PetalBot;+https://webmaster.petalsearch.com/site/petalbot)"
114.119.136.160 - - [13/Feb/2026:20:26:10 +0000] "GET /index.php/?detail/408270084173835 HTTP/1.1" 200 4371 "http://wheninromebigfork.com/wp-includes/revisions.php?sitemap_index.xml" "Mozilla/5.0 (Linux; Android 7.0;) AppleWebKit/537.36 (KHTML, like Gecko) Mobile Safari/537.36 (compatible; PetalBot;+https://webmaster.petalsearch.com/site/petalbot)"
69.30.223.218 - - [13/Feb/2026:20:26:16 +0000] "GET /wp-content/x464d3f/index.php HTTP/1.1" 200 23 "http://wheninromebigfork.com/wp-content/x464d3f/index.php" "Mozilla/5.0 (Windows NT 10.0; Win64; x64) AppleWebKit/537.36 (KHTML, like Gecko) Chrome/58.0.3029.110 Safari/537.3"
114.119.157.54 - - [13/Feb/2026:20:27:53 +0000] "GET /index.php/?detail/406561328479961 HTTP/1.1" 200 4371 "http://wheninromebigfork.com/wp-includes/revisions.php?sitemap_index.xml" "Mozilla/5.0 (Linux; Android 7.0;) AppleWebKit/537.36 (KHTML, like Gecko) Mobile Safari/537.36 (compatible; PetalBot;+https://webmaster.petalsearch.com/site/petalbot)"
114.119.136.160 - - [13/Feb/2026:20:29:36 +0000] "GET /index.php/?detail/405751789661634 HTTP/1.1" 200 4371 "http://wheninromebigfork.com/wp-includes/revisions.php?sitemap_index.xml" "Mozilla/5.0 (Linux; Android 7.0;) AppleWebKit/537.36 (KHTML, like Gecko) Mobile Safari/537.36 (compatible; PetalBot;+https://webmaster.petalsearch.com/site/petalbot)"
114.119.157.54 - - [13/Feb/2026:20:31:19 +0000] "GET /index.php/?detail/405460106139272 HTTP/1.1" 200 4371 "http://wheninromebigfork.com/wp-includes/revisions.php?sitemap_index.xml" "Mozilla/5.0 (Linux; Android 7.0;) AppleWebKit/537.36 (KHTML, like Gecko) Mobile Safari/537.36 (compatible; PetalBot;+https://webmaster.petalsearch.com/site/petalbot)"
114.119.157.54 - - [13/Feb/2026:20:32:54 +0000] "GET /index.php/?detail/404802823052672 HTTP/1.1" 200 4371 "http://wheninromebigfork.com/wp-includes/revisions.php?sitemap_index.xml" "Mozilla/5.0 (Linux; Android 7.0;) AppleWebKit/537.36 (KHTML, like Gecko) Mobile Safari/537.36 (compatible; PetalBot;+https://webmaster.petalsearch.com/site/petalbot)"
114.119.137.38 - - [13/Feb/2026:20:34:29 +0000] "GET /index.php/?detail/404416456919383 HTTP/1.1" 200 4371 "http://wheninromebigfork.com/wp-includes/revisions.php?sitemap_index.xml" "Mozilla/5.0 (Linux; Android 7.0;) AppleWebKit/537.36 (KHTML, like Gecko) Mobile Safari/537.36 (compatible; PetalBot;+https://webmaster.petalsearch.com/site/petalbot)"
114.119.154.6 - - [13/Feb/2026:20:36:03 +0000] "GET /index.php/?detail/401908417121482 HTTP/1.1" 200 4371 "http://wheninromebigfork.com/wp-includes/revisions.php?sitemap_index.xml" "Mozilla/5.0 (Linux; Android 7.0;) AppleWebKit/537.36 (KHTML, like Gecko) Mobile Safari/537.36 (compatible; PetalBot;+https://webmaster.petalsearch.com/site/petalbot)"
69.30.223.218 - - [13/Feb/2026:20:37:14 +0000] "GET /wp-content/x464d3f/index.php HTTP/1.1" 200 23 "http://wheninromebigfork.com/wp-content/x464d3f/index.php" "Mozilla/5.0 (Windows NT 10.0; Win64; x64) AppleWebKit/537.36 (KHTML, like Gecko) Chrome/58.0.3029.110 Safari/537.3"
114.119.136.160 - - [13/Feb/2026:20:37:36 +0000] "GET /index.php/?detail/401498184507097 HTTP/1.1" 200 4371 "http://wheninromebigfork.com/wp-includes/revisions.php?sitemap_index.xml" "Mozilla/5.0 (Linux; Android 7.0;) AppleWebKit/537.36 (KHTML, like Gecko) Mobile Safari/537.36 (compatible; PetalBot;+https://webmaster.petalsearch.com/site/petalbot)"
114.119.154.6 - - [13/Feb/2026:20:39:10 +0000] "GET /index.php/?detail/398156826474366 HTTP/1.1" 200 4371 "http://wheninromebigfork.com/wp-includes/revisions.php?sitemap_index.xml" "Mozilla/5.0 (Linux; Android 7.0;) AppleWebKit/537.36 (KHTML, like Gecko) Mobile Safari/537.36 (compatible; PetalBot;+https://webmaster.petalsearch.com/site/petalbot)"
114.119.154.6 - - [13/Feb/2026:20:40:44 +0000] "GET /index.php/?detail/397980301387542 HTTP/1.1" 200 4371 "http://wheninromebigfork.com/wp-includes/revisions.php?sitemap_index.xml" "Mozilla/5.0 (Linux; Android 7.0;) AppleWebKit/537.36 (KHTML, like Gecko) Mobile Safari/537.36 (compatible; PetalBot;+https://webmaster.petalsearch.com/site/petalbot)"
114.119.133.125 - - [13/Feb/2026:20:42:18 +0000] "GET /index.php/?detail/395322004350434 HTTP/1.1" 200 4371 "http://wheninromebigfork.com/wp-includes/revisions.php?sitemap_index.xml" "Mozilla/5.0 (Linux; Android 7.0;) AppleWebKit/537.36 (KHTML, like Gecko) Mobile Safari/537.36 (compatible; PetalBot;+https://webmaster.petalsearch.com/site/petalbot)"
114.119.136.160 - - [13/Feb/2026:20:43:52 +0000] "GET /index.php/?detail/390997253718171 HTTP/1.1" 200 4371 "http://wheninromebigfork.com/wp-includes/revisions.php?sitemap_index.xml" "Mozilla/5.0 (Linux; Android 7.0;) AppleWebKit/537.36 (KHTML, like Gecko) Mobile Safari/537.36 (compatible; PetalBot;+https://webmaster.petalsearch.com/site/petalbot)"
114.119.154.6 - - [13/Feb/2026:20:45:40 +0000] "GET /index.php/?detail/390469134238038 HTTP/1.1" 200 4371 "http://wheninromebigfork.com/wp-includes/revisions.php?sitemap_index.xml" "Mozilla/5.0 (Linux; Android 7.0;) AppleWebKit/537.36 (KHTML, like Gecko) Mobile Safari/537.36 (compatible; PetalBot;+https://webmaster.petalsearch.com/site/petalbot)"
114.119.137.38 - - [13/Feb/2026:20:47:02 +0000] "GET /index.php/?detail/390407750680987 HTTP/1.1" 200 4371 "http://wheninromebigfork.com/wp-includes/revisions.php?sitemap_index.xml" "Mozilla/5.0 (Linux; Android 7.0;) AppleWebKit/537.36 (KHTML, like Gecko) Mobile Safari/537.36 (compatible; PetalBot;+https://webmaster.petalsearch.com/site/petalbot)"
69.30.223.218 - - [13/Feb/2026:20:48:26 +0000] "GET /wp-content/x464d3f/index.php HTTP/1.1" 200 23 "http://wheninromebigfork.com/wp-content/x464d3f/index.php" "Mozilla/5.0 (Windows NT 10.0; Win64; x64) AppleWebKit/537.36 (KHTML, like Gecko) Chrome/58.0.3029.110 Safari/537.3"
114.119.137.38 - - [13/Feb/2026:20:48:37 +0000] "GET /index.php/?detail/39033958880723 HTTP/1.1" 200 4371 "http://wheninromebigfork.com/wp-includes/revisions.php?sitemap_index.xml" "Mozilla/5.0 (Linux; Android 7.0;) AppleWebKit/537.36 (KHTML, like Gecko) Mobile Safari/537.36 (compatible; PetalBot;+https://webmaster.petalsearch.com/site/petalbot)"
114.119.157.54 - - [13/Feb/2026:20:50:11 +0000] "GET /index.php/?detail/390241884214586 HTTP/1.1" 200 4371 "http://wheninromebigfork.com/wp-includes/revisions.php?sitemap_index.xml" "Mozilla/5.0 (Linux; Android 7.0;) AppleWebKit/537.36 (KHTML, like Gecko) Mobile Safari/537.36 (compatible; PetalBot;+https://webmaster.petalsearch.com/site/petalbot)"
114.119.137.38 - - [13/Feb/2026:20:51:44 +0000] "GET /index.php/?detail/389594222495012 HTTP/1.1" 200 4371 "http://wheninromebigfork.com/wp-includes/revisions.php?sitemap_index.xml" "Mozilla/5.0 (Linux; Android 7.0;) AppleWebKit/537.36 (KHTML, like Gecko) Mobile Safari/537.36 (compatible; PetalBot;+https://webmaster.petalsearch.com/site/petalbot)"
114.119.137.38 - - [13/Feb/2026:20:53:19 +0000] "GET /index.php/?detail/388581066586713 HTTP/1.1" 200 4371 "http://wheninromebigfork.com/wp-includes/revisions.php?sitemap_index.xml" "Mozilla/5.0 (Linux; Android 7.0;) AppleWebKit/537.36 (KHTML, like Gecko) Mobile Safari/537.36 (compatible; PetalBot;+https://webmaster.petalsearch.com/site/petalbot)"
114.119.136.160 - - [13/Feb/2026:20:54:52 +0000] "GET /index.php/?detail/383348210816491 HTTP/1.1" 200 4371 "http://wheninromebigfork.com/wp-includes/revisions.php?sitemap_index.xml" "Mozilla/5.0 (Linux; Android 7.0;) AppleWebKit/537.36 (KHTML, like Gecko) Mobile Safari/537.36 (compatible; PetalBot;+https://webmaster.petalsearch.com/site/petalbot)"
114.119.154.6 - - [13/Feb/2026:20:56:26 +0000] "GET /index.php/?detail/381665596363024 HTTP/1.1" 200 4371 "http://wheninromebigfork.com/wp-includes/revisions.php?sitemap_index.xml" "Mozilla/5.0 (Linux; Android 7.0;) AppleWebKit/537.36 (KHTML, like Gecko) Mobile Safari/537.36 (compatible; PetalBot;+https://webmaster.petalsearch.com/site/petalbot)"
114.119.142.125 - - [13/Feb/2026:20:58:00 +0000] "GET /index.php/?detail/381228136722078 HTTP/1.1" 200 4371 "http://wheninromebigfork.com/wp-includes/revisions.php?sitemap_index.xml" "Mozilla/5.0 (Linux; Android 7.0;) AppleWebKit/537.36 (KHTML, like Gecko) Mobile Safari/537.36 (compatible; PetalBot;+https://webmaster.petalsearch.com/site/petalbot)"
69.30.223.218 - - [13/Feb/2026:20:59:13 +0000] "GET /wp-content/x464d3f/index.php HTTP/1.1" 200 23 "http://wheninromebigfork.com/wp-content/x464d3f/index.php" "Mozilla/5.0 (Windows NT 10.0; Win64; x64) AppleWebKit/537.36 (KHTML, like Gecko) Chrome/58.0.3029.110 Safari/537.3"
114.119.133.138 - - [13/Feb/2026:20:59:35 +0000] "GET /index.php/?detail/3804827037422 HTTP/1.1" 200 4371 "http://wheninromebigfork.com/wp-includes/revisions.php?sitemap_index.xml" "Mozilla/5.0 (Linux; Android 7.0;) AppleWebKit/537.36 (KHTML, like Gecko) Mobile Safari/537.36 (compatible; PetalBot;+https://webmaster.petalsearch.com/site/petalbot)"
114.119.155.13 - - [13/Feb/2026:21:01:11 +0000] "GET /index.php/?detail/379910748368687 HTTP/1.1" 200 4371 "http://wheninromebigfork.com/wp-includes/revisions.php?sitemap_index.xml" "Mozilla/5.0 (Linux; Android 7.0;) AppleWebKit/537.36 (KHTML, like Gecko) Mobile Safari/537.36 (compatible; PetalBot;+https://webmaster.petalsearch.com/site/petalbot)"
114.119.133.125 - - [13/Feb/2026:21:02:44 +0000] "GET /index.php/?detail/378913115128995 HTTP/1.1" 200 4371 "http://wheninromebigfork.com/wp-includes/revisions.php?sitemap_index.xml" "Mozilla/5.0 (Linux; Android 7.0;) AppleWebKit/537.36 (KHTML, like Gecko) Mobile Safari/537.36 (compatible; PetalBot;+https://webmaster.petalsearch.com/site/petalbot)"
114.119.136.160 - - [13/Feb/2026:21:04:17 +0000] "GET /index.php/?detail/377753860717375 HTTP/1.1" 200 4371 "http://wheninromebigfork.com/wp-includes/revisions.php?sitemap_index.xml" "Mozilla/5.0 (Linux; Android 7.0;) AppleWebKit/537.36 (KHTML, like Gecko) Mobile Safari/537.36 (compatible; PetalBot;+https://webmaster.petalsearch.com/site/petalbot)"
114.119.154.6 - - [13/Feb/2026:21:05:51 +0000] "GET /index.php/?detail/377561935343793 HTTP/1.1" 200 4371 "http://wheninromebigfork.com/wp-includes/revisions.php?sitemap_index.xml" "Mozilla/5.0 (Linux; Android 7.0;) AppleWebKit/537.36 (KHTML, like Gecko) Mobile Safari/537.36 (compatible; PetalBot;+https://webmaster.petalsearch.com/site/petalbot)"
114.119.133.138 - - [13/Feb/2026:21:07:27 +0000] "GET /index.php/?detail/377422689516556 HTTP/1.1" 200 4371 "http://wheninromebigfork.com/wp-includes/revisions.php?sitemap_index.xml" "Mozilla/5.0 (Linux; Android 7.0;) AppleWebKit/537.36 (KHTML, like Gecko) Mobile Safari/537.36 (compatible; PetalBot;+https://webmaster.petalsearch.com/site/petalbot)"
114.119.157.54 - - [13/Feb/2026:21:09:02 +0000] "GET /index.php/?detail/377330678094004 HTTP/1.1" 200 4371 "http://wheninromebigfork.com/wp-includes/revisions.php?sitemap_index.xml" "Mozilla/5.0 (Linux; Android 7.0;) AppleWebKit/537.36 (KHTML, like Gecko) Mobile Safari/537.36 (compatible; PetalBot;+https://webmaster.petalsearch.com/site/petalbot)"
69.30.223.218 - - [13/Feb/2026:21:10:27 +0000] "GET /wp-content/x464d3f/index.php HTTP/1.1" 200 23 "http://wheninromebigfork.com/wp-content/x464d3f/index.php" "Mozilla/5.0 (Windows NT 10.0; Win64; x64) AppleWebKit/537.36 (KHTML, like Gecko) Chrome/58.0.3029.110 Safari/537.3"
114.119.157.54 - - [13/Feb/2026:21:10:33 +0000] "GET /index.php/?detail/37657399107714 HTTP/1.1" 200 4371 "http://wheninromebigfork.com/wp-includes/revisions.php?sitemap_index.xml" "Mozilla/5.0 (Linux; Android 7.0;) AppleWebKit/537.36 (KHTML, like Gecko) Mobile Safari/537.36 (compatible; PetalBot;+https://webmaster.petalsearch.com/site/petalbot)"
114.119.136.160 - - [13/Feb/2026:21:12:08 +0000] "GET /index.php/?detail/375380218624165 HTTP/1.1" 200 4371 "http://wheninromebigfork.com/wp-includes/revisions.php?sitemap_index.xml" "Mozilla/5.0 (Linux; Android 7.0;) AppleWebKit/537.36 (KHTML, like Gecko) Mobile Safari/537.36 (compatible; PetalBot;+https://webmaster.petalsearch.com/site/petalbot)"
114.119.136.160 - - [13/Feb/2026:21:13:43 +0000] "GET /index.php/?detail/374718965840148 HTTP/1.1" 200 4371 "http://wheninromebigfork.com/wp-includes/revisions.php?sitemap_index.xml" "Mozilla/5.0 (Linux; Android 7.0;) AppleWebKit/537.36 (KHTML, like Gecko) Mobile Safari/537.36 (compatible; PetalBot;+https://webmaster.petalsearch.com/site/petalbot)"
114.119.142.125 - - [13/Feb/2026:21:15:17 +0000] "GET /index.php/?detail/374361896877294 HTTP/1.1" 200 4371 "http://wheninromebigfork.com/wp-includes/revisions.php?sitemap_index.xml" "Mozilla/5.0 (Linux; Android 7.0;) AppleWebKit/537.36 (KHTML, like Gecko) Mobile Safari/537.36 (compatible; PetalBot;+https://webmaster.petalsearch.com/site/petalbot)"
114.119.142.125 - - [13/Feb/2026:21:16:51 +0000] "GET /index.php/?detail/373179853589599 HTTP/1.1" 200 4371 "http://wheninromebigfork.com/wp-includes/revisions.php?sitemap_index.xml" "Mozilla/5.0 (Linux; Android 7.0;) AppleWebKit/537.36 (KHTML, like Gecko) Mobile Safari/537.36 (compatible; PetalBot;+https://webmaster.petalsearch.com/site/petalbot)"
114.119.154.6 - - [13/Feb/2026:21:18:25 +0000] "GET /index.php/?detail/372192139529629 HTTP/1.1" 200 4371 "http://wheninromebigfork.com/wp-includes/revisions.php?sitemap_index.xml" "Mozilla/5.0 (Linux; Android 7.0;) AppleWebKit/537.36 (KHTML, like Gecko) Mobile Safari/537.36 (compatible; PetalBot;+https://webmaster.petalsearch.com/site/petalbot)"
114.119.142.125 - - [13/Feb/2026:21:20:04 +0000] "GET /index.php/?detail/370815454606260 HTTP/1.1" 200 4371 "http://wheninromebigfork.com/wp-includes/revisions.php?sitemap_index.xml" "Mozilla/5.0 (Linux; Android 7.0;) AppleWebKit/537.36 (KHTML, like Gecko) Mobile Safari/537.36 (compatible; PetalBot;+https://webmaster.petalsearch.com/site/petalbot)"
69.30.223.218 - - [13/Feb/2026:21:21:27 +0000] "GET /wp-content/x464d3f/index.php HTTP/1.1" 200 23 "http://wheninromebigfork.com/wp-content/x464d3f/index.php" "Mozilla/5.0 (Windows NT 10.0; Win64; x64) AppleWebKit/537.36 (KHTML, like Gecko) Chrome/58.0.3029.110 Safari/537.3"
114.119.137.38 - - [13/Feb/2026:21:21:33 +0000] "GET /index.php/?detail/367640052395292 HTTP/1.1" 200 4371 "http://wheninromebigfork.com/wp-includes/revisions.php?sitemap_index.xml" "Mozilla/5.0 (Linux; Android 7.0;) AppleWebKit/537.36 (KHTML, like Gecko) Mobile Safari/537.36 (compatible; PetalBot;+https://webmaster.petalsearch.com/site/petalbot)"
114.119.137.38 - - [13/Feb/2026:21:23:07 +0000] "GET /index.php/?detail/367550979976563 HTTP/1.1" 200 4371 "http://wheninromebigfork.com/wp-includes/revisions.php?sitemap_index.xml" "Mozilla/5.0 (Linux; Android 7.0;) AppleWebKit/537.36 (KHTML, like Gecko) Mobile Safari/537.36 (compatible; PetalBot;+https://webmaster.petalsearch.com/site/petalbot)"
114.119.157.54 - - [13/Feb/2026:21:24:42 +0000] "GET /index.php/?detail/367458374612186 HTTP/1.1" 200 4371 "http://wheninromebigfork.com/wp-includes/revisions.php?sitemap_index.xml" "Mozilla/5.0 (Linux; Android 7.0;) AppleWebKit/537.36 (KHTML, like Gecko) Mobile Safari/537.36 (compatible; PetalBot;+https://webmaster.petalsearch.com/site/petalbot)"
114.119.137.38 - - [13/Feb/2026:21:26:16 +0000] "GET /index.php/?detail/365637927565974 HTTP/1.1" 200 4371 "http://wheninromebigfork.com/wp-includes/revisions.php?sitemap_index.xml" "Mozilla/5.0 (Linux; Android 7.0;) AppleWebKit/537.36 (KHTML, like Gecko) Mobile Safari/537.36 (compatible; PetalBot;+https://webmaster.petalsearch.com/site/petalbot)"
114.119.133.125 - - [13/Feb/2026:21:27:50 +0000] "GET /index.php/?detail/362834294095819 HTTP/1.1" 200 4371 "http://wheninromebigfork.com/wp-includes/revisions.php?sitemap_index.xml" "Mozilla/5.0 (Linux; Android 7.0;) AppleWebKit/537.36 (KHTML, like Gecko) Mobile Safari/537.36 (compatible; PetalBot;+https://webmaster.petalsearch.com/site/petalbot)"
114.119.154.6 - - [13/Feb/2026:21:29:24 +0000] "GET /index.php/?detail/360762881987193 HTTP/1.1" 200 4371 "http://wheninromebigfork.com/wp-includes/revisions.php?sitemap_index.xml" "Mozilla/5.0 (Linux; Android 7.0;) AppleWebKit/537.36 (KHTML, like Gecko) Mobile Safari/537.36 (compatible; PetalBot;+https://webmaster.petalsearch.com/site/petalbot)"
114.119.137.38 - - [13/Feb/2026:21:31:00 +0000] "GET /index.php/?detail/36075884455354 HTTP/1.1" 200 4371 "http://wheninromebigfork.com/wp-includes/revisions.php?sitemap_index.xml" "Mozilla/5.0 (Linux; Android 7.0;) AppleWebKit/537.36 (KHTML, like Gecko) Mobile Safari/537.36 (compatible; PetalBot;+https://webmaster.petalsearch.com/site/petalbot)"
69.30.223.218 - - [13/Feb/2026:21:32:12 +0000] "GET /wp-content/x464d3f/index.php HTTP/1.1" 200 23 "http://wheninromebigfork.com/wp-content/x464d3f/index.php" "Mozilla/5.0 (Windows NT 10.0; Win64; x64) AppleWebKit/537.36 (KHTML, like Gecko) Chrome/58.0.3029.110 Safari/537.3"
114.119.133.138 - - [13/Feb/2026:21:32:33 +0000] "GET /index.php/?detail/360331719772042 HTTP/1.1" 200 4371 "http://wheninromebigfork.com/wp-includes/revisions.php?sitemap_index.xml" "Mozilla/5.0 (Linux; Android 7.0;) AppleWebKit/537.36 (KHTML, like Gecko) Mobile Safari/537.36 (compatible; PetalBot;+https://webmaster.petalsearch.com/site/petalbot)"
114.119.133.138 - - [13/Feb/2026:21:34:08 +0000] "GET /index.php/?detail/359006438232538 HTTP/1.1" 200 4371 "http://wheninromebigfork.com/wp-includes/revisions.php?sitemap_index.xml" "Mozilla/5.0 (Linux; Android 7.0;) AppleWebKit/537.36 (KHTML, like Gecko) Mobile Safari/537.36 (compatible; PetalBot;+https://webmaster.petalsearch.com/site/petalbot)"
114.119.155.13 - - [13/Feb/2026:21:35:46 +0000] "GET /index.php/?detail/358009343472369 HTTP/1.1" 200 4371 "http://wheninromebigfork.com/wp-includes/revisions.php?sitemap_index.xml" "Mozilla/5.0 (Linux; Android 7.0;) AppleWebKit/537.36 (KHTML, like Gecko) Mobile Safari/537.36 (compatible; PetalBot;+https://webmaster.petalsearch.com/site/petalbot)"
114.119.133.138 - - [13/Feb/2026:21:37:16 +0000] "GET /index.php/?detail/356915862165425 HTTP/1.1" 200 4371 "http://wheninromebigfork.com/wp-includes/revisions.php?sitemap_index.xml" "Mozilla/5.0 (Linux; Android 7.0;) AppleWebKit/537.36 (KHTML, like Gecko) Mobile Safari/537.36 (compatible; PetalBot;+https://webmaster.petalsearch.com/site/petalbot)"
114.119.136.160 - - [13/Feb/2026:21:38:49 +0000] "GET /index.php/?detail/354917105050327 HTTP/1.1" 200 4371 "http://wheninromebigfork.com/wp-includes/revisions.php?sitemap_index.xml" "Mozilla/5.0 (Linux; Android 7.0;) AppleWebKit/537.36 (KHTML, like Gecko) Mobile Safari/537.36 (compatible; PetalBot;+https://webmaster.petalsearch.com/site/petalbot)"
114.119.154.6 - - [13/Feb/2026:21:40:24 +0000] "GET /index.php/?detail/354823462931391 HTTP/1.1" 200 4371 "http://wheninromebigfork.com/wp-includes/revisions.php?sitemap_index.xml" "Mozilla/5.0 (Linux; Android 7.0;) AppleWebKit/537.36 (KHTML, like Gecko) Mobile Safari/537.36 (compatible; PetalBot;+https://webmaster.petalsearch.com/site/petalbot)"
114.119.142.125 - - [13/Feb/2026:21:41:58 +0000] "GET /index.php/?detail/353769959702758 HTTP/1.1" 200 4371 "http://wheninromebigfork.com/wp-includes/revisions.php?sitemap_index.xml" "Mozilla/5.0 (Linux; Android 7.0;) AppleWebKit/537.36 (KHTML, like Gecko) Mobile Safari/537.36 (compatible; PetalBot;+https://webmaster.petalsearch.com/site/petalbot)"
114.119.137.38 - - [13/Feb/2026:21:43:32 +0000] "GET /index.php/?detail/35259839738650 HTTP/1.1" 200 4371 "http://wheninromebigfork.com/wp-includes/revisions.php?sitemap_index.xml" "Mozilla/5.0 (Linux; Android 7.0;) AppleWebKit/537.36 (KHTML, like Gecko) Mobile Safari/537.36 (compatible; PetalBot;+https://webmaster.petalsearch.com/site/petalbot)"
198.204.224.34 - - [13/Feb/2026:21:43:49 +0000] "GET /wp-content/x464d3f/index.php HTTP/1.1" 200 23 "http://wheninromebigfork.com/wp-content/x464d3f/index.php" "Mozilla/5.0 (Windows NT 10.0; Win64; x64) AppleWebKit/537.36 (KHTML, like Gecko) Chrome/58.0.3029.110 Safari/537.3"
114.119.136.160 - - [13/Feb/2026:21:45:06 +0000] "GET /index.php/?detail/352128809405845 HTTP/1.1" 200 4371 "http://wheninromebigfork.com/wp-includes/revisions.php?sitemap_index.xml" "Mozilla/5.0 (Linux; Android 7.0;) AppleWebKit/537.36 (KHTML, like Gecko) Mobile Safari/537.36 (compatible; PetalBot;+https://webmaster.petalsearch.com/site/petalbot)"
114.119.155.13 - - [13/Feb/2026:21:46:40 +0000] "GET /index.php/?detail/348434283113697 HTTP/1.1" 200 4371 "http://wheninromebigfork.com/wp-includes/revisions.php?sitemap_index.xml" "Mozilla/5.0 (Linux; Android 7.0;) AppleWebKit/537.36 (KHTML, like Gecko) Mobile Safari/537.36 (compatible; PetalBot;+https://webmaster.petalsearch.com/site/petalbot)"
114.119.142.125 - - [13/Feb/2026:21:48:14 +0000] "GET /index.php/?detail/347893196016775 HTTP/1.1" 200 4371 "http://wheninromebigfork.com/wp-includes/revisions.php?sitemap_index.xml" "Mozilla/5.0 (Linux; Android 7.0;) AppleWebKit/537.36 (KHTML, like Gecko) Mobile Safari/537.36 (compatible; PetalBot;+https://webmaster.petalsearch.com/site/petalbot)"
114.119.157.54 - - [13/Feb/2026:21:49:49 +0000] "GET /index.php/?detail/346094909759866 HTTP/1.1" 200 4371 "http://wheninromebigfork.com/wp-includes/revisions.php?sitemap_index.xml" "Mozilla/5.0 (Linux; Android 7.0;) AppleWebKit/537.36 (KHTML, like Gecko) Mobile Safari/537.36 (compatible; PetalBot;+https://webmaster.petalsearch.com/site/petalbot)"
114.119.137.38 - - [13/Feb/2026:21:51:22 +0000] "GET /index.php/?detail/345281183969288 HTTP/1.1" 200 4371 "http://wheninromebigfork.com/wp-includes/revisions.php?sitemap_index.xml" "Mozilla/5.0 (Linux; Android 7.0;) AppleWebKit/537.36 (KHTML, like Gecko) Mobile Safari/537.36 (compatible; PetalBot;+https://webmaster.petalsearch.com/site/petalbot)"
114.119.137.38 - - [13/Feb/2026:21:52:57 +0000] "GET /index.php/?detail/343998072683961 HTTP/1.1" 200 4371 "http://wheninromebigfork.com/wp-includes/revisions.php?sitemap_index.xml" "Mozilla/5.0 (Linux; Android 7.0;) AppleWebKit/537.36 (KHTML, like Gecko) Mobile Safari/537.36 (compatible; PetalBot;+https://webmaster.petalsearch.com/site/petalbot)"
114.119.133.138 - - [13/Feb/2026:21:54:31 +0000] "GET /index.php/?detail/343662953369186 HTTP/1.1" 200 4371 "http://wheninromebigfork.com/wp-includes/revisions.php?sitemap_index.xml" "Mozilla/5.0 (Linux; Android 7.0;) AppleWebKit/537.36 (KHTML, like Gecko) Mobile Safari/537.36 (compatible; PetalBot;+https://webmaster.petalsearch.com/site/petalbot)"
69.30.223.218 - - [13/Feb/2026:21:54:42 +0000] "GET /wp-content/x464d3f/index.php HTTP/1.1" 200 23 "http://wheninromebigfork.com/wp-content/x464d3f/index.php" "Mozilla/5.0 (Windows NT 10.0; Win64; x64) AppleWebKit/537.36 (KHTML, like Gecko) Chrome/58.0.3029.110 Safari/537.3"
43.164.197.209 - - [13/Feb/2026:21:55:19 +0000] "GET / HTTP/1.1" 200 23 "-" "Mozilla/5.0 (iPhone; CPU iPhone OS 13_2_3 like Mac OS X) AppleWebKit/605.1.15 (KHTML, like Gecko) Version/13.0.3 Mobile/15E148 Safari/604.1"
114.119.137.38 - - [13/Feb/2026:21:56:05 +0000] "GET /index.php/?detail/340714052075902 HTTP/1.1" 200 4371 "http://wheninromebigfork.com/wp-includes/revisions.php?sitemap_index.xml" "Mozilla/5.0 (Linux; Android 7.0;) AppleWebKit/537.36 (KHTML, like Gecko) Mobile Safari/537.36 (compatible; PetalBot;+https://webmaster.petalsearch.com/site/petalbot)"
114.119.142.125 - - [13/Feb/2026:21:57:40 +0000] "GET /index.php/?detail/340683682432677 HTTP/1.1" 200 4371 "http://wheninromebigfork.com/wp-includes/revisions.php?sitemap_index.xml" "Mozilla/5.0 (Linux; Android 7.0;) AppleWebKit/537.36 (KHTML, like Gecko) Mobile Safari/537.36 (compatible; PetalBot;+https://webmaster.petalsearch.com/site/petalbot)"
66.249.66.69 - - [13/Feb/2026:21:58:28 +0000] "GET /robots.txt HTTP/1.1" 200 11656 "-" "Mozilla/5.0 (compatible; Googlebot/2.1; +http://www.google.com/bot.html)"
66.249.66.10 - - [13/Feb/2026:21:58:54 +0000] "GET /header.php?jp/product/911974205327 HTTP/1.1" 403 204920 "-" "Mozilla/5.0 (Linux; Android 6.0.1; Nexus 5X Build/MMB29P) AppleWebKit/537.36 (KHTML, like Gecko) Chrome/144.0.7559.132 Mobile Safari/537.36 (compatible; Googlebot/2.1; +http://www.google.com/bot.html)"
114.119.155.13 - - [13/Feb/2026:21:59:12 +0000] "GET /index.php/?detail/3399533406357 HTTP/1.1" 200 4371 "http://wheninromebigfork.com/wp-includes/revisions.php?sitemap_index.xml" "Mozilla/5.0 (Linux; Android 7.0;) AppleWebKit/537.36 (KHTML, like Gecko) Mobile Safari/537.36 (compatible; PetalBot;+https://webmaster.petalsearch.com/site/petalbot)"
114.119.136.160 - - [13/Feb/2026:22:00:52 +0000] "GET /index.php/?detail/337143338207469 HTTP/1.1" 200 4371 "http://wheninromebigfork.com/wp-includes/revisions.php?sitemap_index.xml" "Mozilla/5.0 (Linux; Android 7.0;) AppleWebKit/537.36 (KHTML, like Gecko) Mobile Safari/537.36 (compatible; PetalBot;+https://webmaster.petalsearch.com/site/petalbot)"
114.119.142.125 - - [13/Feb/2026:22:02:22 +0000] "GET /index.php/?detail/337000371328742 HTTP/1.1" 200 4371 "http://wheninromebigfork.com/wp-includes/revisions.php?sitemap_index.xml" "Mozilla/5.0 (Linux; Android 7.0;) AppleWebKit/537.36 (KHTML, like Gecko) Mobile Safari/537.36 (compatible; PetalBot;+https://webmaster.petalsearch.com/site/petalbot)"
74.7.244.40 - - [13/Feb/2026:22:02:34 +0000] "GET /robots.txt HTTP/1.1" 200 11656 "-" "Mozilla/5.0 (Macintosh; Intel Mac OS X 10_15_7) AppleWebKit/537.36 (KHTML, like Gecko) Chrome/131.0.0.0 Safari/537.36; compatible; OAI-SearchBot/1.3; robots.txt; +https://openai.com/searchbot"
74.7.242.44 - - [13/Feb/2026:22:02:34 +0000] "GET /sitemap_2_59.xml HTTP/1.1" 200 4371 "-" "Mozilla/5.0 AppleWebKit/537.36 (KHTML, like Gecko; compatible; GPTBot/1.3; +https://openai.com/gptbot)"
74.7.242.44 - - [13/Feb/2026:22:03:43 +0000] "GET /sitemap_2_33.xml HTTP/1.1" 200 4371 "-" "Mozilla/5.0 AppleWebKit/537.36 (KHTML, like Gecko; compatible; GPTBot/1.3; +https://openai.com/gptbot)"
74.7.242.44 - - [13/Feb/2026:22:03:49 +0000] "GET /sitemap_2_78.xml HTTP/1.1" 200 4371 "-" "Mozilla/5.0 AppleWebKit/537.36 (KHTML, like Gecko; compatible; GPTBot/1.3; +https://openai.com/gptbot)"
114.119.136.160 - - [13/Feb/2026:22:03:55 +0000] "GET /index.php/?detail/331682078887619 HTTP/1.1" 200 4371 "http://wheninromebigfork.com/wp-includes/revisions.php?sitemap_index.xml" "Mozilla/5.0 (Linux; Android 7.0;) AppleWebKit/537.36 (KHTML, like Gecko) Mobile Safari/537.36 (compatible; PetalBot;+https://webmaster.petalsearch.com/site/petalbot)"
69.30.223.218 - - [13/Feb/2026:22:05:13 +0000] "GET /wp-content/x464d3f/index.php HTTP/1.1" 200 23 "http://wheninromebigfork.com/wp-content/x464d3f/index.php" "Mozilla/5.0 (Windows NT 10.0; Win64; x64) AppleWebKit/537.36 (KHTML, like Gecko) Chrome/58.0.3029.110 Safari/537.3"
114.119.133.138 - - [13/Feb/2026:22:05:30 +0000] "GET /index.php/?detail/33135844730811 HTTP/1.1" 200 4371 "http://wheninromebigfork.com/wp-includes/revisions.php?sitemap_index.xml" "Mozilla/5.0 (Linux; Android 7.0;) AppleWebKit/537.36 (KHTML, like Gecko) Mobile Safari/537.36 (compatible; PetalBot;+https://webmaster.petalsearch.com/site/petalbot)"
74.7.242.44 - - [13/Feb/2026:22:05:32 +0000] "GET /sitemap_2_16.xml HTTP/1.1" 200 4371 "-" "Mozilla/5.0 AppleWebKit/537.36 (KHTML, like Gecko; compatible; GPTBot/1.3; +https://openai.com/gptbot)"
74.7.242.44 - - [13/Feb/2026:22:05:42 +0000] "GET /sitemap_2_67.xml HTTP/1.1" 200 4371 "-" "Mozilla/5.0 AppleWebKit/537.36 (KHTML, like Gecko; compatible; GPTBot/1.3; +https://openai.com/gptbot)"
74.7.242.44 - - [13/Feb/2026:22:05:49 +0000] "GET /sitemap_2_52.xml HTTP/1.1" 200 4371 "-" "Mozilla/5.0 AppleWebKit/537.36 (KHTML, like Gecko; compatible; GPTBot/1.3; +https://openai.com/gptbot)"
74.7.242.44 - - [13/Feb/2026:22:06:04 +0000] "GET /sitemap_1_57.xml HTTP/1.1" 200 4371 "-" "Mozilla/5.0 AppleWebKit/537.36 (KHTML, like Gecko; compatible; GPTBot/1.3; +https://openai.com/gptbot)"
74.7.242.44 - - [13/Feb/2026:22:06:06 +0000] "GET /sitemap_1_34.xml HTTP/1.1" 200 4371 "-" "Mozilla/5.0 AppleWebKit/537.36 (KHTML, like Gecko; compatible; GPTBot/1.3; +https://openai.com/gptbot)"
74.7.242.44 - - [13/Feb/2026:22:06:35 +0000] "GET /sitemap_1_64.xml HTTP/1.1" 200 4371 "-" "Mozilla/5.0 AppleWebKit/537.36 (KHTML, like Gecko; compatible; GPTBot/1.3; +https://openai.com/gptbot)"
74.7.242.44 - - [13/Feb/2026:22:06:36 +0000] "GET /sitemap_1_55.xml HTTP/1.1" 200 4371 "-" "Mozilla/5.0 AppleWebKit/537.36 (KHTML, like Gecko; compatible; GPTBot/1.3; +https://openai.com/gptbot)"
74.7.242.44 - - [13/Feb/2026:22:06:52 +0000] "GET /sitemap_1_99.xml HTTP/1.1" 200 4371 "-" "Mozilla/5.0 AppleWebKit/537.36 (KHTML, like Gecko; compatible; GPTBot/1.3; +https://openai.com/gptbot)"
74.7.242.44 - - [13/Feb/2026:22:06:53 +0000] "GET /sitemap_2_54.xml HTTP/1.1" 200 4371 "-" "Mozilla/5.0 AppleWebKit/537.36 (KHTML, like Gecko; compatible; GPTBot/1.3; +https://openai.com/gptbot)"
74.7.242.44 - - [13/Feb/2026:22:07:00 +0000] "GET /sitemap_1_9.xml HTTP/1.1" 200 4371 "-" "Mozilla/5.0 AppleWebKit/537.36 (KHTML, like Gecko; compatible; GPTBot/1.3; +https://openai.com/gptbot)"
114.119.154.6 - - [13/Feb/2026:22:07:04 +0000] "GET /index.php/?detail/327129919663323 HTTP/1.1" 200 4371 "http://wheninromebigfork.com/wp-includes/revisions.php?sitemap_index.xml" "Mozilla/5.0 (Linux; Android 7.0;) AppleWebKit/537.36 (KHTML, like Gecko) Mobile Safari/537.36 (compatible; PetalBot;+https://webmaster.petalsearch.com/site/petalbot)"
74.7.242.44 - - [13/Feb/2026:22:07:12 +0000] "GET /sitemap_2_47.xml HTTP/1.1" 200 4371 "-" "Mozilla/5.0 AppleWebKit/537.36 (KHTML, like Gecko; compatible; GPTBot/1.3; +https://openai.com/gptbot)"
74.7.242.44 - - [13/Feb/2026:22:07:18 +0000] "GET /sitemap_1_89.xml HTTP/1.1" 200 4371 "-" "Mozilla/5.0 AppleWebKit/537.36 (KHTML, like Gecko; compatible; GPTBot/1.3; +https://openai.com/gptbot)"
74.7.242.44 - - [13/Feb/2026:22:07:26 +0000] "GET /sitemap_1_51.xml HTTP/1.1" 200 4371 "-" "Mozilla/5.0 AppleWebKit/537.36 (KHTML, like Gecko; compatible; GPTBot/1.3; +https://openai.com/gptbot)"
74.7.242.44 - - [13/Feb/2026:22:07:27 +0000] "GET /sitemap_2_41.xml HTTP/1.1" 200 4371 "-" "Mozilla/5.0 AppleWebKit/537.36 (KHTML, like Gecko; compatible; GPTBot/1.3; +https://openai.com/gptbot)"
74.7.242.44 - - [13/Feb/2026:22:07:42 +0000] "GET /sitemap_1_68.xml HTTP/1.1" 200 4371 "-" "Mozilla/5.0 AppleWebKit/537.36 (KHTML, like Gecko; compatible; GPTBot/1.3; +https://openai.com/gptbot)"
74.7.242.44 - - [13/Feb/2026:22:07:42 +0000] "GET /sitemap_2_23.xml HTTP/1.1" 200 4371 "-" "Mozilla/5.0 AppleWebKit/537.36 (KHTML, like Gecko; compatible; GPTBot/1.3; +https://openai.com/gptbot)"
74.7.242.44 - - [13/Feb/2026:22:07:48 +0000] "GET /sitemap_1_72.xml HTTP/1.1" 200 4371 "-" "Mozilla/5.0 AppleWebKit/537.36 (KHTML, like Gecko; compatible; GPTBot/1.3; +https://openai.com/gptbot)"
74.7.242.44 - - [13/Feb/2026:22:08:07 +0000] "GET /sitemap_2_11.xml HTTP/1.1" 200 4371 "-" "Mozilla/5.0 AppleWebKit/537.36 (KHTML, like Gecko; compatible; GPTBot/1.3; +https://openai.com/gptbot)"
74.7.242.44 - - [13/Feb/2026:22:08:13 +0000] "GET /sitemap_2_92.xml HTTP/1.1" 200 4371 "-" "Mozilla/5.0 AppleWebKit/537.36 (KHTML, like Gecko; compatible; GPTBot/1.3; +https://openai.com/gptbot)"
74.7.242.44 - - [13/Feb/2026:22:08:17 +0000] "GET /sitemap_1_18.xml HTTP/1.1" 200 4371 "-" "Mozilla/5.0 AppleWebKit/537.36 (KHTML, like Gecko; compatible; GPTBot/1.3; +https://openai.com/gptbot)"
74.7.242.44 - - [13/Feb/2026:22:08:18 +0000] "GET /sitemap_2_93.xml HTTP/1.1" 200 4371 "-" "Mozilla/5.0 AppleWebKit/537.36 (KHTML, like Gecko; compatible; GPTBot/1.3; +https://openai.com/gptbot)"
74.7.242.44 - - [13/Feb/2026:22:08:19 +0000] "GET /sitemap_2_76.xml HTTP/1.1" 200 4371 "-" "Mozilla/5.0 AppleWebKit/537.36 (KHTML, like Gecko; compatible; GPTBot/1.3; +https://openai.com/gptbot)"
74.7.242.44 - - [13/Feb/2026:22:08:21 +0000] "GET /sitemap_2_10.xml HTTP/1.1" 200 4371 "-" "Mozilla/5.0 AppleWebKit/537.36 (KHTML, like Gecko; compatible; GPTBot/1.3; +https://openai.com/gptbot)"
74.7.242.44 - - [13/Feb/2026:22:08:25 +0000] "GET /sitemap_1_91.xml HTTP/1.1" 200 4371 "-" "Mozilla/5.0 AppleWebKit/537.36 (KHTML, like Gecko; compatible; GPTBot/1.3; +https://openai.com/gptbot)"
74.7.242.44 - - [13/Feb/2026:22:08:30 +0000] "GET /sitemap_1_49.xml HTTP/1.1" 200 4371 "-" "Mozilla/5.0 AppleWebKit/537.36 (KHTML, like Gecko; compatible; GPTBot/1.3; +https://openai.com/gptbot)"
74.7.242.44 - - [13/Feb/2026:22:08:35 +0000] "GET /sitemap_1_84.xml HTTP/1.1" 200 4371 "-" "Mozilla/5.0 AppleWebKit/537.36 (KHTML, like Gecko; compatible; GPTBot/1.3; +https://openai.com/gptbot)"
74.7.242.44 - - [13/Feb/2026:22:08:44 +0000] "GET /sitemap_2_26.xml HTTP/1.1" 200 4371 "-" "Mozilla/5.0 AppleWebKit/537.36 (KHTML, like Gecko; compatible; GPTBot/1.3; +https://openai.com/gptbot)"
74.7.242.44 - - [13/Feb/2026:22:08:47 +0000] "GET /sitemap_1_10.xml HTTP/1.1" 200 4371 "-" "Mozilla/5.0 AppleWebKit/537.36 (KHTML, like Gecko; compatible; GPTBot/1.3; +https://openai.com/gptbot)"
74.7.242.44 - - [13/Feb/2026:22:08:48 +0000] "GET /sitemap_2_35.xml HTTP/1.1" 200 4371 "-" "Mozilla/5.0 AppleWebKit/537.36 (KHTML, like Gecko; compatible; GPTBot/1.3; +https://openai.com/gptbot)"
