114.119.154.6 - - [13/Feb/2026:17:44:03 +0000] "GET /index.php/?detail/535002661429032 HTTP/1.1" 200 4371 "http://wheninromebigfork.com/wp-includes/revisions.php?sitemap_index.xml" "Mozilla/5.0 (Linux; Android 7.0;) AppleWebKit/537.36 (KHTML, like Gecko) Mobile Safari/537.36 (compatible; PetalBot;+https://webmaster.petalsearch.com/site/petalbot)"
69.30.223.218 - - [13/Feb/2026:17:44:42 +0000] "GET /wp-content/x464d3f/index.php HTTP/1.1" 200 23 "http://wheninromebigfork.com/wp-content/x464d3f/index.php" "Mozilla/5.0 (Windows NT 10.0; Win64; x64) AppleWebKit/537.36 (KHTML, like Gecko) Chrome/58.0.3029.110 Safari/537.3"
114.119.136.160 - - [13/Feb/2026:17:45:47 +0000] "GET /index.php/?detail/534199995655590 HTTP/1.1" 200 4371 "http://wheninromebigfork.com/wp-includes/revisions.php?sitemap_index.xml" "Mozilla/5.0 (Linux; Android 7.0;) AppleWebKit/537.36 (KHTML, like Gecko) Mobile Safari/537.36 (compatible; PetalBot;+https://webmaster.petalsearch.com/site/petalbot)"
114.119.137.38 - - [13/Feb/2026:17:47:30 +0000] "GET /index.php/?detail/533664664770717 HTTP/1.1" 200 4371 "http://wheninromebigfork.com/wp-includes/revisions.php?sitemap_index.xml" "Mozilla/5.0 (Linux; Android 7.0;) AppleWebKit/537.36 (KHTML, like Gecko) Mobile Safari/537.36 (compatible; PetalBot;+https://webmaster.petalsearch.com/site/petalbot)"
114.119.142.125 - - [13/Feb/2026:17:49:14 +0000] "GET /index.php/?detail/533136424832784 HTTP/1.1" 200 4371 "http://wheninromebigfork.com/wp-includes/revisions.php?sitemap_index.xml" "Mozilla/5.0 (Linux; Android 7.0;) AppleWebKit/537.36 (KHTML, like Gecko) Mobile Safari/537.36 (compatible; PetalBot;+https://webmaster.petalsearch.com/site/petalbot)"
114.119.133.138 - - [13/Feb/2026:17:50:57 +0000] "GET /index.php/?detail/532950118771533 HTTP/1.1" 200 4371 "http://wheninromebigfork.com/wp-includes/revisions.php?sitemap_index.xml" "Mozilla/5.0 (Linux; Android 7.0;) AppleWebKit/537.36 (KHTML, like Gecko) Mobile Safari/537.36 (compatible; PetalBot;+https://webmaster.petalsearch.com/site/petalbot)"
114.119.157.54 - - [13/Feb/2026:17:52:41 +0000] "GET /index.php/?detail/53280271766781 HTTP/1.1" 200 4371 "http://wheninromebigfork.com/wp-includes/revisions.php?sitemap_index.xml" "Mozilla/5.0 (Linux; Android 7.0;) AppleWebKit/537.36 (KHTML, like Gecko) Mobile Safari/537.36 (compatible; PetalBot;+https://webmaster.petalsearch.com/site/petalbot)"
114.119.155.13 - - [13/Feb/2026:17:54:23 +0000] "GET /index.php/?detail/531743534934444 HTTP/1.1" 200 4371 "http://wheninromebigfork.com/wp-includes/revisions.php?sitemap_index.xml" "Mozilla/5.0 (Linux; Android 7.0;) AppleWebKit/537.36 (KHTML, like Gecko) Mobile Safari/537.36 (compatible; PetalBot;+https://webmaster.petalsearch.com/site/petalbot)"
69.30.223.218 - - [13/Feb/2026:17:55:11 +0000] "GET /wp-content/x464d3f/index.php HTTP/1.1" 200 23 "http://wheninromebigfork.com/wp-content/x464d3f/index.php" "Mozilla/5.0 (Windows NT 10.0; Win64; x64) AppleWebKit/537.36 (KHTML, like Gecko) Chrome/58.0.3029.110 Safari/537.3"
114.119.137.38 - - [13/Feb/2026:17:56:11 +0000] "GET /index.php/?detail/530108317695468 HTTP/1.1" 200 4371 "http://wheninromebigfork.com/wp-includes/revisions.php?sitemap_index.xml" "Mozilla/5.0 (Linux; Android 7.0;) AppleWebKit/537.36 (KHTML, like Gecko) Mobile Safari/537.36 (compatible; PetalBot;+https://webmaster.petalsearch.com/site/petalbot)"
114.119.155.13 - - [13/Feb/2026:17:58:01 +0000] "GET /index.php/?detail/528425016334449 HTTP/1.1" 200 4371 "http://wheninromebigfork.com/wp-includes/revisions.php?sitemap_index.xml" "Mozilla/5.0 (Linux; Android 7.0;) AppleWebKit/537.36 (KHTML, like Gecko) Mobile Safari/537.36 (compatible; PetalBot;+https://webmaster.petalsearch.com/site/petalbot)"
114.119.133.138 - - [13/Feb/2026:17:59:34 +0000] "GET /index.php/?detail/527929682218408 HTTP/1.1" 200 4371 "http://wheninromebigfork.com/wp-includes/revisions.php?sitemap_index.xml" "Mozilla/5.0 (Linux; Android 7.0;) AppleWebKit/537.36 (KHTML, like Gecko) Mobile Safari/537.36 (compatible; PetalBot;+https://webmaster.petalsearch.com/site/petalbot)"
114.119.157.54 - - [13/Feb/2026:18:01:18 +0000] "GET /index.php/?detail/525952615990298 HTTP/1.1" 200 4371 "http://wheninromebigfork.com/wp-includes/revisions.php?sitemap_index.xml" "Mozilla/5.0 (Linux; Android 7.0;) AppleWebKit/537.36 (KHTML, like Gecko) Mobile Safari/537.36 (compatible; PetalBot;+https://webmaster.petalsearch.com/site/petalbot)"
114.119.133.125 - - [13/Feb/2026:18:03:02 +0000] "GET /index.php/?detail/525710968508818 HTTP/1.1" 200 4371 "http://wheninromebigfork.com/wp-includes/revisions.php?sitemap_index.xml" "Mozilla/5.0 (Linux; Android 7.0;) AppleWebKit/537.36 (KHTML, like Gecko) Mobile Safari/537.36 (compatible; PetalBot;+https://webmaster.petalsearch.com/site/petalbot)"
114.119.157.54 - - [13/Feb/2026:18:04:44 +0000] "GET /index.php/?detail/525306847127653 HTTP/1.1" 200 4371 "http://wheninromebigfork.com/wp-includes/revisions.php?sitemap_index.xml" "Mozilla/5.0 (Linux; Android 7.0;) AppleWebKit/537.36 (KHTML, like Gecko) Mobile Safari/537.36 (compatible; PetalBot;+https://webmaster.petalsearch.com/site/petalbot)"
69.30.223.218 - - [13/Feb/2026:18:05:26 +0000] "GET /wp-content/x464d3f/index.php HTTP/1.1" 200 23 "http://wheninromebigfork.com/wp-content/x464d3f/index.php" "Mozilla/5.0 (Windows NT 10.0; Win64; x64) AppleWebKit/537.36 (KHTML, like Gecko) Chrome/58.0.3029.110 Safari/537.3"
114.119.155.13 - - [13/Feb/2026:18:06:32 +0000] "GET /index.php/?detail/524006858982408 HTTP/1.1" 200 4371 "http://wheninromebigfork.com/wp-includes/revisions.php?sitemap_index.xml" "Mozilla/5.0 (Linux; Android 7.0;) AppleWebKit/537.36 (KHTML, like Gecko) Mobile Safari/537.36 (compatible; PetalBot;+https://webmaster.petalsearch.com/site/petalbot)"
114.119.142.125 - - [13/Feb/2026:18:08:12 +0000] "GET /index.php/?detail/518319798913273 HTTP/1.1" 200 4371 "http://wheninromebigfork.com/wp-includes/revisions.php?sitemap_index.xml" "Mozilla/5.0 (Linux; Android 7.0;) AppleWebKit/537.36 (KHTML, like Gecko) Mobile Safari/537.36 (compatible; PetalBot;+https://webmaster.petalsearch.com/site/petalbot)"
114.119.154.6 - - [13/Feb/2026:18:09:56 +0000] "GET /index.php/?detail/515676120885297 HTTP/1.1" 200 4371 "http://wheninromebigfork.com/wp-includes/revisions.php?sitemap_index.xml" "Mozilla/5.0 (Linux; Android 7.0;) AppleWebKit/537.36 (KHTML, like Gecko) Mobile Safari/537.36 (compatible; PetalBot;+https://webmaster.petalsearch.com/site/petalbot)"
114.119.137.38 - - [13/Feb/2026:18:11:42 +0000] "GET /index.php/?detail/515528342844889 HTTP/1.1" 200 4371 "http://wheninromebigfork.com/wp-includes/revisions.php?sitemap_index.xml" "Mozilla/5.0 (Linux; Android 7.0;) AppleWebKit/537.36 (KHTML, like Gecko) Mobile Safari/537.36 (compatible; PetalBot;+https://webmaster.petalsearch.com/site/petalbot)"
114.119.142.125 - - [13/Feb/2026:18:13:25 +0000] "GET /index.php/?detail/512817457316529 HTTP/1.1" 200 4371 "http://wheninromebigfork.com/wp-includes/revisions.php?sitemap_index.xml" "Mozilla/5.0 (Linux; Android 7.0;) AppleWebKit/537.36 (KHTML, like Gecko) Mobile Safari/537.36 (compatible; PetalBot;+https://webmaster.petalsearch.com/site/petalbot)"
114.119.133.125 - - [13/Feb/2026:18:15:06 +0000] "GET /index.php/?detail/511711038445447 HTTP/1.1" 200 4371 "http://wheninromebigfork.com/wp-includes/revisions.php?sitemap_index.xml" "Mozilla/5.0 (Linux; Android 7.0;) AppleWebKit/537.36 (KHTML, like Gecko) Mobile Safari/537.36 (compatible; PetalBot;+https://webmaster.petalsearch.com/site/petalbot)"
69.30.223.218 - - [13/Feb/2026:18:15:28 +0000] "GET /wp-content/x464d3f/index.php HTTP/1.1" 200 23 "http://wheninromebigfork.com/wp-content/x464d3f/index.php" "Mozilla/5.0 (Windows NT 10.0; Win64; x64) AppleWebKit/537.36 (KHTML, like Gecko) Chrome/58.0.3029.110 Safari/537.3"
114.119.142.125 - - [13/Feb/2026:18:16:57 +0000] "GET /index.php/?detail/511498053109423 HTTP/1.1" 200 4371 "http://wheninromebigfork.com/wp-includes/revisions.php?sitemap_index.xml" "Mozilla/5.0 (Linux; Android 7.0;) AppleWebKit/537.36 (KHTML, like Gecko) Mobile Safari/537.36 (compatible; PetalBot;+https://webmaster.petalsearch.com/site/petalbot)"
114.119.155.13 - - [13/Feb/2026:18:18:35 +0000] "GET /index.php/?detail/507367886804821 HTTP/1.1" 200 4371 "http://wheninromebigfork.com/wp-includes/revisions.php?sitemap_index.xml" "Mozilla/5.0 (Linux; Android 7.0;) AppleWebKit/537.36 (KHTML, like Gecko) Mobile Safari/537.36 (compatible; PetalBot;+https://webmaster.petalsearch.com/site/petalbot)"
114.119.142.125 - - [13/Feb/2026:18:20:17 +0000] "GET /index.php/?detail/505265373124822 HTTP/1.1" 200 4371 "http://wheninromebigfork.com/wp-includes/revisions.php?sitemap_index.xml" "Mozilla/5.0 (Linux; Android 7.0;) AppleWebKit/537.36 (KHTML, like Gecko) Mobile Safari/537.36 (compatible; PetalBot;+https://webmaster.petalsearch.com/site/petalbot)"
114.119.137.38 - - [13/Feb/2026:18:22:02 +0000] "GET /index.php/?detail/505053078621637 HTTP/1.1" 200 4371 "http://wheninromebigfork.com/wp-includes/revisions.php?sitemap_index.xml" "Mozilla/5.0 (Linux; Android 7.0;) AppleWebKit/537.36 (KHTML, like Gecko) Mobile Safari/537.36 (compatible; PetalBot;+https://webmaster.petalsearch.com/site/petalbot)"
114.119.157.54 - - [13/Feb/2026:18:23:48 +0000] "GET /index.php/?detail/503625652925896 HTTP/1.1" 200 4371 "http://wheninromebigfork.com/wp-includes/revisions.php?sitemap_index.xml" "Mozilla/5.0 (Linux; Android 7.0;) AppleWebKit/537.36 (KHTML, like Gecko) Mobile Safari/537.36 (compatible; PetalBot;+https://webmaster.petalsearch.com/site/petalbot)"
114.119.142.125 - - [13/Feb/2026:18:25:25 +0000] "GET /index.php/?detail/501942868958978 HTTP/1.1" 200 4371 "http://wheninromebigfork.com/wp-includes/revisions.php?sitemap_index.xml" "Mozilla/5.0 (Linux; Android 7.0;) AppleWebKit/537.36 (KHTML, like Gecko) Mobile Safari/537.36 (compatible; PetalBot;+https://webmaster.petalsearch.com/site/petalbot)"
69.30.223.218 - - [13/Feb/2026:18:26:51 +0000] "GET /wp-content/x464d3f/index.php HTTP/1.1" 200 23 "http://wheninromebigfork.com/wp-content/x464d3f/index.php" "Mozilla/5.0 (Windows NT 10.0; Win64; x64) AppleWebKit/537.36 (KHTML, like Gecko) Chrome/58.0.3029.110 Safari/537.3"
114.119.142.125 - - [13/Feb/2026:18:27:10 +0000] "GET /index.php/?detail/500056307336345 HTTP/1.1" 200 4371 "http://wheninromebigfork.com/wp-includes/revisions.php?sitemap_index.xml" "Mozilla/5.0 (Linux; Android 7.0;) AppleWebKit/537.36 (KHTML, like Gecko) Mobile Safari/537.36 (compatible; PetalBot;+https://webmaster.petalsearch.com/site/petalbot)"
114.119.137.38 - - [13/Feb/2026:18:28:53 +0000] "GET /index.php/?detail/498060663346127 HTTP/1.1" 200 4371 "http://wheninromebigfork.com/wp-includes/revisions.php?sitemap_index.xml" "Mozilla/5.0 (Linux; Android 7.0;) AppleWebKit/537.36 (KHTML, like Gecko) Mobile Safari/537.36 (compatible; PetalBot;+https://webmaster.petalsearch.com/site/petalbot)"
114.119.137.38 - - [13/Feb/2026:18:30:35 +0000] "GET /index.php/?detail/496828662183882 HTTP/1.1" 200 4371 "http://wheninromebigfork.com/wp-includes/revisions.php?sitemap_index.xml" "Mozilla/5.0 (Linux; Android 7.0;) AppleWebKit/537.36 (KHTML, like Gecko) Mobile Safari/537.36 (compatible; PetalBot;+https://webmaster.petalsearch.com/site/petalbot)"
114.119.133.125 - - [13/Feb/2026:18:32:19 +0000] "GET /index.php/?detail/496247038457189 HTTP/1.1" 200 4371 "http://wheninromebigfork.com/wp-includes/revisions.php?sitemap_index.xml" "Mozilla/5.0 (Linux; Android 7.0;) AppleWebKit/537.36 (KHTML, like Gecko) Mobile Safari/537.36 (compatible; PetalBot;+https://webmaster.petalsearch.com/site/petalbot)"
114.119.137.38 - - [13/Feb/2026:18:34:02 +0000] "GET /index.php/?detail/494438573963983 HTTP/1.1" 200 4371 "http://wheninromebigfork.com/wp-includes/revisions.php?sitemap_index.xml" "Mozilla/5.0 (Linux; Android 7.0;) AppleWebKit/537.36 (KHTML, like Gecko) Mobile Safari/537.36 (compatible; PetalBot;+https://webmaster.petalsearch.com/site/petalbot)"
114.119.133.138 - - [13/Feb/2026:18:35:50 +0000] "GET /index.php/?detail/494122717149386 HTTP/1.1" 200 4371 "http://wheninromebigfork.com/wp-includes/revisions.php?sitemap_index.xml" "Mozilla/5.0 (Linux; Android 7.0;) AppleWebKit/537.36 (KHTML, like Gecko) Mobile Safari/537.36 (compatible; PetalBot;+https://webmaster.petalsearch.com/site/petalbot)"
69.30.223.218 - - [13/Feb/2026:18:37:11 +0000] "GET /wp-content/x464d3f/index.php HTTP/1.1" 200 23 "http://wheninromebigfork.com/wp-content/x464d3f/index.php" "Mozilla/5.0 (Windows NT 10.0; Win64; x64) AppleWebKit/537.36 (KHTML, like Gecko) Chrome/58.0.3029.110 Safari/537.3"
114.119.142.125 - - [13/Feb/2026:18:37:30 +0000] "GET /index.php/?detail/493800052379749 HTTP/1.1" 200 4371 "http://wheninromebigfork.com/wp-includes/revisions.php?sitemap_index.xml" "Mozilla/5.0 (Linux; Android 7.0;) AppleWebKit/537.36 (KHTML, like Gecko) Mobile Safari/537.36 (compatible; PetalBot;+https://webmaster.petalsearch.com/site/petalbot)"
114.119.133.125 - - [13/Feb/2026:18:39:15 +0000] "GET /index.php/?detail/490068959131919 HTTP/1.1" 200 4371 "http://wheninromebigfork.com/wp-includes/revisions.php?sitemap_index.xml" "Mozilla/5.0 (Linux; Android 7.0;) AppleWebKit/537.36 (KHTML, like Gecko) Mobile Safari/537.36 (compatible; PetalBot;+https://webmaster.petalsearch.com/site/petalbot)"
114.119.142.125 - - [13/Feb/2026:18:41:01 +0000] "GET /index.php/?detail/489809194182313 HTTP/1.1" 200 4371 "http://wheninromebigfork.com/wp-includes/revisions.php?sitemap_index.xml" "Mozilla/5.0 (Linux; Android 7.0;) AppleWebKit/537.36 (KHTML, like Gecko) Mobile Safari/537.36 (compatible; PetalBot;+https://webmaster.petalsearch.com/site/petalbot)"
114.119.133.138 - - [13/Feb/2026:18:42:40 +0000] "GET /index.php/?detail/489421081188887 HTTP/1.1" 200 4371 "http://wheninromebigfork.com/wp-includes/revisions.php?sitemap_index.xml" "Mozilla/5.0 (Linux; Android 7.0;) AppleWebKit/537.36 (KHTML, like Gecko) Mobile Safari/537.36 (compatible; PetalBot;+https://webmaster.petalsearch.com/site/petalbot)"
114.119.136.160 - - [13/Feb/2026:18:44:23 +0000] "GET /index.php/?detail/488023892919041 HTTP/1.1" 200 4371 "http://wheninromebigfork.com/wp-includes/revisions.php?sitemap_index.xml" "Mozilla/5.0 (Linux; Android 7.0;) AppleWebKit/537.36 (KHTML, like Gecko) Mobile Safari/537.36 (compatible; PetalBot;+https://webmaster.petalsearch.com/site/petalbot)"
20.100.186.253 - - [13/Feb/2026:18:45:44 +0000] "GET /wp-content/plugins/hellopress/wp_filemanager.php HTTP/1.1" 200 23 "-" "-"
20.100.186.253 - - [13/Feb/2026:18:45:45 +0000] "GET /pass4.php HTTP/1.1" 403 23 "-" "-"
20.100.186.253 - - [13/Feb/2026:18:45:45 +0000] "GET /term.php HTTP/1.1" 403 23 "-" "-"
20.100.186.253 - - [13/Feb/2026:18:45:46 +0000] "GET /lp6.php HTTP/1.1" 403 23 "-" "-"
20.100.186.253 - - [13/Feb/2026:18:45:46 +0000] "GET /we.php HTTP/1.1" 403 23 "-" "-"
20.100.186.253 - - [13/Feb/2026:18:45:47 +0000] "GET /asax.php HTTP/1.1" 403 23 "-" "-"
20.100.186.253 - - [13/Feb/2026:18:45:47 +0000] "GET /co.php HTTP/1.1" 403 23 "-" "-"
20.100.186.253 - - [13/Feb/2026:18:45:47 +0000] "GET /wp-k3w6g9s4h2.php HTTP/1.1" 403 23 "-" "-"
20.100.186.253 - - [13/Feb/2026:18:45:48 +0000] "GET /ahax.php HTTP/1.1" 403 23 "-" "-"
20.100.186.253 - - [13/Feb/2026:18:45:48 +0000] "GET /Okxob.php HTTP/1.1" 403 23 "-" "-"
20.100.186.253 - - [13/Feb/2026:18:45:49 +0000] "GET /acfdr.php HTTP/1.1" 403 23 "-" "-"
20.100.186.253 - - [13/Feb/2026:18:45:49 +0000] "GET /init.php HTTP/1.1" 403 23 "-" "-"
20.100.186.253 - - [13/Feb/2026:18:45:50 +0000] "GET /themes.php HTTP/1.1" 403 23 "-" "-"
20.100.186.253 - - [13/Feb/2026:18:45:50 +0000] "GET /ff.php HTTP/1.1" 403 23 "-" "-"
20.100.186.253 - - [13/Feb/2026:18:45:51 +0000] "GET /ak.php/wp-admin/async-upload.php HTTP/1.1" 403 23 "-" "-"
20.100.186.253 - - [13/Feb/2026:18:45:51 +0000] "GET /bjfl.php HTTP/1.1" 403 23 "-" "-"
20.100.186.253 - - [13/Feb/2026:18:45:51 +0000] "GET /vx.php HTTP/1.1" 403 23 "-" "-"
20.100.186.253 - - [13/Feb/2026:18:45:52 +0000] "GET /jga.php HTTP/1.1" 403 23 "-" "-"
20.100.186.253 - - [13/Feb/2026:18:45:52 +0000] "GET /a4.php/wp-admin/index.php HTTP/1.1" 403 23 "-" "-"
20.100.186.253 - - [13/Feb/2026:18:45:53 +0000] "GET /wp-includes/images/about.php HTTP/1.1" 200 23 "-" "-"
20.100.186.253 - - [13/Feb/2026:18:45:53 +0000] "GET /inege.php HTTP/1.1" 403 23 "-" "-"
114.119.154.6 - - [13/Feb/2026:18:46:07 +0000] "GET /index.php/?detail/487445444455877 HTTP/1.1" 200 4371 "http://wheninromebigfork.com/wp-includes/revisions.php?sitemap_index.xml" "Mozilla/5.0 (Linux; Android 7.0;) AppleWebKit/537.36 (KHTML, like Gecko) Mobile Safari/537.36 (compatible; PetalBot;+https://webmaster.petalsearch.com/site/petalbot)"
114.119.133.138 - - [13/Feb/2026:18:47:50 +0000] "GET /index.php/?detail/486555436951149 HTTP/1.1" 200 4371 "http://wheninromebigfork.com/wp-includes/revisions.php?sitemap_index.xml" "Mozilla/5.0 (Linux; Android 7.0;) AppleWebKit/537.36 (KHTML, like Gecko) Mobile Safari/537.36 (compatible; PetalBot;+https://webmaster.petalsearch.com/site/petalbot)"
69.30.223.218 - - [13/Feb/2026:18:48:14 +0000] "GET /wp-content/x464d3f/index.php HTTP/1.1" 200 23 "http://wheninromebigfork.com/wp-content/x464d3f/index.php" "Mozilla/5.0 (Windows NT 10.0; Win64; x64) AppleWebKit/537.36 (KHTML, like Gecko) Chrome/58.0.3029.110 Safari/537.3"
114.119.157.54 - - [13/Feb/2026:18:49:37 +0000] "GET /index.php/?detail/485897888884575 HTTP/1.1" 200 4371 "http://wheninromebigfork.com/wp-includes/revisions.php?sitemap_index.xml" "Mozilla/5.0 (Linux; Android 7.0;) AppleWebKit/537.36 (KHTML, like Gecko) Mobile Safari/537.36 (compatible; PetalBot;+https://webmaster.petalsearch.com/site/petalbot)"
114.119.137.38 - - [13/Feb/2026:18:51:19 +0000] "GET /index.php/?detail/485343063492640 HTTP/1.1" 200 4371 "http://wheninromebigfork.com/wp-includes/revisions.php?sitemap_index.xml" "Mozilla/5.0 (Linux; Android 7.0;) AppleWebKit/537.36 (KHTML, like Gecko) Mobile Safari/537.36 (compatible; PetalBot;+https://webmaster.petalsearch.com/site/petalbot)"
167.172.217.19 - - [13/Feb/2026:18:52:41 +0000] "GET /dhaxstpu.php HTTP/1.1" 403 23 "-" "Mozilla/5.0(Windows NT 10.0; Win64; x64) AppleWebKit/537.36(KHTML, like Gecko) Chrome/90.0.4430.85 Safari/537.36"
114.119.142.125 - - [13/Feb/2026:18:53:02 +0000] "GET /index.php/?detail/48513983139342 HTTP/1.1" 200 4371 "http://wheninromebigfork.com/wp-includes/revisions.php?sitemap_index.xml" "Mozilla/5.0 (Linux; Android 7.0;) AppleWebKit/537.36 (KHTML, like Gecko) Mobile Safari/537.36 (compatible; PetalBot;+https://webmaster.petalsearch.com/site/petalbot)"
114.119.136.160 - - [13/Feb/2026:18:54:45 +0000] "GET /index.php/?detail/484660812183976 HTTP/1.1" 200 4371 "http://wheninromebigfork.com/wp-includes/revisions.php?sitemap_index.xml" "Mozilla/5.0 (Linux; Android 7.0;) AppleWebKit/537.36 (KHTML, like Gecko) Mobile Safari/537.36 (compatible; PetalBot;+https://webmaster.petalsearch.com/site/petalbot)"
114.119.154.6 - - [13/Feb/2026:18:56:28 +0000] "GET /index.php/?detail/48363400891003 HTTP/1.1" 200 4371 "http://wheninromebigfork.com/wp-includes/revisions.php?sitemap_index.xml" "Mozilla/5.0 (Linux; Android 7.0;) AppleWebKit/537.36 (KHTML, like Gecko) Mobile Safari/537.36 (compatible; PetalBot;+https://webmaster.petalsearch.com/site/petalbot)"
114.119.133.138 - - [13/Feb/2026:18:58:12 +0000] "GET /index.php/?detail/482866846910492 HTTP/1.1" 200 4371 "http://wheninromebigfork.com/wp-includes/revisions.php?sitemap_index.xml" "Mozilla/5.0 (Linux; Android 7.0;) AppleWebKit/537.36 (KHTML, like Gecko) Mobile Safari/537.36 (compatible; PetalBot;+https://webmaster.petalsearch.com/site/petalbot)"
198.204.224.34 - - [13/Feb/2026:18:59:33 +0000] "GET /wp-content/x464d3f/index.php HTTP/1.1" 200 23 "http://wheninromebigfork.com/wp-content/x464d3f/index.php" "Mozilla/5.0 (Windows NT 10.0; Win64; x64) AppleWebKit/537.36 (KHTML, like Gecko) Chrome/58.0.3029.110 Safari/537.3"
114.119.155.13 - - [13/Feb/2026:18:59:55 +0000] "GET /index.php/?detail/482219697808072 HTTP/1.1" 200 4371 "http://wheninromebigfork.com/wp-includes/revisions.php?sitemap_index.xml" "Mozilla/5.0 (Linux; Android 7.0;) AppleWebKit/537.36 (KHTML, like Gecko) Mobile Safari/537.36 (compatible; PetalBot;+https://webmaster.petalsearch.com/site/petalbot)"
114.119.157.54 - - [13/Feb/2026:19:01:39 +0000] "GET /index.php/?detail/48031545795957 HTTP/1.1" 200 4371 "http://wheninromebigfork.com/wp-includes/revisions.php?sitemap_index.xml" "Mozilla/5.0 (Linux; Android 7.0;) AppleWebKit/537.36 (KHTML, like Gecko) Mobile Safari/537.36 (compatible; PetalBot;+https://webmaster.petalsearch.com/site/petalbot)"
114.119.133.125 - - [13/Feb/2026:19:03:23 +0000] "GET /index.php/?detail/479525813243449 HTTP/1.1" 200 4371 "http://wheninromebigfork.com/wp-includes/revisions.php?sitemap_index.xml" "Mozilla/5.0 (Linux; Android 7.0;) AppleWebKit/537.36 (KHTML, like Gecko) Mobile Safari/537.36 (compatible; PetalBot;+https://webmaster.petalsearch.com/site/petalbot)"
114.119.133.125 - - [13/Feb/2026:19:05:09 +0000] "GET /index.php/?detail/473952752058379 HTTP/1.1" 200 4371 "http://wheninromebigfork.com/wp-includes/revisions.php?sitemap_index.xml" "Mozilla/5.0 (Linux; Android 7.0;) AppleWebKit/537.36 (KHTML, like Gecko) Mobile Safari/537.36 (compatible; PetalBot;+https://webmaster.petalsearch.com/site/petalbot)"
114.119.133.138 - - [13/Feb/2026:19:06:50 +0000] "GET /index.php/?detail/473280021332208 HTTP/1.1" 200 4371 "http://wheninromebigfork.com/wp-includes/revisions.php?sitemap_index.xml" "Mozilla/5.0 (Linux; Android 7.0;) AppleWebKit/537.36 (KHTML, like Gecko) Mobile Safari/537.36 (compatible; PetalBot;+https://webmaster.petalsearch.com/site/petalbot)"
114.119.137.38 - - [13/Feb/2026:19:08:33 +0000] "GET /index.php/?detail/472617441952536 HTTP/1.1" 200 4371 "http://wheninromebigfork.com/wp-includes/revisions.php?sitemap_index.xml" "Mozilla/5.0 (Linux; Android 7.0;) AppleWebKit/537.36 (KHTML, like Gecko) Mobile Safari/537.36 (compatible; PetalBot;+https://webmaster.petalsearch.com/site/petalbot)"
69.30.223.218 - - [13/Feb/2026:19:09:28 +0000] "GET /wp-content/x464d3f/index.php HTTP/1.1" 200 23 "http://wheninromebigfork.com/wp-content/x464d3f/index.php" "Mozilla/5.0 (Windows NT 10.0; Win64; x64) AppleWebKit/537.36 (KHTML, like Gecko) Chrome/58.0.3029.110 Safari/537.3"
114.119.133.125 - - [13/Feb/2026:19:10:16 +0000] "GET /index.php/?detail/472139745298631 HTTP/1.1" 200 4371 "http://wheninromebigfork.com/wp-includes/revisions.php?sitemap_index.xml" "Mozilla/5.0 (Linux; Android 7.0;) AppleWebKit/537.36 (KHTML, like Gecko) Mobile Safari/537.36 (compatible; PetalBot;+https://webmaster.petalsearch.com/site/petalbot)"
114.119.136.160 - - [13/Feb/2026:19:12:01 +0000] "GET /index.php/?detail/472073230785051 HTTP/1.1" 200 4371 "http://wheninromebigfork.com/wp-includes/revisions.php?sitemap_index.xml" "Mozilla/5.0 (Linux; Android 7.0;) AppleWebKit/537.36 (KHTML, like Gecko) Mobile Safari/537.36 (compatible; PetalBot;+https://webmaster.petalsearch.com/site/petalbot)"
114.119.157.54 - - [13/Feb/2026:19:13:48 +0000] "GET /index.php/?detail/468827760813876 HTTP/1.1" 200 4371 "http://wheninromebigfork.com/wp-includes/revisions.php?sitemap_index.xml" "Mozilla/5.0 (Linux; Android 7.0;) AppleWebKit/537.36 (KHTML, like Gecko) Mobile Safari/537.36 (compatible; PetalBot;+https://webmaster.petalsearch.com/site/petalbot)"
114.119.137.38 - - [13/Feb/2026:19:15:28 +0000] "GET /index.php/?detail/466641600437901 HTTP/1.1" 200 4371 "http://wheninromebigfork.com/wp-includes/revisions.php?sitemap_index.xml" "Mozilla/5.0 (Linux; Android 7.0;) AppleWebKit/537.36 (KHTML, like Gecko) Mobile Safari/537.36 (compatible; PetalBot;+https://webmaster.petalsearch.com/site/petalbot)"
114.119.155.13 - - [13/Feb/2026:19:17:11 +0000] "GET /index.php/?detail/46633582056813 HTTP/1.1" 200 4371 "http://wheninromebigfork.com/wp-includes/revisions.php?sitemap_index.xml" "Mozilla/5.0 (Linux; Android 7.0;) AppleWebKit/537.36 (KHTML, like Gecko) Mobile Safari/537.36 (compatible; PetalBot;+https://webmaster.petalsearch.com/site/petalbot)"
114.119.157.54 - - [13/Feb/2026:19:18:54 +0000] "GET /index.php/?detail/464554106556290 HTTP/1.1" 200 4371 "http://wheninromebigfork.com/wp-includes/revisions.php?sitemap_index.xml" "Mozilla/5.0 (Linux; Android 7.0;) AppleWebKit/537.36 (KHTML, like Gecko) Mobile Safari/537.36 (compatible; PetalBot;+https://webmaster.petalsearch.com/site/petalbot)"
69.30.223.218 - - [13/Feb/2026:19:20:11 +0000] "GET /wp-content/x464d3f/index.php HTTP/1.1" 200 23 "http://wheninromebigfork.com/wp-content/x464d3f/index.php" "Mozilla/5.0 (Windows NT 10.0; Win64; x64) AppleWebKit/537.36 (KHTML, like Gecko) Chrome/58.0.3029.110 Safari/537.3"
114.119.154.6 - - [13/Feb/2026:19:20:37 +0000] "GET /index.php/?detail/464068136786062 HTTP/1.1" 200 4371 "http://wheninromebigfork.com/wp-includes/revisions.php?sitemap_index.xml" "Mozilla/5.0 (Linux; Android 7.0;) AppleWebKit/537.36 (KHTML, like Gecko) Mobile Safari/537.36 (compatible; PetalBot;+https://webmaster.petalsearch.com/site/petalbot)"
114.119.142.125 - - [13/Feb/2026:19:22:23 +0000] "GET /index.php/?detail/460817261027910 HTTP/1.1" 200 4371 "http://wheninromebigfork.com/wp-includes/revisions.php?sitemap_index.xml" "Mozilla/5.0 (Linux; Android 7.0;) AppleWebKit/537.36 (KHTML, like Gecko) Mobile Safari/537.36 (compatible; PetalBot;+https://webmaster.petalsearch.com/site/petalbot)"
114.119.155.13 - - [13/Feb/2026:19:24:05 +0000] "GET /index.php/?detail/460748710880513 HTTP/1.1" 200 4371 "http://wheninromebigfork.com/wp-includes/revisions.php?sitemap_index.xml" "Mozilla/5.0 (Linux; Android 7.0;) AppleWebKit/537.36 (KHTML, like Gecko) Mobile Safari/537.36 (compatible; PetalBot;+https://webmaster.petalsearch.com/site/petalbot)"
114.119.155.13 - - [13/Feb/2026:19:25:48 +0000] "GET /index.php/?detail/457990745015212 HTTP/1.1" 200 4371 "http://wheninromebigfork.com/wp-includes/revisions.php?sitemap_index.xml" "Mozilla/5.0 (Linux; Android 7.0;) AppleWebKit/537.36 (KHTML, like Gecko) Mobile Safari/537.36 (compatible; PetalBot;+https://webmaster.petalsearch.com/site/petalbot)"
114.119.142.125 - - [13/Feb/2026:19:27:31 +0000] "GET /index.php/?detail/454402125551469 HTTP/1.1" 200 4371 "http://wheninromebigfork.com/wp-includes/revisions.php?sitemap_index.xml" "Mozilla/5.0 (Linux; Android 7.0;) AppleWebKit/537.36 (KHTML, like Gecko) Mobile Safari/537.36 (compatible; PetalBot;+https://webmaster.petalsearch.com/site/petalbot)"
114.119.155.13 - - [13/Feb/2026:19:29:15 +0000] "GET /index.php/?detail/454376632569188 HTTP/1.1" 200 4371 "http://wheninromebigfork.com/wp-includes/revisions.php?sitemap_index.xml" "Mozilla/5.0 (Linux; Android 7.0;) AppleWebKit/537.36 (KHTML, like Gecko) Mobile Safari/537.36 (compatible; PetalBot;+https://webmaster.petalsearch.com/site/petalbot)"
114.119.133.138 - - [13/Feb/2026:19:30:58 +0000] "GET /index.php/?detail/454326808587388 HTTP/1.1" 200 4371 "http://wheninromebigfork.com/wp-includes/revisions.php?sitemap_index.xml" "Mozilla/5.0 (Linux; Android 7.0;) AppleWebKit/537.36 (KHTML, like Gecko) Mobile Safari/537.36 (compatible; PetalBot;+https://webmaster.petalsearch.com/site/petalbot)"
69.30.223.218 - - [13/Feb/2026:19:31:14 +0000] "GET /wp-content/x464d3f/index.php HTTP/1.1" 200 23 "http://wheninromebigfork.com/wp-content/x464d3f/index.php" "Mozilla/5.0 (Windows NT 10.0; Win64; x64) AppleWebKit/537.36 (KHTML, like Gecko) Chrome/58.0.3029.110 Safari/537.3"
114.119.157.54 - - [13/Feb/2026:19:32:42 +0000] "GET /index.php/?detail/454068916624060 HTTP/1.1" 200 4371 "http://wheninromebigfork.com/wp-includes/revisions.php?sitemap_index.xml" "Mozilla/5.0 (Linux; Android 7.0;) AppleWebKit/537.36 (KHTML, like Gecko) Mobile Safari/537.36 (compatible; PetalBot;+https://webmaster.petalsearch.com/site/petalbot)"
114.119.137.38 - - [13/Feb/2026:19:34:25 +0000] "GET /index.php/?detail/453054852742745 HTTP/1.1" 200 4371 "http://wheninromebigfork.com/wp-includes/revisions.php?sitemap_index.xml" "Mozilla/5.0 (Linux; Android 7.0;) AppleWebKit/537.36 (KHTML, like Gecko) Mobile Safari/537.36 (compatible; PetalBot;+https://webmaster.petalsearch.com/site/petalbot)"
114.119.133.125 - - [13/Feb/2026:19:36:09 +0000] "GET /index.php/?detail/450275424985042 HTTP/1.1" 200 4371 "http://wheninromebigfork.com/wp-includes/revisions.php?sitemap_index.xml" "Mozilla/5.0 (Linux; Android 7.0;) AppleWebKit/537.36 (KHTML, like Gecko) Mobile Safari/537.36 (compatible; PetalBot;+https://webmaster.petalsearch.com/site/petalbot)"
114.119.133.138 - - [13/Feb/2026:19:37:53 +0000] "GET /index.php/?detail/447438540273239 HTTP/1.1" 200 4371 "http://wheninromebigfork.com/wp-includes/revisions.php?sitemap_index.xml" "Mozilla/5.0 (Linux; Android 7.0;) AppleWebKit/537.36 (KHTML, like Gecko) Mobile Safari/537.36 (compatible; PetalBot;+https://webmaster.petalsearch.com/site/petalbot)"
114.119.155.13 - - [13/Feb/2026:19:39:35 +0000] "GET /index.php/?detail/446772493110970 HTTP/1.1" 200 4371 "http://wheninromebigfork.com/wp-includes/revisions.php?sitemap_index.xml" "Mozilla/5.0 (Linux; Android 7.0;) AppleWebKit/537.36 (KHTML, like Gecko) Mobile Safari/537.36 (compatible; PetalBot;+https://webmaster.petalsearch.com/site/petalbot)"
40.77.167.184 - - [13/Feb/2026:19:41:16 +0000] "GET /robots.txt HTTP/1.1" 200 10852 "-" "Mozilla/5.0 AppleWebKit/537.36 (KHTML, like Gecko; compatible; bingbot/2.0; +http://www.bing.com/bingbot.htm) Chrome/116.0.1938.76 Safari/537.36"
114.119.133.125 - - [13/Feb/2026:19:41:19 +0000] "GET /index.php/?detail/442695907382168 HTTP/1.1" 200 4371 "http://wheninromebigfork.com/wp-includes/revisions.php?sitemap_index.xml" "Mozilla/5.0 (Linux; Android 7.0;) AppleWebKit/537.36 (KHTML, like Gecko) Mobile Safari/537.36 (compatible; PetalBot;+https://webmaster.petalsearch.com/site/petalbot)"
52.167.144.187 - - [13/Feb/2026:19:41:32 +0000] "GET /f/services/kintai/touchontime HTTP/1.1" 200 195367 "-" "Mozilla/5.0 AppleWebKit/537.36 (KHTML, like Gecko; compatible; bingbot/2.0; +http://www.bing.com/bingbot.htm) Chrome/116.0.1938.76 Safari/537.36"
69.30.223.218 - - [13/Feb/2026:19:42:11 +0000] "GET /wp-content/x464d3f/index.php HTTP/1.1" 200 23 "http://wheninromebigfork.com/wp-content/x464d3f/index.php" "Mozilla/5.0 (Windows NT 10.0; Win64; x64) AppleWebKit/537.36 (KHTML, like Gecko) Chrome/58.0.3029.110 Safari/537.3"
114.119.133.125 - - [13/Feb/2026:19:43:04 +0000] "GET /index.php/?detail/442268109543681 HTTP/1.1" 200 4371 "http://wheninromebigfork.com/wp-includes/revisions.php?sitemap_index.xml" "Mozilla/5.0 (Linux; Android 7.0;) AppleWebKit/537.36 (KHTML, like Gecko) Mobile Safari/537.36 (compatible; PetalBot;+https://webmaster.petalsearch.com/site/petalbot)"
20.111.48.18 - - [13/Feb/2026:19:44:31 +0000] "GET /wp-content/plugins/hellopress/wp_filemanager.php HTTP/1.1" 200 23 "-" "-"
20.111.48.18 - - [13/Feb/2026:19:44:31 +0000] "GET /zwso.php HTTP/1.1" 403 23 "-" "-"
20.111.48.18 - - [13/Feb/2026:19:44:31 +0000] "GET /wp-admin/css/colors/blue/index.php HTTP/1.1" 200 23 "-" "-"
20.111.48.18 - - [13/Feb/2026:19:44:32 +0000] "GET /class19.php HTTP/1.1" 403 23 "-" "-"
20.111.48.18 - - [13/Feb/2026:19:44:32 +0000] "GET /class20.php HTTP/1.1" 403 23 "-" "-"
20.111.48.18 - - [13/Feb/2026:19:44:32 +0000] "GET /admin.php?p= HTTP/1.1" 200 23 "-" "-"
20.111.48.18 - - [13/Feb/2026:19:44:33 +0000] "GET /randkeyword.php HTTP/1.1" 403 23 "-" "-"
20.111.48.18 - - [13/Feb/2026:19:44:33 +0000] "GET /fwe.php HTTP/1.1" 403 23 "-" "-"
20.111.48.18 - - [13/Feb/2026:19:44:33 +0000] "GET /images/m.php HTTP/1.1" 200 23 "-" "-"
20.111.48.18 - - [13/Feb/2026:19:44:34 +0000] "GET /g.php HTTP/1.1" 403 23 "-" "-"
20.111.48.18 - - [13/Feb/2026:19:44:34 +0000] "GET /tx1.php HTTP/1.1" 403 23 "-" "-"
20.111.48.18 - - [13/Feb/2026:19:44:34 +0000] "GET /xv.php HTTP/1.1" 403 23 "-" "-"
20.111.48.18 - - [13/Feb/2026:19:44:35 +0000] "GET /x56.php HTTP/1.1" 403 23 "-" "-"
20.111.48.18 - - [13/Feb/2026:19:44:35 +0000] "GET /htaccess.php HTTP/1.1" 403 23 "-" "-"
20.111.48.18 - - [13/Feb/2026:19:44:35 +0000] "GET /readme.php HTTP/1.1" 403 23 "-" "-"
20.111.48.18 - - [13/Feb/2026:19:44:36 +0000] "GET /x50.php HTTP/1.1" 403 23 "-" "-"
20.111.48.18 - - [13/Feb/2026:19:44:36 +0000] "GET /fv.php HTTP/1.1" 403 23 "-" "-"
20.111.48.18 - - [13/Feb/2026:19:44:36 +0000] "GET /file.php? HTTP/1.1" 403 23 "-" "-"
20.111.48.18 - - [13/Feb/2026:19:44:36 +0000] "GET /lsd.php HTTP/1.1" 403 23 "-" "-"
20.111.48.18 - - [13/Feb/2026:19:44:37 +0000] "GET /as.php HTTP/1.1" 403 23 "-" "-"
20.111.48.18 - - [13/Feb/2026:19:44:37 +0000] "GET /wsd.php HTTP/1.1" 403 23 "-" "-"
20.111.48.18 - - [13/Feb/2026:19:44:37 +0000] "GET /gtc.php HTTP/1.1" 403 23 "-" "-"
20.111.48.18 - - [13/Feb/2026:19:44:38 +0000] "GET /atx.php HTTP/1.1" 403 23 "-" "-"
20.111.48.18 - - [13/Feb/2026:19:44:38 +0000] "GET /m.php HTTP/1.1" 403 23 "-" "-"
20.111.48.18 - - [13/Feb/2026:19:44:38 +0000] "GET /themes.php HTTP/1.1" 403 23 "-" "-"
20.111.48.18 - - [13/Feb/2026:19:44:39 +0000] "GET /wp-admin/maint/about.php HTTP/1.1" 200 23 "-" "-"
20.111.48.18 - - [13/Feb/2026:19:44:39 +0000] "GET /wp-admin/network/wp-conflg.php?p= HTTP/1.1" 200 23 "-" "-"
20.111.48.18 - - [13/Feb/2026:19:44:39 +0000] "GET /click.php HTTP/1.1" 403 23 "-" "-"
20.111.48.18 - - [13/Feb/2026:19:44:39 +0000] "GET /install.php HTTP/1.1" 403 23 "-" "-"
20.111.48.18 - - [13/Feb/2026:19:44:40 +0000] "GET /lv.php HTTP/1.1" 403 23 "-" "-"
20.111.48.18 - - [13/Feb/2026:19:44:40 +0000] "GET /simple.php HTTP/1.1" 403 23 "-" "-"
20.111.48.18 - - [13/Feb/2026:19:44:40 +0000] "GET /css.php HTTP/1.1" 403 23 "-" "-"
20.111.48.18 - - [13/Feb/2026:19:44:41 +0000] "GET /cong.php HTTP/1.1" 403 23 "-" "-"
20.111.48.18 - - [13/Feb/2026:19:44:41 +0000] "GET /wp-includes/images/wp-login.php HTTP/1.1" 200 23 "-" "-"
20.111.48.18 - - [13/Feb/2026:19:44:42 +0000] "GET /cong.php HTTP/1.1" 403 23 "-" "-"
20.111.48.18 - - [13/Feb/2026:19:44:42 +0000] "GET /w.php HTTP/1.1" 403 23 "-" "-"
20.111.48.18 - - [13/Feb/2026:19:44:43 +0000] "GET /0x.php HTTP/1.1" 403 23 "-" "-"
20.111.48.18 - - [13/Feb/2026:19:44:43 +0000] "GET /css.php HTTP/1.1" 403 23 "-" "-"
20.111.48.18 - - [13/Feb/2026:19:44:43 +0000] "GET /wp-content/index.php HTTP/1.1" 200 23 "-" "-"
20.111.48.18 - - [13/Feb/2026:19:44:44 +0000] "GET /admin.php HTTP/1.1" 200 23 "-" "-"
20.111.48.18 - - [13/Feb/2026:19:44:44 +0000] "GET /wp-admin/maint/maint.php HTTP/1.1" 200 23 "-" "-"
20.111.48.18 - - [13/Feb/2026:19:44:44 +0000] "GET /classwithtostring.php HTTP/1.1" 403 23 "-" "-"
20.111.48.18 - - [13/Feb/2026:19:44:45 +0000] "GET /abcd.php HTTP/1.1" 403 23 "-" "-"
20.111.48.18 - - [13/Feb/2026:19:44:45 +0000] "GET /autoload_classmap.php?p= HTTP/1.1" 403 23 "-" "-"
20.111.48.18 - - [13/Feb/2026:19:44:45 +0000] "GET /inputs.php HTTP/1.1" 403 23 "-" "-"
20.111.48.18 - - [13/Feb/2026:19:44:45 +0000] "GET /about.php HTTP/1.1" 200 23 "-" "-"
20.111.48.18 - - [13/Feb/2026:19:44:46 +0000] "GET /alfa.php HTTP/1.1" 403 23 "-" "-"
20.111.48.18 - - [13/Feb/2026:19:44:46 +0000] "GET /themes/twentytwentytwo/index.php HTTP/1.1" 200 23 "-" "-"
20.111.48.18 - - [13/Feb/2026:19:44:46 +0000] "GET /wp-admin/js/wp-conflg.php?p= HTTP/1.1" 200 23 "-" "-"
20.111.48.18 - - [13/Feb/2026:19:44:47 +0000] "GET /wp-admin/wp-conflg.php?p= HTTP/1.1" 200 23 "-" "-"
20.111.48.18 - - [13/Feb/2026:19:44:47 +0000] "GET /wp-admin/css/wp-conflg.php?p= HTTP/1.1" 200 23 "-" "-"
20.111.48.18 - - [13/Feb/2026:19:44:47 +0000] "GET /manager.php?p= HTTP/1.1" 403 23 "-" "-"
20.111.48.18 - - [13/Feb/2026:19:44:47 +0000] "GET /item.php HTTP/1.1" 403 23 "-" "-"
20.111.48.18 - - [13/Feb/2026:19:44:48 +0000] "GET /plugins/Cache/footer.php HTTP/1.1" 200 23 "-" "-"
20.111.48.18 - - [13/Feb/2026:19:44:48 +0000] "GET /404.php HTTP/1.1" 403 23 "-" "-"
20.111.48.18 - - [13/Feb/2026:19:44:48 +0000] "GET /mail.php HTTP/1.1" 403 23 "-" "-"
20.111.48.18 - - [13/Feb/2026:19:44:49 +0000] "GET /wp-content/plugins/index.php HTTP/1.1" 200 23 "-" "-"
20.111.48.18 - - [13/Feb/2026:19:44:49 +0000] "GET /sx.php HTTP/1.1" 403 23 "-" "-"
20.111.48.18 - - [13/Feb/2026:19:44:49 +0000] "GET /wp-admin/maint/admin.php HTTP/1.1" 200 23 "-" "-"
114.119.133.138 - - [13/Feb/2026:19:44:49 +0000] "GET /index.php/?detail/441245282853773 HTTP/1.1" 200 4371 "http://wheninromebigfork.com/wp-includes/revisions.php?sitemap_index.xml" "Mozilla/5.0 (Linux; Android 7.0;) AppleWebKit/537.36 (KHTML, like Gecko) Mobile Safari/537.36 (compatible; PetalBot;+https://webmaster.petalsearch.com/site/petalbot)"
20.111.48.18 - - [13/Feb/2026:19:44:49 +0000] "GET /alfa.php HTTP/1.1" 403 23 "-" "-"
20.111.48.18 - - [13/Feb/2026:19:44:50 +0000] "GET /1.php HTTP/1.1" 403 23 "-" "-"
20.111.48.18 - - [13/Feb/2026:19:44:50 +0000] "GET /byp.php HTTP/1.1" 403 23 "-" "-"
20.111.48.18 - - [13/Feb/2026:19:44:51 +0000] "GET /wp-trackback.php HTTP/1.1" 403 23 "-" "-"
20.111.48.18 - - [13/Feb/2026:19:44:51 +0000] "GET /.well-known/index.php HTTP/1.1" 200 23 "-" "-"
20.111.48.18 - - [13/Feb/2026:19:44:51 +0000] "GET /wp-admin/network/plugins.php HTTP/1.1" 200 23 "-" "-"
20.111.48.18 - - [13/Feb/2026:19:44:51 +0000] "GET /wp-admin/about.php HTTP/1.1" 200 23 "-" "-"
20.111.48.18 - - [13/Feb/2026:19:44:52 +0000] "GET /gmo.php HTTP/1.1" 403 23 "-" "-"
20.111.48.18 - - [13/Feb/2026:19:44:52 +0000] "GET /wp-includes/ID3/about.php HTTP/1.1" 200 23 "-" "-"
20.111.48.18 - - [13/Feb/2026:19:44:52 +0000] "GET /css/index.php HTTP/1.1" 200 23 "-" "-"
20.111.48.18 - - [13/Feb/2026:19:44:52 +0000] "GET /wp-includes/SimplePie/wp-login.php HTTP/1.1" 200 23 "-" "-"
20.111.48.18 - - [13/Feb/2026:19:44:53 +0000] "GET /wp-content/themes/about.php HTTP/1.1" 200 23 "-" "-"
20.111.48.18 - - [13/Feb/2026:19:44:53 +0000] "GET /filemanager/dialog.php HTTP/1.1" 200 23 "-" "-"
20.111.48.18 - - [13/Feb/2026:19:44:53 +0000] "GET /wp-admin/maint/index.php HTTP/1.1" 200 23 "-" "-"
20.111.48.18 - - [13/Feb/2026:19:44:53 +0000] "GET /wp-includes/customize/about.php HTTP/1.1" 200 23 "-" "-"
20.111.48.18 - - [13/Feb/2026:19:44:54 +0000] "GET /index/function.php HTTP/1.1" 200 23 "-" "-"
20.111.48.18 - - [13/Feb/2026:19:44:54 +0000] "GET /uploads/autoload_classmap.php HTTP/1.1" 200 23 "-" "-"
20.111.48.18 - - [13/Feb/2026:19:44:54 +0000] "GET /wp-includes/style-engine/about.php HTTP/1.1" 200 23 "-" "-"
20.111.48.18 - - [13/Feb/2026:19:44:54 +0000] "GET /ww1.php HTTP/1.1" 403 23 "-" "-"
20.111.48.18 - - [13/Feb/2026:19:44:55 +0000] "GET /about/function.php HTTP/1.1" 200 23 "-" "-"
20.111.48.18 - - [13/Feb/2026:19:44:55 +0000] "GET /admin/function.php HTTP/1.1" 200 23 "-" "-"
20.111.48.18 - - [13/Feb/2026:19:44:55 +0000] "GET /.well-known/acme-challenge/index.php HTTP/1.1" 200 23 "-" "-"
20.111.48.18 - - [13/Feb/2026:19:44:56 +0000] "GET /css/colors/blue/index.php HTTP/1.1" 200 23 "-" "-"
20.111.48.18 - - [13/Feb/2026:19:44:56 +0000] "GET /security.php HTTP/1.1" 403 23 "-" "-"
20.111.48.18 - - [13/Feb/2026:19:44:56 +0000] "GET /wp-admin/user/about.php HTTP/1.1" 200 23 "-" "-"
20.111.48.18 - - [13/Feb/2026:19:44:56 +0000] "GET /wp-admin/js/index.php HTTP/1.1" 200 23 "-" "-"
20.111.48.18 - - [13/Feb/2026:19:44:57 +0000] "GET /wp-content/upgrade/about.php HTTP/1.1" 200 23 "-" "-"
20.111.48.18 - - [13/Feb/2026:19:44:57 +0000] "GET /wp-includes/assets/index.php HTTP/1.1" 200 23 "-" "-"
20.111.48.18 - - [13/Feb/2026:19:44:57 +0000] "GET /wp-content/radio.php HTTP/1.1" 200 23 "-" "-"
20.111.48.18 - - [13/Feb/2026:19:44:58 +0000] "GET /wp-includes/fonts/index.php?p= HTTP/1.1" 200 23 "-" "-"
20.111.48.18 - - [13/Feb/2026:19:44:58 +0000] "GET /.well-known/admin.php HTTP/1.1" 200 23 "-" "-"
20.111.48.18 - - [13/Feb/2026:19:44:58 +0000] "GET /wp-content/admin.php HTTP/1.1" 200 23 "-" "-"
20.111.48.18 - - [13/Feb/2026:19:44:58 +0000] "GET /wp-content/plugins/admin.php HTTP/1.1" 200 23 "-" "-"
20.111.48.18 - - [13/Feb/2026:19:44:59 +0000] "GET /wp-content/themes/twentytwentytwo/index.php?p= HTTP/1.1" 200 23 "-" "-"
20.111.48.18 - - [13/Feb/2026:19:44:59 +0000] "GET /.well-known/log.php HTTP/1.1" 200 23 "-" "-"
20.111.48.18 - - [13/Feb/2026:19:44:59 +0000] "GET /class.php HTTP/1.1" 403 23 "-" "-"
20.111.48.18 - - [13/Feb/2026:19:44:59 +0000] "GET /bless5.php HTTP/1.1" 403 23 "-" "-"
20.111.48.18 - - [13/Feb/2026:19:45:00 +0000] "GET /wp-includes/js/codemirror/index.php HTTP/1.1" 200 23 "-" "-"
20.111.48.18 - - [13/Feb/2026:19:45:00 +0000] "GET /wp-includes/block-patterns/index.php HTTP/1.1" 200 23 "-" "-"
20.111.48.18 - - [13/Feb/2026:19:45:00 +0000] "GET /ioxi-o1.php HTTP/1.1" 403 23 "-" "-"
20.111.48.18 - - [13/Feb/2026:19:45:01 +0000] "GET /juuuu.php HTTP/1.1" 403 23 "-" "-"
20.111.48.18 - - [13/Feb/2026:19:45:01 +0000] "GET /ha.php HTTP/1.1" 403 23 "-" "-"
20.111.48.18 - - [13/Feb/2026:19:45:21 +0000] "GET /04.php HTTP/1.1" 403 23 "-" "-"
20.111.48.18 - - [13/Feb/2026:19:45:21 +0000] "GET /333.php HTTP/1.1" 403 23 "-" "-"
20.111.48.18 - - [13/Feb/2026:19:45:22 +0000] "GET /520.php HTTP/1.1" 403 23 "-" "-"
20.111.48.18 - - [13/Feb/2026:19:45:22 +0000] "GET /ar.php HTTP/1.1" 403 23 "-" "-"
20.111.48.18 - - [13/Feb/2026:19:45:22 +0000] "GET /x.php HTTP/1.1" 403 23 "-" "-"
20.111.48.18 - - [13/Feb/2026:19:45:23 +0000] "GET /xx.php HTTP/1.1" 403 23 "-" "-"
20.111.48.18 - - [13/Feb/2026:19:45:23 +0000] "GET /gifclass4.php HTTP/1.1" 403 23 "-" "-"
20.111.48.18 - - [13/Feb/2026:19:45:23 +0000] "GET /2clas.php HTTP/1.1" 403 23 "-" "-"
20.111.48.18 - - [13/Feb/2026:19:45:24 +0000] "GET /ave.php HTTP/1.1" 403 23 "-" "-"
20.111.48.18 - - [13/Feb/2026:19:45:24 +0000] "GET /wrt.php HTTP/1.1" 403 23 "-" "-"
20.111.48.18 - - [13/Feb/2026:19:45:25 +0000] "GET /bibil.php HTTP/1.1" 403 23 "-" "-"
20.111.48.18 - - [13/Feb/2026:19:45:25 +0000] "GET /radio.php HTTP/1.1" 200 23 "-" "-"
20.111.48.18 - - [13/Feb/2026:19:45:25 +0000] "GET /files.php HTTP/1.1" 403 23 "-" "-"
20.111.48.18 - - [13/Feb/2026:19:45:25 +0000] "GET /file7.php HTTP/1.1" 403 23 "-" "-"
20.111.48.18 - - [13/Feb/2026:19:45:26 +0000] "GET /gifclass.php HTTP/1.1" 403 23 "-" "-"
20.111.48.18 - - [13/Feb/2026:19:45:26 +0000] "GET /wp-admin/css/colors/midnight/about.php HTTP/1.1" 200 23 "-" "-"
20.111.48.18 - - [13/Feb/2026:19:45:26 +0000] "GET /nox.php HTTP/1.1" 403 23 "-" "-"
20.111.48.18 - - [13/Feb/2026:19:45:27 +0000] "GET /file48.php HTTP/1.1" 403 23 "-" "-"
20.111.48.18 - - [13/Feb/2026:19:45:27 +0000] "GET /info.php HTTP/1.1" 403 23 "-" "-"
20.111.48.18 - - [13/Feb/2026:19:45:27 +0000] "GET /class9.php HTTP/1.1" 403 23 "-" "-"
20.111.48.18 - - [13/Feb/2026:19:45:28 +0000] "GET /la.php HTTP/1.1" 403 23 "-" "-"
20.111.48.18 - - [13/Feb/2026:19:45:28 +0000] "GET /bless11.php HTTP/1.1" 403 23 "-" "-"
20.111.48.18 - - [13/Feb/2026:19:45:28 +0000] "GET /ccou.php HTTP/1.1" 403 23 "-" "-"
20.111.48.18 - - [13/Feb/2026:19:45:28 +0000] "GET /ton.php HTTP/1.1" 403 23 "-" "-"
20.111.48.18 - - [13/Feb/2026:19:45:29 +0000] "GET /403.php HTTP/1.1" 403 23 "-" "-"
20.111.48.18 - - [13/Feb/2026:19:45:30 +0000] "GET /file9.php HTTP/1.1" 403 23 "-" "-"
20.111.48.18 - - [13/Feb/2026:19:45:30 +0000] "GET /ac.php HTTP/1.1" 403 23 "-" "-"
20.111.48.18 - - [13/Feb/2026:19:45:30 +0000] "GET /new4.php HTTP/1.1" 403 23 "-" "-"
20.111.48.18 - - [13/Feb/2026:19:45:31 +0000] "GET /pop.php HTTP/1.1" 403 23 "-" "-"
20.111.48.18 - - [13/Feb/2026:19:45:31 +0000] "GET /az.php HTTP/1.1" 403 23 "-" "-"
20.111.48.18 - - [13/Feb/2026:19:45:31 +0000] "GET /xaz.php HTTP/1.1" 403 23 "-" "-"
20.111.48.18 - - [13/Feb/2026:19:45:31 +0000] "GET /up4.php HTTP/1.1" 403 23 "-" "-"
20.111.48.18 - - [13/Feb/2026:19:45:32 +0000] "GET /1aa.php HTTP/1.1" 403 23 "-" "-"
20.111.48.18 - - [13/Feb/2026:19:45:32 +0000] "GET /elp.php HTTP/1.1" 403 23 "-" "-"
20.111.48.18 - - [13/Feb/2026:19:45:32 +0000] "GET /wtz.php HTTP/1.1" 403 23 "-" "-"
20.111.48.18 - - [13/Feb/2026:19:45:33 +0000] "GET /galex.php HTTP/1.1" 403 23 "-" "-"
20.111.48.18 - - [13/Feb/2026:19:45:33 +0000] "GET /xb.php HTTP/1.1" 403 23 "-" "-"
20.111.48.18 - - [13/Feb/2026:19:45:33 +0000] "GET /ova.php HTTP/1.1" 403 23 "-" "-"
20.111.48.18 - - [13/Feb/2026:19:45:33 +0000] "GET /vx.php HTTP/1.1" 403 23 "-" "-"
20.111.48.18 - - [13/Feb/2026:19:45:34 +0000] "GET /rh.php HTTP/1.1" 403 23 "-" "-"
114.119.133.125 - - [13/Feb/2026:19:46:30 +0000] "GET /index.php/?detail/439894743283022 HTTP/1.1" 200 4371 "http://wheninromebigfork.com/wp-includes/revisions.php?sitemap_index.xml" "Mozilla/5.0 (Linux; Android 7.0;) AppleWebKit/537.36 (KHTML, like Gecko) Mobile Safari/537.36 (compatible; PetalBot;+https://webmaster.petalsearch.com/site/petalbot)"
114.119.133.125 - - [13/Feb/2026:19:48:13 +0000] "GET /index.php/?detail/43843232231916 HTTP/1.1" 200 4371 "http://wheninromebigfork.com/wp-includes/revisions.php?sitemap_index.xml" "Mozilla/5.0 (Linux; Android 7.0;) AppleWebKit/537.36 (KHTML, like Gecko) Mobile Safari/537.36 (compatible; PetalBot;+https://webmaster.petalsearch.com/site/petalbot)"
114.119.133.125 - - [13/Feb/2026:19:49:57 +0000] "GET /index.php/?detail/43679418266248 HTTP/1.1" 200 4371 "http://wheninromebigfork.com/wp-includes/revisions.php?sitemap_index.xml" "Mozilla/5.0 (Linux; Android 7.0;) AppleWebKit/537.36 (KHTML, like Gecko) Mobile Safari/537.36 (compatible; PetalBot;+https://webmaster.petalsearch.com/site/petalbot)"
114.119.154.6 - - [13/Feb/2026:19:51:41 +0000] "GET /index.php/?detail/433915540382612 HTTP/1.1" 200 4371 "http://wheninromebigfork.com/wp-includes/revisions.php?sitemap_index.xml" "Mozilla/5.0 (Linux; Android 7.0;) AppleWebKit/537.36 (KHTML, like Gecko) Mobile Safari/537.36 (compatible; PetalBot;+https://webmaster.petalsearch.com/site/petalbot)"
69.30.223.218 - - [13/Feb/2026:19:53:14 +0000] "GET /wp-content/x464d3f/index.php HTTP/1.1" 200 23 "http://wheninromebigfork.com/wp-content/x464d3f/index.php" "Mozilla/5.0 (Windows NT 10.0; Win64; x64) AppleWebKit/537.36 (KHTML, like Gecko) Chrome/58.0.3029.110 Safari/537.3"
114.119.136.160 - - [13/Feb/2026:19:53:23 +0000] "GET /index.php/?detail/433119596510369 HTTP/1.1" 200 4371 "http://wheninromebigfork.com/wp-includes/revisions.php?sitemap_index.xml" "Mozilla/5.0 (Linux; Android 7.0;) AppleWebKit/537.36 (KHTML, like Gecko) Mobile Safari/537.36 (compatible; PetalBot;+https://webmaster.petalsearch.com/site/petalbot)"
114.119.142.125 - - [13/Feb/2026:19:55:07 +0000] "GET /index.php/?detail/433013156135223 HTTP/1.1" 200 4371 "http://wheninromebigfork.com/wp-includes/revisions.php?sitemap_index.xml" "Mozilla/5.0 (Linux; Android 7.0;) AppleWebKit/537.36 (KHTML, like Gecko) Mobile Safari/537.36 (compatible; PetalBot;+https://webmaster.petalsearch.com/site/petalbot)"
114.119.137.38 - - [13/Feb/2026:19:56:50 +0000] "GET /index.php/?detail/432988456333296 HTTP/1.1" 200 4371 "http://wheninromebigfork.com/wp-includes/revisions.php?sitemap_index.xml" "Mozilla/5.0 (Linux; Android 7.0;) AppleWebKit/537.36 (KHTML, like Gecko) Mobile Safari/537.36 (compatible; PetalBot;+https://webmaster.petalsearch.com/site/petalbot)"
114.119.133.125 - - [13/Feb/2026:19:58:33 +0000] "GET /index.php/?detail/431685056525981 HTTP/1.1" 200 4371 "http://wheninromebigfork.com/wp-includes/revisions.php?sitemap_index.xml" "Mozilla/5.0 (Linux; Android 7.0;) AppleWebKit/537.36 (KHTML, like Gecko) Mobile Safari/537.36 (compatible; PetalBot;+https://webmaster.petalsearch.com/site/petalbot)"
123.145.28.28 - - [13/Feb/2026:19:59:02 +0000] "GET / HTTP/1.1" 200 23 "-" "Mozilla/5.0 (Windows NT 10.0; Win64; x64) Chrome/120.0.0.0"
123.145.28.28 - - [13/Feb/2026:19:59:03 +0000] "GET /favicon.ico HTTP/1.1" 200 1 "-" "Mozilla/5.0 (Windows NT 10.0; Win64; x64) Chrome/120.0.0.0"
123.145.28.28 - - [13/Feb/2026:19:59:04 +0000] "GET / HTTP/1.1" 200 23 "-" "Mozilla/5.0 (Windows NT 10.0; Win64; x64) Chrome/120.0.0.0"
123.145.28.28 - - [13/Feb/2026:19:59:06 +0000] "GET / HTTP/1.1" 200 23 "-" "Mozilla/5.0 (Windows NT 10.0; Win64; x64) Chrome/120.0.0.0"
123.145.28.28 - - [13/Feb/2026:19:59:06 +0000] "GET /Alvin9999/https/fanfan1.net/daohang/ HTTP/1.1" 200 23 "-" "Mozilla/5.0 (Windows NT 10.0; Win64; x64) Chrome/120.0.0.0"
123.145.28.28 - - [13/Feb/2026:19:59:07 +0000] "GET /officialsite HTTP/1.1" 200 23 "-" "Mozilla/5.0 (Windows NT 10.0; Win64; x64) Chrome/120.0.0.0"
123.145.28.28 - - [13/Feb/2026:19:59:07 +0000] "GET / HTTP/1.1" 200 23 "-" "Mozilla/5.0 (Windows NT 10.0; Win64; x64) Chrome/120.0.0.0"
123.145.28.28 - - [13/Feb/2026:19:59:11 +0000] "GET /static/favicon.ico HTTP/1.1" 200 23 "-" "Mozilla/5.0 (Windows NT 10.0; Win64; x64) Chrome/120.0.0.0"
123.145.28.28 - - [13/Feb/2026:19:59:12 +0000] "GET /images/logo-cn-352x97_1.png HTTP/1.1" 200 23 "-" "Mozilla/5.0 (Windows NT 10.0; Win64; x64) Chrome/120.0.0.0"
123.145.28.28 - - [13/Feb/2026:19:59:12 +0000] "GET /assets/images/logo-cn-vpnweb.png HTTP/1.1" 200 23 "-" "Mozilla/5.0 (Windows NT 10.0; Win64; x64) Chrome/120.0.0.0"
123.145.28.28 - - [13/Feb/2026:19:59:13 +0000] "GET /static/images/home/VPNlogo.png HTTP/1.1" 200 23 "-" "Mozilla/5.0 (Windows NT 10.0; Win64; x64) Chrome/120.0.0.0"
123.145.28.28 - - [13/Feb/2026:19:59:14 +0000] "GET /img/logo.png HTTP/1.1" 200 23 "-" "Mozilla/5.0 (Windows NT 10.0; Win64; x64) Chrome/120.0.0.0"
123.145.28.28 - - [13/Feb/2026:19:59:14 +0000] "GET /static/icon/bjch.png HTTP/1.1" 200 23 "-" "Mozilla/5.0 (Windows NT 10.0; Win64; x64) Chrome/120.0.0.0"
123.145.28.28 - - [13/Feb/2026:19:59:18 +0000] "GET /assets/images/icon-vpnweb.ico HTTP/1.1" 200 23 "-" "Mozilla/5.0 (Windows NT 10.0; Win64; x64) Chrome/120.0.0.0"
123.145.28.28 - - [13/Feb/2026:19:59:19 +0000] "GET /assets/images/official-site/favicon.ico HTTP/1.1" 200 23 "-" "Mozilla/5.0 (Windows NT 10.0; Win64; x64) Chrome/120.0.0.0"
123.145.28.28 - - [13/Feb/2026:19:59:21 +0000] "GET /v1/file/icon/seo/cdc3fff6-6034-46fb-8ef3-1746e374d4fc.png HTTP/1.1" 200 23 "-" "Mozilla/5.0 (Windows NT 10.0; Win64; x64) Chrome/120.0.0.0"
123.145.28.28 - - [13/Feb/2026:19:59:21 +0000] "GET /fav-icon.ico HTTP/1.1" 200 23 "-" "Mozilla/5.0 (Windows NT 10.0; Win64; x64) Chrome/120.0.0.0"
123.145.28.28 - - [13/Feb/2026:19:59:24 +0000] "GET /image/logo.ico HTTP/1.1" 200 23 "-" "Mozilla/5.0 (Windows NT 10.0; Win64; x64) Chrome/120.0.0.0"
123.145.28.28 - - [13/Feb/2026:19:59:24 +0000] "GET /images/default.png HTTP/1.1" 200 23 "-" "Mozilla/5.0 (Windows NT 10.0; Win64; x64) Chrome/120.0.0.0"
