216.73.216.47 - - [13/Sep/2025:18:20:58 +0000] "GET /jp/product/512724268677 HTTP/1.1" 500 - "-" "Mozilla/5.0 AppleWebKit/537.36 (KHTML, like Gecko; compatible; ClaudeBot/1.0; +claudebot@anthropic.com)"
54.236.1.54 - - [13/Sep/2025:18:21:19 +0000] "GET / HTTP/1.1" 500 - "-" "Mozilla/5.0 (compatible; Pinterestbot/1.0; +http://www.pinterest.com/bot.html)"
216.73.216.47 - - [13/Sep/2025:18:21:32 +0000] "GET /jp/product/51302386916 HTTP/1.1" 500 - "-" "Mozilla/5.0 AppleWebKit/537.36 (KHTML, like Gecko; compatible; ClaudeBot/1.0; +claudebot@anthropic.com)"
2a03:2880:21ff:e:: - - [13/Sep/2025:18:21:39 +0000] "GET / HTTP/1.1" 500 - "-" "facebookexternalhit/1.1 (+http://www.facebook.com/externalhit_uatext.php)"
216.73.216.47 - - [13/Sep/2025:18:22:07 +0000] "GET /jp/product/512949130456 HTTP/1.1" 500 - "-" "Mozilla/5.0 AppleWebKit/537.36 (KHTML, like Gecko; compatible; ClaudeBot/1.0; +claudebot@anthropic.com)"
216.73.216.47 - - [13/Sep/2025:18:22:31 +0000] "GET /jp/product/51263031161 HTTP/1.1" 500 - "-" "Mozilla/5.0 AppleWebKit/537.36 (KHTML, like Gecko; compatible; ClaudeBot/1.0; +claudebot@anthropic.com)"
54.236.1.51 - - [13/Sep/2025:18:22:50 +0000] "GET /shigir-idol-the-most-ancient-wooden-sculpture-in-the-world/ HTTP/1.1" 500 - "-" "Mozilla/5.0 (compatible; Pinterestbot/1.0; +http://www.pinterest.com/bot.html)"
216.73.216.47 - - [13/Sep/2025:18:23:05 +0000] "GET /jp/product/51302328568 HTTP/1.1" 500 - "-" "Mozilla/5.0 AppleWebKit/537.36 (KHTML, like Gecko; compatible; ClaudeBot/1.0; +claudebot@anthropic.com)"
216.73.216.47 - - [13/Sep/2025:18:23:36 +0000] "GET /jp/product/5126330150 HTTP/1.1" 500 - "-" "Mozilla/5.0 AppleWebKit/537.36 (KHTML, like Gecko; compatible; ClaudeBot/1.0; +claudebot@anthropic.com)"
216.73.216.47 - - [13/Sep/2025:18:23:51 +0000] "GET /jp/product/51302135133 HTTP/1.1" 500 - "-" "Mozilla/5.0 AppleWebKit/537.36 (KHTML, like Gecko; compatible; ClaudeBot/1.0; +claudebot@anthropic.com)"
216.73.216.47 - - [13/Sep/2025:18:24:25 +0000] "GET /jp/product/51266102426 HTTP/1.1" 500 - "-" "Mozilla/5.0 AppleWebKit/537.36 (KHTML, like Gecko; compatible; ClaudeBot/1.0; +claudebot@anthropic.com)"
216.73.216.47 - - [13/Sep/2025:18:25:37 +0000] "GET /jp/product/51294914601 HTTP/1.1" 500 - "-" "Mozilla/5.0 AppleWebKit/537.36 (KHTML, like Gecko; compatible; ClaudeBot/1.0; +claudebot@anthropic.com)"
216.73.216.47 - - [13/Sep/2025:18:26:11 +0000] "GET /jp/product/513043714395 HTTP/1.1" 500 - "-" "Mozilla/5.0 AppleWebKit/537.36 (KHTML, like Gecko; compatible; ClaudeBot/1.0; +claudebot@anthropic.com)"
216.73.216.47 - - [13/Sep/2025:18:26:41 +0000] "GET /jp/product/513022764362 HTTP/1.1" 500 - "-" "Mozilla/5.0 AppleWebKit/537.36 (KHTML, like Gecko; compatible; ClaudeBot/1.0; +claudebot@anthropic.com)"
216.73.216.47 - - [13/Sep/2025:18:27:08 +0000] "GET /jp/product/51302448845 HTTP/1.1" 500 - "-" "Mozilla/5.0 AppleWebKit/537.36 (KHTML, like Gecko; compatible; ClaudeBot/1.0; +claudebot@anthropic.com)"
216.73.216.47 - - [13/Sep/2025:18:27:42 +0000] "GET /jp/product/51276434856 HTTP/1.1" 500 - "-" "Mozilla/5.0 AppleWebKit/537.36 (KHTML, like Gecko; compatible; ClaudeBot/1.0; +claudebot@anthropic.com)"
216.73.216.47 - - [13/Sep/2025:18:29:10 +0000] "GET /jp/product/513019858279 HTTP/1.1" 500 - "-" "Mozilla/5.0 AppleWebKit/537.36 (KHTML, like Gecko; compatible; ClaudeBot/1.0; +claudebot@anthropic.com)"
216.73.216.47 - - [13/Sep/2025:18:29:44 +0000] "GET /jp/product/51315511401 HTTP/1.1" 500 - "-" "Mozilla/5.0 AppleWebKit/537.36 (KHTML, like Gecko; compatible; ClaudeBot/1.0; +claudebot@anthropic.com)"
216.73.216.47 - - [13/Sep/2025:18:30:18 +0000] "GET /jp/product/513031965437 HTTP/1.1" 500 - "-" "Mozilla/5.0 AppleWebKit/537.36 (KHTML, like Gecko; compatible; ClaudeBot/1.0; +claudebot@anthropic.com)"
157.55.39.200 - - [13/Sep/2025:18:30:17 +0000] "GET /sitemap.xml.gz HTTP/1.1" 200 4364 "-" "Mozilla/5.0 AppleWebKit/537.36 (KHTML, like Gecko; compatible; bingbot/2.0; +http://www.bing.com/bingbot.htm) Chrome/116.0.1938.76 Safari/537.36"
216.73.216.47 - - [13/Sep/2025:18:30:55 +0000] "GET /jp/product/513111368512 HTTP/1.1" 500 - "-" "Mozilla/5.0 AppleWebKit/537.36 (KHTML, like Gecko; compatible; ClaudeBot/1.0; +claudebot@anthropic.com)"
216.73.216.110 - - [13/Sep/2025:18:32:13 +0000] "GET /jp/product/51262967526 HTTP/1.1" 500 - "-" "Mozilla/5.0 AppleWebKit/537.36 (KHTML, like Gecko; compatible; ClaudeBot/1.0; +claudebot@anthropic.com)"
216.73.216.110 - - [13/Sep/2025:18:32:48 +0000] "GET /jp/product/513173363353 HTTP/1.1" 500 - "-" "Mozilla/5.0 AppleWebKit/537.36 (KHTML, like Gecko; compatible; ClaudeBot/1.0; +claudebot@anthropic.com)"
216.73.216.110 - - [13/Sep/2025:18:33:22 +0000] "GET /jp/product/51312586734 HTTP/1.1" 500 - "-" "Mozilla/5.0 AppleWebKit/537.36 (KHTML, like Gecko; compatible; ClaudeBot/1.0; +claudebot@anthropic.com)"
216.73.216.110 - - [13/Sep/2025:18:33:58 +0000] "GET /jp/product/51263125277 HTTP/1.1" 500 - "-" "Mozilla/5.0 AppleWebKit/537.36 (KHTML, like Gecko; compatible; ClaudeBot/1.0; +claudebot@anthropic.com)"
216.73.216.47 - - [13/Sep/2025:18:35:01 +0000] "GET /jp/product/51302454542 HTTP/1.1" 500 - "-" "Mozilla/5.0 AppleWebKit/537.36 (KHTML, like Gecko; compatible; ClaudeBot/1.0; +claudebot@anthropic.com)"
66.249.70.128 - - [13/Sep/2025:18:34:59 +0000] "GET /jp/product/51304991771 HTTP/1.1" 200 84444 "-" "Mozilla/5.0 (Linux; Android 6.0.1; Nexus 5X Build/MMB29P) AppleWebKit/537.36 (KHTML, like Gecko) Chrome/140.0.7339.127 Mobile Safari/537.36 (compatible; Googlebot/2.1; +http://www.google.com/bot.html)"
216.73.216.47 - - [13/Sep/2025:18:35:36 +0000] "GET /jp/product/513123184086 HTTP/1.1" 500 - "-" "Mozilla/5.0 AppleWebKit/537.36 (KHTML, like Gecko; compatible; ClaudeBot/1.0; +claudebot@anthropic.com)"
216.73.216.47 - - [13/Sep/2025:18:36:10 +0000] "GET /jp/product/51315603269 HTTP/1.1" 500 - "-" "Mozilla/5.0 AppleWebKit/537.36 (KHTML, like Gecko; compatible; ClaudeBot/1.0; +claudebot@anthropic.com)"
216.73.216.47 - - [13/Sep/2025:18:36:45 +0000] "GET /jp/product/51312902985 HTTP/1.1" 500 - "-" "Mozilla/5.0 AppleWebKit/537.36 (KHTML, like Gecko; compatible; ClaudeBot/1.0; +claudebot@anthropic.com)"
216.73.216.47 - - [13/Sep/2025:18:37:19 +0000] "GET /jp/product/51315672811 HTTP/1.1" 500 - "-" "Mozilla/5.0 AppleWebKit/537.36 (KHTML, like Gecko; compatible; ClaudeBot/1.0; +claudebot@anthropic.com)"
216.73.216.47 - - [13/Sep/2025:18:37:54 +0000] "GET /jp/product/51273808211 HTTP/1.1" 500 - "-" "Mozilla/5.0 AppleWebKit/537.36 (KHTML, like Gecko; compatible; ClaudeBot/1.0; +claudebot@anthropic.com)"
216.73.216.47 - - [13/Sep/2025:18:37:49 +0000] "GET /robots.txt HTTP/1.1" 500 - "-" "Mozilla/5.0 AppleWebKit/537.36 (KHTML, like Gecko; compatible; ClaudeBot/1.0; +claudebot@anthropic.com)"
216.73.216.47 - - [13/Sep/2025:18:38:28 +0000] "GET /jp/product/512750888905 HTTP/1.1" 500 - "-" "Mozilla/5.0 AppleWebKit/537.36 (KHTML, like Gecko; compatible; ClaudeBot/1.0; +claudebot@anthropic.com)"
216.73.216.28 - - [13/Sep/2025:18:38:58 +0000] "GET /jp/product/51263305891 HTTP/1.1" 500 - "-" "Mozilla/5.0 AppleWebKit/537.36 (KHTML, like Gecko; compatible; ClaudeBot/1.0; +claudebot@anthropic.com)"
216.73.216.47 - - [13/Sep/2025:18:39:55 +0000] "GET /jp/product/512650560190 HTTP/1.1" 500 - "-" "Mozilla/5.0 AppleWebKit/537.36 (KHTML, like Gecko; compatible; ClaudeBot/1.0; +claudebot@anthropic.com)"
216.73.216.47 - - [13/Sep/2025:18:40:29 +0000] "GET /jp/product/51276850269 HTTP/1.1" 500 - "-" "Mozilla/5.0 AppleWebKit/537.36 (KHTML, like Gecko; compatible; ClaudeBot/1.0; +claudebot@anthropic.com)"
216.73.216.47 - - [13/Sep/2025:18:41:04 +0000] "GET /jp/product/513052340163 HTTP/1.1" 500 - "-" "Mozilla/5.0 AppleWebKit/537.36 (KHTML, like Gecko; compatible; ClaudeBot/1.0; +claudebot@anthropic.com)"
216.73.216.47 - - [13/Sep/2025:18:41:40 +0000] "GET /jp/product/51312719189 HTTP/1.1" 500 - "-" "Mozilla/5.0 AppleWebKit/537.36 (KHTML, like Gecko; compatible; ClaudeBot/1.0; +claudebot@anthropic.com)"
216.73.216.47 - - [13/Sep/2025:18:42:53 +0000] "GET /jp/product/512721280261 HTTP/1.1" 500 - "-" "Mozilla/5.0 AppleWebKit/537.36 (KHTML, like Gecko; compatible; ClaudeBot/1.0; +claudebot@anthropic.com)"
40.77.167.12 - - [13/Sep/2025:18:42:51 +0000] "GET /jp/product/51315484224 HTTP/1.1" 200 84294 "-" "Mozilla/5.0 AppleWebKit/537.36 (KHTML, like Gecko; compatible; bingbot/2.0; +http://www.bing.com/bingbot.htm) Chrome/116.0.1938.76 Safari/537.36"
216.73.216.47 - - [13/Sep/2025:18:43:27 +0000] "GET /jp/product/513072895565 HTTP/1.1" 500 - "-" "Mozilla/5.0 AppleWebKit/537.36 (KHTML, like Gecko; compatible; ClaudeBot/1.0; +claudebot@anthropic.com)"
216.73.216.47 - - [13/Sep/2025:18:44:04 +0000] "GET /jp/product/512629626687 HTTP/1.1" 500 - "-" "Mozilla/5.0 AppleWebKit/537.36 (KHTML, like Gecko; compatible; ClaudeBot/1.0; +claudebot@anthropic.com)"
5.255.231.183 - - [13/Sep/2025:18:44:26 +0000] "GET /robots.txt HTTP/1.1" 500 - "-" "Mozilla/5.0 (compatible; YandexBot/3.0; +http://yandex.com/bots)"
77.88.9.131 - - [13/Sep/2025:18:44:30 +0000] "GET /2016/05/miracle-sun-ufo-sighting/ HTTP/1.1" 500 - "-" "Mozilla/5.0 (compatible; YandexBot/3.0; +http://yandex.com/bots)"
216.73.216.47 - - [13/Sep/2025:18:44:36 +0000] "GET /jp/product/51302402550 HTTP/1.1" 500 - "-" "Mozilla/5.0 AppleWebKit/537.36 (KHTML, like Gecko; compatible; ClaudeBot/1.0; +claudebot@anthropic.com)"
216.73.216.47 - - [13/Sep/2025:18:45:54 +0000] "GET /jp/product/51273482619 HTTP/1.1" 500 - "-" "Mozilla/5.0 AppleWebKit/537.36 (KHTML, like Gecko; compatible; ClaudeBot/1.0; +claudebot@anthropic.com)"
216.73.216.47 - - [13/Sep/2025:18:46:27 +0000] "GET /jp/product/512721307694 HTTP/1.1" 500 - "-" "Mozilla/5.0 AppleWebKit/537.36 (KHTML, like Gecko; compatible; ClaudeBot/1.0; +claudebot@anthropic.com)"
17.241.219.95 - - [13/Sep/2025:18:46:37 +0000] "GET /robots.txt HTTP/1.1" 200 97 "-" "Mozilla/5.0 (Macintosh; Intel Mac OS X 10_15_7) AppleWebKit/605.1.15 (KHTML, like Gecko) Version/17.4 Safari/605.1.15 (Applebot/0.1; +http://www.apple.com/go/applebot)"
17.241.219.95 - - [13/Sep/2025:18:46:42 +0000] "GET /jp/product/512727528081 HTTP/1.1" 500 - "-" "Mozilla/5.0 (Macintosh; Intel Mac OS X 10_15_7) AppleWebKit/605.1.15 (KHTML, like Gecko) Version/17.4 Safari/605.1.15 (Applebot/0.1; +http://www.apple.com/go/applebot)"
51.68.107.138 - - [13/Sep/2025:18:46:39 +0000] "GET /robots.txt HTTP/1.1" 500 - "-" "Mozilla/5.0 (compatible; MJ12bot/v2.0.4; http://mj12bot.com/)"
51.68.107.138 - - [13/Sep/2025:18:46:43 +0000] "GET / HTTP/1.1" 500 - "-" "Mozilla/5.0 (compatible; MJ12bot/v2.0.4; http://mj12bot.com/)"
216.73.216.47 - - [13/Sep/2025:18:47:02 +0000] "GET /jp/product/5127668917 HTTP/1.1" 500 - "-" "Mozilla/5.0 AppleWebKit/537.36 (KHTML, like Gecko; compatible; ClaudeBot/1.0; +claudebot@anthropic.com)"
213.186.1.154 - - [13/Sep/2025:18:47:28 +0000] "GET / HTTP/1.1" 500 - "-" "Mediatoolkitbot (complaints@mediatoolkit.com)"
2a03:2880:7ff:54:: - - [13/Sep/2025:18:47:34 +0000] "GET / HTTP/1.1" 500 - "-" "facebookexternalhit/1.1 (+http://www.facebook.com/externalhit_uatext.php)"
2a03:2880:11ff:44:: - - [13/Sep/2025:18:47:34 +0000] "GET / HTTP/1.1" 500 - "-" "facebookexternalhit/1.1 (+http://www.facebook.com/externalhit_uatext.php)"
2a03:2880:7ff:6:: - - [13/Sep/2025:18:47:35 +0000] "GET / HTTP/1.1" 500 - "-" "facebookexternalhit/1.1 (+http://www.facebook.com/externalhit_uatext.php)"
216.73.216.47 - - [13/Sep/2025:18:47:38 +0000] "GET /jp/product/5127693305 HTTP/1.1" 500 - "-" "Mozilla/5.0 AppleWebKit/537.36 (KHTML, like Gecko; compatible; ClaudeBot/1.0; +claudebot@anthropic.com)"
216.73.216.47 - - [13/Sep/2025:18:48:11 +0000] "GET /jp/product/51273561158 HTTP/1.1" 500 - "-" "Mozilla/5.0 AppleWebKit/537.36 (KHTML, like Gecko; compatible; ClaudeBot/1.0; +claudebot@anthropic.com)"
216.73.216.47 - - [13/Sep/2025:18:48:42 +0000] "GET /jp/product/512618156656 HTTP/1.1" 500 - "-" "Mozilla/5.0 AppleWebKit/537.36 (KHTML, like Gecko; compatible; ClaudeBot/1.0; +claudebot@anthropic.com)"
216.73.216.47 - - [13/Sep/2025:18:49:16 +0000] "GET /jp/product/51273669111 HTTP/1.1" 500 - "-" "Mozilla/5.0 AppleWebKit/537.36 (KHTML, like Gecko; compatible; ClaudeBot/1.0; +claudebot@anthropic.com)"
216.73.216.47 - - [13/Sep/2025:18:49:51 +0000] "GET /jp/product/51312528050 HTTP/1.1" 500 - "-" "Mozilla/5.0 AppleWebKit/537.36 (KHTML, like Gecko; compatible; ClaudeBot/1.0; +claudebot@anthropic.com)"
66.249.70.129 - - [13/Sep/2025:18:49:59 +0000] "GET / HTTP/1.1" 200 83409 "-" "Mozilla/5.0 (compatible; Googlebot/2.1; +http://www.google.com/bot.html)"
216.73.216.47 - - [13/Sep/2025:18:50:48 +0000] "GET /jp/product/51297574767 HTTP/1.1" 500 - "-" "Mozilla/5.0 AppleWebKit/537.36 (KHTML, like Gecko; compatible; ClaudeBot/1.0; +claudebot@anthropic.com)"
2.58.56.45 - - [13/Sep/2025:18:50:58 +0000] "GET /wp-admin/setup-config.php HTTP/1.1" 500 - "-" "Mozilla/5.0 (Windows NT 10.0; Win64; x64)"
216.73.216.47 - - [13/Sep/2025:18:51:19 +0000] "GET /jp/product/51312897706 HTTP/1.1" 500 - "-" "Mozilla/5.0 AppleWebKit/537.36 (KHTML, like Gecko; compatible; ClaudeBot/1.0; +claudebot@anthropic.com)"
216.73.216.47 - - [13/Sep/2025:18:51:55 +0000] "GET /jp/product/51286898858 HTTP/1.1" 500 - "-" "Mozilla/5.0 AppleWebKit/537.36 (KHTML, like Gecko; compatible; ClaudeBot/1.0; +claudebot@anthropic.com)"
196.3.206.199 - - [13/Sep/2025:18:52:04 +0000] "GET /jp/product/5127671521 HTTP/1.1" 500 - "-" "Mozilla/5.0 (Windows NT 6.1; Win64; x64) AppleWebKit/537.36 (KHTML, like Gecko) Brave Chrome/88.0.4324.152 Safari/537.36"
216.73.216.47 - - [13/Sep/2025:18:52:16 +0000] "GET /sitemap.xml HTTP/1.1" 500 - "-" "Mozilla/5.0 AppleWebKit/537.36 (KHTML, like Gecko; compatible; ClaudeBot/1.0; +claudebot@anthropic.com)"
20.171.207.192 - - [13/Sep/2025:18:52:22 +0000] "GET /2014/04/ufos-over-goverment-buildings/ HTTP/1.1" 500 - "-" "Mozilla/5.0 AppleWebKit/537.36 (KHTML, like Gecko; compatible; GPTBot/1.2; +https://openai.com/gptbot)"
52.167.144.206 - - [13/Sep/2025:18:52:40 +0000] "GET /jp/product/51283952604 HTTP/1.1" 200 85262 "-" "Mozilla/5.0 AppleWebKit/537.36 (KHTML, like Gecko; compatible; bingbot/2.0; +http://www.bing.com/bingbot.htm) Chrome/116.0.1938.76 Safari/537.36"
20.171.207.192 - - [13/Sep/2025:18:53:04 +0000] "GET /2014/04/ufos-over-goverment-buildings/ HTTP/1.1" 500 - "-" "Mozilla/5.0 AppleWebKit/537.36 (KHTML, like Gecko; compatible; GPTBot/1.2; +https://openai.com/gptbot)"
17.241.219.15 - - [13/Sep/2025:18:53:13 +0000] "GET /jp/product/513126177747 HTTP/1.1" 500 - "-" "Mozilla/5.0 (Macintosh; Intel Mac OS X 10_15_7) AppleWebKit/605.1.15 (KHTML, like Gecko) Version/17.4 Safari/605.1.15 (Applebot/0.1; +http://www.apple.com/go/applebot)"
103.62.235.2 - - [13/Sep/2025:18:53:30 +0000] "GET /.env HTTP/1.1" 500 - "-" "Mozilla/5.0 (Macintosh; Intel Mac OS X 10_14_1) AppleWebKit/537.36 (KHTML, like Gecko) Chrome/92.0.4515.131 Safari/537.36 Edg/92.0.902.73"
103.62.235.2 - - [13/Sep/2025:18:53:30 +0000] "GET /.env HTTP/1.1" 500 - "-" "Mozilla/5.0 (Macintosh; Intel Mac OS X 10.13; rv:70.0) Gecko/20100101 Firefox/70.0"
103.62.235.2 - - [13/Sep/2025:18:53:30 +0000] "GET /.git/config HTTP/1.1" 500 - "-" "Mozilla/5.0 (Macintosh; Intel Mac OS X 10.13; rv:71.0) Gecko/20100101 Firefox/71.0"
103.62.235.2 - - [13/Sep/2025:18:53:30 +0000] "GET /.git/config HTTP/1.1" 500 - "-" "Mozilla/5.0 (X11; Ubuntu; Linux x86_64; rv:120.0) Gecko/20100101 Firefox/120.0"
216.73.216.47 - - [13/Sep/2025:18:53:58 +0000] "GET /jp/product/51266284797 HTTP/1.1" 500 - "-" "Mozilla/5.0 AppleWebKit/537.36 (KHTML, like Gecko; compatible; ClaudeBot/1.0; +claudebot@anthropic.com)"
216.73.216.47 - - [13/Sep/2025:18:54:33 +0000] "GET /jp/product/51287269028 HTTP/1.1" 500 - "-" "Mozilla/5.0 AppleWebKit/537.36 (KHTML, like Gecko; compatible; ClaudeBot/1.0; +claudebot@anthropic.com)"
216.73.216.47 - - [13/Sep/2025:18:55:08 +0000] "GET /jp/product/51305334667 HTTP/1.1" 500 - "-" "Mozilla/5.0 AppleWebKit/537.36 (KHTML, like Gecko; compatible; ClaudeBot/1.0; +claudebot@anthropic.com)"
216.73.216.47 - - [13/Sep/2025:18:55:42 +0000] "GET /jp/product/51266043543 HTTP/1.1" 500 - "-" "Mozilla/5.0 AppleWebKit/537.36 (KHTML, like Gecko; compatible; ClaudeBot/1.0; +claudebot@anthropic.com)"
181.115.130.24 - - [13/Sep/2025:18:55:52 +0000] "GET / HTTP/1.1" 500 - "-" "Mozilla/5.0 (Windows NT 10.0; Win64; x64) AppleWebKit/537.36 (KHTML, like Gecko) Chrome/114.0.0.0 Safari/537.36 Edg/114.0.1823.43"
38.121.210.205 - - [13/Sep/2025:18:56:03 +0000] "GET / HTTP/1.1" 500 - "-" "Mozilla/5.0 (Windows NT 10.0; Win64; x64) AppleWebKit/537.36 (KHTML, like Gecko) Chrome/114.0.0.0 Safari/537.36 Edg/114.0.1823.43"
216.73.216.47 - - [13/Sep/2025:18:56:20 +0000] "GET /jp/product/5127514329 HTTP/1.1" 500 - "-" "Mozilla/5.0 AppleWebKit/537.36 (KHTML, like Gecko; compatible; ClaudeBot/1.0; +claudebot@anthropic.com)"
216.73.216.47 - - [13/Sep/2025:18:56:53 +0000] "GET /jp/product/512942979077 HTTP/1.1" 500 - "-" "Mozilla/5.0 AppleWebKit/537.36 (KHTML, like Gecko; compatible; ClaudeBot/1.0; +claudebot@anthropic.com)"
216.73.216.47 - - [13/Sep/2025:18:57:27 +0000] "GET /jp/product/51279792904 HTTP/1.1" 500 - "-" "Mozilla/5.0 AppleWebKit/537.36 (KHTML, like Gecko; compatible; ClaudeBot/1.0; +claudebot@anthropic.com)"
216.73.216.47 - - [13/Sep/2025:18:57:59 +0000] "GET /jp/product/51291810446 HTTP/1.1" 500 - "-" "Mozilla/5.0 AppleWebKit/537.36 (KHTML, like Gecko; compatible; ClaudeBot/1.0; +claudebot@anthropic.com)"
216.73.216.47 - - [13/Sep/2025:18:58:13 +0000] "GET /jp/product/512830890937 HTTP/1.1" 500 - "-" "Mozilla/5.0 AppleWebKit/537.36 (KHTML, like Gecko; compatible; ClaudeBot/1.0; +claudebot@anthropic.com)"
216.73.216.47 - - [13/Sep/2025:18:58:37 +0000] "GET /jp/product/513072822772 HTTP/1.1" 500 - "-" "Mozilla/5.0 AppleWebKit/537.36 (KHTML, like Gecko; compatible; ClaudeBot/1.0; +claudebot@anthropic.com)"
5.175.234.40 - - [13/Sep/2025:18:58:47 +0000] "GET / HTTP/1.1" 500 - "-" "-"
216.73.216.47 - - [13/Sep/2025:18:59:10 +0000] "GET /jp/product/51318585294 HTTP/1.1" 500 - "-" "Mozilla/5.0 AppleWebKit/537.36 (KHTML, like Gecko; compatible; ClaudeBot/1.0; +claudebot@anthropic.com)"
216.73.216.47 - - [13/Sep/2025:18:59:46 +0000] "GET /jp/product/513120222629 HTTP/1.1" 500 - "-" "Mozilla/5.0 AppleWebKit/537.36 (KHTML, like Gecko; compatible; ClaudeBot/1.0; +claudebot@anthropic.com)"
216.73.216.47 - - [13/Sep/2025:19:00:21 +0000] "GET /jp/product/513114417261 HTTP/1.1" 500 - "-" "Mozilla/5.0 AppleWebKit/537.36 (KHTML, like Gecko; compatible; ClaudeBot/1.0; +claudebot@anthropic.com)"
216.73.216.47 - - [13/Sep/2025:19:01:06 +0000] "GET /jp/product/51297892287 HTTP/1.1" 500 - "-" "Mozilla/5.0 AppleWebKit/537.36 (KHTML, like Gecko; compatible; ClaudeBot/1.0; +claudebot@anthropic.com)"
216.73.216.47 - - [13/Sep/2025:19:01:40 +0000] "GET /jp/product/51297533808 HTTP/1.1" 500 - "-" "Mozilla/5.0 AppleWebKit/537.36 (KHTML, like Gecko; compatible; ClaudeBot/1.0; +claudebot@anthropic.com)"
216.73.216.47 - - [13/Sep/2025:19:02:16 +0000] "GET /jp/product/51287333873 HTTP/1.1" 500 - "-" "Mozilla/5.0 AppleWebKit/537.36 (KHTML, like Gecko; compatible; ClaudeBot/1.0; +claudebot@anthropic.com)"
216.73.216.47 - - [13/Sep/2025:19:02:50 +0000] "GET /jp/product/51297664623 HTTP/1.1" 500 - "-" "Mozilla/5.0 AppleWebKit/537.36 (KHTML, like Gecko; compatible; ClaudeBot/1.0; +claudebot@anthropic.com)"
216.73.216.47 - - [13/Sep/2025:19:03:17 +0000] "GET /jp/product/512718516342 HTTP/1.1" 500 - "-" "Mozilla/5.0 AppleWebKit/537.36 (KHTML, like Gecko; compatible; ClaudeBot/1.0; +claudebot@anthropic.com)"
216.73.216.47 - - [13/Sep/2025:19:03:54 +0000] "GET /jp/product/513173423898 HTTP/1.1" 500 - "-" "Mozilla/5.0 AppleWebKit/537.36 (KHTML, like Gecko; compatible; ClaudeBot/1.0; +claudebot@anthropic.com)"
216.73.216.47 - - [13/Sep/2025:19:04:26 +0000] "GET /jp/product/513061305615 HTTP/1.1" 500 - "-" "Mozilla/5.0 AppleWebKit/537.36 (KHTML, like Gecko; compatible; ClaudeBot/1.0; +claudebot@anthropic.com)"
43.143.248.236 - - [13/Sep/2025:19:04:32 +0000] "GET / HTTP/1.1" 500 - "http://ancientufo.org" "Mozilla/5.0 (iPhone; CPU iPhone OS 13_2_3 like Mac OS X) AppleWebKit/605.1.15 (KHTML, like Gecko) Version/13.0.3 Mobile/15E148 Safari/604.1"
216.73.216.47 - - [13/Sep/2025:19:05:00 +0000] "GET /jp/product/512629634010 HTTP/1.1" 500 - "-" "Mozilla/5.0 AppleWebKit/537.36 (KHTML, like Gecko; compatible; ClaudeBot/1.0; +claudebot@anthropic.com)"
216.73.216.47 - - [13/Sep/2025:19:05:49 +0000] "GET /jp/product/51297506682 HTTP/1.1" 500 - "-" "Mozilla/5.0 AppleWebKit/537.36 (KHTML, like Gecko; compatible; ClaudeBot/1.0; +claudebot@anthropic.com)"
216.73.216.47 - - [13/Sep/2025:19:06:20 +0000] "GET /jp/product/51312790596 HTTP/1.1" 500 - "-" "Mozilla/5.0 AppleWebKit/537.36 (KHTML, like Gecko; compatible; ClaudeBot/1.0; +claudebot@anthropic.com)"
216.73.216.47 - - [13/Sep/2025:19:06:43 +0000] "GET /jp/product/51294545291 HTTP/1.1" 500 - "-" "Mozilla/5.0 AppleWebKit/537.36 (KHTML, like Gecko; compatible; ClaudeBot/1.0; +claudebot@anthropic.com)"
66.249.70.128 - - [13/Sep/2025:19:06:59 +0000] "GET /?jp/product/5127763830 HTTP/1.1" 200 84054 "-" "Mozilla/5.0 (Linux; Android 6.0.1; Nexus 5X Build/MMB29P) AppleWebKit/537.36 (KHTML, like Gecko) Chrome/140.0.7339.127 Mobile Safari/537.36 (compatible; GoogleOther)"
216.73.216.47 - - [13/Sep/2025:19:07:17 +0000] "GET /jp/product/51263100178 HTTP/1.1" 500 - "-" "Mozilla/5.0 AppleWebKit/537.36 (KHTML, like Gecko; compatible; ClaudeBot/1.0; +claudebot@anthropic.com)"
216.73.216.47 - - [13/Sep/2025:19:08:31 +0000] "GET /jp/product/51276609688 HTTP/1.1" 500 - "-" "Mozilla/5.0 AppleWebKit/537.36 (KHTML, like Gecko; compatible; ClaudeBot/1.0; +claudebot@anthropic.com)"
216.73.216.47 - - [13/Sep/2025:19:09:00 +0000] "GET /jp/product/51266106102 HTTP/1.1" 500 - "-" "Mozilla/5.0 AppleWebKit/537.36 (KHTML, like Gecko; compatible; ClaudeBot/1.0; +claudebot@anthropic.com)"
216.73.216.47 - - [13/Sep/2025:19:09:34 +0000] "GET /jp/product/51287288387 HTTP/1.1" 500 - "-" "Mozilla/5.0 AppleWebKit/537.36 (KHTML, like Gecko; compatible; ClaudeBot/1.0; +claudebot@anthropic.com)"
216.73.216.47 - - [13/Sep/2025:19:10:02 +0000] "GET /jp/product/51315742178 HTTP/1.1" 500 - "-" "Mozilla/5.0 AppleWebKit/537.36 (KHTML, like Gecko; compatible; ClaudeBot/1.0; +claudebot@anthropic.com)"
216.73.216.47 - - [13/Sep/2025:19:11:04 +0000] "GET /robots.txt HTTP/1.1" 500 - "-" "Mozilla/5.0 AppleWebKit/537.36 (KHTML, like Gecko; compatible; ClaudeBot/1.0; +claudebot@anthropic.com)"
216.73.216.47 - - [13/Sep/2025:19:11:10 +0000] "GET /jp/product/512818706779 HTTP/1.1" 500 - "-" "Mozilla/5.0 AppleWebKit/537.36 (KHTML, like Gecko; compatible; ClaudeBot/1.0; +claudebot@anthropic.com)"
40.77.167.25 - - [13/Sep/2025:19:11:04 +0000] "GET /jp/product/51305372379 HTTP/1.1" 200 83479 "-" "Mozilla/5.0 AppleWebKit/537.36 (KHTML, like Gecko; compatible; bingbot/2.0; +http://www.bing.com/bingbot.htm) Chrome/116.0.1938.76 Safari/537.36"
66.249.70.129 - - [13/Sep/2025:19:11:12 +0000] "GET /jp/product/51315841351 HTTP/1.1" 200 86087 "-" "Mozilla/5.0 (Linux; Android 6.0.1; Nexus 5X Build/MMB29P) AppleWebKit/537.36 (KHTML, like Gecko) Chrome/140.0.7339.127 Mobile Safari/537.36 (compatible; Googlebot/2.1; +http://www.google.com/bot.html)"
66.249.70.129 - - [13/Sep/2025:19:11:21 +0000] "GET /jp/product/51302170759 HTTP/1.1" 200 84727 "-" "Mozilla/5.0 (Linux; Android 6.0.1; Nexus 5X Build/MMB29P) AppleWebKit/537.36 (KHTML, like Gecko) Chrome/140.0.7339.127 Mobile Safari/537.36 (compatible; Googlebot/2.1; +http://www.google.com/bot.html)"
216.73.216.47 - - [13/Sep/2025:19:11:49 +0000] "GET /jp/product/51284164005 HTTP/1.1" 500 - "-" "Mozilla/5.0 AppleWebKit/537.36 (KHTML, like Gecko; compatible; ClaudeBot/1.0; +claudebot@anthropic.com)"
216.73.216.47 - - [13/Sep/2025:19:12:17 +0000] "GET /jp/product/512946206859 HTTP/1.1" 500 - "-" "Mozilla/5.0 AppleWebKit/537.36 (KHTML, like Gecko; compatible; ClaudeBot/1.0; +claudebot@anthropic.com)"
216.73.216.47 - - [13/Sep/2025:19:12:53 +0000] "GET /jp/product/512919463827 HTTP/1.1" 500 - "-" "Mozilla/5.0 AppleWebKit/537.36 (KHTML, like Gecko; compatible; ClaudeBot/1.0; +claudebot@anthropic.com)"
66.249.70.139 - - [13/Sep/2025:19:13:30 +0000] "GET /jp/product/51312503146 HTTP/1.1" 200 83200 "-" "Mozilla/5.0 (Linux; Android 6.0.1; Nexus 5X Build/MMB29P) AppleWebKit/537.36 (KHTML, like Gecko) Chrome/140.0.7339.127 Mobile Safari/537.36 (compatible; Googlebot/2.1; +http://www.google.com/bot.html)"
216.73.216.47 - - [13/Sep/2025:19:14:13 +0000] "GET /jp/product/51294619693 HTTP/1.1" 500 - "-" "Mozilla/5.0 AppleWebKit/537.36 (KHTML, like Gecko; compatible; ClaudeBot/1.0; +claudebot@anthropic.com)"
17.241.75.138 - - [13/Sep/2025:19:14:34 +0000] "GET /jp/product/512824845012 HTTP/1.1" 500 - "-" "Mozilla/5.0 (Macintosh; Intel Mac OS X 10_15_7) AppleWebKit/605.1.15 (KHTML, like Gecko) Version/17.4 Safari/605.1.15 (Applebot/0.1; +http://www.apple.com/go/applebot)"
216.73.216.47 - - [13/Sep/2025:19:14:40 +0000] "GET /jp/product/512824796436 HTTP/1.1" 500 - "-" "Mozilla/5.0 AppleWebKit/537.36 (KHTML, like Gecko; compatible; ClaudeBot/1.0; +claudebot@anthropic.com)"
216.73.216.47 - - [13/Sep/2025:19:15:17 +0000] "GET /jp/product/51265904833 HTTP/1.1" 500 - "-" "Mozilla/5.0 AppleWebKit/537.36 (KHTML, like Gecko; compatible; ClaudeBot/1.0; +claudebot@anthropic.com)"
2607:a400:4:97::3 - - [13/Sep/2025:19:15:51 +0000] "GET / HTTP/1.1" 500 - "-" "Mozilla/5.0 (Windows NT 10.0; WOW64) AppleWebKit/537.36 (KHTML, like Gecko) Chrome/66.0.3359.117 Safari/537.36"
2607:a400:4:97::5 - - [13/Sep/2025:19:15:54 +0000] "GET / HTTP/1.1" 500 - "-" "Mozilla/5.0 (Windows NT 10.0; WOW64) AppleWebKit/537.36 (KHTML, like Gecko) Chrome/66.0.3359.117 Safari/537.36"
216.73.216.47 - - [13/Sep/2025:19:16:58 +0000] "GET /jp/product/512774373392 HTTP/1.1" 500 - "-" "Mozilla/5.0 AppleWebKit/537.36 (KHTML, like Gecko; compatible; ClaudeBot/1.0; +claudebot@anthropic.com)"
216.73.216.47 - - [13/Sep/2025:19:17:36 +0000] "GET /jp/product/51294688068 HTTP/1.1" 500 - "-" "Mozilla/5.0 AppleWebKit/537.36 (KHTML, like Gecko; compatible; ClaudeBot/1.0; +claudebot@anthropic.com)"
216.73.216.47 - - [13/Sep/2025:19:18:08 +0000] "GET /jp/product/512910657146 HTTP/1.1" 500 - "-" "Mozilla/5.0 AppleWebKit/537.36 (KHTML, like Gecko; compatible; ClaudeBot/1.0; +claudebot@anthropic.com)"
40.77.167.25 - - [13/Sep/2025:19:18:25 +0000] "GET /jp/product/512842542995 HTTP/1.1" 200 83280 "-" "Mozilla/5.0 AppleWebKit/537.36 (KHTML, like Gecko; compatible; bingbot/2.0; +http://www.bing.com/bingbot.htm) Chrome/116.0.1938.76 Safari/537.36"
216.73.216.47 - - [13/Sep/2025:19:18:42 +0000] "GET /jp/product/513073085265 HTTP/1.1" 500 - "-" "Mozilla/5.0 AppleWebKit/537.36 (KHTML, like Gecko; compatible; ClaudeBot/1.0; +claudebot@anthropic.com)"
66.249.70.139 - - [13/Sep/2025:19:18:37 +0000] "GET /jp/product/51305235051 HTTP/1.1" 200 85898 "-" "Mozilla/5.0 (Linux; Android 6.0.1; Nexus 5X Build/MMB29P) AppleWebKit/537.36 (KHTML, like Gecko) Chrome/140.0.7339.127 Mobile Safari/537.36 (compatible; Googlebot/2.1; +http://www.google.com/bot.html)"
46.107.231.150 - - [13/Sep/2025:19:18:43 +0000] "GET / HTTP/1.1" 500 - "-" "Mozilla/5.0 (Windows NT 10.0; Win64; x64) AppleWebKit/537.36 (KHTML, like Gecko) Chrome/114.0.0.0 Safari/537.36 Edg/114.0.1823.43"
190.62.47.206 - - [13/Sep/2025:19:18:43 +0000] "GET / HTTP/1.1" 500 - "-" "Mozilla/5.0 (Windows NT 10.0; Win64; x64) AppleWebKit/537.36 (KHTML, like Gecko) Chrome/114.0.0.0 Safari/537.36 Edg/114.0.1823.43"
95.104.171.23 - - [13/Sep/2025:19:18:44 +0000] "GET / HTTP/1.1" 500 - "-" "Mozilla/5.0 (Windows NT 10.0; Win64; x64) AppleWebKit/537.36 (KHTML, like Gecko) Chrome/114.0.0.0 Safari/537.36 Edg/114.0.1823.43"
46.244.90.13 - - [13/Sep/2025:19:18:44 +0000] "GET / HTTP/1.1" 500 - "-" "Mozilla/5.0 (Windows NT 10.0; Win64; x64) AppleWebKit/537.36 (KHTML, like Gecko) Chrome/114.0.0.0 Safari/537.36 Edg/114.0.1823.43"
181.67.114.215 - - [13/Sep/2025:19:18:45 +0000] "GET / HTTP/1.1" 500 - "-" "Mozilla/5.0 (Windows NT 10.0; Win64; x64) AppleWebKit/537.36 (KHTML, like Gecko) Chrome/114.0.0.0 Safari/537.36 Edg/114.0.1823.43"
177.93.4.254 - - [13/Sep/2025:19:18:45 +0000] "GET / HTTP/1.1" 500 - "-" "Mozilla/5.0 (Windows NT 10.0; Win64; x64) AppleWebKit/537.36 (KHTML, like Gecko) Chrome/114.0.0.0 Safari/537.36 Edg/114.0.1823.43"
87.97.39.221 - - [13/Sep/2025:19:18:46 +0000] "GET / HTTP/1.1" 500 - "-" "Mozilla/5.0 (Windows NT 10.0; Win64; x64) AppleWebKit/537.36 (KHTML, like Gecko) Chrome/114.0.0.0 Safari/537.36 Edg/114.0.1823.43"
46.184.92.20 - - [13/Sep/2025:19:18:46 +0000] "GET / HTTP/1.1" 500 - "-" "Mozilla/5.0 (Windows NT 10.0; Win64; x64) AppleWebKit/537.36 (KHTML, like Gecko) Chrome/114.0.0.0 Safari/537.36 Edg/114.0.1823.43"
216.73.216.47 - - [13/Sep/2025:19:18:55 +0000] "GET /jp/product/51305429291 HTTP/1.1" 500 - "-" "Mozilla/5.0 AppleWebKit/537.36 (KHTML, like Gecko; compatible; ClaudeBot/1.0; +claudebot@anthropic.com)"
200.2.163.199 - - [13/Sep/2025:19:19:10 +0000] "GET / HTTP/1.1" 500 - "-" "Mozilla/5.0 (Windows NT 10.0; Win64; x64) AppleWebKit/537.36 (KHTML, like Gecko) Chrome/114.0.0.0 Safari/537.36 Edg/114.0.1823.43"
216.73.216.47 - - [13/Sep/2025:19:19:30 +0000] "GET /jp/product/51281099314 HTTP/1.1" 500 - "-" "Mozilla/5.0 AppleWebKit/537.36 (KHTML, like Gecko; compatible; ClaudeBot/1.0; +claudebot@anthropic.com)"
216.73.216.47 - - [13/Sep/2025:19:20:02 +0000] "GET /jp/product/51312771396 HTTP/1.1" 500 - "-" "Mozilla/5.0 AppleWebKit/537.36 (KHTML, like Gecko; compatible; ClaudeBot/1.0; +claudebot@anthropic.com)"
216.73.216.47 - - [13/Sep/2025:19:20:15 +0000] "GET /jp/product/5127718269 HTTP/1.1" 500 - "-" "Mozilla/5.0 AppleWebKit/537.36 (KHTML, like Gecko; compatible; ClaudeBot/1.0; +claudebot@anthropic.com)"
216.73.216.47 - - [13/Sep/2025:19:20:51 +0000] "GET /jp/product/512972401268 HTTP/1.1" 500 - "-" "Mozilla/5.0 AppleWebKit/537.36 (KHTML, like Gecko; compatible; ClaudeBot/1.0; +claudebot@anthropic.com)"
20.125.163.81 - - [13/Sep/2025:19:21:12 +0000] "GET /jp/product/51287393473 HTTP/1.1" 200 83480 "-" "Mozilla/5.0 AppleWebKit/537.36 (KHTML, like Gecko; compatible; bingbot/2.0; +http://www.bing.com/bingbot.htm) Chrome/116.0.1938.76 Safari/537.36"
216.73.216.47 - - [13/Sep/2025:19:21:59 +0000] "GET /jp/product/512721276486 HTTP/1.1" 500 - "-" "Mozilla/5.0 AppleWebKit/537.36 (KHTML, like Gecko; compatible; ClaudeBot/1.0; +claudebot@anthropic.com)"
216.73.216.47 - - [13/Sep/2025:19:22:36 +0000] "GET /jp/product/512810073914 HTTP/1.1" 500 - "-" "Mozilla/5.0 AppleWebKit/537.36 (KHTML, like Gecko; compatible; ClaudeBot/1.0; +claudebot@anthropic.com)"
216.73.216.47 - - [13/Sep/2025:19:23:14 +0000] "GET /jp/product/512821712319 HTTP/1.1" 500 - "-" "Mozilla/5.0 AppleWebKit/537.36 (KHTML, like Gecko; compatible; ClaudeBot/1.0; +claudebot@anthropic.com)"
216.73.216.47 - - [13/Sep/2025:19:23:25 +0000] "GET /jp/product/5127616150 HTTP/1.1" 500 - "-" "Mozilla/5.0 AppleWebKit/537.36 (KHTML, like Gecko; compatible; ClaudeBot/1.0; +claudebot@anthropic.com)"
17.241.75.246 - - [13/Sep/2025:19:23:42 +0000] "GET /jp/product/512626924997 HTTP/1.1" 500 - "-" "Mozilla/5.0 (Macintosh; Intel Mac OS X 10_15_7) AppleWebKit/605.1.15 (KHTML, like Gecko) Version/17.4 Safari/605.1.15 (Applebot/0.1; +http://www.apple.com/go/applebot)"
216.73.216.47 - - [13/Sep/2025:19:24:00 +0000] "GET /jp/product/51273726967 HTTP/1.1" 500 - "-" "Mozilla/5.0 AppleWebKit/537.36 (KHTML, like Gecko; compatible; ClaudeBot/1.0; +claudebot@anthropic.com)"
216.73.216.47 - - [13/Sep/2025:19:24:36 +0000] "GET /jp/product/51284203868 HTTP/1.1" 500 - "-" "Mozilla/5.0 AppleWebKit/537.36 (KHTML, like Gecko; compatible; ClaudeBot/1.0; +claudebot@anthropic.com)"
216.73.216.47 - - [13/Sep/2025:19:25:05 +0000] "GET /jp/product/5126447619 HTTP/1.1" 500 - "-" "Mozilla/5.0 AppleWebKit/537.36 (KHTML, like Gecko; compatible; ClaudeBot/1.0; +claudebot@anthropic.com)"
216.73.216.47 - - [13/Sep/2025:19:25:40 +0000] "GET /jp/product/51297670071 HTTP/1.1" 500 - "-" "Mozilla/5.0 AppleWebKit/537.36 (KHTML, like Gecko; compatible; ClaudeBot/1.0; +claudebot@anthropic.com)"
216.73.216.47 - - [13/Sep/2025:19:26:51 +0000] "GET /jp/product/513022672069 HTTP/1.1" 500 - "-" "Mozilla/5.0 AppleWebKit/537.36 (KHTML, like Gecko; compatible; ClaudeBot/1.0; +claudebot@anthropic.com)"
216.73.216.47 - - [13/Sep/2025:19:27:24 +0000] "GET /jp/product/512925190766 HTTP/1.1" 500 - "-" "Mozilla/5.0 AppleWebKit/537.36 (KHTML, like Gecko; compatible; ClaudeBot/1.0; +claudebot@anthropic.com)"
216.73.216.47 - - [13/Sep/2025:19:27:59 +0000] "GET /jp/product/51273523213 HTTP/1.1" 500 - "-" "Mozilla/5.0 AppleWebKit/537.36 (KHTML, like Gecko; compatible; ClaudeBot/1.0; +claudebot@anthropic.com)"
2a03:2880:16ff:2:: - - [13/Sep/2025:19:28:34 +0000] "GET / HTTP/1.1" 500 - "-" "facebookexternalhit/1.1 (+http://www.facebook.com/externalhit_uatext.php)"
216.73.216.47 - - [13/Sep/2025:19:28:34 +0000] "GET /jp/product/513073068573 HTTP/1.1" 500 - "-" "Mozilla/5.0 AppleWebKit/537.36 (KHTML, like Gecko; compatible; ClaudeBot/1.0; +claudebot@anthropic.com)"
17.241.75.240 - - [13/Sep/2025:19:29:03 +0000] "GET /jp/product/513126395796 HTTP/1.1" 500 - "-" "Mozilla/5.0 (Macintosh; Intel Mac OS X 10_15_7) AppleWebKit/605.1.15 (KHTML, like Gecko) Version/17.4 Safari/605.1.15 (Applebot/0.1; +http://www.apple.com/go/applebot)"
216.73.216.47 - - [13/Sep/2025:19:29:24 +0000] "GET /jp/product/51294705012 HTTP/1.1" 500 - "-" "Mozilla/5.0 AppleWebKit/537.36 (KHTML, like Gecko; compatible; ClaudeBot/1.0; +claudebot@anthropic.com)"
216.73.216.47 - - [13/Sep/2025:19:29:47 +0000] "GET /jp/product/51294547439 HTTP/1.1" 500 - "-" "Mozilla/5.0 AppleWebKit/537.36 (KHTML, like Gecko; compatible; ClaudeBot/1.0; +claudebot@anthropic.com)"
216.73.216.47 - - [13/Sep/2025:19:30:11 +0000] "GET /jp/product/512951679160 HTTP/1.1" 500 - "-" "Mozilla/5.0 AppleWebKit/537.36 (KHTML, like Gecko; compatible; ClaudeBot/1.0; +claudebot@anthropic.com)"
216.73.216.47 - - [13/Sep/2025:19:30:45 +0000] "GET /jp/product/512750715100 HTTP/1.1" 500 - "-" "Mozilla/5.0 AppleWebKit/537.36 (KHTML, like Gecko; compatible; ClaudeBot/1.0; +claudebot@anthropic.com)"
17.241.227.30 - - [13/Sep/2025:19:31:25 +0000] "GET /jp/product/512824849651 HTTP/1.1" 500 - "-" "Mozilla/5.0 (Macintosh; Intel Mac OS X 10_15_7) AppleWebKit/605.1.15 (KHTML, like Gecko) Version/17.4 Safari/605.1.15 (Applebot/0.1; +http://www.apple.com/go/applebot)"
34.231.71.34 - - [13/Sep/2025:19:32:22 +0000] "HEAD /feed HTTP/1.1" 500 - "-" "Slackbot 1.0 (+https://api.slack.com/robots)"
18.232.184.64 - - [13/Sep/2025:19:32:25 +0000] "GET /feed HTTP/1.1" 500 - "-" "Slackbot 1.0 (+https://api.slack.com/robots)"
216.73.216.47 - - [13/Sep/2025:19:32:35 +0000] "GET /jp/product/51308225580 HTTP/1.1" 500 - "-" "Mozilla/5.0 AppleWebKit/537.36 (KHTML, like Gecko; compatible; ClaudeBot/1.0; +claudebot@anthropic.com)"
216.73.216.47 - - [13/Sep/2025:19:33:12 +0000] "GET /jp/product/512612080157 HTTP/1.1" 500 - "-" "Mozilla/5.0 AppleWebKit/537.36 (KHTML, like Gecko; compatible; ClaudeBot/1.0; +claudebot@anthropic.com)"
216.73.216.47 - - [13/Sep/2025:19:33:43 +0000] "GET /jp/product/513031695537 HTTP/1.1" 500 - "-" "Mozilla/5.0 AppleWebKit/537.36 (KHTML, like Gecko; compatible; ClaudeBot/1.0; +claudebot@anthropic.com)"
216.73.216.47 - - [13/Sep/2025:19:33:56 +0000] "GET /jp/product/51318576059 HTTP/1.1" 500 - "-" "Mozilla/5.0 AppleWebKit/537.36 (KHTML, like Gecko; compatible; ClaudeBot/1.0; +claudebot@anthropic.com)"
95.108.213.170 - - [13/Sep/2025:19:34:43 +0000] "GET /robots.txt HTTP/1.1" 500 - "-" "Mozilla/5.0 (compatible; YandexBot/3.0; +http://yandex.com/bots)"
95.108.213.105 - - [13/Sep/2025:19:34:47 +0000] "GET /robots.txt HTTP/1.1" 500 - "-" "Mozilla/5.0 (compatible; YandexBot/3.0; +http://yandex.com/bots)"
87.250.224.201 - - [13/Sep/2025:19:34:52 +0000] "GET /robots.txt HTTP/1.1" 500 - "-" "Mozilla/5.0 (compatible; YandexBot/3.0; +http://yandex.com/bots)"
5.255.231.108 - - [13/Sep/2025:19:34:57 +0000] "GET /robots.txt HTTP/1.1" 500 - "-" "Mozilla/5.0 (compatible; YandexBot/3.0; +http://yandex.com/bots)"
77.88.9.134 - - [13/Sep/2025:19:35:02 +0000] "GET / HTTP/1.1" 500 - "-" "Mozilla/5.0 (compatible; YandexBot/3.0; +http://yandex.com/bots)"
5.255.231.172 - - [13/Sep/2025:19:35:01 +0000] "GET /robots.txt HTTP/1.1" 500 - "-" "Mozilla/5.0 (compatible; YandexBot/3.0; +http://yandex.com/bots)"
5.255.231.68 - - [13/Sep/2025:19:35:05 +0000] "GET /robots.txt HTTP/1.1" 500 - "-" "Mozilla/5.0 (compatible; YandexBot/3.0; +http://yandex.com/bots)"
95.108.213.240 - - [13/Sep/2025:19:35:08 +0000] "GET /robots.txt HTTP/1.1" 500 - "-" "Mozilla/5.0 (compatible; YandexBot/3.0; +http://yandex.com/bots)"
87.250.224.122 - - [13/Sep/2025:19:35:12 +0000] "GET /robots.txt HTTP/1.1" 500 - "-" "Mozilla/5.0 (compatible; YandexBot/3.0; +http://yandex.com/bots)"
213.180.203.222 - - [13/Sep/2025:19:35:16 +0000] "GET /robots.txt HTTP/1.1" 500 - "-" "Mozilla/5.0 (compatible; YandexBot/3.0; +http://yandex.com/bots)"
95.108.213.173 - - [13/Sep/2025:19:35:21 +0000] "GET /robots.txt HTTP/1.1" 500 - "-" "Mozilla/5.0 (compatible; YandexBot/3.0; +http://yandex.com/bots)"
87.250.224.227 - - [13/Sep/2025:19:35:26 +0000] "GET /robots.txt HTTP/1.1" 500 - "-" "Mozilla/5.0 (compatible; YandexBot/3.0; +http://yandex.com/bots)"
216.73.216.47 - - [13/Sep/2025:19:35:36 +0000] "GET /jp/product/512721506562 HTTP/1.1" 500 - "-" "Mozilla/5.0 AppleWebKit/537.36 (KHTML, like Gecko; compatible; ClaudeBot/1.0; +claudebot@anthropic.com)"
216.73.216.47 - - [13/Sep/2025:19:36:11 +0000] "GET /wp-includes/revisions.php HTTP/1.1" 200 - "-" "Mozilla/5.0 AppleWebKit/537.36 (KHTML, like Gecko; compatible; ClaudeBot/1.0; +claudebot@anthropic.com)"
13.79.168.144 - - [13/Sep/2025:19:36:12 +0000] "GET /wp-content/plugins/hellopress/wp_filemanager.php HTTP/1.1" 500 - "-" "-"
13.79.168.144 - - [13/Sep/2025:19:36:15 +0000] "GET /aa.php HTTP/1.1" 500 - "-" "-"
13.79.168.144 - - [13/Sep/2025:19:36:17 +0000] "GET /f35.php HTTP/1.1" 500 - "-" "-"
13.79.168.144 - - [13/Sep/2025:19:36:20 +0000] "GET /2.php HTTP/1.1" 500 - "-" "-"
13.79.168.144 - - [13/Sep/2025:19:36:23 +0000] "GET /gfile.php HTTP/1.1" 500 - "-" "-"
13.79.168.144 - - [13/Sep/2025:19:36:26 +0000] "GET /lc.php HTTP/1.1" 500 - "-" "-"
13.79.168.144 - - [13/Sep/2025:19:36:29 +0000] "GET /ol.php HTTP/1.1" 500 - "-" "-"
13.79.168.144 - - [13/Sep/2025:19:36:32 +0000] "GET /great.php HTTP/1.1" 500 - "-" "-"
13.79.168.144 - - [13/Sep/2025:19:36:34 +0000] "GET /r4f_1.php HTTP/1.1" 500 - "-" "-"
13.79.168.144 - - [13/Sep/2025:19:36:37 +0000] "GET /bq.php HTTP/1.1" 500 - "-" "-"
13.79.168.144 - - [13/Sep/2025:19:36:40 +0000] "GET /sarang.php HTTP/1.1" 500 - "-" "-"
13.79.168.144 - - [13/Sep/2025:19:36:43 +0000] "GET /13.php HTTP/1.1" 500 - "-" "-"
13.79.168.144 - - [13/Sep/2025:19:36:46 +0000] "GET /bu5.php HTTP/1.1" 500 - "-" "-"
13.79.168.144 - - [13/Sep/2025:19:36:48 +0000] "GET /ffile.php HTTP/1.1" 500 - "-" "-"
216.73.216.47 - - [13/Sep/2025:19:36:51 +0000] "GET /jp/product/51279787628 HTTP/1.1" 500 - "-" "Mozilla/5.0 AppleWebKit/537.36 (KHTML, like Gecko; compatible; ClaudeBot/1.0; +claudebot@anthropic.com)"
2001:ee0:4726:5746:6440:9074:b079:7dbc - - [13/Sep/2025:19:36:50 +0000] "GET / HTTP/1.1" 500 - "-" "Mozilla/5.0 (Windows NT 10.0; Win64; x64) AppleWebKit/537.36 (KHTML, like Gecko) Chrome/135.0.0.0 Safari/537.36"
13.79.168.144 - - [13/Sep/2025:19:36:51 +0000] "GET /bless2.php HTTP/1.1" 500 - "-" "-"
13.79.168.144 - - [13/Sep/2025:19:36:54 +0000] "GET /num.php HTTP/1.1" 500 - "-" "-"
13.79.168.144 - - [13/Sep/2025:19:36:56 +0000] "GET /slo.php HTTP/1.1" 500 - "-" "-"
13.79.168.144 - - [13/Sep/2025:19:36:59 +0000] "GET /ava.php HTTP/1.1" 500 - "-" "-"
13.79.168.144 - - [13/Sep/2025:19:37:02 +0000] "GET /aa17.php HTTP/1.1" 500 - "-" "-"
13.79.168.144 - - [13/Sep/2025:19:37:05 +0000] "GET /wsr2.php HTTP/1.1" 500 - "-" "-"
13.79.168.144 - - [13/Sep/2025:19:37:07 +0000] "GET /zc.php HTTP/1.1" 500 - "-" "-"
13.79.168.144 - - [13/Sep/2025:19:37:10 +0000] "GET /bypass.php HTTP/1.1" 500 - "-" "-"
13.79.168.144 - - [13/Sep/2025:19:37:13 +0000] "GET /filei.php HTTP/1.1" 500 - "-" "-"
13.79.168.144 - - [13/Sep/2025:19:37:16 +0000] "GET /ot.php HTTP/1.1" 500 - "-" "-"
13.79.168.144 - - [13/Sep/2025:19:37:18 +0000] "GET /pass.php HTTP/1.1" 500 - "-" "-"
13.79.168.144 - - [13/Sep/2025:19:37:21 +0000] "GET /ioxi-o.php HTTP/1.1" 500 - "-" "-"
13.79.168.144 - - [13/Sep/2025:19:37:24 +0000] "GET /axx.php HTTP/1.1" 500 - "-" "-"
13.79.168.144 - - [13/Sep/2025:19:37:28 +0000] "GET /cool.php HTTP/1.1" 500 - "-" "-"
13.79.168.144 - - [13/Sep/2025:19:37:31 +0000] "GET /aua.php HTTP/1.1" 500 - "-" "-"
13.79.168.144 - - [13/Sep/2025:19:37:35 +0000] "GET /aa8.php HTTP/1.1" 500 - "-" "-"
13.79.168.144 - - [13/Sep/2025:19:37:39 +0000] "GET /akc.php HTTP/1.1" 500 - "-" "-"
13.79.168.144 - - [13/Sep/2025:19:37:44 +0000] "GET /bless3.php HTTP/1.1" 500 - "-" "-"
216.73.216.47 - - [13/Sep/2025:19:37:48 +0000] "GET /jp/product/5126310092 HTTP/1.1" 500 - "-" "Mozilla/5.0 AppleWebKit/537.36 (KHTML, like Gecko; compatible; ClaudeBot/1.0; +claudebot@anthropic.com)"
13.79.168.144 - - [13/Sep/2025:19:37:48 +0000] "GET /CLA.php HTTP/1.1" 500 - "-" "-"
13.79.168.144 - - [13/Sep/2025:19:37:51 +0000] "GET /3.php HTTP/1.1" 500 - "-" "-"
13.79.168.144 - - [13/Sep/2025:19:37:54 +0000] "GET /new.php HTTP/1.1" 500 - "-" "-"
13.79.168.144 - - [13/Sep/2025:19:37:57 +0000] "GET /wander.php HTTP/1.1" 500 - "-" "-"
13.79.168.144 - - [13/Sep/2025:19:38:00 +0000] "GET /gold.php HTTP/1.1" 500 - "-" "-"
13.79.168.144 - - [13/Sep/2025:19:38:03 +0000] "GET /ggs.php HTTP/1.1" 500 - "-" "-"
13.79.168.144 - - [13/Sep/2025:19:38:05 +0000] "GET /winkel.php HTTP/1.1" 500 - "-" "-"
13.79.168.144 - - [13/Sep/2025:19:38:08 +0000] "GET /ee.php HTTP/1.1" 500 - "-" "-"
13.79.168.144 - - [13/Sep/2025:19:38:11 +0000] "GET /33.php HTTP/1.1" 500 - "-" "-"
216.73.216.47 - - [13/Sep/2025:19:38:14 +0000] "GET /jp/product/512730141930 HTTP/1.1" 500 - "-" "Mozilla/5.0 AppleWebKit/537.36 (KHTML, like Gecko; compatible; ClaudeBot/1.0; +claudebot@anthropic.com)"
13.79.168.144 - - [13/Sep/2025:19:38:14 +0000] "GET /wo.php HTTP/1.1" 500 - "-" "-"
13.79.168.144 - - [13/Sep/2025:19:38:16 +0000] "GET /test2.php HTTP/1.1" 500 - "-" "-"
216.73.216.47 - - [13/Sep/2025:19:38:27 +0000] "GET /jp/product/512774515018 HTTP/1.1" 500 - "-" "Mozilla/5.0 AppleWebKit/537.36 (KHTML, like Gecko; compatible; ClaudeBot/1.0; +claudebot@anthropic.com)"
213.186.1.154 - - [13/Sep/2025:19:38:55 +0000] "GET / HTTP/1.1" 500 - "-" "Mediatoolkitbot (complaints@mediatoolkit.com)"
216.73.216.47 - - [13/Sep/2025:19:39:01 +0000] "GET /jp/product/5127547700 HTTP/1.1" 500 - "-" "Mozilla/5.0 AppleWebKit/537.36 (KHTML, like Gecko; compatible; ClaudeBot/1.0; +claudebot@anthropic.com)"
216.73.216.47 - - [13/Sep/2025:19:39:36 +0000] "GET /jp/product/513123529497 HTTP/1.1" 500 - "-" "Mozilla/5.0 AppleWebKit/537.36 (KHTML, like Gecko; compatible; ClaudeBot/1.0; +claudebot@anthropic.com)"
66.249.70.138 - - [13/Sep/2025:19:39:59 +0000] "GET /jp/product/51263056712 HTTP/1.1" 200 82856 "-" "Mozilla/5.0 (Linux; Android 6.0.1; Nexus 5X Build/MMB29P) AppleWebKit/537.36 (KHTML, like Gecko) Chrome/140.0.7339.127 Mobile Safari/537.36 (compatible; Googlebot/2.1; +http://www.google.com/bot.html)"
216.73.216.47 - - [13/Sep/2025:19:40:10 +0000] "GET /jp/product/512721529006 HTTP/1.1" 500 - "-" "Mozilla/5.0 AppleWebKit/537.36 (KHTML, like Gecko; compatible; ClaudeBot/1.0; +claudebot@anthropic.com)"
216.73.216.47 - - [13/Sep/2025:19:40:46 +0000] "GET /jp/product/51263182641 HTTP/1.1" 500 - "-" "Mozilla/5.0 AppleWebKit/537.36 (KHTML, like Gecko; compatible; ClaudeBot/1.0; +claudebot@anthropic.com)"
216.73.216.47 - - [13/Sep/2025:19:41:20 +0000] "GET /jp/product/512871822788 HTTP/1.1" 500 - "-" "Mozilla/5.0 AppleWebKit/537.36 (KHTML, like Gecko; compatible; ClaudeBot/1.0; +claudebot@anthropic.com)"
216.73.216.47 - - [13/Sep/2025:19:41:54 +0000] "GET /jp/product/51284104731 HTTP/1.1" 500 - "-" "Mozilla/5.0 AppleWebKit/537.36 (KHTML, like Gecko; compatible; ClaudeBot/1.0; +claudebot@anthropic.com)"
216.73.216.47 - - [13/Sep/2025:19:42:29 +0000] "GET /jp/product/513011282334 HTTP/1.1" 500 - "-" "Mozilla/5.0 AppleWebKit/537.36 (KHTML, like Gecko; compatible; ClaudeBot/1.0; +claudebot@anthropic.com)"
216.73.216.47 - - [13/Sep/2025:19:43:03 +0000] "GET /jp/product/512972291587 HTTP/1.1" 500 - "-" "Mozilla/5.0 AppleWebKit/537.36 (KHTML, like Gecko; compatible; ClaudeBot/1.0; +claudebot@anthropic.com)"
51.89.129.5 - - [13/Sep/2025:19:43:20 +0000] "GET /robots.txt HTTP/1.1" 500 - "-" "Mozilla/5.0 (compatible; AhrefsBot/7.0; +http://ahrefs.com/robot/)"
216.73.216.47 - - [13/Sep/2025:19:43:37 +0000] "GET /jp/product/512674078848 HTTP/1.1" 500 - "-" "Mozilla/5.0 AppleWebKit/537.36 (KHTML, like Gecko; compatible; ClaudeBot/1.0; +claudebot@anthropic.com)"
216.73.216.47 - - [13/Sep/2025:19:44:00 +0000] "GET /jp/product/51263262717 HTTP/1.1" 500 - "-" "Mozilla/5.0 AppleWebKit/537.36 (KHTML, like Gecko; compatible; ClaudeBot/1.0; +claudebot@anthropic.com)"
216.73.216.47 - - [13/Sep/2025:19:44:34 +0000] "GET /jp/product/51315557021 HTTP/1.1" 500 - "-" "Mozilla/5.0 AppleWebKit/537.36 (KHTML, like Gecko; compatible; ClaudeBot/1.0; +claudebot@anthropic.com)"
216.73.216.47 - - [13/Sep/2025:19:45:06 +0000] "GET /jp/product/51294525480 HTTP/1.1" 500 - "-" "Mozilla/5.0 AppleWebKit/537.36 (KHTML, like Gecko; compatible; ClaudeBot/1.0; +claudebot@anthropic.com)"
216.73.216.47 - - [13/Sep/2025:19:45:41 +0000] "GET /jp/product/512821698901 HTTP/1.1" 500 - "-" "Mozilla/5.0 AppleWebKit/537.36 (KHTML, like Gecko; compatible; ClaudeBot/1.0; +claudebot@anthropic.com)"
216.73.216.47 - - [13/Sep/2025:19:46:15 +0000] "GET /jp/product/51302218443 HTTP/1.1" 500 - "-" "Mozilla/5.0 AppleWebKit/537.36 (KHTML, like Gecko; compatible; ClaudeBot/1.0; +claudebot@anthropic.com)"
52.167.144.160 - - [13/Sep/2025:19:47:29 +0000] "GET /jp/product/513135169050 HTTP/1.1" 200 83403 "-" "Mozilla/5.0 AppleWebKit/537.36 (KHTML, like Gecko; compatible; bingbot/2.0; +http://www.bing.com/bingbot.htm) Chrome/116.0.1938.76 Safari/537.36"
216.73.216.47 - - [13/Sep/2025:19:47:50 +0000] "GET /jp/product/51315693276 HTTP/1.1" 500 - "-" "Mozilla/5.0 AppleWebKit/537.36 (KHTML, like Gecko; compatible; ClaudeBot/1.0; +claudebot@anthropic.com)"
216.73.216.47 - - [13/Sep/2025:19:48:25 +0000] "GET /jp/product/51312584163 HTTP/1.1" 500 - "-" "Mozilla/5.0 AppleWebKit/537.36 (KHTML, like Gecko; compatible; ClaudeBot/1.0; +claudebot@anthropic.com)"
216.73.216.47 - - [13/Sep/2025:19:48:59 +0000] "GET /jp/product/51312613483 HTTP/1.1" 500 - "-" "Mozilla/5.0 AppleWebKit/537.36 (KHTML, like Gecko; compatible; ClaudeBot/1.0; +claudebot@anthropic.com)"
216.73.216.47 - - [13/Sep/2025:19:49:34 +0000] "GET /jp/product/51312705794 HTTP/1.1" 500 - "-" "Mozilla/5.0 AppleWebKit/537.36 (KHTML, like Gecko; compatible; ClaudeBot/1.0; +claudebot@anthropic.com)"
207.46.13.102 - - [13/Sep/2025:19:49:27 +0000] "GET /jp/product/51312706173 HTTP/1.1" 200 84226 "-" "Mozilla/5.0 AppleWebKit/537.36 (KHTML, like Gecko; compatible; bingbot/2.0; +http://www.bing.com/bingbot.htm) Chrome/116.0.1938.76 Safari/537.36"
157.55.39.205 - - [13/Sep/2025:19:49:53 +0000] "GET /jp/product/512839544696 HTTP/1.1" 200 84126 "-" "Mozilla/5.0 AppleWebKit/537.36 (KHTML, like Gecko; compatible; bingbot/2.0; +http://www.bing.com/bingbot.htm) Chrome/116.0.1938.76 Safari/537.36"
207.170.177.117 - - [13/Sep/2025:19:50:04 +0000] "GET / HTTP/1.1" 500 - "-" "Mozilla/5.0 (Macintosh; Intel Mac OS X 10_15_7) AppleWebKit/537.36 (KHTML, like Gecko) Chrome/131.0.0.0 Safari/537.36"
216.73.216.47 - - [13/Sep/2025:19:50:10 +0000] "GET /jp/product/51312562859 HTTP/1.1" 500 - "-" "Mozilla/5.0 AppleWebKit/537.36 (KHTML, like Gecko; compatible; ClaudeBot/1.0; +claudebot@anthropic.com)"
177.22.174.242 - - [13/Sep/2025:19:50:09 +0000] "GET /jp/product/5127825601 HTTP/1.1" 500 - "-" "Mozilla/5.0 (Macintosh; Intel Mac OS X 10_13_6) AppleWebKit/537.36 (KHTML, like Gecko) Chrome/68.0.3440.106 Safari/537.36"
207.170.177.137 - - [13/Sep/2025:19:50:09 +0000] "GET / HTTP/1.1" 500 - "-" "Mozilla/5.0 (Macintosh; Intel Mac OS X 10_15_7) AppleWebKit/537.36 (KHTML, like Gecko) Chrome/131.0.0.0 Safari/537.36"
207.170.177.17 - - [13/Sep/2025:19:50:14 +0000] "GET / HTTP/1.1" 500 - "-" "Mozilla/5.0 (Macintosh; Intel Mac OS X 10_15_7) AppleWebKit/537.36 (KHTML, like Gecko) Chrome/131.0.0.0 Safari/537.36"
2001:569:bf16:c400:79a:d172:a5e5:2221 - - [13/Sep/2025:19:50:19 +0000] "GET / HTTP/1.1" 500 - "-" "Mozilla/5.0 (Macintosh; Intel Mac OS X 10_15_7) AppleWebKit/537.36 (KHTML, like Gecko) Chrome/131.0.0.0 Safari/537.36"
20.171.207.192 - - [13/Sep/2025:19:50:40 +0000] "GET /2014/04/ufos-over-goverment-buildings/ HTTP/1.1" 500 - "-" "Mozilla/5.0 AppleWebKit/537.36 (KHTML, like Gecko; compatible; GPTBot/1.2; +https://openai.com/gptbot)"
2001:4ca0:108:42::24 - - [13/Sep/2025:19:50:37 +0000] "GET /robots.txt HTTP/1.1" 200 461 "-" "Mozilla/5.0 (Windows NT 10.0; Win64; x64) AppleWebKit/537.36 (KHTML, like Gecko) Chrome/103.0.5060.134 Safari/537.36"
216.73.216.47 - - [13/Sep/2025:19:51:48 +0000] "GET /jp/product/51273663195 HTTP/1.1" 500 - "-" "Mozilla/5.0 AppleWebKit/537.36 (KHTML, like Gecko; compatible; ClaudeBot/1.0; +claudebot@anthropic.com)"
216.73.216.47 - - [13/Sep/2025:19:52:20 +0000] "GET /jp/product/51284144096 HTTP/1.1" 500 - "-" "Mozilla/5.0 AppleWebKit/537.36 (KHTML, like Gecko; compatible; ClaudeBot/1.0; +claudebot@anthropic.com)"
216.73.216.47 - - [13/Sep/2025:19:52:53 +0000] "GET /jp/product/51273530103 HTTP/1.1" 500 - "-" "Mozilla/5.0 AppleWebKit/537.36 (KHTML, like Gecko; compatible; ClaudeBot/1.0; +claudebot@anthropic.com)"
216.73.216.47 - - [13/Sep/2025:19:53:06 +0000] "GET /jp/product/51273733485 HTTP/1.1" 500 - "-" "Mozilla/5.0 AppleWebKit/537.36 (KHTML, like Gecko; compatible; ClaudeBot/1.0; +claudebot@anthropic.com)"
47.246.164.135 - - [13/Sep/2025:19:53:16 +0000] "GET /site/wp-content/uploads/2015/10/The-Lolladoff-Plate1-390x205.jpg HTTP/1.1" 200 84138 "-" "Mozilla/5.0 (Windows NT 6.2; WOW64) AppleWebKit/537.36 (KHTML, like Gecko) Chrome/75.0.3770.100 ADG/11.0.2510 AOLBUILD/11.0.2510 Safari/537.36"
