Submit
Path:
~
/
home
/
ampckwxt
/
access-logs
/
File Content:
ancientufo.org.ampcuan123.lol-ssl_log
216.73.216.47 - - [13/Sep/2025:16:48:29 +0000] "GET /jp/product/51294596545 HTTP/1.1" 500 - "-" "Mozilla/5.0 AppleWebKit/537.36 (KHTML, like Gecko; compatible; ClaudeBot/1.0; +claudebot@anthropic.com)"
34.174.23.177 - - [13/Sep/2025:16:48:36 +0000] "GET / HTTP/1.1" 500 - "http://playground-magazine.com/robots.txt" "Mozilla/5.0 (iPhone; CPU iPhone OS 18_5 like Mac OS X) AppleWebKit/605.1.15 (KHTML, like Gecko) Version/18.5 Mobile/15E148 Safari/604.1"
34.174.23.177 - - [13/Sep/2025:16:48:41 +0000] "GET / HTTP/1.1" 500 - "http://playground-magazine.com/2015/12/2015-family-favorite-awards-casselberry-maitland-fern-park/" "Mozilla/5.0 (iPhone; CPU iPhone OS 18_5 like Mac OS X) AppleWebKit/605.1.15 (KHTML, like Gecko) Version/18.5 Mobile/15E148 Safari/604.1"
216.73.216.47 - - [13/Sep/2025:16:49:03 +0000] "GET /jp/product/51308159425 HTTP/1.1" 500 - "-" "Mozilla/5.0 AppleWebKit/537.36 (KHTML, like Gecko; compatible; ClaudeBot/1.0; +claudebot@anthropic.com)"
216.73.216.47 - - [13/Sep/2025:16:49:15 +0000] "GET /jp/product/51315658550 HTTP/1.1" 500 - "-" "Mozilla/5.0 AppleWebKit/537.36 (KHTML, like Gecko; compatible; ClaudeBot/1.0; +claudebot@anthropic.com)"
17.241.227.154 - - [13/Sep/2025:16:49:24 +0000] "GET /jp/product/513025588356 HTTP/1.1" 500 - "-" "Mozilla/5.0 (Macintosh; Intel Mac OS X 10_15_7) AppleWebKit/605.1.15 (KHTML, like Gecko) Version/17.4 Safari/605.1.15 (Applebot/0.1; +http://www.apple.com/go/applebot)"
216.73.216.47 - - [13/Sep/2025:16:49:38 +0000] "GET /jp/product/51305316838 HTTP/1.1" 500 - "-" "Mozilla/5.0 AppleWebKit/537.36 (KHTML, like Gecko; compatible; ClaudeBot/1.0; +claudebot@anthropic.com)"
216.73.216.47 - - [13/Sep/2025:16:51:07 +0000] "GET /jp/product/51273904670 HTTP/1.1" 500 - "-" "Mozilla/5.0 AppleWebKit/537.36 (KHTML, like Gecko; compatible; ClaudeBot/1.0; +claudebot@anthropic.com)"
216.73.216.47 - - [13/Sep/2025:16:51:42 +0000] "GET /jp/product/51263165500 HTTP/1.1" 500 - "-" "Mozilla/5.0 AppleWebKit/537.36 (KHTML, like Gecko; compatible; ClaudeBot/1.0; +claudebot@anthropic.com)"
216.73.216.47 - - [13/Sep/2025:16:51:46 +0000] "GET /robots.txt HTTP/1.1" 500 - "-" "Mozilla/5.0 AppleWebKit/537.36 (KHTML, like Gecko; compatible; ClaudeBot/1.0; +claudebot@anthropic.com)"
216.73.216.47 - - [13/Sep/2025:16:52:17 +0000] "GET /jp/product/51284276028 HTTP/1.1" 500 - "-" "Mozilla/5.0 AppleWebKit/537.36 (KHTML, like Gecko; compatible; ClaudeBot/1.0; +claudebot@anthropic.com)"
216.73.216.47 - - [13/Sep/2025:16:52:51 +0000] "GET /jp/product/51273639350 HTTP/1.1" 500 - "-" "Mozilla/5.0 AppleWebKit/537.36 (KHTML, like Gecko; compatible; ClaudeBot/1.0; +claudebot@anthropic.com)"
213.186.1.154 - - [13/Sep/2025:16:52:50 +0000] "GET / HTTP/1.1" 500 - "-" "Mediatoolkitbot (complaints@mediatoolkit.com)"
2a02:598:96:8a00::1200:12f - - [13/Sep/2025:16:53:45 +0000] "GET /jp/product/51291740364 HTTP/1.1" 500 - "-" "Mozilla/5.0 (compatible; SeznamBot/4.0; +https://o-seznam.cz/napoveda/vyhledavani/en/seznambot-crawler/)"
2a02:598:96:8a00::1200:12f - - [13/Sep/2025:16:53:45 +0000] "GET /robots.txt HTTP/1.1" 200 97 "-" "Mozilla/5.0 (compatible; SeznamBot/4.0; +https://o-seznam.cz/napoveda/vyhledavani/en/seznambot-crawler/)"
216.73.216.47 - - [13/Sep/2025:16:53:57 +0000] "GET /jp/product/513010871622 HTTP/1.1" 500 - "-" "Mozilla/5.0 AppleWebKit/537.36 (KHTML, like Gecko; compatible; ClaudeBot/1.0; +claudebot@anthropic.com)"
2a04:4e41:3a03:d381::b215:b381 - - [13/Sep/2025:16:54:03 +0000] "GET / HTTP/1.1" 500 - "-" "Mozilla/5.0 (iPhone; CPU iPhone OS 18_6_2 like Mac OS X) AppleWebKit/605.1.15 (KHTML, like Gecko) Version/18.6 Mobile/15E148 Safari/604.1"
216.73.216.47 - - [13/Sep/2025:16:54:31 +0000] "GET /jp/product/512629875155 HTTP/1.1" 500 - "-" "Mozilla/5.0 AppleWebKit/537.36 (KHTML, like Gecko; compatible; ClaudeBot/1.0; +claudebot@anthropic.com)"
216.73.216.47 - - [13/Sep/2025:16:55:06 +0000] "GET /jp/product/51302261428 HTTP/1.1" 500 - "-" "Mozilla/5.0 AppleWebKit/537.36 (KHTML, like Gecko; compatible; ClaudeBot/1.0; +claudebot@anthropic.com)"
54.236.1.51 - - [13/Sep/2025:16:55:17 +0000] "GET / HTTP/1.1" 500 - "-" "Mozilla/5.0 (compatible; Pinterestbot/1.0; +http://www.pinterest.com/bot.html)"
216.73.216.47 - - [13/Sep/2025:16:55:41 +0000] "GET /jp/product/51315453844 HTTP/1.1" 500 - "-" "Mozilla/5.0 AppleWebKit/537.36 (KHTML, like Gecko; compatible; ClaudeBot/1.0; +claudebot@anthropic.com)"
216.73.216.47 - - [13/Sep/2025:16:56:15 +0000] "GET /jp/product/512745122075 HTTP/1.1" 500 - "-" "Mozilla/5.0 AppleWebKit/537.36 (KHTML, like Gecko; compatible; ClaudeBot/1.0; +claudebot@anthropic.com)"
216.73.216.47 - - [13/Sep/2025:16:56:49 +0000] "GET /jp/product/51263255201 HTTP/1.1" 500 - "-" "Mozilla/5.0 AppleWebKit/537.36 (KHTML, like Gecko; compatible; ClaudeBot/1.0; +claudebot@anthropic.com)"
216.73.216.47 - - [13/Sep/2025:16:57:24 +0000] "GET /jp/product/512872211357 HTTP/1.1" 500 - "-" "Mozilla/5.0 AppleWebKit/537.36 (KHTML, like Gecko; compatible; ClaudeBot/1.0; +claudebot@anthropic.com)"
216.73.216.47 - - [13/Sep/2025:16:57:56 +0000] "GET /jp/product/51315586645 HTTP/1.1" 500 - "-" "Mozilla/5.0 AppleWebKit/537.36 (KHTML, like Gecko; compatible; ClaudeBot/1.0; +claudebot@anthropic.com)"
216.73.216.47 - - [13/Sep/2025:16:58:32 +0000] "GET /jp/product/513146762385 HTTP/1.1" 500 - "-" "Mozilla/5.0 AppleWebKit/537.36 (KHTML, like Gecko; compatible; ClaudeBot/1.0; +claudebot@anthropic.com)"
216.73.216.47 - - [13/Sep/2025:16:59:41 +0000] "GET /jp/product/513011297143 HTTP/1.1" 500 - "-" "Mozilla/5.0 AppleWebKit/537.36 (KHTML, like Gecko; compatible; ClaudeBot/1.0; +claudebot@anthropic.com)"
157.55.39.53 - - [13/Sep/2025:16:59:56 +0000] "GET /jp/product/51284269814 HTTP/1.1" 200 84861 "-" "Mozilla/5.0 AppleWebKit/537.36 (KHTML, like Gecko; compatible; bingbot/2.0; +http://www.bing.com/bingbot.htm) Chrome/116.0.1938.76 Safari/537.36"
216.73.216.47 - - [13/Sep/2025:17:00:16 +0000] "GET /jp/product/51302326271 HTTP/1.1" 500 - "-" "Mozilla/5.0 AppleWebKit/537.36 (KHTML, like Gecko; compatible; ClaudeBot/1.0; +claudebot@anthropic.com)"
216.73.216.47 - - [13/Sep/2025:17:00:51 +0000] "GET /jp/product/51318471061 HTTP/1.1" 500 - "-" "Mozilla/5.0 AppleWebKit/537.36 (KHTML, like Gecko; compatible; ClaudeBot/1.0; +claudebot@anthropic.com)"
216.73.216.47 - - [13/Sep/2025:17:00:48 +0000] "GET /robots.txt HTTP/1.1" 500 - "-" "Mozilla/5.0 AppleWebKit/537.36 (KHTML, like Gecko; compatible; ClaudeBot/1.0; +claudebot@anthropic.com)"
40.77.167.57 - - [13/Sep/2025:17:00:58 +0000] "GET /jp/product/512771459502 HTTP/1.1" 200 84603 "-" "Mozilla/5.0 AppleWebKit/537.36 (KHTML, like Gecko; compatible; bingbot/2.0; +http://www.bing.com/bingbot.htm) Chrome/116.0.1938.76 Safari/537.36"
216.73.216.47 - - [13/Sep/2025:17:01:25 +0000] "GET /jp/product/51302160884 HTTP/1.1" 500 - "-" "Mozilla/5.0 AppleWebKit/537.36 (KHTML, like Gecko; compatible; ClaudeBot/1.0; +claudebot@anthropic.com)"
216.73.216.47 - - [13/Sep/2025:17:02:25 +0000] "GET /jp/product/51302102783 HTTP/1.1" 500 - "-" "Mozilla/5.0 AppleWebKit/537.36 (KHTML, like Gecko; compatible; ClaudeBot/1.0; +claudebot@anthropic.com)"
207.46.13.102 - - [13/Sep/2025:17:02:18 +0000] "GET /jp/product/5127617146 HTTP/1.1" 200 86258 "-" "Mozilla/5.0 AppleWebKit/537.36 (KHTML, like Gecko; compatible; bingbot/2.0; +http://www.bing.com/bingbot.htm) Chrome/116.0.1938.76 Safari/537.36"
216.73.216.47 - - [13/Sep/2025:17:02:59 +0000] "GET /jp/product/51265987601 HTTP/1.1" 500 - "-" "Mozilla/5.0 AppleWebKit/537.36 (KHTML, like Gecko; compatible; ClaudeBot/1.0; +claudebot@anthropic.com)"
40.77.167.57 - - [13/Sep/2025:17:03:00 +0000] "GET /jp/product/51315564960 HTTP/1.1" 200 83446 "-" "Mozilla/5.0 AppleWebKit/537.36 (KHTML, like Gecko; compatible; bingbot/2.0; +http://www.bing.com/bingbot.htm) Chrome/116.0.1938.76 Safari/537.36"
216.73.216.47 - - [13/Sep/2025:17:03:31 +0000] "GET /jp/product/51284037750 HTTP/1.1" 500 - "-" "Mozilla/5.0 AppleWebKit/537.36 (KHTML, like Gecko; compatible; ClaudeBot/1.0; +claudebot@anthropic.com)"
216.73.216.47 - - [13/Sep/2025:17:03:45 +0000] "GET /jp/product/512866172581 HTTP/1.1" 500 - "-" "Mozilla/5.0 AppleWebKit/537.36 (KHTML, like Gecko; compatible; ClaudeBot/1.0; +claudebot@anthropic.com)"
216.73.216.47 - - [13/Sep/2025:17:04:19 +0000] "GET /jp/product/512819032032 HTTP/1.1" 500 - "-" "Mozilla/5.0 AppleWebKit/537.36 (KHTML, like Gecko; compatible; ClaudeBot/1.0; +claudebot@anthropic.com)"
216.73.216.47 - - [13/Sep/2025:17:05:37 +0000] "GET /jp/product/512830890937 HTTP/1.1" 500 - "-" "Mozilla/5.0 AppleWebKit/537.36 (KHTML, like Gecko; compatible; ClaudeBot/1.0; +claudebot@anthropic.com)"
216.73.216.47 - - [13/Sep/2025:17:06:11 +0000] "GET /jp/product/51284361630 HTTP/1.1" 500 - "-" "Mozilla/5.0 AppleWebKit/537.36 (KHTML, like Gecko; compatible; ClaudeBot/1.0; +claudebot@anthropic.com)"
216.73.216.47 - - [13/Sep/2025:17:06:35 +0000] "GET /jp/product/513043451574 HTTP/1.1" 500 - "-" "Mozilla/5.0 AppleWebKit/537.36 (KHTML, like Gecko; compatible; ClaudeBot/1.0; +claudebot@anthropic.com)"
216.73.216.47 - - [13/Sep/2025:17:06:57 +0000] "GET /jp/product/51305268328 HTTP/1.1" 500 - "-" "Mozilla/5.0 AppleWebKit/537.36 (KHTML, like Gecko; compatible; ClaudeBot/1.0; +claudebot@anthropic.com)"
216.73.216.47 - - [13/Sep/2025:17:07:31 +0000] "GET /jp/product/51266165772 HTTP/1.1" 500 - "-" "Mozilla/5.0 AppleWebKit/537.36 (KHTML, like Gecko; compatible; ClaudeBot/1.0; +claudebot@anthropic.com)"
216.73.216.47 - - [13/Sep/2025:17:07:56 +0000] "GET /jp/product/51263011660 HTTP/1.1" 500 - "-" "Mozilla/5.0 AppleWebKit/537.36 (KHTML, like Gecko; compatible; ClaudeBot/1.0; +claudebot@anthropic.com)"
216.73.216.47 - - [13/Sep/2025:17:08:31 +0000] "GET /jp/product/51273679084 HTTP/1.1" 500 - "-" "Mozilla/5.0 AppleWebKit/537.36 (KHTML, like Gecko; compatible; ClaudeBot/1.0; +claudebot@anthropic.com)"
216.73.216.47 - - [13/Sep/2025:17:09:05 +0000] "GET /jp/product/512922137744 HTTP/1.1" 500 - "-" "Mozilla/5.0 AppleWebKit/537.36 (KHTML, like Gecko; compatible; ClaudeBot/1.0; +claudebot@anthropic.com)"
2804:1b2:2044:ad3d:4459:16a4:d2a7:1c1a - - [13/Sep/2025:17:09:33 +0000] "GET / HTTP/1.1" 500 - "-" "Mozilla/5.0 (Windows NT 10.0; Win64; x64) AppleWebKit/537.36 (KHTML, like Gecko) Chrome/91.0.4472.124 Safari/537.36"
216.73.216.47 - - [13/Sep/2025:17:09:40 +0000] "GET /jp/product/51312741570 HTTP/1.1" 500 - "-" "Mozilla/5.0 AppleWebKit/537.36 (KHTML, like Gecko; compatible; ClaudeBot/1.0; +claudebot@anthropic.com)"
181.222.49.99 - - [13/Sep/2025:17:09:44 +0000] "GET / HTTP/1.1" 500 - "-" "Mozilla/5.0 (Linux; Android 10; x64) AppleWebKit/537.36 (KHTML, like Gecko) Safari/12.0.0.0 Safari/537.36"
216.73.216.47 - - [13/Sep/2025:17:10:10 +0000] "GET /jp/product/5127501899 HTTP/1.1" 500 - "-" "Mozilla/5.0 AppleWebKit/537.36 (KHTML, like Gecko; compatible; ClaudeBot/1.0; +claudebot@anthropic.com)"
216.73.216.47 - - [13/Sep/2025:17:10:45 +0000] "GET /jp/product/51266136021 HTTP/1.1" 500 - "-" "Mozilla/5.0 AppleWebKit/537.36 (KHTML, like Gecko; compatible; ClaudeBot/1.0; +claudebot@anthropic.com)"
216.73.216.47 - - [13/Sep/2025:17:11:19 +0000] "GET /jp/product/51291799475 HTTP/1.1" 500 - "-" "Mozilla/5.0 AppleWebKit/537.36 (KHTML, like Gecko; compatible; ClaudeBot/1.0; +claudebot@anthropic.com)"
216.73.216.47 - - [13/Sep/2025:17:11:54 +0000] "GET /jp/product/51291640790 HTTP/1.1" 500 - "-" "Mozilla/5.0 AppleWebKit/537.36 (KHTML, like Gecko; compatible; ClaudeBot/1.0; +claudebot@anthropic.com)"
216.73.216.47 - - [13/Sep/2025:17:12:17 +0000] "GET /jp/product/512946051389 HTTP/1.1" 500 - "-" "Mozilla/5.0 AppleWebKit/537.36 (KHTML, like Gecko; compatible; ClaudeBot/1.0; +claudebot@anthropic.com)"
216.73.216.47 - - [13/Sep/2025:17:12:52 +0000] "GET /jp/product/51302460414 HTTP/1.1" 500 - "-" "Mozilla/5.0 AppleWebKit/537.36 (KHTML, like Gecko; compatible; ClaudeBot/1.0; +claudebot@anthropic.com)"
207.46.13.102 - - [13/Sep/2025:17:13:10 +0000] "GET /jp/product/512937202508 HTTP/1.1" 200 84855 "-" "Mozilla/5.0 AppleWebKit/537.36 (KHTML, like Gecko; compatible; bingbot/2.0; +http://www.bing.com/bingbot.htm) Chrome/116.0.1938.76 Safari/537.36"
216.73.216.47 - - [13/Sep/2025:17:13:26 +0000] "GET /jp/product/51294894258 HTTP/1.1" 500 - "-" "Mozilla/5.0 AppleWebKit/537.36 (KHTML, like Gecko; compatible; ClaudeBot/1.0; +claudebot@anthropic.com)"
216.73.216.47 - - [13/Sep/2025:17:13:39 +0000] "GET /jp/product/51297625453 HTTP/1.1" 500 - "-" "Mozilla/5.0 AppleWebKit/537.36 (KHTML, like Gecko; compatible; ClaudeBot/1.0; +claudebot@anthropic.com)"
52.167.144.199 - - [13/Sep/2025:17:13:41 +0000] "GET /jp/product/513152794572 HTTP/1.1" 200 83937 "-" "Mozilla/5.0 AppleWebKit/537.36 (KHTML, like Gecko; compatible; bingbot/2.0; +http://www.bing.com/bingbot.htm) Chrome/116.0.1938.76 Safari/537.36"
216.73.216.47 - - [13/Sep/2025:17:14:14 +0000] "GET /jp/product/51284178611 HTTP/1.1" 500 - "-" "Mozilla/5.0 AppleWebKit/537.36 (KHTML, like Gecko; compatible; ClaudeBot/1.0; +claudebot@anthropic.com)"
216.73.216.47 - - [13/Sep/2025:17:14:48 +0000] "GET /jp/product/512910752892 HTTP/1.1" 500 - "-" "Mozilla/5.0 AppleWebKit/537.36 (KHTML, like Gecko; compatible; ClaudeBot/1.0; +claudebot@anthropic.com)"
52.167.144.199 - - [13/Sep/2025:17:14:51 +0000] "GET /jp/product/51318672798 HTTP/1.1" 200 85630 "-" "Mozilla/5.0 AppleWebKit/537.36 (KHTML, like Gecko; compatible; bingbot/2.0; +http://www.bing.com/bingbot.htm) Chrome/116.0.1938.76 Safari/537.36"
52.167.144.199 - - [13/Sep/2025:17:15:10 +0000] "GET /jp/product/512676729000 HTTP/1.1" 200 87202 "-" "Mozilla/5.0 AppleWebKit/537.36 (KHTML, like Gecko; compatible; bingbot/2.0; +http://www.bing.com/bingbot.htm) Chrome/116.0.1938.76 Safari/537.36"
216.73.216.47 - - [13/Sep/2025:17:15:23 +0000] "GET /jp/product/51312658571 HTTP/1.1" 500 - "-" "Mozilla/5.0 AppleWebKit/537.36 (KHTML, like Gecko; compatible; ClaudeBot/1.0; +claudebot@anthropic.com)"
192.0.102.50 - - [13/Sep/2025:17:15:46 +0000] "GET /site/wp-content/uploads/2016/07/alien-white-house-valiant-thor.jpg HTTP/1.1" 500 - "-" "Photon/1.0"
216.73.216.47 - - [13/Sep/2025:17:15:57 +0000] "GET /jp/product/51262998990 HTTP/1.1" 500 - "-" "Mozilla/5.0 AppleWebKit/537.36 (KHTML, like Gecko; compatible; ClaudeBot/1.0; +claudebot@anthropic.com)"
216.73.216.47 - - [13/Sep/2025:17:16:19 +0000] "GET /jp/product/51265906579 HTTP/1.1" 500 - "-" "Mozilla/5.0 AppleWebKit/537.36 (KHTML, like Gecko; compatible; ClaudeBot/1.0; +claudebot@anthropic.com)"
216.73.216.47 - - [13/Sep/2025:17:16:55 +0000] "GET /jp/product/51263019971 HTTP/1.1" 500 - "-" "Mozilla/5.0 AppleWebKit/537.36 (KHTML, like Gecko; compatible; ClaudeBot/1.0; +claudebot@anthropic.com)"
216.73.216.47 - - [13/Sep/2025:17:17:26 +0000] "GET /jp/product/513022962567 HTTP/1.1" 500 - "-" "Mozilla/5.0 AppleWebKit/537.36 (KHTML, like Gecko; compatible; ClaudeBot/1.0; +claudebot@anthropic.com)"
216.73.216.47 - - [13/Sep/2025:17:18:01 +0000] "GET /jp/product/51265962946 HTTP/1.1" 500 - "-" "Mozilla/5.0 AppleWebKit/537.36 (KHTML, like Gecko; compatible; ClaudeBot/1.0; +claudebot@anthropic.com)"
216.73.216.47 - - [13/Sep/2025:17:18:34 +0000] "GET /jp/product/51284310361 HTTP/1.1" 500 - "-" "Mozilla/5.0 AppleWebKit/537.36 (KHTML, like Gecko; compatible; ClaudeBot/1.0; +claudebot@anthropic.com)"
216.73.216.47 - - [13/Sep/2025:17:19:09 +0000] "GET /jp/product/51308341922 HTTP/1.1" 500 - "-" "Mozilla/5.0 AppleWebKit/537.36 (KHTML, like Gecko; compatible; ClaudeBot/1.0; +claudebot@anthropic.com)"
216.73.216.47 - - [13/Sep/2025:17:19:44 +0000] "GET /jp/product/512824698942 HTTP/1.1" 500 - "-" "Mozilla/5.0 AppleWebKit/537.36 (KHTML, like Gecko; compatible; ClaudeBot/1.0; +claudebot@anthropic.com)"
216.73.216.47 - - [13/Sep/2025:17:20:16 +0000] "GET /jp/product/512750966736 HTTP/1.1" 500 - "-" "Mozilla/5.0 AppleWebKit/537.36 (KHTML, like Gecko; compatible; ClaudeBot/1.0; +claudebot@anthropic.com)"
216.73.216.47 - - [13/Sep/2025:17:20:29 +0000] "GET /jp/product/512721313802 HTTP/1.1" 500 - "-" "Mozilla/5.0 AppleWebKit/537.36 (KHTML, like Gecko; compatible; ClaudeBot/1.0; +claudebot@anthropic.com)"
216.73.216.47 - - [13/Sep/2025:17:21:22 +0000] "GET /jp/product/5127976492 HTTP/1.1" 500 - "-" "Mozilla/5.0 AppleWebKit/537.36 (KHTML, like Gecko; compatible; ClaudeBot/1.0; +claudebot@anthropic.com)"
216.73.216.47 - - [13/Sep/2025:17:21:57 +0000] "GET /jp/product/51302373921 HTTP/1.1" 500 - "-" "Mozilla/5.0 AppleWebKit/537.36 (KHTML, like Gecko; compatible; ClaudeBot/1.0; +claudebot@anthropic.com)"
216.73.216.47 - - [13/Sep/2025:17:22:29 +0000] "GET /jp/product/51302106558 HTTP/1.1" 500 - "-" "Mozilla/5.0 AppleWebKit/537.36 (KHTML, like Gecko; compatible; ClaudeBot/1.0; +claudebot@anthropic.com)"
216.73.216.47 - - [13/Sep/2025:17:22:54 +0000] "GET /jp/product/512810232161 HTTP/1.1" 500 - "-" "Mozilla/5.0 AppleWebKit/537.36 (KHTML, like Gecko; compatible; ClaudeBot/1.0; +claudebot@anthropic.com)"
216.73.216.47 - - [13/Sep/2025:17:23:27 +0000] "GET /jp/product/51268868959 HTTP/1.1" 500 - "-" "Mozilla/5.0 AppleWebKit/537.36 (KHTML, like Gecko; compatible; ClaudeBot/1.0; +claudebot@anthropic.com)"
40.77.167.12 - - [13/Sep/2025:17:24:01 +0000] "GET /jp/product/512738978515 HTTP/1.1" 200 84911 "-" "Mozilla/5.0 AppleWebKit/537.36 (KHTML, like Gecko; compatible; bingbot/2.0; +http://www.bing.com/bingbot.htm) Chrome/116.0.1938.76 Safari/537.36"
216.73.216.47 - - [13/Sep/2025:17:25:03 +0000] "GET /jp/product/512612262612 HTTP/1.1" 500 - "-" "Mozilla/5.0 AppleWebKit/537.36 (KHTML, like Gecko; compatible; ClaudeBot/1.0; +claudebot@anthropic.com)"
216.73.216.47 - - [13/Sep/2025:17:25:37 +0000] "GET /jp/product/512644494279 HTTP/1.1" 500 - "-" "Mozilla/5.0 AppleWebKit/537.36 (KHTML, like Gecko; compatible; ClaudeBot/1.0; +claudebot@anthropic.com)"
216.73.216.47 - - [13/Sep/2025:17:26:12 +0000] "GET /jp/product/513132323062 HTTP/1.1" 500 - "-" "Mozilla/5.0 AppleWebKit/537.36 (KHTML, like Gecko; compatible; ClaudeBot/1.0; +claudebot@anthropic.com)"
216.73.216.47 - - [13/Sep/2025:17:26:46 +0000] "GET /jp/product/512931471187 HTTP/1.1" 500 - "-" "Mozilla/5.0 AppleWebKit/537.36 (KHTML, like Gecko; compatible; ClaudeBot/1.0; +claudebot@anthropic.com)"
145.239.10.137 - - [13/Sep/2025:17:27:38 +0000] "GET / HTTP/1.1" 500 - "https://ancientufo.org/" "Mozilla/5.0 (iPhone; CPU iPhone OS 17_5_1 like Mac OS X) AppleWebKit/605.1.15 (KHTML, like Gecko) Version/17.5 Mobile/15E148 Safari/604.1"
216.73.216.47 - - [13/Sep/2025:17:27:47 +0000] "GET /jp/product/51302014893 HTTP/1.1" 500 - "-" "Mozilla/5.0 AppleWebKit/537.36 (KHTML, like Gecko; compatible; ClaudeBot/1.0; +claudebot@anthropic.com)"
216.73.216.47 - - [13/Sep/2025:17:28:21 +0000] "GET /jp/product/51289960924 HTTP/1.1" 500 - "-" "Mozilla/5.0 AppleWebKit/537.36 (KHTML, like Gecko; compatible; ClaudeBot/1.0; +claudebot@anthropic.com)"
216.73.216.47 - - [13/Sep/2025:17:28:53 +0000] "GET /jp/product/513132397287 HTTP/1.1" 500 - "-" "Mozilla/5.0 AppleWebKit/537.36 (KHTML, like Gecko; compatible; ClaudeBot/1.0; +claudebot@anthropic.com)"
216.73.216.47 - - [13/Sep/2025:17:29:06 +0000] "GET /jp/product/51297534281 HTTP/1.1" 500 - "-" "Mozilla/5.0 AppleWebKit/537.36 (KHTML, like Gecko; compatible; ClaudeBot/1.0; +claudebot@anthropic.com)"
216.73.216.47 - - [13/Sep/2025:17:29:41 +0000] "GET /jp/product/512771701603 HTTP/1.1" 500 - "-" "Mozilla/5.0 AppleWebKit/537.36 (KHTML, like Gecko; compatible; ClaudeBot/1.0; +claudebot@anthropic.com)"
119.249.100.234 - - [13/Sep/2025:17:30:29 +0000] "GET / HTTP/1.1" 500 - "-" "Mozilla/5.0 (Windows NT 10.0; WOW64) AppleWebKit/537.36 (KHTML, like Gecko) Chrome/48.0.2564.116 Safari/537.36"
119.249.100.108 - - [13/Sep/2025:17:30:41 +0000] "GET / HTTP/1.1" 500 - "-" "Mozilla/5.0 (Windows NT 10.0; WOW64) AppleWebKit/537.36 (KHTML, like Gecko) Chrome/48.0.2564.116 Safari/537.36"
216.73.216.47 - - [13/Sep/2025:17:31:37 +0000] "GET /jp/product/51289938758 HTTP/1.1" 500 - "-" "Mozilla/5.0 AppleWebKit/537.36 (KHTML, like Gecko; compatible; ClaudeBot/1.0; +claudebot@anthropic.com)"
216.73.216.47 - - [13/Sep/2025:17:32:12 +0000] "GET /jp/product/51266299217 HTTP/1.1" 500 - "-" "Mozilla/5.0 AppleWebKit/537.36 (KHTML, like Gecko; compatible; ClaudeBot/1.0; +claudebot@anthropic.com)"
190.83.102.29 - - [13/Sep/2025:17:32:20 +0000] "GET /jp/product/5127628186 HTTP/1.1" 200 86358 "-" "Mozilla/5.0 (Macintosh; Intel Mac OS X 10_7_3) AppleWebKit/537.36 (KHTML, like Gecko, Mediapartners-Google) Chrome/83.0.4103.118 Safari/537.36"
2a02:598:128:8a00::b00:5 - - [13/Sep/2025:17:32:44 +0000] "GET /jp/product/51302400509 HTTP/1.1" 500 - "-" "Mozilla/5.0 (compatible; SeznamBot/4.0; +https://o-seznam.cz/napoveda/vyhledavani/en/seznambot-crawler/)"
216.73.216.47 - - [13/Sep/2025:17:32:45 +0000] "GET /jp/product/51302171671 HTTP/1.1" 500 - "-" "Mozilla/5.0 AppleWebKit/537.36 (KHTML, like Gecko; compatible; ClaudeBot/1.0; +claudebot@anthropic.com)"
216.73.216.47 - - [13/Sep/2025:17:32:58 +0000] "GET /jp/product/512931216520 HTTP/1.1" 500 - "-" "Mozilla/5.0 AppleWebKit/537.36 (KHTML, like Gecko; compatible; ClaudeBot/1.0; +claudebot@anthropic.com)"
216.73.216.47 - - [13/Sep/2025:17:33:32 +0000] "GET /jp/product/512744937229 HTTP/1.1" 500 - "-" "Mozilla/5.0 AppleWebKit/537.36 (KHTML, like Gecko; compatible; ClaudeBot/1.0; +claudebot@anthropic.com)"
20.125.163.80 - - [13/Sep/2025:17:33:55 +0000] "GET /jp/product/51287341701 HTTP/1.1" 200 83612 "-" "Mozilla/5.0 AppleWebKit/537.36 (KHTML, like Gecko; compatible; bingbot/2.0; +http://www.bing.com/bingbot.htm) Chrome/116.0.1938.76 Safari/537.36"
207.46.13.154 - - [13/Sep/2025:17:33:41 +0000] "GET /sitemap.xml.gz HTTP/1.1" 200 4348 "-" "Mozilla/5.0 AppleWebKit/537.36 (KHTML, like Gecko; compatible; bingbot/2.0; +http://www.bing.com/bingbot.htm) Chrome/116.0.1938.76 Safari/537.36"
216.73.216.47 - - [13/Sep/2025:17:34:35 +0000] "GET /jp/product/51284266020 HTTP/1.1" 500 - "-" "Mozilla/5.0 AppleWebKit/537.36 (KHTML, like Gecko; compatible; ClaudeBot/1.0; +claudebot@anthropic.com)"
66.249.70.128 - - [13/Sep/2025:17:34:58 +0000] "GET /robots.txt HTTP/1.1" 200 97 "-" "Mozilla/5.0 (compatible; Googlebot/2.1; +http://www.google.com/bot.html)"
66.249.70.128 - - [13/Sep/2025:17:35:03 +0000] "GET /jp/product/51312553531 HTTP/1.1" 200 84199 "-" "Mozilla/5.0 (Linux; Android 6.0.1; Nexus 5X Build/MMB29P) AppleWebKit/537.36 (KHTML, like Gecko) Chrome/140.0.7339.127 Mobile Safari/537.36 (compatible; Googlebot/2.1; +http://www.google.com/bot.html)"
216.73.216.47 - - [13/Sep/2025:17:35:10 +0000] "GET /jp/product/51294633296 HTTP/1.1" 500 - "-" "Mozilla/5.0 AppleWebKit/537.36 (KHTML, like Gecko; compatible; ClaudeBot/1.0; +claudebot@anthropic.com)"
49.51.72.236 - - [13/Sep/2025:17:35:23 +0000] "GET / HTTP/1.1" 500 - "http://playground-magazine.com" "Mozilla/5.0 (iPhone; CPU iPhone OS 13_2_3 like Mac OS X) AppleWebKit/605.1.15 (KHTML, like Gecko) Version/13.0.3 Mobile/15E148 Safari/604.1"
216.73.216.47 - - [13/Sep/2025:17:35:44 +0000] "GET /jp/product/512730157580 HTTP/1.1" 500 - "-" "Mozilla/5.0 AppleWebKit/537.36 (KHTML, like Gecko; compatible; ClaudeBot/1.0; +claudebot@anthropic.com)"
216.73.216.47 - - [13/Sep/2025:17:35:58 +0000] "GET /jp/product/512874847537 HTTP/1.1" 500 - "-" "Mozilla/5.0 AppleWebKit/537.36 (KHTML, like Gecko; compatible; ClaudeBot/1.0; +claudebot@anthropic.com)"
216.73.216.47 - - [13/Sep/2025:17:36:32 +0000] "GET /jp/product/51287089232 HTTP/1.1" 500 - "-" "Mozilla/5.0 AppleWebKit/537.36 (KHTML, like Gecko; compatible; ClaudeBot/1.0; +claudebot@anthropic.com)"
216.73.216.47 - - [13/Sep/2025:17:37:07 +0000] "GET /jp/product/51287272401 HTTP/1.1" 500 - "-" "Mozilla/5.0 AppleWebKit/537.36 (KHTML, like Gecko; compatible; ClaudeBot/1.0; +claudebot@anthropic.com)"
216.73.216.47 - - [13/Sep/2025:17:37:42 +0000] "GET /jp/product/51284054467 HTTP/1.1" 500 - "-" "Mozilla/5.0 AppleWebKit/537.36 (KHTML, like Gecko; compatible; ClaudeBot/1.0; +claudebot@anthropic.com)"
216.73.216.47 - - [13/Sep/2025:17:38:14 +0000] "GET /jp/product/51302245314 HTTP/1.1" 500 - "-" "Mozilla/5.0 AppleWebKit/537.36 (KHTML, like Gecko; compatible; ClaudeBot/1.0; +claudebot@anthropic.com)"
216.73.216.47 - - [13/Sep/2025:17:38:48 +0000] "GET /jp/product/51266296685 HTTP/1.1" 500 - "-" "Mozilla/5.0 AppleWebKit/537.36 (KHTML, like Gecko; compatible; ClaudeBot/1.0; +claudebot@anthropic.com)"
216.73.216.47 - - [13/Sep/2025:17:39:23 +0000] "GET /jp/product/51308297465 HTTP/1.1" 500 - "-" "Mozilla/5.0 AppleWebKit/537.36 (KHTML, like Gecko; compatible; ClaudeBot/1.0; +claudebot@anthropic.com)"
216.73.216.47 - - [13/Sep/2025:17:39:58 +0000] "GET /jp/product/51286992951 HTTP/1.1" 500 - "-" "Mozilla/5.0 AppleWebKit/537.36 (KHTML, like Gecko; compatible; ClaudeBot/1.0; +claudebot@anthropic.com)"
216.73.216.47 - - [13/Sep/2025:17:40:33 +0000] "GET /jp/product/51302309571 HTTP/1.1" 500 - "-" "Mozilla/5.0 AppleWebKit/537.36 (KHTML, like Gecko; compatible; ClaudeBot/1.0; +claudebot@anthropic.com)"
52.167.144.161 - - [13/Sep/2025:17:40:53 +0000] "GET /recruit/51261837070000 HTTP/1.1" 200 83057 "-" "Mozilla/5.0 AppleWebKit/537.36 (KHTML, like Gecko; compatible; bingbot/2.0; +http://www.bing.com/bingbot.htm) Chrome/116.0.1938.76 Safari/537.36"
216.73.216.47 - - [13/Sep/2025:17:41:07 +0000] "GET /jp/product/51284393305 HTTP/1.1" 500 - "-" "Mozilla/5.0 AppleWebKit/537.36 (KHTML, like Gecko; compatible; ClaudeBot/1.0; +claudebot@anthropic.com)"
216.73.216.47 - - [13/Sep/2025:17:41:42 +0000] "GET /jp/product/51284362538 HTTP/1.1" 500 - "-" "Mozilla/5.0 AppleWebKit/537.36 (KHTML, like Gecko; compatible; ClaudeBot/1.0; +claudebot@anthropic.com)"
216.73.216.47 - - [13/Sep/2025:17:42:17 +0000] "GET /jp/product/51273572729 HTTP/1.1" 500 - "-" "Mozilla/5.0 AppleWebKit/537.36 (KHTML, like Gecko; compatible; ClaudeBot/1.0; +claudebot@anthropic.com)"
2a02:598:128:8a00::b00:5 - - [13/Sep/2025:17:42:43 +0000] "GET /wp-includes/revisions.php?sitemap_index.xml HTTP/1.1" 200 - "-" "Mozilla/5.0 (compatible; SeznamBot/4.0; +https://o-seznam.cz/napoveda/vyhledavani/en/seznambot-crawler/)"
216.73.216.47 - - [13/Sep/2025:17:43:40 +0000] "GET /jp/product/51263377051 HTTP/1.1" 500 - "-" "Mozilla/5.0 AppleWebKit/537.36 (KHTML, like Gecko; compatible; ClaudeBot/1.0; +claudebot@anthropic.com)"
216.73.216.47 - - [13/Sep/2025:17:44:14 +0000] "GET /jp/product/51273729393 HTTP/1.1" 500 - "-" "Mozilla/5.0 AppleWebKit/537.36 (KHTML, like Gecko; compatible; ClaudeBot/1.0; +claudebot@anthropic.com)"
185.54.166.29 - - [13/Sep/2025:17:44:30 +0000] "GET / HTTP/1.1" 500 - "-" "Mozilla/5.0 (Windows NT 10.0; Win64; x64) AppleWebKit/537.36 (KHTML, like Gecko) Chrome/114.0.0.0 Safari/537.36 Edg/114.0.1823.43"
216.73.216.47 - - [13/Sep/2025:17:44:49 +0000] "GET /jp/product/51305414729 HTTP/1.1" 500 - "-" "Mozilla/5.0 AppleWebKit/537.36 (KHTML, like Gecko; compatible; ClaudeBot/1.0; +claudebot@anthropic.com)"
216.73.216.47 - - [13/Sep/2025:17:45:24 +0000] "GET /jp/product/51276417586 HTTP/1.1" 500 - "-" "Mozilla/5.0 AppleWebKit/537.36 (KHTML, like Gecko; compatible; ClaudeBot/1.0; +claudebot@anthropic.com)"
20.171.207.192 - - [13/Sep/2025:17:45:31 +0000] "GET /2015/12/tulli-papyrus-an-ufo-sighting-in-ancient-egypt/ HTTP/1.1" 500 - "-" "Mozilla/5.0 AppleWebKit/537.36 (KHTML, like Gecko; compatible; GPTBot/1.2; +https://openai.com/gptbot)"
4.227.36.69 - - [13/Sep/2025:17:45:30 +0000] "GET /robots.txt HTTP/1.1" 500 - "http://ancientufo.org/robots.txt" "Mozilla/5.0 AppleWebKit/537.36 (KHTML, like Gecko; compatible; GPTBot/1.2; +https://openai.com/gptbot)"
4.227.36.69 - - [13/Sep/2025:17:45:33 +0000] "GET /robots.txt HTTP/1.1" 500 - "-" "Mozilla/5.0 AppleWebKit/537.36 (KHTML, like Gecko; compatible; GPTBot/1.2; +https://openai.com/gptbot)"
40.77.167.132 - - [13/Sep/2025:17:49:44 +0000] "GET /jp/product/51302438517 HTTP/1.1" 200 84511 "-" "Mozilla/5.0 AppleWebKit/537.36 (KHTML, like Gecko; compatible; bingbot/2.0; +http://www.bing.com/bingbot.htm) Chrome/116.0.1938.76 Safari/537.36"
47.246.164.129 - - [13/Sep/2025:17:49:53 +0000] "GET / HTTP/1.1" 500 - "-" "Mozilla/5.0 (Windows NT 6.1; Win64; x64) AppleWebKit/537.36 (KHTML, like Gecko) Chrome/86.0.4240.198 Safari/537.36"
47.246.164.135 - - [13/Sep/2025:17:50:19 +0000] "GET / HTTP/1.1" 500 - "-" "Mozilla/5.0 (Windows NT 6.1) AppleWebKit/537.36 (KHTML, like Gecko) Chrome/80.0.3987.132 Safari/537.36"
54.236.1.13 - - [13/Sep/2025:17:52:23 +0000] "GET / HTTP/1.1" 500 - "-" "Mozilla/5.0 (compatible; Pinterestbot/1.0; +http://www.pinterest.com/bot.html)"
51.68.111.240 - - [13/Sep/2025:17:53:11 +0000] "GET /robots.txt HTTP/1.1" 500 - "-" "Mozilla/5.0 (compatible; MJ12bot/v2.0.4; http://mj12bot.com/)"
51.68.111.240 - - [13/Sep/2025:17:53:16 +0000] "GET / HTTP/1.1" 500 - "-" "Mozilla/5.0 (compatible; MJ12bot/v2.0.4; http://mj12bot.com/)"
143.255.184.5 - - [13/Sep/2025:17:54:50 +0000] "GET / HTTP/1.1" 500 - "-" "Mozilla/5.0 (Windows NT 10.0; Win64; x64) AppleWebKit/537.36 (KHTML, like Gecko) Chrome/114.0.0.0 Safari/537.36 Edg/114.0.1823.43"
213.186.1.154 - - [13/Sep/2025:17:58:34 +0000] "GET /robots.txt HTTP/1.1" 200 97 "-" "-"
213.186.1.154 - - [13/Sep/2025:17:58:40 +0000] "GET / HTTP/1.1" 500 - "-" "Mediatoolkitbot (complaints@mediatoolkit.com)"
162.254.32.78 - - [13/Sep/2025:17:59:47 +0000] "GET / HTTP/1.1" 500 - "-" "Cpanel-HTTP-Client/1.0"
162.254.32.78 - - [13/Sep/2025:18:00:02 +0000] "GET / HTTP/1.1" 500 - "-" "Cpanel-HTTP-Client/1.0"
47.246.164.141 - - [13/Sep/2025:18:00:09 +0000] "GET / HTTP/1.1" 500 - "-" "Mozilla/5.0 (Macintosh; Intel Mac OS X 10_13_6) AppleWebKit/537.36 (KHTML, like Gecko) Chrome/95.0.4638.54 Safari/537.36"
212.237.122.53 - - [13/Sep/2025:18:00:40 +0000] "GET /site/wp-content/uploads/2019/10/Dale-Russell-ancient-aliens-troodon.jpg HTTP/1.1" 500 - "-" "Mozilla/5.0 (Macintosh; Intel Mac OS X 10_14_6) AppleWebKit/537.36 (KHTML, like Gecko) Brave Chrome/78.0.3904.108 Safari/537.36"
193.17.44.106 - - [13/Sep/2025:18:01:47 +0000] "GET / HTTP/1.1" 500 - "-" "Python/3.10 aiohttp/3.11.11"
47.33.68.110 - - [13/Sep/2025:18:02:15 +0000] "GET / HTTP/1.1" 500 - "-" "Mozilla/5.0 (Macintosh; Intel Mac OS X 10.15; rv:139.0) Gecko/20100101 Firefox/139.0"
47.33.68.110 - - [13/Sep/2025:18:02:20 +0000] "GET /@vite/env HTTP/1.1" 500 - "-" "Mozilla/5.0 (Macintosh; Intel Mac OS X 10.15; rv:139.0) Gecko/20100101 Firefox/139.0"
47.33.68.110 - - [13/Sep/2025:18:02:23 +0000] "GET /actutor/env HTTP/1.1" 500 - "-" "Mozilla/5.0 (Macintosh; Intel Mac OS X 10.15; rv:139.0) Gecko/20100101 Firefox/139.0"
47.33.68.110 - - [13/Sep/2025:18:02:26 +0000] "GET /.vscode/sftp.json HTTP/1.1" 500 - "-" "Mozilla/5.0 (Macintosh; Intel Mac OS X 10.15; rv:139.0) Gecko/20100101 Firefox/139.0"
47.33.68.110 - - [13/Sep/2025:18:02:30 +0000] "GET /.env HTTP/1.1" 500 - "-" "Mozilla/5.0 (Macintosh; Intel Mac OS X 10.15; rv:139.0) Gecko/20100101 Firefox/139.0"
47.33.68.110 - - [13/Sep/2025:18:02:34 +0000] "GET /.git/config HTTP/1.1" 500 - "-" "Mozilla/5.0 (Macintosh; Intel Mac OS X 10.15; rv:139.0) Gecko/20100101 Firefox/139.0"
184.174.88.168 - - [13/Sep/2025:18:02:59 +0000] "HEAD / HTTP/1.1" 500 - "-" "Go-http-client/1.1"
47.246.164.129 - - [13/Sep/2025:18:03:02 +0000] "GET / HTTP/1.1" 500 - "-" "Mozilla/5.0 (Windows NT 10.0; Win64; x64) AppleWebKit/537.36 (KHTML, like Gecko) Chrome/86.0.4240.75 Safari/537.36"
2604:a880:400:d0::b6e:e001 - - [13/Sep/2025:18:03:12 +0000] "GET / HTTP/1.1" 500 - "-" "-"
139.59.132.8 - - [13/Sep/2025:18:03:12 +0000] "GET / HTTP/1.1" 500 - "-" "-"
2a03:b0c0:3:d0::12ae:2001 - - [13/Sep/2025:18:03:12 +0000] "GET / HTTP/1.1" 500 - "-" "-"
138.197.191.87 - - [13/Sep/2025:18:03:12 +0000] "GET / HTTP/1.1" 500 - "-" "-"
2a03:b0c0:2:d0::1774:b001 - - [13/Sep/2025:18:03:12 +0000] "GET / HTTP/1.1" 500 - "-" "-"
2a03:b0c0:2:d0::1727:c001 - - [13/Sep/2025:18:03:12 +0000] "GET / HTTP/1.1" 500 - "-" "-"
138.68.86.32 - - [13/Sep/2025:18:03:12 +0000] "GET / HTTP/1.1" 500 - "-" "-"
207.154.197.113 - - [13/Sep/2025:18:03:12 +0000] "GET / HTTP/1.1" 500 - "-" "-"
2604:a880:400:d0::b6e:e001 - - [13/Sep/2025:18:03:13 +0000] "GET / HTTP/1.1" 500 - "-" "Mozilla/5.0 (Linux; Android 6.0; HTC One M9 Build/MRA58K) AppleWebKit/537.36 (KHTML, like Gecko) Chrome/52.0.2743.98 Mobile Safari/537.3"
2a03:b0c0:2:d0::1774:b001 - - [13/Sep/2025:18:03:13 +0000] "GET / HTTP/1.1" 500 - "-" "Mozilla/5.0 (Linux; Android 6.0; HTC One M9 Build/MRA58K) AppleWebKit/537.36 (KHTML, like Gecko) Chrome/52.0.2743.98 Mobile Safari/537.3"
2a03:b0c0:2:d0::1727:c001 - - [13/Sep/2025:18:03:13 +0000] "GET / HTTP/1.1" 500 - "-" "Mozilla/5.0 (Linux; Android 6.0; HTC One M9 Build/MRA58K) AppleWebKit/537.36 (KHTML, like Gecko) Chrome/52.0.2743.98 Mobile Safari/537.3"
138.197.191.87 - - [13/Sep/2025:18:03:13 +0000] "GET / HTTP/1.1" 500 - "-" "Mozilla/5.0 (Linux; Android 6.0; HTC One M9 Build/MRA231870) AppleWebKit/537.36 (KHTML, like Gecko) Chrome/52.0.1746.98 Mobile Safari/537.3"
2a03:b0c0:3:d0::12ae:2001 - - [13/Sep/2025:18:03:13 +0000] "GET / HTTP/1.1" 500 - "-" "Mozilla/5.0 (Linux; Android 6.0; HTC One M9 Build/MRA58K) AppleWebKit/537.36 (KHTML, like Gecko) Chrome/52.0.2743.98 Mobile Safari/537.3"
139.59.132.8 - - [13/Sep/2025:18:03:13 +0000] "GET / HTTP/1.1" 500 - "-" "Mozilla/5.0 (Linux; Android 6.0; HTC One M9 Build/MRA231870) AppleWebKit/537.36 (KHTML, like Gecko) Chrome/52.0.1746.98 Mobile Safari/537.3"
138.68.86.32 - - [13/Sep/2025:18:03:13 +0000] "GET / HTTP/1.1" 500 - "-" "Mozilla/5.0 (Linux; Android 6.0; HTC One M9 Build/MRA125969) AppleWebKit/537.36 (KHTML, like Gecko) Chrome/52.0.2890.98 Mobile Safari/537.3"
207.154.197.113 - - [13/Sep/2025:18:03:13 +0000] "GET / HTTP/1.1" 500 - "-" "Mozilla/5.0 (Linux; Android 6.0; HTC One M9 Build/MRA125969) AppleWebKit/537.36 (KHTML, like Gecko) Chrome/52.0.2890.98 Mobile Safari/537.3"
138.197.191.87 - - [13/Sep/2025:18:03:16 +0000] "GET /@vite/env HTTP/1.1" 500 - "-" "Go-http-client/1.1"
139.59.132.8 - - [13/Sep/2025:18:03:17 +0000] "GET /@vite/env HTTP/1.1" 500 - "-" "Go-http-client/1.1"
138.68.86.32 - - [13/Sep/2025:18:03:17 +0000] "GET /@vite/env HTTP/1.1" 500 - "-" "Go-http-client/1.1"
207.154.197.113 - - [13/Sep/2025:18:03:17 +0000] "GET /@vite/env HTTP/1.1" 500 - "-" "Go-http-client/1.1"
139.59.132.8 - - [13/Sep/2025:18:03:20 +0000] "GET /actuator/env HTTP/1.1" 500 - "-" "Go-http-client/1.1"
138.197.191.87 - - [13/Sep/2025:18:03:20 +0000] "GET /actuator/env HTTP/1.1" 500 - "-" "Go-http-client/1.1"
138.68.86.32 - - [13/Sep/2025:18:03:20 +0000] "GET /actuator/env HTTP/1.1" 500 - "-" "Go-http-client/1.1"
207.154.197.113 - - [13/Sep/2025:18:03:20 +0000] "GET /actuator/env HTTP/1.1" 500 - "-" "Go-http-client/1.1"
138.197.191.87 - - [13/Sep/2025:18:03:22 +0000] "GET /server HTTP/1.1" 500 - "-" "Go-http-client/1.1"
139.59.132.8 - - [13/Sep/2025:18:03:22 +0000] "GET /server HTTP/1.1" 500 - "-" "Go-http-client/1.1"
138.68.86.32 - - [13/Sep/2025:18:03:22 +0000] "GET /server HTTP/1.1" 500 - "-" "Go-http-client/1.1"
207.154.197.113 - - [13/Sep/2025:18:03:23 +0000] "GET /server HTTP/1.1" 500 - "-" "Go-http-client/1.1"
138.197.191.87 - - [13/Sep/2025:18:03:25 +0000] "GET /.vscode/sftp.json HTTP/1.1" 500 - "-" "Go-http-client/1.1"
139.59.132.8 - - [13/Sep/2025:18:03:25 +0000] "GET /.vscode/sftp.json HTTP/1.1" 500 - "-" "Go-http-client/1.1"
138.68.86.32 - - [13/Sep/2025:18:03:25 +0000] "GET /.vscode/sftp.json HTTP/1.1" 500 - "-" "Go-http-client/1.1"
207.154.197.113 - - [13/Sep/2025:18:03:26 +0000] "GET /.vscode/sftp.json HTTP/1.1" 500 - "-" "Go-http-client/1.1"
138.197.191.87 - - [13/Sep/2025:18:03:28 +0000] "GET /about HTTP/1.1" 500 - "-" "Go-http-client/1.1"
139.59.132.8 - - [13/Sep/2025:18:03:28 +0000] "GET /about HTTP/1.1" 500 - "-" "Go-http-client/1.1"
138.68.86.32 - - [13/Sep/2025:18:03:28 +0000] "GET /about HTTP/1.1" 500 - "-" "Go-http-client/1.1"
207.154.197.113 - - [13/Sep/2025:18:03:29 +0000] "GET /about HTTP/1.1" 500 - "-" "Go-http-client/1.1"
138.197.191.87 - - [13/Sep/2025:18:03:31 +0000] "GET /debug/default/view?panel=config HTTP/1.1" 500 - "-" "Go-http-client/1.1"
139.59.132.8 - - [13/Sep/2025:18:03:31 +0000] "GET /debug/default/view?panel=config HTTP/1.1" 500 - "-" "Go-http-client/1.1"
138.68.86.32 - - [13/Sep/2025:18:03:31 +0000] "GET /debug/default/view?panel=config HTTP/1.1" 500 - "-" "Go-http-client/1.1"
207.154.197.113 - - [13/Sep/2025:18:03:32 +0000] "GET /debug/default/view?panel=config HTTP/1.1" 500 - "-" "Go-http-client/1.1"
138.197.191.87 - - [13/Sep/2025:18:03:34 +0000] "GET /v2/_catalog HTTP/1.1" 500 - "-" "Go-http-client/1.1"
139.59.132.8 - - [13/Sep/2025:18:03:34 +0000] "GET /v2/_catalog HTTP/1.1" 500 - "-" "Go-http-client/1.1"
138.68.86.32 - - [13/Sep/2025:18:03:34 +0000] "GET /v2/_catalog HTTP/1.1" 500 - "-" "Go-http-client/1.1"
207.154.197.113 - - [13/Sep/2025:18:03:35 +0000] "GET /v2/_catalog HTTP/1.1" 500 - "-" "Go-http-client/1.1"
138.197.191.87 - - [13/Sep/2025:18:03:37 +0000] "GET /ecp/Current/exporttool/microsoft.exchange.ediscovery.exporttool.application HTTP/1.1" 500 - "-" "Go-http-client/1.1"
138.68.86.32 - - [13/Sep/2025:18:03:37 +0000] "GET /ecp/Current/exporttool/microsoft.exchange.ediscovery.exporttool.application HTTP/1.1" 500 - "-" "Go-http-client/1.1"
139.59.132.8 - - [13/Sep/2025:18:03:37 +0000] "GET /ecp/Current/exporttool/microsoft.exchange.ediscovery.exporttool.application HTTP/1.1" 500 - "-" "Go-http-client/1.1"
207.154.197.113 - - [13/Sep/2025:18:03:38 +0000] "GET /ecp/Current/exporttool/microsoft.exchange.ediscovery.exporttool.application HTTP/1.1" 500 - "-" "Go-http-client/1.1"
138.197.191.87 - - [13/Sep/2025:18:03:40 +0000] "GET /server-status HTTP/1.1" 500 - "-" "Go-http-client/1.1"
139.59.132.8 - - [13/Sep/2025:18:03:40 +0000] "GET /server-status HTTP/1.1" 500 - "-" "Go-http-client/1.1"
138.68.86.32 - - [13/Sep/2025:18:03:40 +0000] "GET /server-status HTTP/1.1" 500 - "-" "Go-http-client/1.1"
207.154.197.113 - - [13/Sep/2025:18:03:41 +0000] "GET /server-status HTTP/1.1" 500 - "-" "Go-http-client/1.1"
138.197.191.87 - - [13/Sep/2025:18:03:43 +0000] "GET /login.action HTTP/1.1" 500 - "-" "Go-http-client/1.1"
139.59.132.8 - - [13/Sep/2025:18:03:43 +0000] "GET /login.action HTTP/1.1" 500 - "-" "Go-http-client/1.1"
138.68.86.32 - - [13/Sep/2025:18:03:43 +0000] "GET /login.action HTTP/1.1" 500 - "-" "Go-http-client/1.1"
207.154.197.113 - - [13/Sep/2025:18:03:44 +0000] "GET /login.action HTTP/1.1" 500 - "-" "Go-http-client/1.1"
138.197.191.87 - - [13/Sep/2025:18:03:46 +0000] "GET /_all_dbs HTTP/1.1" 500 - "-" "Mozilla/5.0 (l9scan/2.0.231323e24383e21323e2430313; +https://leakix.net)"
139.59.132.8 - - [13/Sep/2025:18:03:47 +0000] "GET /_all_dbs HTTP/1.1" 500 - "-" "Mozilla/5.0 (l9scan/2.0.231323e24383e21323e2430313; +https://leakix.net)"
138.68.86.32 - - [13/Sep/2025:18:03:47 +0000] "GET /_all_dbs HTTP/1.1" 500 - "-" "Mozilla/5.0 (l9scan/2.0.9333e2739313e27363e2237313; +https://leakix.net)"
207.154.197.113 - - [13/Sep/2025:18:03:47 +0000] "GET /_all_dbs HTTP/1.1" 500 - "-" "Mozilla/5.0 (l9scan/2.0.9333e2739313e27363e2237313; +https://leakix.net)"
138.197.191.87 - - [13/Sep/2025:18:03:51 +0000] "GET /.DS_Store HTTP/1.1" 500 - "-" "Go-http-client/1.1"
139.59.132.8 - - [13/Sep/2025:18:03:51 +0000] "GET /.DS_Store HTTP/1.1" 500 - "-" "Go-http-client/1.1"
207.154.197.113 - - [13/Sep/2025:18:03:51 +0000] "GET /.DS_Store HTTP/1.1" 500 - "-" "Go-http-client/1.1"
138.68.86.32 - - [13/Sep/2025:18:03:51 +0000] "GET /.DS_Store HTTP/1.1" 500 - "-" "Go-http-client/1.1"
138.197.191.87 - - [13/Sep/2025:18:03:52 +0000] "GET /.env HTTP/1.1" 500 - "-" "Go-http-client/1.1"
139.59.132.8 - - [13/Sep/2025:18:03:52 +0000] "GET /.env HTTP/1.1" 500 - "-" "Go-http-client/1.1"
138.68.86.32 - - [13/Sep/2025:18:03:52 +0000] "GET /.env HTTP/1.1" 500 - "-" "Go-http-client/1.1"
207.154.197.113 - - [13/Sep/2025:18:03:53 +0000] "GET /.env HTTP/1.1" 500 - "-" "Go-http-client/1.1"
138.197.191.87 - - [13/Sep/2025:18:03:55 +0000] "GET /.git/config HTTP/1.1" 500 - "-" "Go-http-client/1.1"
139.59.132.8 - - [13/Sep/2025:18:03:55 +0000] "GET /.git/config HTTP/1.1" 500 - "-" "Go-http-client/1.1"
138.68.86.32 - - [13/Sep/2025:18:03:56 +0000] "GET /.git/config HTTP/1.1" 500 - "-" "Go-http-client/1.1"
207.154.197.113 - - [13/Sep/2025:18:03:56 +0000] "GET /.git/config HTTP/1.1" 500 - "-" "Go-http-client/1.1"
138.197.191.87 - - [13/Sep/2025:18:03:58 +0000] "GET /s/231323e24383e21323e2430313/_/;/META-INF/maven/com.atlassian.jira/jira-webapp-dist/pom.properties HTTP/1.1" 500 - "-" "Go-http-client/1.1"
139.59.132.8 - - [13/Sep/2025:18:03:59 +0000] "GET /s/231323e24383e21323e2430313/_/;/META-INF/maven/com.atlassian.jira/jira-webapp-dist/pom.properties HTTP/1.1" 500 - "-" "Go-http-client/1.1"
138.68.86.32 - - [13/Sep/2025:18:03:59 +0000] "GET /s/9333e2739313e27363e2237313/_/;/META-INF/maven/com.atlassian.jira/jira-webapp-dist/pom.properties HTTP/1.1" 500 - "-" "Go-http-client/1.1"
207.154.197.113 - - [13/Sep/2025:18:03:59 +0000] "GET /s/9333e2739313e27363e2237313/_/;/META-INF/maven/com.atlassian.jira/jira-webapp-dist/pom.properties HTTP/1.1" 500 - "-" "Go-http-client/1.1"
138.197.191.87 - - [13/Sep/2025:18:04:01 +0000] "GET /config.json HTTP/1.1" 500 - "-" "Go-http-client/1.1"
139.59.132.8 - - [13/Sep/2025:18:04:01 +0000] "GET /config.json HTTP/1.1" 500 - "-" "Go-http-client/1.1"
138.68.86.32 - - [13/Sep/2025:18:04:02 +0000] "GET /config.json HTTP/1.1" 500 - "-" "Go-http-client/1.1"
207.154.197.113 - - [13/Sep/2025:18:04:02 +0000] "GET /config.json HTTP/1.1" 500 - "-" "Go-http-client/1.1"
138.197.191.87 - - [13/Sep/2025:18:04:04 +0000] "GET /telescope/requests HTTP/1.1" 500 - "-" "Go-http-client/1.1"
139.59.132.8 - - [13/Sep/2025:18:04:04 +0000] "GET /telescope/requests HTTP/1.1" 500 - "-" "Go-http-client/1.1"
138.68.86.32 - - [13/Sep/2025:18:04:05 +0000] "GET /telescope/requests HTTP/1.1" 500 - "-" "Go-http-client/1.1"
207.154.197.113 - - [13/Sep/2025:18:04:05 +0000] "GET /telescope/requests HTTP/1.1" 500 - "-" "Go-http-client/1.1"
138.197.191.87 - - [13/Sep/2025:18:04:07 +0000] "GET /info.php HTTP/1.1" 500 - "-" "Go-http-client/1.1"
139.59.132.8 - - [13/Sep/2025:18:04:07 +0000] "GET /info.php HTTP/1.1" 500 - "-" "Go-http-client/1.1"
138.68.86.32 - - [13/Sep/2025:18:04:08 +0000] "GET /info.php HTTP/1.1" 500 - "-" "Go-http-client/1.1"
207.154.197.113 - - [13/Sep/2025:18:04:08 +0000] "GET /info.php HTTP/1.1" 500 - "-" "Go-http-client/1.1"
138.197.191.87 - - [13/Sep/2025:18:04:10 +0000] "GET /?rest_route=/wp/v2/users/ HTTP/1.1" 500 - "-" "Go-http-client/1.1"
139.59.132.8 - - [13/Sep/2025:18:04:10 +0000] "GET /?rest_route=/wp/v2/users/ HTTP/1.1" 500 - "-" "Go-http-client/1.1"
138.68.86.32 - - [13/Sep/2025:18:04:11 +0000] "GET /?rest_route=/wp/v2/users/ HTTP/1.1" 500 - "-" "Go-http-client/1.1"
207.154.197.113 - - [13/Sep/2025:18:04:11 +0000] "GET /?rest_route=/wp/v2/users/ HTTP/1.1" 500 - "-" "Go-http-client/1.1"
216.73.216.47 - - [13/Sep/2025:18:04:38 +0000] "GET /robots.txt HTTP/1.1" 500 - "-" "Mozilla/5.0 AppleWebKit/537.36 (KHTML, like Gecko; compatible; ClaudeBot/1.0; +claudebot@anthropic.com)"
216.73.216.47 - - [13/Sep/2025:18:04:43 +0000] "GET /jp/product/51308362931 HTTP/1.1" 500 - "-" "Mozilla/5.0 AppleWebKit/537.36 (KHTML, like Gecko; compatible; ClaudeBot/1.0; +claudebot@anthropic.com)"
47.246.164.133 - - [13/Sep/2025:18:05:14 +0000] "GET / HTTP/1.1" 500 - "-" "Mozilla/5.0 (Macintosh; Intel Mac OS X 10_10) AppleWebKit/537.36 (KHTML, like Gecko) Chrome/108.0.5163.147 Safari/537.36"
54.236.1.54 - - [13/Sep/2025:18:05:44 +0000] "GET /2016/07/yellow-emperor-son-heavens/ HTTP/1.1" 500 - "-" "Mozilla/5.0 (compatible; Pinterestbot/1.0; +http://www.pinterest.com/bot.html)"
113.184.59.86 - - [13/Sep/2025:18:06:38 +0000] "GET /?51262924046400000.phtml HTTP/1.1" 500 - "-" "Mozilla/5.0 (Windows NT 10.0; Win64; x64) AppleWebKit/537.36 (KHTML, like Gecko) Chrome/87.0.4280.88 Safari/537.36"
216.73.216.47 - - [13/Sep/2025:18:06:45 +0000] "GET /jp/product/513022945146 HTTP/1.1" 500 - "-" "Mozilla/5.0 AppleWebKit/537.36 (KHTML, like Gecko; compatible; ClaudeBot/1.0; +claudebot@anthropic.com)"
216.73.216.47 - - [13/Sep/2025:18:07:20 +0000] "GET /jp/product/51284374531 HTTP/1.1" 500 - "-" "Mozilla/5.0 AppleWebKit/537.36 (KHTML, like Gecko; compatible; ClaudeBot/1.0; +claudebot@anthropic.com)"
144.76.19.147 - - [13/Sep/2025:18:07:24 +0000] "GET /robots.txt HTTP/1.1" 500 - "-" "Mozilla/5.0 (compatible; BLEXBot/1.0; +https://help.seranking.com/en/blex-crawler)"
144.76.19.147 - - [13/Sep/2025:18:07:27 +0000] "GET /robots.txt HTTP/1.1" 500 - "-" "Mozilla/5.0 (compatible; BLEXBot/1.0; +https://help.seranking.com/en/blex-crawler)"
144.76.19.147 - - [13/Sep/2025:18:07:30 +0000] "GET /2015/11/the-revolutionary-quimbaya-airplanes/ HTTP/1.1" 500 - "-" "Mozilla/5.0 (compatible; BLEXBot/1.0; +https://help.seranking.com/en/blex-crawler)"
216.73.216.47 - - [13/Sep/2025:18:07:55 +0000] "GET /jp/product/51266025855 HTTP/1.1" 500 - "-" "Mozilla/5.0 AppleWebKit/537.36 (KHTML, like Gecko; compatible; ClaudeBot/1.0; +claudebot@anthropic.com)"
47.246.164.135 - - [13/Sep/2025:18:08:19 +0000] "GET / HTTP/1.1" 200 83409 "-" "Mozilla/5.0 (Macintosh; Intel Mac OS X 10_7_3) AppleWebKit/537.36 (KHTML, like Gecko, Mediapartners-Google) Chrome/77.0.3865.99 Safari/537.36"
216.73.216.47 - - [13/Sep/2025:18:08:29 +0000] "GET /jp/product/51312942859 HTTP/1.1" 500 - "-" "Mozilla/5.0 AppleWebKit/537.36 (KHTML, like Gecko; compatible; ClaudeBot/1.0; +claudebot@anthropic.com)"
216.73.216.47 - - [13/Sep/2025:18:09:04 +0000] "GET /jp/product/51291749378 HTTP/1.1" 500 - "-" "Mozilla/5.0 AppleWebKit/537.36 (KHTML, like Gecko; compatible; ClaudeBot/1.0; +claudebot@anthropic.com)"
54.236.1.53 - - [13/Sep/2025:18:09:38 +0000] "GET / HTTP/1.1" 500 - "-" "Mozilla/5.0 (compatible; Pinterestbot/1.0; +http://www.pinterest.com/bot.html)"
54.236.1.53 - - [13/Sep/2025:18:09:43 +0000] "GET / HTTP/1.1" 500 - "-" "Mozilla/5.0 (compatible; Pinterestbot/1.0; +http://www.pinterest.com/bot.html)"
216.73.216.47 - - [13/Sep/2025:18:10:13 +0000] "GET /jp/product/51302358268 HTTP/1.1" 500 - "-" "Mozilla/5.0 AppleWebKit/537.36 (KHTML, like Gecko; compatible; ClaudeBot/1.0; +claudebot@anthropic.com)"
52.167.144.206 - - [13/Sep/2025:18:10:27 +0000] "GET /jp/product/513037638524 HTTP/1.1" 200 83851 "-" "Mozilla/5.0 AppleWebKit/537.36 (KHTML, like Gecko; compatible; bingbot/2.0; +http://www.bing.com/bingbot.htm) Chrome/116.0.1938.76 Safari/537.36"
216.73.216.47 - - [13/Sep/2025:18:10:47 +0000] "GET /jp/product/51273823981 HTTP/1.1" 500 - "-" "Mozilla/5.0 AppleWebKit/537.36 (KHTML, like Gecko; compatible; ClaudeBot/1.0; +claudebot@anthropic.com)"
216.73.216.47 - - [13/Sep/2025:18:11:18 +0000] "GET /jp/product/512721557871 HTTP/1.1" 500 - "-" "Mozilla/5.0 AppleWebKit/537.36 (KHTML, like Gecko; compatible; ClaudeBot/1.0; +claudebot@anthropic.com)"
216.73.216.47 - - [13/Sep/2025:18:11:33 +0000] "GET /jp/product/51294892863 HTTP/1.1" 500 - "-" "Mozilla/5.0 AppleWebKit/537.36 (KHTML, like Gecko; compatible; ClaudeBot/1.0; +claudebot@anthropic.com)"
216.73.216.47 - - [13/Sep/2025:18:12:07 +0000] "GET /jp/product/51302434743 HTTP/1.1" 500 - "-" "Mozilla/5.0 AppleWebKit/537.36 (KHTML, like Gecko; compatible; ClaudeBot/1.0; +claudebot@anthropic.com)"
47.246.164.154 - - [13/Sep/2025:18:12:27 +0000] "GET / HTTP/1.1" 500 - "-" "Mozilla/5.0 (Windows NT 6.1; Win64; x64) AppleWebKit/537.36 (KHTML, like Gecko) Chrome/68.0.3440.75 Safari/537.36"
216.73.216.47 - - [13/Sep/2025:18:12:48 +0000] "GET /jp/product/51291611874 HTTP/1.1" 500 - "-" "Mozilla/5.0 AppleWebKit/537.36 (KHTML, like Gecko; compatible; ClaudeBot/1.0; +claudebot@anthropic.com)"
216.73.216.47 - - [13/Sep/2025:18:13:23 +0000] "GET /jp/product/51273718296 HTTP/1.1" 500 - "-" "Mozilla/5.0 AppleWebKit/537.36 (KHTML, like Gecko; compatible; ClaudeBot/1.0; +claudebot@anthropic.com)"
47.246.164.145 - - [13/Sep/2025:18:13:30 +0000] "GET / HTTP/1.1" 200 83409 "-" "Mozilla/5.0 (Windows NT 6.1; WOW64) AppleWebKit/537.36 (KHTML, like Gecko) Chrome/75.0.3770.100 ADG/11.0.2566 AOLBUILD/11.0.2566 Safari/537.36"
216.73.216.47 - - [13/Sep/2025:18:13:57 +0000] "GET /jp/product/51302385204 HTTP/1.1" 500 - "-" "Mozilla/5.0 AppleWebKit/537.36 (KHTML, like Gecko; compatible; ClaudeBot/1.0; +claudebot@anthropic.com)"
216.73.216.47 - - [13/Sep/2025:18:14:32 +0000] "GET /jp/product/51302107406 HTTP/1.1" 500 - "-" "Mozilla/5.0 AppleWebKit/537.36 (KHTML, like Gecko; compatible; ClaudeBot/1.0; +claudebot@anthropic.com)"
216.73.216.47 - - [13/Sep/2025:18:16:23 +0000] "GET /jp/product/513150033215 HTTP/1.1" 500 - "-" "Mozilla/5.0 AppleWebKit/537.36 (KHTML, like Gecko; compatible; ClaudeBot/1.0; +claudebot@anthropic.com)"
216.73.216.47 - - [13/Sep/2025:18:16:57 +0000] "GET /jp/product/51273591658 HTTP/1.1" 500 - "-" "Mozilla/5.0 AppleWebKit/537.36 (KHTML, like Gecko; compatible; ClaudeBot/1.0; +claudebot@anthropic.com)"
216.73.216.47 - - [13/Sep/2025:18:17:30 +0000] "GET /jp/product/51273825577 HTTP/1.1" 500 - "-" "Mozilla/5.0 AppleWebKit/537.36 (KHTML, like Gecko; compatible; ClaudeBot/1.0; +claudebot@anthropic.com)"
216.73.216.47 - - [13/Sep/2025:18:18:05 +0000] "GET /jp/product/51305351146 HTTP/1.1" 500 - "-" "Mozilla/5.0 AppleWebKit/537.36 (KHTML, like Gecko; compatible; ClaudeBot/1.0; +claudebot@anthropic.com)"
216.73.216.47 - - [13/Sep/2025:18:18:40 +0000] "GET /jp/product/513031669339 HTTP/1.1" 500 - "-" "Mozilla/5.0 AppleWebKit/537.36 (KHTML, like Gecko; compatible; ClaudeBot/1.0; +claudebot@anthropic.com)"
216.73.216.47 - - [13/Sep/2025:18:19:14 +0000] "GET /jp/product/513049232866 HTTP/1.1" 500 - "-" "Mozilla/5.0 AppleWebKit/537.36 (KHTML, like Gecko; compatible; ClaudeBot/1.0; +claudebot@anthropic.com)"
216.73.216.47 - - [13/Sep/2025:18:19:48 +0000] "GET /jp/product/51315787940 HTTP/1.1" 500 - "-" "Mozilla/5.0 AppleWebKit/537.36 (KHTML, like Gecko; compatible; ClaudeBot/1.0; +claudebot@anthropic.com)"
216.73.216.47 - - [13/Sep/2025:18:20:23 +0000] "GET /jp/product/51305290172 HTTP/1.1" 500 - "-" "Mozilla/5.0 AppleWebKit/537.36 (KHTML, like Gecko; compatible; ClaudeBot/1.0; +claudebot@anthropic.com)"
144.76.19.147 - - [13/Sep/2025:18:20:47 +0000] "GET /2015/11/the-revolutionary-quimbaya-airplanes/ HTTP/1.1" 500 - "-" "Mozilla/5.0 (compatible; BLEXBot/1.0; +https://help.seranking.com/en/blex-crawler)"
