157.55.39.63 - - [14/Sep/2025:02:17:13 +0000] "GET /jp/product/51312659026 HTTP/1.1" 200 84695 "-" "Mozilla/5.0 AppleWebKit/537.36 (KHTML, like Gecko; compatible; bingbot/2.0; +http://www.bing.com/bingbot.htm) Chrome/116.0.1938.76 Safari/537.36"
216.73.216.47 - - [14/Sep/2025:02:17:58 +0000] "GET /jp/product/512819156954 HTTP/1.1" 500 - "-" "Mozilla/5.0 AppleWebKit/537.36 (KHTML, like Gecko; compatible; ClaudeBot/1.0; +claudebot@anthropic.com)"
66.249.70.130 - - [14/Sep/2025:02:18:11 +0000] "GET /goods.html?id=51311163340627330 HTTP/1.1" 200 83111 "-" "Mozilla/5.0 (Linux; Android 6.0.1; Nexus 5X Build/MMB29P) AppleWebKit/537.36 (KHTML, like Gecko) Chrome/140.0.7339.127 Mobile Safari/537.36 (compatible; Googlebot/2.1; +http://www.google.com/bot.html)"
216.73.216.47 - - [14/Sep/2025:02:18:33 +0000] "GET /jp/product/512641567695 HTTP/1.1" 500 - "-" "Mozilla/5.0 AppleWebKit/537.36 (KHTML, like Gecko; compatible; ClaudeBot/1.0; +claudebot@anthropic.com)"
216.73.216.47 - - [14/Sep/2025:02:19:07 +0000] "GET /jp/product/51263188082 HTTP/1.1" 500 - "-" "Mozilla/5.0 AppleWebKit/537.36 (KHTML, like Gecko; compatible; ClaudeBot/1.0; +claudebot@anthropic.com)"
179.6.6.91 - - [14/Sep/2025:02:19:14 +0000] "GET /product/edit/51262998858100 HTTP/1.1" 500 - "-" "Mozilla/5.0 (Windows NT 6.1) AppleWebKit/537.36 (KHTML, like Gecko) Chrome/67.0.3396.99 Safari/537.36"
216.73.216.47 - - [14/Sep/2025:02:20:09 +0000] "GET /jp/product/51305249932 HTTP/1.1" 500 - "-" "Mozilla/5.0 AppleWebKit/537.36 (KHTML, like Gecko; compatible; ClaudeBot/1.0; +claudebot@anthropic.com)"
47.246.164.149 - - [14/Sep/2025:02:20:33 +0000] "GET / HTTP/1.1" 500 - "-" "Mozilla/5.0 (Macintosh; Intel Mac OS X 10_9_2) AppleWebKit/537.36 (KHTML, like Gecko) Chrome/36.0.1944.0 Safari/537.36"
216.73.216.47 - - [14/Sep/2025:02:20:44 +0000] "GET /jp/product/51294844351 HTTP/1.1" 500 - "-" "Mozilla/5.0 AppleWebKit/537.36 (KHTML, like Gecko; compatible; ClaudeBot/1.0; +claudebot@anthropic.com)"
216.73.216.47 - - [14/Sep/2025:02:21:19 +0000] "GET /jp/product/51263375192 HTTP/1.1" 500 - "-" "Mozilla/5.0 AppleWebKit/537.36 (KHTML, like Gecko; compatible; ClaudeBot/1.0; +claudebot@anthropic.com)"
216.73.216.47 - - [14/Sep/2025:02:21:53 +0000] "GET /wp-includes/revisions.php HTTP/1.1" 200 - "-" "Mozilla/5.0 AppleWebKit/537.36 (KHTML, like Gecko; compatible; ClaudeBot/1.0; +claudebot@anthropic.com)"
157.55.39.197 - - [14/Sep/2025:02:22:01 +0000] "GET /jp/product/512818968218 HTTP/1.1" 200 84626 "-" "Mozilla/5.0 AppleWebKit/537.36 (KHTML, like Gecko; compatible; bingbot/2.0; +http://www.bing.com/bingbot.htm) Chrome/116.0.1938.76 Safari/537.36"
47.246.164.134 - - [14/Sep/2025:02:22:09 +0000] "GET / HTTP/1.1" 500 - "-" "Mozilla/5.0 (X11; CrOS i686 4319.74.0) AppleWebKit/537.36 (KHTML, like Gecko) Chrome/29.0.1547.57 Safari/537.36"
216.73.216.47 - - [14/Sep/2025:02:22:28 +0000] "GET /header.php HTTP/1.1" 200 - "-" "Mozilla/5.0 AppleWebKit/537.36 (KHTML, like Gecko; compatible; ClaudeBot/1.0; +claudebot@anthropic.com)"
216.73.216.47 - - [14/Sep/2025:02:23:02 +0000] "GET /header.php HTTP/1.1" 200 - "-" "Mozilla/5.0 AppleWebKit/537.36 (KHTML, like Gecko; compatible; ClaudeBot/1.0; +claudebot@anthropic.com)"
216.73.216.47 - - [14/Sep/2025:02:23:39 +0000] "GET /wp-includes/revisions.php HTTP/1.1" 200 - "-" "Mozilla/5.0 AppleWebKit/537.36 (KHTML, like Gecko; compatible; ClaudeBot/1.0; +claudebot@anthropic.com)"
20.125.163.81 - - [14/Sep/2025:02:24:03 +0000] "GET /jp/product/512951827877 HTTP/1.1" 200 85275 "-" "Mozilla/5.0 AppleWebKit/537.36 (KHTML, like Gecko; compatible; bingbot/2.0; +http://www.bing.com/bingbot.htm) Chrome/116.0.1938.76 Safari/537.36"
157.55.39.197 - - [14/Sep/2025:02:24:22 +0000] "GET /jp/product/512620826035 HTTP/1.1" 200 84789 "-" "Mozilla/5.0 AppleWebKit/537.36 (KHTML, like Gecko; compatible; bingbot/2.0; +http://www.bing.com/bingbot.htm) Chrome/116.0.1938.76 Safari/537.36"
157.55.39.63 - - [14/Sep/2025:02:24:46 +0000] "GET /jp/product/512756754944 HTTP/1.1" 200 84753 "-" "Mozilla/5.0 AppleWebKit/537.36 (KHTML, like Gecko; compatible; bingbot/2.0; +http://www.bing.com/bingbot.htm) Chrome/116.0.1938.76 Safari/537.36"
103.177.224.60 - - [14/Sep/2025:02:25:03 +0000] "GET / HTTP/1.1" 500 - "-" "-"
216.73.216.47 - - [14/Sep/2025:02:25:33 +0000] "GET /jp/product/51305245669 HTTP/1.1" 500 - "-" "Mozilla/5.0 AppleWebKit/537.36 (KHTML, like Gecko; compatible; ClaudeBot/1.0; +claudebot@anthropic.com)"
216.73.216.47 - - [14/Sep/2025:02:26:09 +0000] "GET /jp/product/51312593917 HTTP/1.1" 500 - "-" "Mozilla/5.0 AppleWebKit/537.36 (KHTML, like Gecko; compatible; ClaudeBot/1.0; +claudebot@anthropic.com)"
216.73.216.47 - - [14/Sep/2025:02:26:22 +0000] "GET /jp/product/51302283761 HTTP/1.1" 500 - "-" "Mozilla/5.0 AppleWebKit/537.36 (KHTML, like Gecko; compatible; ClaudeBot/1.0; +claudebot@anthropic.com)"
216.73.216.47 - - [14/Sep/2025:02:26:57 +0000] "GET /jp/product/512922634822 HTTP/1.1" 500 - "-" "Mozilla/5.0 AppleWebKit/537.36 (KHTML, like Gecko; compatible; ClaudeBot/1.0; +claudebot@anthropic.com)"
216.73.216.47 - - [14/Sep/2025:02:27:31 +0000] "GET /jp/product/51312928189 HTTP/1.1" 500 - "-" "Mozilla/5.0 AppleWebKit/537.36 (KHTML, like Gecko; compatible; ClaudeBot/1.0; +claudebot@anthropic.com)"
216.73.216.47 - - [14/Sep/2025:02:28:05 +0000] "GET /jp/product/51263300195 HTTP/1.1" 500 - "-" "Mozilla/5.0 AppleWebKit/537.36 (KHTML, like Gecko; compatible; ClaudeBot/1.0; +claudebot@anthropic.com)"
216.73.216.47 - - [14/Sep/2025:02:28:42 +0000] "GET /jp/product/51302215046 HTTP/1.1" 500 - "-" "Mozilla/5.0 AppleWebKit/537.36 (KHTML, like Gecko; compatible; ClaudeBot/1.0; +claudebot@anthropic.com)"
47.246.164.156 - - [14/Sep/2025:02:28:36 +0000] "GET / HTTP/1.1" 500 - "-" "Mozilla/5.0 (Macintosh; Intel Mac OS X 10_15_5) AppleWebKit/537.36 (KHTML, like Gecko) Brave Chrome/86.0.4240.75 Safari/537.36"
157.55.39.197 - - [14/Sep/2025:02:28:54 +0000] "GET /jp/product/512945802611 HTTP/1.1" 200 85807 "-" "Mozilla/5.0 AppleWebKit/537.36 (KHTML, like Gecko; compatible; bingbot/2.0; +http://www.bing.com/bingbot.htm) Chrome/116.0.1938.76 Safari/537.36"
216.73.216.47 - - [14/Sep/2025:02:29:18 +0000] "GET /jp/product/51315683700 HTTP/1.1" 500 - "-" "Mozilla/5.0 AppleWebKit/537.36 (KHTML, like Gecko; compatible; ClaudeBot/1.0; +claudebot@anthropic.com)"
216.73.216.47 - - [14/Sep/2025:02:29:52 +0000] "GET /jp/product/513129461287 HTTP/1.1" 500 - "-" "Mozilla/5.0 AppleWebKit/537.36 (KHTML, like Gecko; compatible; ClaudeBot/1.0; +claudebot@anthropic.com)"
66.249.70.129 - - [14/Sep/2025:02:30:11 +0000] "GET /?jp/product/5126100224 HTTP/1.1" 200 82903 "-" "Mozilla/5.0 (Linux; Android 6.0.1; Nexus 5X Build/MMB29P) AppleWebKit/537.36 (KHTML, like Gecko) Chrome/140.0.7339.127 Mobile Safari/537.36 (compatible; Googlebot/2.1; +http://www.google.com/bot.html)"
216.73.216.47 - - [14/Sep/2025:02:30:26 +0000] "GET /jp/product/51312819675 HTTP/1.1" 500 - "-" "Mozilla/5.0 AppleWebKit/537.36 (KHTML, like Gecko; compatible; ClaudeBot/1.0; +claudebot@anthropic.com)"
216.73.216.47 - - [14/Sep/2025:02:31:01 +0000] "GET /jp/product/512919505351 HTTP/1.1" 500 - "-" "Mozilla/5.0 AppleWebKit/537.36 (KHTML, like Gecko; compatible; ClaudeBot/1.0; +claudebot@anthropic.com)"
2a03:2880:25ff:7:: - - [14/Sep/2025:02:31:22 +0000] "GET /site/wp-content/uploads/2016/05/sumerian-king-list-ancient-aliens.jpg HTTP/1.1" 500 - "-" "facebookexternalhit/1.1 (+http://www.facebook.com/externalhit_uatext.php)"
216.73.216.47 - - [14/Sep/2025:02:31:39 +0000] "GET /jp/product/51315754866 HTTP/1.1" 500 - "-" "Mozilla/5.0 AppleWebKit/537.36 (KHTML, like Gecko; compatible; ClaudeBot/1.0; +claudebot@anthropic.com)"
181.235.174.118 - - [14/Sep/2025:02:31:43 +0000] "GET / HTTP/1.1" 500 - "-" "Mozilla/5.0 (Windows NT 10.0; Win64; x64) AppleWebKit/537.36 (KHTML, like Gecko) Chrome/114.0.0.0 Safari/537.36 Edg/114.0.1823.43"
216.73.216.47 - - [14/Sep/2025:02:32:14 +0000] "GET /jp/product/512618151466 HTTP/1.1" 500 - "-" "Mozilla/5.0 AppleWebKit/537.36 (KHTML, like Gecko; compatible; ClaudeBot/1.0; +claudebot@anthropic.com)"
216.73.216.47 - - [14/Sep/2025:02:32:49 +0000] "GET /jp/product/51263056795 HTTP/1.1" 500 - "-" "Mozilla/5.0 AppleWebKit/537.36 (KHTML, like Gecko; compatible; ClaudeBot/1.0; +claudebot@anthropic.com)"
157.55.39.63 - - [14/Sep/2025:02:32:46 +0000] "GET /jp/product/51305209178 HTTP/1.1" 200 83679 "-" "Mozilla/5.0 AppleWebKit/537.36 (KHTML, like Gecko; compatible; bingbot/2.0; +http://www.bing.com/bingbot.htm) Chrome/116.0.1938.76 Safari/537.36"
216.73.216.47 - - [14/Sep/2025:02:33:23 +0000] "GET /jp/product/51263185193 HTTP/1.1" 500 - "-" "Mozilla/5.0 AppleWebKit/537.36 (KHTML, like Gecko; compatible; ClaudeBot/1.0; +claudebot@anthropic.com)"
157.55.39.57 - - [14/Sep/2025:02:33:26 +0000] "GET /jp/product/512611826071 HTTP/1.1" 200 84061 "-" "Mozilla/5.0 AppleWebKit/537.36 (KHTML, like Gecko; compatible; bingbot/2.0; +http://www.bing.com/bingbot.htm) Chrome/116.0.1938.76 Safari/537.36"
216.73.216.47 - - [14/Sep/2025:02:34:03 +0000] "GET /jp/product/51312631450 HTTP/1.1" 500 - "-" "Mozilla/5.0 AppleWebKit/537.36 (KHTML, like Gecko; compatible; ClaudeBot/1.0; +claudebot@anthropic.com)"
43.131.45.213 - - [14/Sep/2025:02:34:14 +0000] "GET / HTTP/1.1" 500 - "http://www.ancientufo.org" "Mozilla/5.0 (iPhone; CPU iPhone OS 13_2_3 like Mac OS X) AppleWebKit/605.1.15 (KHTML, like Gecko) Version/13.0.3 Mobile/15E148 Safari/604.1"
118.195.165.218 - - [14/Sep/2025:02:34:16 +0000] "GET / HTTP/1.1" 500 - "http://ancientufo.org" "Mozilla/5.0 (iPhone; CPU iPhone OS 13_2_3 like Mac OS X) AppleWebKit/605.1.15 (KHTML, like Gecko) Version/13.0.3 Mobile/15E148 Safari/604.1"
216.73.216.47 - - [14/Sep/2025:02:34:39 +0000] "GET /jp/product/513013947739 HTTP/1.1" 500 - "-" "Mozilla/5.0 AppleWebKit/537.36 (KHTML, like Gecko; compatible; ClaudeBot/1.0; +claudebot@anthropic.com)"
216.73.216.47 - - [14/Sep/2025:02:35:12 +0000] "GET /jp/product/513049602338 HTTP/1.1" 500 - "-" "Mozilla/5.0 AppleWebKit/537.36 (KHTML, like Gecko; compatible; ClaudeBot/1.0; +claudebot@anthropic.com)"
157.55.39.201 - - [14/Sep/2025:02:35:16 +0000] "GET /jp/product/513025949556 HTTP/1.1" 200 83689 "-" "Mozilla/5.0 AppleWebKit/537.36 (KHTML, like Gecko; compatible; bingbot/2.0; +http://www.bing.com/bingbot.htm) Chrome/116.0.1938.76 Safari/537.36"
216.73.216.47 - - [14/Sep/2025:02:35:46 +0000] "GET /jp/product/513052538663 HTTP/1.1" 500 - "-" "Mozilla/5.0 AppleWebKit/537.36 (KHTML, like Gecko; compatible; ClaudeBot/1.0; +claudebot@anthropic.com)"
216.73.216.47 - - [14/Sep/2025:02:36:23 +0000] "GET /jp/product/51312615149 HTTP/1.1" 500 - "-" "Mozilla/5.0 AppleWebKit/537.36 (KHTML, like Gecko; compatible; ClaudeBot/1.0; +claudebot@anthropic.com)"
216.73.216.47 - - [14/Sep/2025:02:36:57 +0000] "GET /jp/product/51312797704 HTTP/1.1" 500 - "-" "Mozilla/5.0 AppleWebKit/537.36 (KHTML, like Gecko; compatible; ClaudeBot/1.0; +claudebot@anthropic.com)"
37.111.200.206 - - [14/Sep/2025:02:37:20 +0000] "GET /jp/product/5127883381 HTTP/1.1" 500 - "-" "Mozilla/5.0 (Windows NT 6.1; Win64; x64) AppleWebKit/537.36 (KHTML, like Gecko) Chrome/92.0.4515.131 Safari/537.36"
216.73.216.47 - - [14/Sep/2025:02:37:32 +0000] "GET /jp/product/51312510637 HTTP/1.1" 500 - "-" "Mozilla/5.0 AppleWebKit/537.36 (KHTML, like Gecko; compatible; ClaudeBot/1.0; +claudebot@anthropic.com)"
216.73.216.47 - - [14/Sep/2025:02:38:07 +0000] "GET /jp/product/51312557608 HTTP/1.1" 500 - "-" "Mozilla/5.0 AppleWebKit/537.36 (KHTML, like Gecko; compatible; ClaudeBot/1.0; +claudebot@anthropic.com)"
216.73.216.47 - - [14/Sep/2025:02:38:33 +0000] "GET /robots.txt HTTP/1.1" 500 - "-" "Mozilla/5.0 AppleWebKit/537.36 (KHTML, like Gecko; compatible; ClaudeBot/1.0; +claudebot@anthropic.com)"
216.73.216.47 - - [14/Sep/2025:02:38:40 +0000] "GET /jp/product/51287135783 HTTP/1.1" 500 - "-" "Mozilla/5.0 AppleWebKit/537.36 (KHTML, like Gecko; compatible; ClaudeBot/1.0; +claudebot@anthropic.com)"
20.125.163.80 - - [14/Sep/2025:02:38:34 +0000] "GET /jp/product/512854353356 HTTP/1.1" 200 84914 "-" "Mozilla/5.0 AppleWebKit/537.36 (KHTML, like Gecko; compatible; bingbot/2.0; +http://www.bing.com/bingbot.htm) Chrome/116.0.1938.76 Safari/537.36"
200.80.114.74 - - [14/Sep/2025:02:39:15 +0000] "GET /jp/product/5126280496 HTTP/1.1" 500 - "-" "Mozilla/5.0 (Macintosh; Intel Mac OS X 10_11_6) AppleWebKit/537.36 (KHTML, like Gecko) Chrome/93.0.4577.82 Safari/537.36"
216.73.216.47 - - [14/Sep/2025:02:39:15 +0000] "GET /sitemap.xml HTTP/1.1" 500 - "-" "Mozilla/5.0 AppleWebKit/537.36 (KHTML, like Gecko; compatible; ClaudeBot/1.0; +claudebot@anthropic.com)"
216.73.216.47 - - [14/Sep/2025:02:39:49 +0000] "GET /wp-includes/revisions.php HTTP/1.1" 200 - "-" "Mozilla/5.0 AppleWebKit/537.36 (KHTML, like Gecko; compatible; ClaudeBot/1.0; +claudebot@anthropic.com)"
216.73.216.47 - - [14/Sep/2025:02:40:25 +0000] "GET /header.php HTTP/1.1" 200 - "-" "Mozilla/5.0 AppleWebKit/537.36 (KHTML, like Gecko; compatible; ClaudeBot/1.0; +claudebot@anthropic.com)"
216.73.216.47 - - [14/Sep/2025:02:41:00 +0000] "GET /jp/product/51281275040 HTTP/1.1" 500 - "-" "Mozilla/5.0 AppleWebKit/537.36 (KHTML, like Gecko; compatible; ClaudeBot/1.0; +claudebot@anthropic.com)"
216.73.216.47 - - [14/Sep/2025:02:41:16 +0000] "GET /jp/product/512632885600 HTTP/1.1" 500 - "-" "Mozilla/5.0 AppleWebKit/537.36 (KHTML, like Gecko; compatible; ClaudeBot/1.0; +claudebot@anthropic.com)"
216.73.216.47 - - [14/Sep/2025:02:41:49 +0000] "GET /jp/product/51315465207 HTTP/1.1" 500 - "-" "Mozilla/5.0 AppleWebKit/537.36 (KHTML, like Gecko; compatible; ClaudeBot/1.0; +claudebot@anthropic.com)"
216.73.216.47 - - [14/Sep/2025:02:42:13 +0000] "GET /jp/product/51294872791 HTTP/1.1" 500 - "-" "Mozilla/5.0 AppleWebKit/537.36 (KHTML, like Gecko; compatible; ClaudeBot/1.0; +claudebot@anthropic.com)"
66.249.70.137 - - [14/Sep/2025:02:42:11 +0000] "GET /jp/product/51312901084 HTTP/1.1" 200 84405 "-" "Mozilla/5.0 (Linux; Android 6.0.1; Nexus 5X Build/MMB29P) AppleWebKit/537.36 (KHTML, like Gecko) Chrome/140.0.7339.127 Mobile Safari/537.36 (compatible; Googlebot/2.1; +http://www.google.com/bot.html)"
216.73.216.47 - - [14/Sep/2025:02:42:29 +0000] "GET /robots.txt HTTP/1.1" 500 - "http://ancientufo.org/robots.txt" "Mozilla/5.0 AppleWebKit/537.36 (KHTML, like Gecko; compatible; ClaudeBot/1.0; +claudebot@anthropic.com)"
216.73.216.47 - - [14/Sep/2025:02:42:44 +0000] "GET /2017/07/sumerian-fuente-magna-bowl HTTP/1.1" 500 - "http://ancientufo.org/2017/07/sumerian-fuente-magna-bowl" "Mozilla/5.0 AppleWebKit/537.36 (KHTML, like Gecko; compatible; ClaudeBot/1.0; +claudebot@anthropic.com)"
216.73.216.47 - - [14/Sep/2025:02:43:19 +0000] "GET /2014/06/the-aluminum-wedge-of-aiud HTTP/1.1" 500 - "http://ancientufo.org/2014/06/the-aluminum-wedge-of-aiud" "Mozilla/5.0 AppleWebKit/537.36 (KHTML, like Gecko; compatible; ClaudeBot/1.0; +claudebot@anthropic.com)"
216.73.216.47 - - [14/Sep/2025:02:43:54 +0000] "GET /2017/03/egypt-evidence-ancient-machining-technology HTTP/1.1" 500 - "http://ancientufo.org/2017/03/egypt-evidence-ancient-machining-technology" "Mozilla/5.0 AppleWebKit/537.36 (KHTML, like Gecko; compatible; ClaudeBot/1.0; +claudebot@anthropic.com)"
216.73.216.47 - - [14/Sep/2025:02:44:28 +0000] "GET /jp/product/51315804531 HTTP/1.1" 500 - "-" "Mozilla/5.0 AppleWebKit/537.36 (KHTML, like Gecko; compatible; ClaudeBot/1.0; +claudebot@anthropic.com)"
216.73.216.47 - - [14/Sep/2025:02:45:09 +0000] "GET /jp/product/513061339610 HTTP/1.1" 500 - "-" "Mozilla/5.0 AppleWebKit/537.36 (KHTML, like Gecko; compatible; ClaudeBot/1.0; +claudebot@anthropic.com)"
207.46.13.156 - - [14/Sep/2025:02:45:30 +0000] "GET /search?search_word=51263698000000000 HTTP/1.1" 200 83866 "-" "Mozilla/5.0 AppleWebKit/537.36 (KHTML, like Gecko; compatible; bingbot/2.0; +http://www.bing.com/bingbot.htm) Chrome/116.0.1938.76 Safari/537.36"
216.73.216.47 - - [14/Sep/2025:02:45:44 +0000] "GET /jp/product/512872231077 HTTP/1.1" 500 - "-" "Mozilla/5.0 AppleWebKit/537.36 (KHTML, like Gecko; compatible; ClaudeBot/1.0; +claudebot@anthropic.com)"
216.73.216.47 - - [14/Sep/2025:02:46:22 +0000] "GET /jp/product/513040390643 HTTP/1.1" 500 - "-" "Mozilla/5.0 AppleWebKit/537.36 (KHTML, like Gecko; compatible; ClaudeBot/1.0; +claudebot@anthropic.com)"
216.73.216.47 - - [14/Sep/2025:02:46:53 +0000] "GET /jp/product/51312668954 HTTP/1.1" 500 - "-" "Mozilla/5.0 AppleWebKit/537.36 (KHTML, like Gecko; compatible; ClaudeBot/1.0; +claudebot@anthropic.com)"
216.73.216.47 - - [14/Sep/2025:02:47:08 +0000] "GET /jp/product/513013940051 HTTP/1.1" 500 - "-" "Mozilla/5.0 AppleWebKit/537.36 (KHTML, like Gecko; compatible; ClaudeBot/1.0; +claudebot@anthropic.com)"
216.73.216.47 - - [14/Sep/2025:02:47:43 +0000] "GET /jp/product/512771489713 HTTP/1.1" 500 - "-" "Mozilla/5.0 AppleWebKit/537.36 (KHTML, like Gecko; compatible; ClaudeBot/1.0; +claudebot@anthropic.com)"
216.73.216.47 - - [14/Sep/2025:02:48:18 +0000] "GET /jp/product/51312895466 HTTP/1.1" 500 - "-" "Mozilla/5.0 AppleWebKit/537.36 (KHTML, like Gecko; compatible; ClaudeBot/1.0; +claudebot@anthropic.com)"
216.73.216.47 - - [14/Sep/2025:02:48:54 +0000] "GET /jp/product/51304996401 HTTP/1.1" 500 - "-" "Mozilla/5.0 AppleWebKit/537.36 (KHTML, like Gecko; compatible; ClaudeBot/1.0; +claudebot@anthropic.com)"
216.73.216.47 - - [14/Sep/2025:02:49:28 +0000] "GET /jp/product/512910783851 HTTP/1.1" 500 - "-" "Mozilla/5.0 AppleWebKit/537.36 (KHTML, like Gecko; compatible; ClaudeBot/1.0; +claudebot@anthropic.com)"
216.73.216.47 - - [14/Sep/2025:02:50:02 +0000] "GET /jp/product/51302355221 HTTP/1.1" 500 - "-" "Mozilla/5.0 AppleWebKit/537.36 (KHTML, like Gecko; compatible; ClaudeBot/1.0; +claudebot@anthropic.com)"
216.73.216.47 - - [14/Sep/2025:02:50:36 +0000] "GET /jp/product/51315518705 HTTP/1.1" 500 - "-" "Mozilla/5.0 AppleWebKit/537.36 (KHTML, like Gecko; compatible; ClaudeBot/1.0; +claudebot@anthropic.com)"
216.73.216.47 - - [14/Sep/2025:02:51:11 +0000] "GET /jp/product/51273836336 HTTP/1.1" 500 - "-" "Mozilla/5.0 AppleWebKit/537.36 (KHTML, like Gecko; compatible; ClaudeBot/1.0; +claudebot@anthropic.com)"
216.73.216.47 - - [14/Sep/2025:02:51:50 +0000] "GET /jp/product/51273655264 HTTP/1.1" 500 - "-" "Mozilla/5.0 AppleWebKit/537.36 (KHTML, like Gecko; compatible; ClaudeBot/1.0; +claudebot@anthropic.com)"
216.73.216.47 - - [14/Sep/2025:02:52:25 +0000] "GET /jp/product/51263382958 HTTP/1.1" 500 - "-" "Mozilla/5.0 AppleWebKit/537.36 (KHTML, like Gecko; compatible; ClaudeBot/1.0; +claudebot@anthropic.com)"
2a02:598:96:8a00::1200:12f - - [14/Sep/2025:02:52:38 +0000] "GET /jp/product/51294743500 HTTP/1.1" 500 - "-" "Mozilla/5.0 (compatible; SeznamBot/4.0; +https://o-seznam.cz/napoveda/vyhledavani/en/seznambot-crawler/)"
216.73.216.47 - - [14/Sep/2025:02:52:59 +0000] "GET /jp/product/51307967431 HTTP/1.1" 500 - "-" "Mozilla/5.0 AppleWebKit/537.36 (KHTML, like Gecko; compatible; ClaudeBot/1.0; +claudebot@anthropic.com)"
157.55.39.196 - - [14/Sep/2025:02:53:17 +0000] "GET /?item/pcmypage/51263698000000000 HTTP/1.1" 200 85408 "-" "Mozilla/5.0 AppleWebKit/537.36 (KHTML, like Gecko; compatible; bingbot/2.0; +http://www.bing.com/bingbot.htm) Chrome/116.0.1938.76 Safari/537.36"
216.73.216.47 - - [14/Sep/2025:02:53:34 +0000] "GET /jp/product/51284308451 HTTP/1.1" 500 - "-" "Mozilla/5.0 AppleWebKit/537.36 (KHTML, like Gecko; compatible; ClaudeBot/1.0; +claudebot@anthropic.com)"
216.73.216.47 - - [14/Sep/2025:02:54:09 +0000] "GET /jp/product/51297437294 HTTP/1.1" 500 - "-" "Mozilla/5.0 AppleWebKit/537.36 (KHTML, like Gecko; compatible; ClaudeBot/1.0; +claudebot@anthropic.com)"
157.55.39.196 - - [14/Sep/2025:02:53:59 +0000] "GET /jp/product/5127931207 HTTP/1.1" 200 86656 "-" "Mozilla/5.0 AppleWebKit/537.36 (KHTML, like Gecko; compatible; bingbot/2.0; +http://www.bing.com/bingbot.htm) Chrome/116.0.1938.76 Safari/537.36"
66.249.70.138 - - [14/Sep/2025:02:54:11 +0000] "GET /jp/product/5126132805 HTTP/1.1" 200 84390 "-" "Mozilla/5.0 (Linux; Android 6.0.1; Nexus 5X Build/MMB29P) AppleWebKit/537.36 (KHTML, like Gecko) Chrome/140.0.7339.127 Mobile Safari/537.36 (compatible; Googlebot/2.1; +http://www.google.com/bot.html)"
216.73.216.47 - - [14/Sep/2025:02:54:43 +0000] "GET /jp/product/51302385431 HTTP/1.1" 500 - "-" "Mozilla/5.0 AppleWebKit/537.36 (KHTML, like Gecko; compatible; ClaudeBot/1.0; +claudebot@anthropic.com)"
216.73.216.47 - - [14/Sep/2025:02:55:15 +0000] "GET /jp/product/51302305472 HTTP/1.1" 500 - "-" "Mozilla/5.0 AppleWebKit/537.36 (KHTML, like Gecko; compatible; ClaudeBot/1.0; +claudebot@anthropic.com)"
216.73.216.47 - - [14/Sep/2025:02:55:49 +0000] "GET /jp/product/512750658965 HTTP/1.1" 500 - "-" "Mozilla/5.0 AppleWebKit/537.36 (KHTML, like Gecko; compatible; ClaudeBot/1.0; +claudebot@anthropic.com)"
216.73.216.47 - - [14/Sep/2025:02:56:23 +0000] "GET /jp/product/51273946148 HTTP/1.1" 500 - "-" "Mozilla/5.0 AppleWebKit/537.36 (KHTML, like Gecko; compatible; ClaudeBot/1.0; +claudebot@anthropic.com)"
216.73.216.47 - - [14/Sep/2025:02:56:38 +0000] "GET /jp/product/51312652958 HTTP/1.1" 500 - "-" "Mozilla/5.0 AppleWebKit/537.36 (KHTML, like Gecko; compatible; ClaudeBot/1.0; +claudebot@anthropic.com)"
216.73.216.47 - - [14/Sep/2025:02:57:17 +0000] "GET /jp/product/51315885942 HTTP/1.1" 500 - "-" "Mozilla/5.0 AppleWebKit/537.36 (KHTML, like Gecko; compatible; ClaudeBot/1.0; +claudebot@anthropic.com)"
216.73.216.47 - - [14/Sep/2025:02:57:49 +0000] "GET /jp/product/51312865271 HTTP/1.1" 500 - "-" "Mozilla/5.0 AppleWebKit/537.36 (KHTML, like Gecko; compatible; ClaudeBot/1.0; +claudebot@anthropic.com)"
216.73.216.47 - - [14/Sep/2025:02:58:23 +0000] "GET /jp/product/51273938591 HTTP/1.1" 500 - "-" "Mozilla/5.0 AppleWebKit/537.36 (KHTML, like Gecko; compatible; ClaudeBot/1.0; +claudebot@anthropic.com)"
95.108.213.237 - - [14/Sep/2025:02:57:43 +0000] "GET /robots.txt HTTP/1.1" 500 - "-" "Mozilla/5.0 (compatible; YandexBot/3.0; +http://yandex.com/bots)"
77.88.9.136 - - [14/Sep/2025:02:58:30 +0000] "GET /tag/zecharia-sitchin/ HTTP/1.1" 500 - "-" "Mozilla/5.0 (compatible; YandexBot/3.0; +http://yandex.com/bots)"
216.73.216.47 - - [14/Sep/2025:02:58:59 +0000] "GET /wp-includes/revisions.php HTTP/1.1" 200 - "-" "Mozilla/5.0 AppleWebKit/537.36 (KHTML, like Gecko; compatible; ClaudeBot/1.0; +claudebot@anthropic.com)"
216.73.216.47 - - [14/Sep/2025:02:59:34 +0000] "GET /header.php HTTP/1.1" 200 - "-" "Mozilla/5.0 AppleWebKit/537.36 (KHTML, like Gecko; compatible; ClaudeBot/1.0; +claudebot@anthropic.com)"
216.73.216.47 - - [14/Sep/2025:03:00:06 +0000] "GET /jp/product/51294696553 HTTP/1.1" 500 - "-" "Mozilla/5.0 AppleWebKit/537.36 (KHTML, like Gecko; compatible; ClaudeBot/1.0; +claudebot@anthropic.com)"
162.254.32.78 - - [14/Sep/2025:03:00:09 +0000] "GET / HTTP/1.1" 500 - "-" "Cpanel-HTTP-Client/1.0"
216.73.216.47 - - [14/Sep/2025:03:00:54 +0000] "GET /jp/product/51294753820 HTTP/1.1" 500 - "-" "Mozilla/5.0 AppleWebKit/537.36 (KHTML, like Gecko; compatible; ClaudeBot/1.0; +claudebot@anthropic.com)"
47.82.11.19 - - [14/Sep/2025:03:01:26 +0000] "GET /jp/product/5126453378 HTTP/1.1" 500 - "https://ancientufo.org/" "Mozilla/5.0 (Macintosh; Intel Mac OS X 10_15_7) AppleWebKit/537.36 (KHTML, like Gecko) Chrome/128.0.0.0 Safari/537.36"
216.73.216.47 - - [14/Sep/2025:03:02:10 +0000] "GET /jp/product/51312748464 HTTP/1.1" 500 - "-" "Mozilla/5.0 AppleWebKit/537.36 (KHTML, like Gecko; compatible; ClaudeBot/1.0; +claudebot@anthropic.com)"
216.73.216.47 - - [14/Sep/2025:03:02:45 +0000] "GET /jp/product/51312522241 HTTP/1.1" 500 - "-" "Mozilla/5.0 AppleWebKit/537.36 (KHTML, like Gecko; compatible; ClaudeBot/1.0; +claudebot@anthropic.com)"
216.73.216.47 - - [14/Sep/2025:03:03:00 +0000] "GET /jp/product/512724314292 HTTP/1.1" 500 - "-" "Mozilla/5.0 AppleWebKit/537.36 (KHTML, like Gecko; compatible; ClaudeBot/1.0; +claudebot@anthropic.com)"
216.73.216.47 - - [14/Sep/2025:03:03:37 +0000] "GET /jp/product/51273546646 HTTP/1.1" 500 - "-" "Mozilla/5.0 AppleWebKit/537.36 (KHTML, like Gecko; compatible; ClaudeBot/1.0; +claudebot@anthropic.com)"
52.138.136.48 - - [14/Sep/2025:03:04:05 +0000] "GET /aa.php HTTP/1.1" 500 - "-" "-"
52.138.136.48 - - [14/Sep/2025:03:04:12 +0000] "GET /about.php HTTP/1.1" 500 - "-" "-"
52.138.136.48 - - [14/Sep/2025:03:04:19 +0000] "GET /admin.php HTTP/1.1" 500 - "-" "-"
52.138.136.48 - - [14/Sep/2025:03:04:26 +0000] "GET /akc.php HTTP/1.1" 500 - "-" "-"
52.138.136.48 - - [14/Sep/2025:03:04:32 +0000] "GET /alfa.php HTTP/1.1" 500 - "-" "-"
52.138.136.48 - - [14/Sep/2025:03:04:39 +0000] "GET /asasx.php HTTP/1.1" 500 - "-" "-"
52.138.136.48 - - [14/Sep/2025:03:04:45 +0000] "GET /atomlib.php HTTP/1.1" 500 - "-" "-"
52.138.136.48 - - [14/Sep/2025:03:04:50 +0000] "GET /autoload_classmap.php HTTP/1.1" 500 - "-" "-"
216.73.216.47 - - [14/Sep/2025:03:04:55 +0000] "GET /jp/product/513023015316 HTTP/1.1" 500 - "-" "Mozilla/5.0 AppleWebKit/537.36 (KHTML, like Gecko; compatible; ClaudeBot/1.0; +claudebot@anthropic.com)"
52.138.136.48 - - [14/Sep/2025:03:04:55 +0000] "GET /autoload_classmap/function.php HTTP/1.1" 500 - "-" "-"
52.138.136.48 - - [14/Sep/2025:03:05:00 +0000] "GET /buy.php HTTP/1.1" 500 - "-" "-"
52.138.136.48 - - [14/Sep/2025:03:05:06 +0000] "GET /chosen.php HTTP/1.1" 500 - "-" "-"
52.138.136.48 - - [14/Sep/2025:03:05:13 +0000] "GET /classwithtostring.php HTTP/1.1" 500 - "-" "-"
52.138.136.48 - - [14/Sep/2025:03:05:19 +0000] "GET /cong.php HTTP/1.1" 500 - "-" "-"
52.138.136.48 - - [14/Sep/2025:03:05:26 +0000] "GET /edit.php HTTP/1.1" 500 - "-" "-"
52.138.136.48 - - [14/Sep/2025:03:05:33 +0000] "GET /file.php HTTP/1.1" 500 - "-" "-"
52.138.136.48 - - [14/Sep/2025:03:05:40 +0000] "GET /file2.php HTTP/1.1" 500 - "-" "-"
216.73.216.47 - - [14/Sep/2025:03:05:48 +0000] "GET /jp/product/51312619838 HTTP/1.1" 500 - "-" "Mozilla/5.0 AppleWebKit/537.36 (KHTML, like Gecko; compatible; ClaudeBot/1.0; +claudebot@anthropic.com)"
52.138.136.48 - - [14/Sep/2025:03:05:47 +0000] "GET /flower.php HTTP/1.1" 500 - "-" "-"
157.55.39.10 - - [14/Sep/2025:03:05:48 +0000] "GET /jp/product/512978495504 HTTP/1.1" 200 84778 "-" "Mozilla/5.0 AppleWebKit/537.36 (KHTML, like Gecko; compatible; bingbot/2.0; +http://www.bing.com/bingbot.htm) Chrome/116.0.1938.76 Safari/537.36"
52.138.136.48 - - [14/Sep/2025:03:05:52 +0000] "GET /gecko.php HTTP/1.1" 500 - "-" "-"
52.138.136.48 - - [14/Sep/2025:03:05:58 +0000] "GET /goat.php HTTP/1.1" 500 - "-" "-"
52.138.136.48 - - [14/Sep/2025:03:06:04 +0000] "GET /goods.php HTTP/1.1" 500 - "-" "-"
52.138.136.48 - - [14/Sep/2025:03:06:10 +0000] "GET /ioxi-o.php HTTP/1.1" 500 - "-" "-"
66.249.70.138 - - [14/Sep/2025:03:06:11 +0000] "GET /jp/product/51302252656 HTTP/1.1" 200 85527 "-" "Mozilla/5.0 (Linux; Android 6.0.1; Nexus 5X Build/MMB29P) AppleWebKit/537.36 (KHTML, like Gecko) Chrome/140.0.7339.127 Mobile Safari/537.36 (compatible; Googlebot/2.1; +http://www.google.com/bot.html)"
52.138.136.48 - - [14/Sep/2025:03:06:17 +0000] "GET /lock360.php HTTP/1.1" 500 - "-" "-"
216.73.216.47 - - [14/Sep/2025:03:06:26 +0000] "GET /jp/product/51315586645 HTTP/1.1" 500 - "-" "Mozilla/5.0 AppleWebKit/537.36 (KHTML, like Gecko; compatible; ClaudeBot/1.0; +claudebot@anthropic.com)"
52.138.136.48 - - [14/Sep/2025:03:06:24 +0000] "GET /makeasmtp.php HTTP/1.1" 500 - "-" "-"
157.55.39.13 - - [14/Sep/2025:03:06:28 +0000] "GET /jp/product/513072839859 HTTP/1.1" 200 86409 "-" "Mozilla/5.0 AppleWebKit/537.36 (KHTML, like Gecko; compatible; bingbot/2.0; +http://www.bing.com/bingbot.htm) Chrome/116.0.1938.76 Safari/537.36"
52.138.136.48 - - [14/Sep/2025:03:06:31 +0000] "GET /mm.php HTTP/1.1" 500 - "-" "-"
52.138.136.48 - - [14/Sep/2025:03:06:37 +0000] "GET /nc4.php HTTP/1.1" 500 - "-" "-"
52.138.136.48 - - [14/Sep/2025:03:06:44 +0000] "GET /tinyfilemanager.php HTTP/1.1" 500 - "-" "-"
52.138.136.48 - - [14/Sep/2025:03:06:51 +0000] "GET /users.php HTTP/1.1" 500 - "-" "-"
216.73.216.47 - - [14/Sep/2025:03:07:01 +0000] "GET /jp/product/51315604533 HTTP/1.1" 500 - "-" "Mozilla/5.0 AppleWebKit/537.36 (KHTML, like Gecko; compatible; ClaudeBot/1.0; +claudebot@anthropic.com)"
52.138.136.48 - - [14/Sep/2025:03:06:58 +0000] "GET /w.php HTTP/1.1" 500 - "-" "-"
52.138.136.48 - - [14/Sep/2025:03:07:03 +0000] "GET /wp-admin/ HTTP/1.1" 500 - "-" "-"
52.138.136.48 - - [14/Sep/2025:03:07:08 +0000] "GET /wp-admin/css/colors/blue/index.php HTTP/1.1" 500 - "-" "-"
52.138.136.48 - - [14/Sep/2025:03:07:14 +0000] "GET /wp-admin/images/moon.php HTTP/1.1" 500 - "-" "-"
52.138.136.48 - - [14/Sep/2025:03:07:20 +0000] "GET /wp-admin/js/index.php HTTP/1.1" 500 - "-" "-"
52.138.136.48 - - [14/Sep/2025:03:07:27 +0000] "GET /wp-admin/setup-config.php HTTP/1.1" 500 - "-" "-"
52.138.136.48 - - [14/Sep/2025:03:07:39 +0000] "GET /wp-api.php HTTP/1.1" 500 - "-" "-"
52.138.136.48 - - [14/Sep/2025:03:07:46 +0000] "GET /wp-content/index.php HTTP/1.1" 500 - "-" "-"
52.138.136.48 - - [14/Sep/2025:03:07:53 +0000] "GET /wp-content/wp-conflg.php HTTP/1.1" 500 - "-" "-"
52.138.136.48 - - [14/Sep/2025:03:07:59 +0000] "GET /wp-includes/IXR/autoload_classmap.php HTTP/1.1" 500 - "-" "-"
52.138.136.48 - - [14/Sep/2025:03:08:07 +0000] "GET /wp-includes/fonts/admin.php HTTP/1.1" 500 - "-" "-"
216.73.216.47 - - [14/Sep/2025:03:08:13 +0000] "GET /jp/product/51284433006 HTTP/1.1" 500 - "-" "Mozilla/5.0 AppleWebKit/537.36 (KHTML, like Gecko; compatible; ClaudeBot/1.0; +claudebot@anthropic.com)"
52.138.136.48 - - [14/Sep/2025:03:08:13 +0000] "GET /wp-includes/fonts/index.php HTTP/1.1" 500 - "-" "-"
52.138.136.48 - - [14/Sep/2025:03:08:21 +0000] "GET /wp-setup.php HTTP/1.1" 500 - "-" "-"
52.138.136.48 - - [14/Sep/2025:03:08:27 +0000] "GET /wp.php HTTP/1.1" 500 - "-" "-"
216.73.216.47 - - [14/Sep/2025:03:08:39 +0000] "GET /jp/product/51263215711 HTTP/1.1" 500 - "-" "Mozilla/5.0 AppleWebKit/537.36 (KHTML, like Gecko; compatible; ClaudeBot/1.0; +claudebot@anthropic.com)"
52.138.136.48 - - [14/Sep/2025:03:08:34 +0000] "GET /wsa.php HTTP/1.1" 500 - "-" "-"
157.55.39.10 - - [14/Sep/2025:03:08:38 +0000] "GET /jp/product/513043394429 HTTP/1.1" 200 85269 "-" "Mozilla/5.0 AppleWebKit/537.36 (KHTML, like Gecko; compatible; bingbot/2.0; +http://www.bing.com/bingbot.htm) Chrome/116.0.1938.76 Safari/537.36"
216.73.216.47 - - [14/Sep/2025:03:09:10 +0000] "GET /header.php HTTP/1.1" 200 - "-" "Mozilla/5.0 AppleWebKit/537.36 (KHTML, like Gecko; compatible; ClaudeBot/1.0; +claudebot@anthropic.com)"
213.186.1.154 - - [14/Sep/2025:03:10:04 +0000] "GET / HTTP/1.1" 500 - "-" "Mediatoolkitbot (complaints@mediatoolkit.com)"
216.73.216.47 - - [14/Sep/2025:03:11:42 +0000] "GET /jp/product/51305344985 HTTP/1.1" 500 - "-" "Mozilla/5.0 AppleWebKit/537.36 (KHTML, like Gecko; compatible; ClaudeBot/1.0; +claudebot@anthropic.com)"
216.73.216.47 - - [14/Sep/2025:03:12:05 +0000] "GET /jp/product/51312594154 HTTP/1.1" 500 - "-" "Mozilla/5.0 AppleWebKit/537.36 (KHTML, like Gecko; compatible; ClaudeBot/1.0; +claudebot@anthropic.com)"
216.73.216.47 - - [14/Sep/2025:03:12:27 +0000] "GET /jp/product/513150019925 HTTP/1.1" 500 - "-" "Mozilla/5.0 AppleWebKit/537.36 (KHTML, like Gecko; compatible; ClaudeBot/1.0; +claudebot@anthropic.com)"
216.73.216.47 - - [14/Sep/2025:03:12:48 +0000] "GET /jp/product/51273488727 HTTP/1.1" 500 - "-" "Mozilla/5.0 AppleWebKit/537.36 (KHTML, like Gecko; compatible; ClaudeBot/1.0; +claudebot@anthropic.com)"
54.236.1.53 - - [14/Sep/2025:03:13:49 +0000] "GET / HTTP/1.1" 500 - "-" "Mozilla/5.0 (compatible; Pinterestbot/1.0; +http://www.pinterest.com/bot.html)"
216.73.216.47 - - [14/Sep/2025:03:13:57 +0000] "GET /jp/product/51263137600 HTTP/1.1" 500 - "-" "Mozilla/5.0 AppleWebKit/537.36 (KHTML, like Gecko; compatible; ClaudeBot/1.0; +claudebot@anthropic.com)"
216.73.216.47 - - [14/Sep/2025:03:14:34 +0000] "GET /jp/product/51294715561 HTTP/1.1" 500 - "-" "Mozilla/5.0 AppleWebKit/537.36 (KHTML, like Gecko; compatible; ClaudeBot/1.0; +claudebot@anthropic.com)"
216.73.216.47 - - [14/Sep/2025:03:15:06 +0000] "GET /jp/product/51305352176 HTTP/1.1" 500 - "-" "Mozilla/5.0 AppleWebKit/537.36 (KHTML, like Gecko; compatible; ClaudeBot/1.0; +claudebot@anthropic.com)"
216.73.216.47 - - [14/Sep/2025:03:15:41 +0000] "GET /jp/product/51284361630 HTTP/1.1" 500 - "-" "Mozilla/5.0 AppleWebKit/537.36 (KHTML, like Gecko; compatible; ClaudeBot/1.0; +claudebot@anthropic.com)"
216.73.216.47 - - [14/Sep/2025:03:16:26 +0000] "GET /jp/product/51312507908 HTTP/1.1" 500 - "-" "Mozilla/5.0 AppleWebKit/537.36 (KHTML, like Gecko; compatible; ClaudeBot/1.0; +claudebot@anthropic.com)"
216.73.216.47 - - [14/Sep/2025:03:16:53 +0000] "GET /jp/product/51315722851 HTTP/1.1" 500 - "-" "Mozilla/5.0 AppleWebKit/537.36 (KHTML, like Gecko; compatible; ClaudeBot/1.0; +claudebot@anthropic.com)"
216.73.216.47 - - [14/Sep/2025:03:17:27 +0000] "GET /jp/product/51302253376 HTTP/1.1" 500 - "-" "Mozilla/5.0 AppleWebKit/537.36 (KHTML, like Gecko; compatible; ClaudeBot/1.0; +claudebot@anthropic.com)"
216.73.216.47 - - [14/Sep/2025:03:18:05 +0000] "GET /jp/product/513052223763 HTTP/1.1" 500 - "-" "Mozilla/5.0 AppleWebKit/537.36 (KHTML, like Gecko; compatible; ClaudeBot/1.0; +claudebot@anthropic.com)"
66.249.70.129 - - [14/Sep/2025:03:18:11 +0000] "GET /?jp/product/51291841219 HTTP/1.1" 200 84454 "-" "Mozilla/5.0 (Linux; Android 6.0.1; Nexus 5X Build/MMB29P) AppleWebKit/537.36 (KHTML, like Gecko) Chrome/140.0.7339.127 Mobile Safari/537.36 (compatible; Googlebot/2.1; +http://www.google.com/bot.html)"
216.73.216.47 - - [14/Sep/2025:03:18:44 +0000] "GET /robots.txt HTTP/1.1" 500 - "-" "Mozilla/5.0 AppleWebKit/537.36 (KHTML, like Gecko; compatible; ClaudeBot/1.0; +claudebot@anthropic.com)"
216.73.216.47 - - [14/Sep/2025:03:18:49 +0000] "GET /jp/product/513173479158 HTTP/1.1" 500 - "-" "Mozilla/5.0 AppleWebKit/537.36 (KHTML, like Gecko; compatible; ClaudeBot/1.0; +claudebot@anthropic.com)"
216.73.216.47 - - [14/Sep/2025:03:19:06 +0000] "GET /jp/product/512910706161 HTTP/1.1" 500 - "-" "Mozilla/5.0 AppleWebKit/537.36 (KHTML, like Gecko; compatible; ClaudeBot/1.0; +claudebot@anthropic.com)"
157.55.39.48 - - [14/Sep/2025:03:20:24 +0000] "GET /jp/product/512712590487 HTTP/1.1" 200 84851 "-" "Mozilla/5.0 AppleWebKit/537.36 (KHTML, like Gecko; compatible; bingbot/2.0; +http://www.bing.com/bingbot.htm) Chrome/116.0.1938.76 Safari/537.36"
216.73.216.47 - - [14/Sep/2025:03:20:55 +0000] "GET /jp/product/51263198383 HTTP/1.1" 500 - "-" "Mozilla/5.0 AppleWebKit/537.36 (KHTML, like Gecko; compatible; ClaudeBot/1.0; +claudebot@anthropic.com)"
216.73.216.47 - - [14/Sep/2025:03:21:29 +0000] "GET /jp/product/51302082163 HTTP/1.1" 500 - "-" "Mozilla/5.0 AppleWebKit/537.36 (KHTML, like Gecko; compatible; ClaudeBot/1.0; +claudebot@anthropic.com)"
216.73.216.47 - - [14/Sep/2025:03:22:00 +0000] "GET /jp/product/51308225772 HTTP/1.1" 500 - "-" "Mozilla/5.0 AppleWebKit/537.36 (KHTML, like Gecko; compatible; ClaudeBot/1.0; +claudebot@anthropic.com)"
216.73.216.47 - - [14/Sep/2025:03:22:16 +0000] "GET /jp/product/512925139319 HTTP/1.1" 500 - "-" "Mozilla/5.0 AppleWebKit/537.36 (KHTML, like Gecko; compatible; ClaudeBot/1.0; +claudebot@anthropic.com)"
207.46.13.141 - - [14/Sep/2025:03:22:11 +0000] "GET /jp/product/513111500184 HTTP/1.1" 200 85653 "-" "Mozilla/5.0 AppleWebKit/537.36 (KHTML, like Gecko; compatible; bingbot/2.0; +http://www.bing.com/bingbot.htm) Chrome/116.0.1938.76 Safari/537.36"
173.239.218.57 - - [14/Sep/2025:03:22:28 +0000] "GET / HTTP/1.1" 500 - "-" "Mozilla/5.0 (Macintosh; Intel Mac OS X 10.15; rv:77.0) Gecko/20100101 Firefox/77.0"
51.68.107.142 - - [14/Sep/2025:03:22:32 +0000] "GET /robots.txt HTTP/1.1" 500 - "-" "Mozilla/5.0 (compatible; MJ12bot/v2.0.4; http://mj12bot.com/)"
51.68.107.142 - - [14/Sep/2025:03:22:39 +0000] "GET / HTTP/1.1" 500 - "-" "Mozilla/5.0 (compatible; MJ12bot/v2.0.4; http://mj12bot.com/)"
216.73.216.47 - - [14/Sep/2025:03:23:36 +0000] "GET /wp-includes/revisions.php HTTP/1.1" 200 - "-" "Mozilla/5.0 AppleWebKit/537.36 (KHTML, like Gecko; compatible; ClaudeBot/1.0; +claudebot@anthropic.com)"
216.73.216.47 - - [14/Sep/2025:03:23:54 +0000] "GET /jp/product/51284317951 HTTP/1.1" 500 - "-" "Mozilla/5.0 AppleWebKit/537.36 (KHTML, like Gecko; compatible; ClaudeBot/1.0; +claudebot@anthropic.com)"
2001:4ca0:108:42::24 - - [14/Sep/2025:03:24:07 +0000] "GET /robots.txt HTTP/1.1" 200 97 "-" "Mozilla/5.0 (Windows NT 10.0; Win64; x64) AppleWebKit/537.36 (KHTML, like Gecko) Chrome/103.0.5060.134 Safari/537.36"
216.73.216.47 - - [14/Sep/2025:03:24:20 +0000] "GET /sitemap.xml HTTP/1.1" 500 - "-" "Mozilla/5.0 AppleWebKit/537.36 (KHTML, like Gecko; compatible; ClaudeBot/1.0; +claudebot@anthropic.com)"
216.73.216.47 - - [14/Sep/2025:03:24:55 +0000] "GET /wp-includes/revisions.php HTTP/1.1" 200 - "-" "Mozilla/5.0 AppleWebKit/537.36 (KHTML, like Gecko; compatible; ClaudeBot/1.0; +claudebot@anthropic.com)"
216.73.216.47 - - [14/Sep/2025:03:25:29 +0000] "GET /jp/product/51284207574 HTTP/1.1" 500 - "-" "Mozilla/5.0 AppleWebKit/537.36 (KHTML, like Gecko; compatible; ClaudeBot/1.0; +claudebot@anthropic.com)"
207.46.13.141 - - [14/Sep/2025:03:25:30 +0000] "GET /jp/product/51305081417 HTTP/1.1" 200 84785 "-" "Mozilla/5.0 AppleWebKit/537.36 (KHTML, like Gecko; compatible; bingbot/2.0; +http://www.bing.com/bingbot.htm) Chrome/116.0.1938.76 Safari/537.36"
216.73.216.47 - - [14/Sep/2025:03:26:28 +0000] "GET /jp/product/51276771247 HTTP/1.1" 500 - "-" "Mozilla/5.0 AppleWebKit/537.36 (KHTML, like Gecko; compatible; ClaudeBot/1.0; +claudebot@anthropic.com)"
195.26.224.235 - - [14/Sep/2025:03:26:33 +0000] "GET / HTTP/1.1" 500 - "https://PLAYGROUND-MAGAZINE.COM" "Mozilla/5.0 (Macintosh; Intel Mac OS X 10_15_7) AppleWebKit/537.36 (KHTML, like Gecko) Chrome/133.0.0.0 Safari/537.36"
216.73.216.47 - - [14/Sep/2025:03:27:03 +0000] "GET /jp/product/51263169028 HTTP/1.1" 500 - "-" "Mozilla/5.0 AppleWebKit/537.36 (KHTML, like Gecko; compatible; ClaudeBot/1.0; +claudebot@anthropic.com)"
216.73.216.47 - - [14/Sep/2025:03:27:38 +0000] "GET /jp/product/51263364886 HTTP/1.1" 500 - "-" "Mozilla/5.0 AppleWebKit/537.36 (KHTML, like Gecko; compatible; ClaudeBot/1.0; +claudebot@anthropic.com)"
216.73.216.47 - - [14/Sep/2025:03:28:07 +0000] "GET /jp/product/512730036412 HTTP/1.1" 500 - "-" "Mozilla/5.0 AppleWebKit/537.36 (KHTML, like Gecko; compatible; ClaudeBot/1.0; +claudebot@anthropic.com)"
216.73.216.47 - - [14/Sep/2025:03:28:41 +0000] "GET /jp/product/512821827461 HTTP/1.1" 500 - "-" "Mozilla/5.0 AppleWebKit/537.36 (KHTML, like Gecko; compatible; ClaudeBot/1.0; +claudebot@anthropic.com)"
43.156.109.53 - - [14/Sep/2025:03:28:50 +0000] "GET / HTTP/1.1" 500 - "http://ancientufo.org" "Mozilla/5.0 (iPhone; CPU iPhone OS 13_2_3 like Mac OS X) AppleWebKit/605.1.15 (KHTML, like Gecko) Version/13.0.3 Mobile/15E148 Safari/604.1"
20.125.163.85 - - [14/Sep/2025:03:28:54 +0000] "GET /robots.txt HTTP/1.1" 200 460 "-" "Mozilla/5.0 AppleWebKit/537.36 (KHTML, like Gecko; compatible; bingbot/2.0; +http://www.bing.com/bingbot.htm) Chrome/116.0.1938.76 Safari/537.36"
20.125.163.80 - - [14/Sep/2025:03:29:08 +0000] "GET /jp/product/51291634040 HTTP/1.1" 200 52958 "-" "Mozilla/5.0 AppleWebKit/537.36 (KHTML, like Gecko; compatible; bingbot/2.0; +http://www.bing.com/bingbot.htm) Chrome/116.0.1938.76 Safari/537.36"
216.73.216.47 - - [14/Sep/2025:03:29:16 +0000] "GET /jp/product/513066886470 HTTP/1.1" 500 - "-" "Mozilla/5.0 AppleWebKit/537.36 (KHTML, like Gecko; compatible; ClaudeBot/1.0; +claudebot@anthropic.com)"
216.73.216.47 - - [14/Sep/2025:03:29:51 +0000] "GET /jp/product/51284340918 HTTP/1.1" 500 - "-" "Mozilla/5.0 AppleWebKit/537.36 (KHTML, like Gecko; compatible; ClaudeBot/1.0; +claudebot@anthropic.com)"
216.73.216.47 - - [14/Sep/2025:03:30:30 +0000] "GET /jp/product/512822133386 HTTP/1.1" 500 - "-" "Mozilla/5.0 AppleWebKit/537.36 (KHTML, like Gecko; compatible; ClaudeBot/1.0; +claudebot@anthropic.com)"
66.249.70.129 - - [14/Sep/2025:03:30:37 +0000] "GET /?_gl=1*ly96ut*_gcl_au*MTE0MDM1OTI5NC4xNzQyNzk4MTUzLjE0OTQzNDk5MjUuMTc0MzEzMDcxOS4xNzQzMTMwNzE5*_ga*MTU1NzQ2Mzk3NS4xNzM3MDEzMDcz*_ga_KQX3XWKR2T*MTc0MzEzMDcxNi43LjEuMTc0MzEzMDc0OC4yOC4wLjA.&gl_url=https://ancientufo.org/load.php?51281303350 HTTP/1.1" 200 86270 "-" "Mozilla/5.0 (Linux; Android 6.0.1; Nexus 5X Build/MMB29P) AppleWebKit/537.36 (KHTML, like Gecko) Chrome/140.0.7339.127 Mobile Safari/537.36 (compatible; Googlebot/2.1; +http://www.google.com/bot.html)"
66.249.70.128 - - [14/Sep/2025:03:30:46 +0000] "GET /jp/product/51291636172 HTTP/1.1" 200 85552 "-" "Mozilla/5.0 (Linux; Android 6.0.1; Nexus 5X Build/MMB29P) AppleWebKit/537.36 (KHTML, like Gecko) Chrome/140.0.7339.127 Mobile Safari/537.36 (compatible; Googlebot/2.1; +http://www.google.com/bot.html)"
216.73.216.47 - - [14/Sep/2025:03:31:05 +0000] "GET /jp/product/512922465169 HTTP/1.1" 500 - "-" "Mozilla/5.0 AppleWebKit/537.36 (KHTML, like Gecko; compatible; ClaudeBot/1.0; +claudebot@anthropic.com)"
102.129.252.185 - - [14/Sep/2025:03:31:12 +0000] "GET //wp-includes/ID3/license.txt HTTP/1.1" 500 - "-" "Mozilla/5.0 (Windows NT 10.0; Win64; x64) AppleWebKit/537.36 (KHTML, like Gecko) Chrome/95.0.4638.69 Safari/537.36"
102.129.252.185 - - [14/Sep/2025:03:31:17 +0000] "GET //feed/ HTTP/1.1" 500 - "-" "Mozilla/5.0 (Windows NT 10.0; Win64; x64) AppleWebKit/537.36 (KHTML, like Gecko) Chrome/95.0.4638.69 Safari/537.36"
102.129.252.185 - - [14/Sep/2025:03:31:21 +0000] "GET //xmlrpc.php?rsd HTTP/1.1" 500 - "-" "Mozilla/5.0 (Windows NT 10.0; Win64; x64) AppleWebKit/537.36 (KHTML, like Gecko) Chrome/95.0.4638.69 Safari/537.36"
216.73.216.47 - - [14/Sep/2025:03:31:39 +0000] "GET /jp/product/51263014024 HTTP/1.1" 500 - "-" "Mozilla/5.0 AppleWebKit/537.36 (KHTML, like Gecko; compatible; ClaudeBot/1.0; +claudebot@anthropic.com)"
186.64.212.63 - - [14/Sep/2025:03:31:51 +0000] "GET / HTTP/1.1" 500 - "-" "Mozilla/5.0 (Windows NT 10.0; Win64; x64) AppleWebKit/537.36 (KHTML, like Gecko) Chrome/114.0.0.0 Safari/537.36 Edg/114.0.1823.43"
102.129.252.185 - - [14/Sep/2025:03:31:28 +0000] "GET //blog/wp-includes/wlwmanifest.xml HTTP/1.1" 200 4312 "-" "Mozilla/5.0 (Windows NT 10.0; Win64; x64) AppleWebKit/537.36 (KHTML, like Gecko) Chrome/95.0.4638.69 Safari/537.36"
216.73.216.47 - - [14/Sep/2025:03:32:14 +0000] "GET /jp/product/51266202353 HTTP/1.1" 500 - "-" "Mozilla/5.0 AppleWebKit/537.36 (KHTML, like Gecko; compatible; ClaudeBot/1.0; +claudebot@anthropic.com)"
216.73.216.47 - - [14/Sep/2025:03:32:39 +0000] "GET /jp/product/51273886175 HTTP/1.1" 500 - "-" "Mozilla/5.0 AppleWebKit/537.36 (KHTML, like Gecko; compatible; ClaudeBot/1.0; +claudebot@anthropic.com)"
102.129.252.185 - - [14/Sep/2025:03:32:13 +0000] "GET //web/wp-includes/wlwmanifest.xml HTTP/1.1" 200 4330 "-" "Mozilla/5.0 (Windows NT 10.0; Win64; x64) AppleWebKit/537.36 (KHTML, like Gecko) Chrome/95.0.4638.69 Safari/537.36"
216.73.216.47 - - [14/Sep/2025:03:33:13 +0000] "GET /jp/product/51305351640 HTTP/1.1" 500 - "-" "Mozilla/5.0 AppleWebKit/537.36 (KHTML, like Gecko; compatible; ClaudeBot/1.0; +claudebot@anthropic.com)"
102.129.252.185 - - [14/Sep/2025:03:32:57 +0000] "GET //wordpress/wp-includes/wlwmanifest.xml HTTP/1.1" 200 4372 "-" "Mozilla/5.0 (Windows NT 10.0; Win64; x64) AppleWebKit/537.36 (KHTML, like Gecko) Chrome/95.0.4638.69 Safari/537.36"
216.73.216.47 - - [14/Sep/2025:03:33:48 +0000] "GET /jp/product/512721466032 HTTP/1.1" 500 - "-" "Mozilla/5.0 AppleWebKit/537.36 (KHTML, like Gecko; compatible; ClaudeBot/1.0; +claudebot@anthropic.com)"
216.73.216.47 - - [14/Sep/2025:03:34:21 +0000] "GET /jp/product/51279459311 HTTP/1.1" 500 - "-" "Mozilla/5.0 AppleWebKit/537.36 (KHTML, like Gecko; compatible; ClaudeBot/1.0; +claudebot@anthropic.com)"
102.129.252.185 - - [14/Sep/2025:03:33:43 +0000] "GET //wp/wp-includes/wlwmanifest.xml HTTP/1.1" 200 4359 "-" "Mozilla/5.0 (Windows NT 10.0; Win64; x64) AppleWebKit/537.36 (KHTML, like Gecko) Chrome/95.0.4638.69 Safari/537.36"
102.129.252.185 - - [14/Sep/2025:03:34:27 +0000] "GET //2020/wp-includes/wlwmanifest.xml HTTP/1.1" 200 4394 "-" "Mozilla/5.0 (Windows NT 10.0; Win64; x64) AppleWebKit/537.36 (KHTML, like Gecko) Chrome/95.0.4638.69 Safari/537.36"
216.73.216.47 - - [14/Sep/2025:03:35:37 +0000] "GET /jp/product/51269061111 HTTP/1.1" 500 - "-" "Mozilla/5.0 AppleWebKit/537.36 (KHTML, like Gecko; compatible; ClaudeBot/1.0; +claudebot@anthropic.com)"
102.129.252.185 - - [14/Sep/2025:03:35:11 +0000] "GET //2019/wp-includes/wlwmanifest.xml HTTP/1.1" 200 4374 "-" "Mozilla/5.0 (Windows NT 10.0; Win64; x64) AppleWebKit/537.36 (KHTML, like Gecko) Chrome/95.0.4638.69 Safari/537.36"
216.73.216.47 - - [14/Sep/2025:03:36:11 +0000] "GET /jp/product/5126351504 HTTP/1.1" 500 - "-" "Mozilla/5.0 AppleWebKit/537.36 (KHTML, like Gecko; compatible; ClaudeBot/1.0; +claudebot@anthropic.com)"
157.55.39.205 - - [14/Sep/2025:03:36:17 +0000] "GET /jp/product/512612094345 HTTP/1.1" 200 84496 "-" "Mozilla/5.0 AppleWebKit/537.36 (KHTML, like Gecko; compatible; bingbot/2.0; +http://www.bing.com/bingbot.htm) Chrome/116.0.1938.76 Safari/537.36"
102.129.252.185 - - [14/Sep/2025:03:35:54 +0000] "GET //2021/wp-includes/wlwmanifest.xml HTTP/1.1" 200 4310 "-" "Mozilla/5.0 (Windows NT 10.0; Win64; x64) AppleWebKit/537.36 (KHTML, like Gecko) Chrome/95.0.4638.69 Safari/537.36"
216.73.216.47 - - [14/Sep/2025:03:36:45 +0000] "GET /jp/product/51302191189 HTTP/1.1" 500 - "-" "Mozilla/5.0 AppleWebKit/537.36 (KHTML, like Gecko; compatible; ClaudeBot/1.0; +claudebot@anthropic.com)"
102.129.252.185 - - [14/Sep/2025:03:36:37 +0000] "GET //shop/wp-includes/wlwmanifest.xml HTTP/1.1" 200 4398 "-" "Mozilla/5.0 (Windows NT 10.0; Win64; x64) AppleWebKit/537.36 (KHTML, like Gecko) Chrome/95.0.4638.69 Safari/537.36"
216.73.216.47 - - [14/Sep/2025:03:37:21 +0000] "GET /jp/product/51294579100 HTTP/1.1" 500 - "-" "Mozilla/5.0 AppleWebKit/537.36 (KHTML, like Gecko; compatible; ClaudeBot/1.0; +claudebot@anthropic.com)"
216.73.216.47 - - [14/Sep/2025:03:37:55 +0000] "GET /jp/product/51287238087 HTTP/1.1" 500 - "-" "Mozilla/5.0 AppleWebKit/537.36 (KHTML, like Gecko; compatible; ClaudeBot/1.0; +claudebot@anthropic.com)"
102.129.252.185 - - [14/Sep/2025:03:37:20 +0000] "GET //wp1/wp-includes/wlwmanifest.xml HTTP/1.1" 200 4377 "-" "Mozilla/5.0 (Windows NT 10.0; Win64; x64) AppleWebKit/537.36 (KHTML, like Gecko) Chrome/95.0.4638.69 Safari/537.36"
216.73.216.47 - - [14/Sep/2025:03:38:30 +0000] "GET /jp/product/512874706318 HTTP/1.1" 500 - "-" "Mozilla/5.0 AppleWebKit/537.36 (KHTML, like Gecko; compatible; ClaudeBot/1.0; +claudebot@anthropic.com)"
102.129.252.185 - - [14/Sep/2025:03:38:03 +0000] "GET //test/wp-includes/wlwmanifest.xml HTTP/1.1" 200 4348 "-" "Mozilla/5.0 (Windows NT 10.0; Win64; x64) AppleWebKit/537.36 (KHTML, like Gecko) Chrome/95.0.4638.69 Safari/537.36"
216.73.216.47 - - [14/Sep/2025:03:39:05 +0000] "GET /jp/product/512821865657 HTTP/1.1" 500 - "-" "Mozilla/5.0 AppleWebKit/537.36 (KHTML, like Gecko; compatible; ClaudeBot/1.0; +claudebot@anthropic.com)"
102.129.252.185 - - [14/Sep/2025:03:38:48 +0000] "GET //site/wp-includes/wlwmanifest.xml HTTP/1.1" 200 4400 "-" "Mozilla/5.0 (Windows NT 10.0; Win64; x64) AppleWebKit/537.36 (KHTML, like Gecko) Chrome/95.0.4638.69 Safari/537.36"
216.73.216.47 - - [14/Sep/2025:03:39:39 +0000] "GET /jp/product/512975467337 HTTP/1.1" 500 - "-" "Mozilla/5.0 AppleWebKit/537.36 (KHTML, like Gecko; compatible; ClaudeBot/1.0; +claudebot@anthropic.com)"
216.73.216.47 - - [14/Sep/2025:03:39:50 +0000] "GET /jp/product/512972414315 HTTP/1.1" 500 - "-" "Mozilla/5.0 AppleWebKit/537.36 (KHTML, like Gecko; compatible; ClaudeBot/1.0; +claudebot@anthropic.com)"
207.46.13.156 - - [14/Sep/2025:03:39:42 +0000] "GET /jp/product/512848623786 HTTP/1.1" 200 83047 "-" "Mozilla/5.0 AppleWebKit/537.36 (KHTML, like Gecko; compatible; bingbot/2.0; +http://www.bing.com/bingbot.htm) Chrome/116.0.1938.76 Safari/537.36"
157.55.39.205 - - [14/Sep/2025:03:39:53 +0000] "GET /jp/product/512848304520 HTTP/1.1" 200 82859 "-" "Mozilla/5.0 AppleWebKit/537.36 (KHTML, like Gecko; compatible; bingbot/2.0; +http://www.bing.com/bingbot.htm) Chrome/116.0.1938.76 Safari/537.36"
102.129.252.185 - - [14/Sep/2025:03:39:37 +0000] "GET //cms/wp-includes/wlwmanifest.xml HTTP/1.1" 200 4379 "-" "Mozilla/5.0 (Windows NT 10.0; Win64; x64) AppleWebKit/537.36 (KHTML, like Gecko) Chrome/95.0.4638.69 Safari/537.36"
216.73.216.47 - - [14/Sep/2025:03:41:20 +0000] "GET /jp/product/512718394731 HTTP/1.1" 500 - "-" "Mozilla/5.0 AppleWebKit/537.36 (KHTML, like Gecko; compatible; ClaudeBot/1.0; +claudebot@anthropic.com)"
66.249.70.129 - - [14/Sep/2025:03:41:30 +0000] "GET /product/edit/51302368204825 HTTP/1.1" 200 86251 "-" "Mozilla/5.0 (Linux; Android 6.0.1; Nexus 5X Build/MMB29P) AppleWebKit/537.36 (KHTML, like Gecko) Chrome/140.0.7339.127 Mobile Safari/537.36 (compatible; Googlebot/2.1; +http://www.google.com/bot.html)"
216.73.216.47 - - [14/Sep/2025:03:41:57 +0000] "GET /jp/product/51284201670 HTTP/1.1" 500 - "-" "Mozilla/5.0 AppleWebKit/537.36 (KHTML, like Gecko; compatible; ClaudeBot/1.0; +claudebot@anthropic.com)"
216.73.216.47 - - [14/Sep/2025:03:42:27 +0000] "GET /jp/product/51284113883 HTTP/1.1" 500 - "-" "Mozilla/5.0 AppleWebKit/537.36 (KHTML, like Gecko; compatible; ClaudeBot/1.0; +claudebot@anthropic.com)"
216.73.216.47 - - [14/Sep/2025:03:42:40 +0000] "GET /jp/product/51284367598 HTTP/1.1" 500 - "-" "Mozilla/5.0 AppleWebKit/537.36 (KHTML, like Gecko; compatible; ClaudeBot/1.0; +claudebot@anthropic.com)"
66.249.70.130 - - [14/Sep/2025:03:42:42 +0000] "GET /jp/product/5126232456 HTTP/1.1" 200 84176 "-" "Mozilla/5.0 (Linux; Android 6.0.1; Nexus 5X Build/MMB29P) AppleWebKit/537.36 (KHTML, like Gecko) Chrome/140.0.7339.127 Mobile Safari/537.36 (compatible; Googlebot/2.1; +http://www.google.com/bot.html)"
216.73.216.47 - - [14/Sep/2025:03:43:15 +0000] "GET /jp/product/51284009085 HTTP/1.1" 500 - "-" "Mozilla/5.0 AppleWebKit/537.36 (KHTML, like Gecko; compatible; ClaudeBot/1.0; +claudebot@anthropic.com)"
47.246.164.149 - - [14/Sep/2025:03:44:01 +0000] "GET / HTTP/1.1" 500 - "-" "Mozilla/5.0 (Macintosh; Intel Mac OS X 10_15_7) AppleWebKit/537.36 (KHTML, like Gecko) Brave Chrome/85.0.4183.102 Safari/537.36"
185.21.13.25 - - [14/Sep/2025:03:44:25 +0000] "GET / HTTP/1.1" 500 - "-" "Mozilla/5.0 (Macintosh; Intel Mac OS X 10_15_7) AppleWebKit/537.36 (KHTML, like Gecko) Chrome/133.0.0.0 Safari/537.36"
