5.227.9.72 - - [13/Sep/2025:19:53:19 +0000] "GET /tom-delonge-aliens/ HTTP/1.1" 500 - "https://ancientufo.org/tom-delonge-aliens/" "Mozilla/5.0 (Windows NT 10.0; WOW64) AppleWebKit/537.36 (KHTML, like Gecko) Chrome/103.0.0.0 Safari/537.36"
5.227.9.72 - - [13/Sep/2025:19:53:26 +0000] "GET / HTTP/1.1" 500 - "https://ancientufo.org/" "Mozilla/5.0 (Windows NT 10.0; WOW64) AppleWebKit/537.36 (KHTML, like Gecko) Chrome/103.0.0.0 Safari/537.36"
216.73.216.47 - - [13/Sep/2025:19:53:41 +0000] "GET /jp/product/512721476642 HTTP/1.1" 500 - "-" "Mozilla/5.0 AppleWebKit/537.36 (KHTML, like Gecko; compatible; ClaudeBot/1.0; +claudebot@anthropic.com)"
216.73.216.47 - - [13/Sep/2025:19:54:28 +0000] "GET /jp/product/512819129591 HTTP/1.1" 500 - "-" "Mozilla/5.0 AppleWebKit/537.36 (KHTML, like Gecko; compatible; ClaudeBot/1.0; +claudebot@anthropic.com)"
216.73.216.47 - - [13/Sep/2025:19:55:02 +0000] "GET /jp/product/51302214331 HTTP/1.1" 500 - "-" "Mozilla/5.0 AppleWebKit/537.36 (KHTML, like Gecko; compatible; ClaudeBot/1.0; +claudebot@anthropic.com)"
216.73.216.47 - - [13/Sep/2025:19:55:25 +0000] "GET /jp/product/51297527465 HTTP/1.1" 500 - "-" "Mozilla/5.0 AppleWebKit/537.36 (KHTML, like Gecko; compatible; ClaudeBot/1.0; +claudebot@anthropic.com)"
216.73.216.47 - - [13/Sep/2025:19:56:00 +0000] "GET /jp/product/51284381564 HTTP/1.1" 500 - "-" "Mozilla/5.0 AppleWebKit/537.36 (KHTML, like Gecko; compatible; ClaudeBot/1.0; +claudebot@anthropic.com)"
157.55.39.205 - - [13/Sep/2025:19:56:04 +0000] "GET /jp/product/51266019930 HTTP/1.1" 200 84352 "-" "Mozilla/5.0 AppleWebKit/537.36 (KHTML, like Gecko; compatible; bingbot/2.0; +http://www.bing.com/bingbot.htm) Chrome/116.0.1938.76 Safari/537.36"
216.73.216.47 - - [13/Sep/2025:19:56:35 +0000] "GET /jp/product/51302273843 HTTP/1.1" 500 - "-" "Mozilla/5.0 AppleWebKit/537.36 (KHTML, like Gecko; compatible; ClaudeBot/1.0; +claudebot@anthropic.com)"
216.73.216.47 - - [13/Sep/2025:19:56:58 +0000] "GET /jp/product/5127571694 HTTP/1.1" 500 - "-" "Mozilla/5.0 AppleWebKit/537.36 (KHTML, like Gecko; compatible; ClaudeBot/1.0; +claudebot@anthropic.com)"
216.73.216.47 - - [13/Sep/2025:19:57:31 +0000] "GET /jp/product/51291619388 HTTP/1.1" 500 - "-" "Mozilla/5.0 AppleWebKit/537.36 (KHTML, like Gecko; compatible; ClaudeBot/1.0; +claudebot@anthropic.com)"
216.73.216.47 - - [13/Sep/2025:19:58:06 +0000] "GET /jp/product/51284050805 HTTP/1.1" 500 - "-" "Mozilla/5.0 AppleWebKit/537.36 (KHTML, like Gecko; compatible; ClaudeBot/1.0; +claudebot@anthropic.com)"
47.246.164.150 - - [13/Sep/2025:19:58:02 +0000] "GET /site/wp-content/uploads/2014/04/Piri-Reis-744x1024.jpg HTTP/1.1" 500 - "-" "Mozilla/5.0 (Windows NT 5.1) AppleWebKit/537.36 (KHTML, like Gecko) Chrome/34.0.1866.237 Safari/537.36"
216.73.216.47 - - [13/Sep/2025:19:58:40 +0000] "GET /jp/product/51266214012 HTTP/1.1" 500 - "-" "Mozilla/5.0 AppleWebKit/537.36 (KHTML, like Gecko; compatible; ClaudeBot/1.0; +claudebot@anthropic.com)"
216.73.216.47 - - [13/Sep/2025:19:59:14 +0000] "GET /jp/product/512750686920 HTTP/1.1" 500 - "-" "Mozilla/5.0 AppleWebKit/537.36 (KHTML, like Gecko; compatible; ClaudeBot/1.0; +claudebot@anthropic.com)"
34.174.239.123 - - [13/Sep/2025:19:59:16 +0000] "GET / HTTP/1.1" 500 - "https://ntu.edu.sg/" "Mozilla/5.0 (X11; Linux x86_64) AppleWebKit/537.36 (KHTML, like Gecko) Chrome/136.0.0.0 Safari/537.36"
34.174.239.123 - - [13/Sep/2025:19:59:20 +0000] "GET / HTTP/1.1" 500 - "https://ntu.edu.sg/" "Mozilla/5.0 (X11; Linux x86_64) AppleWebKit/537.36 (KHTML, like Gecko) Chrome/136.0.0.0 Safari/537.36"
216.73.216.47 - - [13/Sep/2025:19:59:49 +0000] "GET /jp/product/51273662586 HTTP/1.1" 500 - "-" "Mozilla/5.0 AppleWebKit/537.36 (KHTML, like Gecko; compatible; ClaudeBot/1.0; +claudebot@anthropic.com)"
216.73.216.47 - - [13/Sep/2025:20:00:23 +0000] "GET /jp/product/51263391718 HTTP/1.1" 500 - "-" "Mozilla/5.0 AppleWebKit/537.36 (KHTML, like Gecko; compatible; ClaudeBot/1.0; +claudebot@anthropic.com)"
207.46.13.78 - - [13/Sep/2025:20:00:31 +0000] "GET /jp/product/51312823727 HTTP/1.1" 200 85729 "-" "Mozilla/5.0 AppleWebKit/537.36 (KHTML, like Gecko; compatible; bingbot/2.0; +http://www.bing.com/bingbot.htm) Chrome/116.0.1938.76 Safari/537.36"
216.73.216.47 - - [13/Sep/2025:20:00:58 +0000] "GET /jp/product/513043300165 HTTP/1.1" 500 - "-" "Mozilla/5.0 AppleWebKit/537.36 (KHTML, like Gecko; compatible; ClaudeBot/1.0; +claudebot@anthropic.com)"
216.73.216.47 - - [13/Sep/2025:20:01:37 +0000] "GET /jp/product/51312803229 HTTP/1.1" 500 - "-" "Mozilla/5.0 AppleWebKit/537.36 (KHTML, like Gecko; compatible; ClaudeBot/1.0; +claudebot@anthropic.com)"
128.199.106.229 - - [13/Sep/2025:20:01:45 +0000] "GET //xmlrpc.php?rsd HTTP/1.1" 500 - "https://www.anatometal.com.au//wp-login.php" "Mozilla/5.0 (Windows NT 10.0; Win64; x64) AppleWebKit/537.36 (KHTML, like Gecko) Chrome/131.0.0.0 Safari/537.36"
128.199.106.229 - - [13/Sep/2025:20:01:49 +0000] "GET //blog/robots.txt HTTP/1.1" 200 97 "https://www.anatometal.com.au//wp-login.php" "Mozilla/5.0 (Windows NT 10.0; Win64; x64) AppleWebKit/537.36 (KHTML, like Gecko) Chrome/131.0.0.0 Safari/537.36"
128.199.106.229 - - [13/Sep/2025:20:01:57 +0000] "GET //blog/ HTTP/1.1" 500 - "https://www.anatometal.com.au//wp-login.php" "Mozilla/5.0 (Windows NT 10.0; Win64; x64) AppleWebKit/537.36 (KHTML, like Gecko) Chrome/131.0.0.0 Safari/537.36"
128.199.106.229 - - [13/Sep/2025:20:02:00 +0000] "GET //wordpress/ HTTP/1.1" 500 - "https://www.anatometal.com.au//wp-login.php" "Mozilla/5.0 (Windows NT 10.0; Win64; x64) AppleWebKit/537.36 (KHTML, like Gecko) Chrome/131.0.0.0 Safari/537.36"
128.199.106.229 - - [13/Sep/2025:20:02:03 +0000] "GET //wp/ HTTP/1.1" 500 - "https://www.anatometal.com.au//wp-login.php" "Mozilla/5.0 (Windows NT 10.0; Win64; x64) AppleWebKit/537.36 (KHTML, like Gecko) Chrome/131.0.0.0 Safari/537.36"
216.73.216.47 - - [13/Sep/2025:20:02:12 +0000] "GET /jp/product/51263187492 HTTP/1.1" 500 - "-" "Mozilla/5.0 AppleWebKit/537.36 (KHTML, like Gecko; compatible; ClaudeBot/1.0; +claudebot@anthropic.com)"
216.73.216.47 - - [13/Sep/2025:20:02:46 +0000] "GET /jp/product/51302096745 HTTP/1.1" 500 - "-" "Mozilla/5.0 AppleWebKit/537.36 (KHTML, like Gecko; compatible; ClaudeBot/1.0; +claudebot@anthropic.com)"
47.198.130.42 - - [13/Sep/2025:20:03:16 +0000] "GET / HTTP/1.1" 500 - "-" "Mozilla/5.0 (iPhone; CPU iPhone OS 18_6_2 like Mac OS X) AppleWebKit/605.1.15 (KHTML, like Gecko) Version/18.6 Mobile/15E148 Safari/604.1"
216.73.216.47 - - [13/Sep/2025:20:03:20 +0000] "GET /jp/product/51263198031 HTTP/1.1" 500 - "-" "Mozilla/5.0 AppleWebKit/537.36 (KHTML, like Gecko; compatible; ClaudeBot/1.0; +claudebot@anthropic.com)"
47.246.164.146 - - [13/Sep/2025:20:03:24 +0000] "GET / HTTP/1.1" 500 - "-" "Mozilla/5.0 (Macintosh; Intel Mac OS X 10_11_6) AppleWebKit/537.36 (KHTML, like Gecko) Chrome/100.0.4896.79 Safari/537.36"
216.73.216.47 - - [13/Sep/2025:20:03:57 +0000] "GET /jp/product/51302019153 HTTP/1.1" 500 - "-" "Mozilla/5.0 AppleWebKit/537.36 (KHTML, like Gecko; compatible; ClaudeBot/1.0; +claudebot@anthropic.com)"
216.73.216.47 - - [13/Sep/2025:20:05:15 +0000] "GET /jp/product/51294703289 HTTP/1.1" 500 - "-" "Mozilla/5.0 AppleWebKit/537.36 (KHTML, like Gecko; compatible; ClaudeBot/1.0; +claudebot@anthropic.com)"
216.73.216.47 - - [13/Sep/2025:20:05:49 +0000] "GET /jp/product/51263374750 HTTP/1.1" 500 - "-" "Mozilla/5.0 AppleWebKit/537.36 (KHTML, like Gecko; compatible; ClaudeBot/1.0; +claudebot@anthropic.com)"
216.73.216.47 - - [13/Sep/2025:20:06:24 +0000] "GET /jp/product/51308104961 HTTP/1.1" 500 - "-" "Mozilla/5.0 AppleWebKit/537.36 (KHTML, like Gecko; compatible; ClaudeBot/1.0; +claudebot@anthropic.com)"
216.73.216.47 - - [13/Sep/2025:20:06:25 +0000] "GET /robots.txt HTTP/1.1" 500 - "-" "Mozilla/5.0 AppleWebKit/537.36 (KHTML, like Gecko; compatible; ClaudeBot/1.0; +claudebot@anthropic.com)"
216.73.216.47 - - [13/Sep/2025:20:06:59 +0000] "GET /jp/product/51318541772 HTTP/1.1" 500 - "-" "Mozilla/5.0 AppleWebKit/537.36 (KHTML, like Gecko; compatible; ClaudeBot/1.0; +claudebot@anthropic.com)"
216.73.216.47 - - [13/Sep/2025:20:07:10 +0000] "GET /jp/product/51263052325 HTTP/1.1" 500 - "-" "Mozilla/5.0 AppleWebKit/537.36 (KHTML, like Gecko; compatible; ClaudeBot/1.0; +claudebot@anthropic.com)"
216.73.216.47 - - [13/Sep/2025:20:08:18 +0000] "GET /jp/product/51273562339 HTTP/1.1" 500 - "-" "Mozilla/5.0 AppleWebKit/537.36 (KHTML, like Gecko; compatible; ClaudeBot/1.0; +claudebot@anthropic.com)"
198.235.24.11 - - [13/Sep/2025:20:08:31 +0000] "GET / HTTP/1.1" 500 - "-" "-"
216.73.216.47 - - [13/Sep/2025:20:08:52 +0000] "GET /jp/product/513111782054 HTTP/1.1" 500 - "-" "Mozilla/5.0 AppleWebKit/537.36 (KHTML, like Gecko; compatible; ClaudeBot/1.0; +claudebot@anthropic.com)"
216.73.216.47 - - [13/Sep/2025:20:09:28 +0000] "GET /jp/product/51305426631 HTTP/1.1" 500 - "-" "Mozilla/5.0 AppleWebKit/537.36 (KHTML, like Gecko; compatible; ClaudeBot/1.0; +claudebot@anthropic.com)"
216.73.216.47 - - [13/Sep/2025:20:09:38 +0000] "GET /jp/product/513022881962 HTTP/1.1" 500 - "-" "Mozilla/5.0 AppleWebKit/537.36 (KHTML, like Gecko; compatible; ClaudeBot/1.0; +claudebot@anthropic.com)"
216.73.216.47 - - [13/Sep/2025:20:10:13 +0000] "GET /jp/product/51281252800 HTTP/1.1" 500 - "-" "Mozilla/5.0 AppleWebKit/537.36 (KHTML, like Gecko; compatible; ClaudeBot/1.0; +claudebot@anthropic.com)"
216.73.216.47 - - [13/Sep/2025:20:11:04 +0000] "GET /jp/product/51302394125 HTTP/1.1" 500 - "-" "Mozilla/5.0 AppleWebKit/537.36 (KHTML, like Gecko; compatible; ClaudeBot/1.0; +claudebot@anthropic.com)"
189.28.95.205 - - [13/Sep/2025:20:11:06 +0000] "GET / HTTP/1.1" 500 - "-" "Mozilla/5.0 (Windows NT 10.0; Win64; x64) AppleWebKit/537.36 (KHTML, like Gecko) Chrome/114.0.0.0 Safari/537.36 Edg/114.0.1823.43"
24.133.64.204 - - [13/Sep/2025:20:11:06 +0000] "GET / HTTP/1.1" 500 - "-" "Mozilla/5.0 (Windows NT 10.0; Win64; x64) AppleWebKit/537.36 (KHTML, like Gecko) Chrome/114.0.0.0 Safari/537.36 Edg/114.0.1823.43"
216.73.216.47 - - [13/Sep/2025:20:11:38 +0000] "GET /jp/product/51273907147 HTTP/1.1" 500 - "-" "Mozilla/5.0 AppleWebKit/537.36 (KHTML, like Gecko; compatible; ClaudeBot/1.0; +claudebot@anthropic.com)"
216.73.216.47 - - [13/Sep/2025:20:11:40 +0000] "GET /robots.txt HTTP/1.1" 500 - "-" "Mozilla/5.0 AppleWebKit/537.36 (KHTML, like Gecko; compatible; ClaudeBot/1.0; +claudebot@anthropic.com)"
216.73.216.47 - - [13/Sep/2025:20:12:13 +0000] "GET /jp/product/512650592791 HTTP/1.1" 500 - "-" "Mozilla/5.0 AppleWebKit/537.36 (KHTML, like Gecko; compatible; ClaudeBot/1.0; +claudebot@anthropic.com)"
13.215.112.129 - - [13/Sep/2025:20:12:22 +0000] "GET /site/wp-content/uploads/2015/04/z.jpg HTTP/1.1" 500 - "-" "Mozilla/5.0 (compatible; crawler)"
207.46.13.128 - - [13/Sep/2025:20:12:34 +0000] "GET /jp/product/51302489788 HTTP/1.1" 200 85057 "-" "Mozilla/5.0 AppleWebKit/537.36 (KHTML, like Gecko; compatible; bingbot/2.0; +http://www.bing.com/bingbot.htm) Chrome/116.0.1938.76 Safari/537.36"
2a03:2880:3ff:5:: - - [13/Sep/2025:20:13:06 +0000] "GET / HTTP/1.1" 500 - "-" "facebookexternalhit/1.1 (+http://www.facebook.com/externalhit_uatext.php)"
52.167.144.210 - - [13/Sep/2025:20:13:31 +0000] "GET /jp/product/51312905525 HTTP/1.1" 200 84062 "-" "Mozilla/5.0 AppleWebKit/537.36 (KHTML, like Gecko; compatible; bingbot/2.0; +http://www.bing.com/bingbot.htm) Chrome/116.0.1938.76 Safari/537.36"
216.73.216.47 - - [13/Sep/2025:20:13:57 +0000] "GET /jp/product/512910823951 HTTP/1.1" 500 - "-" "Mozilla/5.0 AppleWebKit/537.36 (KHTML, like Gecko; compatible; ClaudeBot/1.0; +claudebot@anthropic.com)"
216.73.216.47 - - [13/Sep/2025:20:14:31 +0000] "GET /jp/product/51308275805 HTTP/1.1" 500 - "-" "Mozilla/5.0 AppleWebKit/537.36 (KHTML, like Gecko; compatible; ClaudeBot/1.0; +claudebot@anthropic.com)"
52.167.144.210 - - [13/Sep/2025:20:14:30 +0000] "GET /jp/product/512951644872 HTTP/1.1" 200 83820 "-" "Mozilla/5.0 AppleWebKit/537.36 (KHTML, like Gecko; compatible; bingbot/2.0; +http://www.bing.com/bingbot.htm) Chrome/116.0.1938.76 Safari/537.36"
216.73.216.47 - - [13/Sep/2025:20:15:03 +0000] "GET /jp/product/51308008456 HTTP/1.1" 500 - "-" "Mozilla/5.0 AppleWebKit/537.36 (KHTML, like Gecko; compatible; ClaudeBot/1.0; +claudebot@anthropic.com)"
216.73.216.47 - - [13/Sep/2025:20:15:17 +0000] "GET /jp/product/51315527978 HTTP/1.1" 500 - "-" "Mozilla/5.0 AppleWebKit/537.36 (KHTML, like Gecko; compatible; ClaudeBot/1.0; +claudebot@anthropic.com)"
216.73.216.47 - - [13/Sep/2025:20:15:52 +0000] "GET /jp/product/513043501435 HTTP/1.1" 500 - "-" "Mozilla/5.0 AppleWebKit/537.36 (KHTML, like Gecko; compatible; ClaudeBot/1.0; +claudebot@anthropic.com)"
52.167.144.208 - - [13/Sep/2025:20:16:30 +0000] "GET /jp/product/512653154992 HTTP/1.1" 200 85185 "-" "Mozilla/5.0 AppleWebKit/537.36 (KHTML, like Gecko; compatible; bingbot/2.0; +http://www.bing.com/bingbot.htm) Chrome/116.0.1938.76 Safari/537.36"
216.73.216.47 - - [13/Sep/2025:20:16:40 +0000] "GET /jp/product/51266150451 HTTP/1.1" 500 - "-" "Mozilla/5.0 AppleWebKit/537.36 (KHTML, like Gecko; compatible; ClaudeBot/1.0; +claudebot@anthropic.com)"
216.73.216.47 - - [13/Sep/2025:20:17:12 +0000] "GET /jp/product/513049531610 HTTP/1.1" 500 - "-" "Mozilla/5.0 AppleWebKit/537.36 (KHTML, like Gecko; compatible; ClaudeBot/1.0; +claudebot@anthropic.com)"
216.73.216.47 - - [13/Sep/2025:20:17:47 +0000] "GET /jp/product/51302348309 HTTP/1.1" 500 - "-" "Mozilla/5.0 AppleWebKit/537.36 (KHTML, like Gecko; compatible; ClaudeBot/1.0; +claudebot@anthropic.com)"
216.73.216.47 - - [13/Sep/2025:20:18:21 +0000] "GET /jp/product/51315535694 HTTP/1.1" 500 - "-" "Mozilla/5.0 AppleWebKit/537.36 (KHTML, like Gecko; compatible; ClaudeBot/1.0; +claudebot@anthropic.com)"
157.55.39.63 - - [13/Sep/2025:20:18:58 +0000] "GET /jp/product/513011010474 HTTP/1.1" 200 83214 "-" "Mozilla/5.0 AppleWebKit/537.36 (KHTML, like Gecko; compatible; bingbot/2.0; +http://www.bing.com/bingbot.htm) Chrome/116.0.1938.76 Safari/537.36"
216.73.216.47 - - [13/Sep/2025:20:19:25 +0000] "GET /jp/product/51305100064 HTTP/1.1" 500 - "-" "Mozilla/5.0 AppleWebKit/537.36 (KHTML, like Gecko; compatible; ClaudeBot/1.0; +claudebot@anthropic.com)"
216.73.216.47 - - [13/Sep/2025:20:19:59 +0000] "GET /jp/product/51315796933 HTTP/1.1" 500 - "-" "Mozilla/5.0 AppleWebKit/537.36 (KHTML, like Gecko; compatible; ClaudeBot/1.0; +claudebot@anthropic.com)"
216.73.216.47 - - [13/Sep/2025:20:20:31 +0000] "GET /jp/product/51315518123 HTTP/1.1" 500 - "-" "Mozilla/5.0 AppleWebKit/537.36 (KHTML, like Gecko; compatible; ClaudeBot/1.0; +claudebot@anthropic.com)"
17.241.219.158 - - [13/Sep/2025:20:20:36 +0000] "GET /jp/product/512824715572 HTTP/1.1" 500 - "-" "Mozilla/5.0 (Macintosh; Intel Mac OS X 10_15_7) AppleWebKit/605.1.15 (KHTML, like Gecko) Version/17.4 Safari/605.1.15 (Applebot/0.1; +http://www.apple.com/go/applebot)"
216.73.216.47 - - [13/Sep/2025:20:20:43 +0000] "GET /jp/product/51305155333 HTTP/1.1" 500 - "-" "Mozilla/5.0 AppleWebKit/537.36 (KHTML, like Gecko; compatible; ClaudeBot/1.0; +claudebot@anthropic.com)"
216.73.216.47 - - [13/Sep/2025:20:21:07 +0000] "GET /jp/product/513049188456 HTTP/1.1" 500 - "-" "Mozilla/5.0 AppleWebKit/537.36 (KHTML, like Gecko; compatible; ClaudeBot/1.0; +claudebot@anthropic.com)"
66.70.212.127 - - [13/Sep/2025:20:21:09 +0000] "GET / HTTP/1.1" 500 - "-" "Mozilla/5.0 (Windows NT 10.0; WOW64; rv:47.0) Gecko/20100101 Firefox/47.0"
216.73.216.47 - - [13/Sep/2025:20:22:39 +0000] "GET /jp/product/51266160019 HTTP/1.1" 500 - "-" "Mozilla/5.0 AppleWebKit/537.36 (KHTML, like Gecko; compatible; ClaudeBot/1.0; +claudebot@anthropic.com)"
216.73.216.47 - - [13/Sep/2025:20:23:13 +0000] "GET /jp/product/513049207995 HTTP/1.1" 500 - "-" "Mozilla/5.0 AppleWebKit/537.36 (KHTML, like Gecko; compatible; ClaudeBot/1.0; +claudebot@anthropic.com)"
2a03:2880:18ff:71:: - - [13/Sep/2025:20:23:47 +0000] "GET / HTTP/1.1" 500 - "-" "facebookexternalhit/1.1 (+http://www.facebook.com/externalhit_uatext.php)"
216.73.216.47 - - [13/Sep/2025:20:23:48 +0000] "GET /jp/product/512712530764 HTTP/1.1" 500 - "-" "Mozilla/5.0 AppleWebKit/537.36 (KHTML, like Gecko; compatible; ClaudeBot/1.0; +claudebot@anthropic.com)"
216.73.216.47 - - [13/Sep/2025:20:24:23 +0000] "GET /jp/product/512824755656 HTTP/1.1" 500 - "-" "Mozilla/5.0 AppleWebKit/537.36 (KHTML, like Gecko; compatible; ClaudeBot/1.0; +claudebot@anthropic.com)"
216.73.216.47 - - [13/Sep/2025:20:25:31 +0000] "GET /jp/product/51263115167 HTTP/1.1" 500 - "-" "Mozilla/5.0 AppleWebKit/537.36 (KHTML, like Gecko; compatible; ClaudeBot/1.0; +claudebot@anthropic.com)"
2a03:2880:22ff:4:: - - [13/Sep/2025:20:25:35 +0000] "GET /site/wp-content/uploads/2015/08/Giorgio-Tsoukalos-interview-aliens.jpg HTTP/1.1" 500 - "-" "facebookexternalhit/1.1 (+http://www.facebook.com/externalhit_uatext.php)"
2a03:2880:2ff:52:: - - [13/Sep/2025:20:25:38 +0000] "GET /site/wp-content/uploads/2015/08/Giorgio-Tsoukalos-interview-aliens.jpg HTTP/1.1" 500 - "-" "facebookexternalhit/1.1 (+http://www.facebook.com/externalhit_uatext.php)"
2a03:2880:2ff:72:: - - [13/Sep/2025:20:25:34 +0000] "GET /robots.txt HTTP/1.1" 500 - "-" "facebookexternalhit/1.1 (+http://www.facebook.com/externalhit_uatext.php)"
216.73.216.47 - - [13/Sep/2025:20:26:05 +0000] "GET /jp/product/513120280076 HTTP/1.1" 500 - "-" "Mozilla/5.0 AppleWebKit/537.36 (KHTML, like Gecko; compatible; ClaudeBot/1.0; +claudebot@anthropic.com)"
216.73.216.47 - - [13/Sep/2025:20:26:40 +0000] "GET /jp/product/513031643285 HTTP/1.1" 500 - "-" "Mozilla/5.0 AppleWebKit/537.36 (KHTML, like Gecko; compatible; ClaudeBot/1.0; +claudebot@anthropic.com)"
216.73.216.47 - - [13/Sep/2025:20:27:15 +0000] "GET /jp/product/51302101260 HTTP/1.1" 500 - "-" "Mozilla/5.0 AppleWebKit/537.36 (KHTML, like Gecko; compatible; ClaudeBot/1.0; +claudebot@anthropic.com)"
52.167.144.208 - - [13/Sep/2025:20:27:11 +0000] "GET /jp/product/51291933538 HTTP/1.1" 200 83550 "-" "Mozilla/5.0 AppleWebKit/537.36 (KHTML, like Gecko; compatible; bingbot/2.0; +http://www.bing.com/bingbot.htm) Chrome/116.0.1938.76 Safari/537.36"
216.73.216.47 - - [13/Sep/2025:20:28:45 +0000] "GET /jp/product/51291865217 HTTP/1.1" 500 - "-" "Mozilla/5.0 AppleWebKit/537.36 (KHTML, like Gecko; compatible; ClaudeBot/1.0; +claudebot@anthropic.com)"
216.73.216.47 - - [13/Sep/2025:20:29:19 +0000] "GET /jp/product/512771598643 HTTP/1.1" 500 - "-" "Mozilla/5.0 AppleWebKit/537.36 (KHTML, like Gecko; compatible; ClaudeBot/1.0; +claudebot@anthropic.com)"
216.73.216.47 - - [13/Sep/2025:20:29:41 +0000] "GET /jp/product/51273588351 HTTP/1.1" 500 - "-" "Mozilla/5.0 AppleWebKit/537.36 (KHTML, like Gecko; compatible; ClaudeBot/1.0; +claudebot@anthropic.com)"
207.46.13.229 - - [13/Sep/2025:20:30:08 +0000] "GET /robots.txt HTTP/1.1" 200 97 "-" "Mozilla/5.0 AppleWebKit/537.36 (KHTML, like Gecko; compatible; bingbot/2.0; +http://www.bing.com/bingbot.htm) Chrome/116.0.1938.76 Safari/537.36"
40.77.167.150 - - [13/Sep/2025:20:30:10 +0000] "GET /jp/product/51268894251 HTTP/1.1" 200 85811 "-" "Mozilla/5.0 AppleWebKit/537.36 (KHTML, like Gecko; compatible; bingbot/2.0; +http://www.bing.com/bingbot.htm) Chrome/116.0.1938.76 Safari/537.36"
216.73.216.47 - - [13/Sep/2025:20:30:15 +0000] "GET /jp/product/51312542119 HTTP/1.1" 500 - "-" "Mozilla/5.0 AppleWebKit/537.36 (KHTML, like Gecko; compatible; ClaudeBot/1.0; +claudebot@anthropic.com)"
216.73.216.47 - - [13/Sep/2025:20:31:28 +0000] "GET /jp/product/51312646151 HTTP/1.1" 500 - "-" "Mozilla/5.0 AppleWebKit/537.36 (KHTML, like Gecko; compatible; ClaudeBot/1.0; +claudebot@anthropic.com)"
216.73.216.47 - - [13/Sep/2025:20:31:59 +0000] "GET /jp/product/51312563113 HTTP/1.1" 500 - "-" "Mozilla/5.0 AppleWebKit/537.36 (KHTML, like Gecko; compatible; ClaudeBot/1.0; +claudebot@anthropic.com)"
216.73.216.47 - - [13/Sep/2025:20:32:24 +0000] "GET /jp/product/51263210289 HTTP/1.1" 500 - "-" "Mozilla/5.0 AppleWebKit/537.36 (KHTML, like Gecko; compatible; ClaudeBot/1.0; +claudebot@anthropic.com)"
216.73.216.47 - - [13/Sep/2025:20:32:58 +0000] "GET /jp/product/513011226489 HTTP/1.1" 500 - "-" "Mozilla/5.0 AppleWebKit/537.36 (KHTML, like Gecko; compatible; ClaudeBot/1.0; +claudebot@anthropic.com)"
216.73.216.47 - - [13/Sep/2025:20:34:12 +0000] "GET /jp/product/51312639862 HTTP/1.1" 500 - "-" "Mozilla/5.0 AppleWebKit/537.36 (KHTML, like Gecko; compatible; ClaudeBot/1.0; +claudebot@anthropic.com)"
216.73.216.47 - - [13/Sep/2025:20:34:46 +0000] "GET /jp/product/51305002482 HTTP/1.1" 500 - "-" "Mozilla/5.0 AppleWebKit/537.36 (KHTML, like Gecko; compatible; ClaudeBot/1.0; +claudebot@anthropic.com)"
216.73.216.47 - - [13/Sep/2025:20:35:18 +0000] "GET /header.php HTTP/1.1" 200 - "-" "Mozilla/5.0 AppleWebKit/537.36 (KHTML, like Gecko; compatible; ClaudeBot/1.0; +claudebot@anthropic.com)"
121.29.51.28 - - [13/Sep/2025:20:35:20 +0000] "GET / HTTP/1.1" 500 - "-" "Mozilla/5.0 (Macintosh; Intel Mac OS X 10_11) AppleWebKit/601.1.27 (KHTML, like Gecko) Chrome/47.0.2526.106 Safari/601.1.27"
216.73.216.47 - - [13/Sep/2025:20:35:34 +0000] "GET /jp/product/512972530782 HTTP/1.1" 500 - "-" "Mozilla/5.0 AppleWebKit/537.36 (KHTML, like Gecko; compatible; ClaudeBot/1.0; +claudebot@anthropic.com)"
216.73.216.47 - - [13/Sep/2025:20:36:07 +0000] "GET /jp/product/51315775061 HTTP/1.1" 500 - "-" "Mozilla/5.0 AppleWebKit/537.36 (KHTML, like Gecko; compatible; ClaudeBot/1.0; +claudebot@anthropic.com)"
216.73.216.47 - - [13/Sep/2025:20:37:08 +0000] "GET /jp/product/51273676250 HTTP/1.1" 500 - "-" "Mozilla/5.0 AppleWebKit/537.36 (KHTML, like Gecko; compatible; ClaudeBot/1.0; +claudebot@anthropic.com)"
216.73.216.47 - - [13/Sep/2025:20:37:42 +0000] "GET /jp/product/51284120166 HTTP/1.1" 500 - "-" "Mozilla/5.0 AppleWebKit/537.36 (KHTML, like Gecko; compatible; ClaudeBot/1.0; +claudebot@anthropic.com)"
216.73.216.47 - - [13/Sep/2025:20:38:50 +0000] "GET /jp/product/51266308661 HTTP/1.1" 500 - "-" "Mozilla/5.0 AppleWebKit/537.36 (KHTML, like Gecko; compatible; ClaudeBot/1.0; +claudebot@anthropic.com)"
216.73.216.47 - - [13/Sep/2025:20:39:24 +0000] "GET /jp/product/51297419517 HTTP/1.1" 500 - "-" "Mozilla/5.0 AppleWebKit/537.36 (KHTML, like Gecko; compatible; ClaudeBot/1.0; +claudebot@anthropic.com)"
17.241.75.6 - - [13/Sep/2025:20:39:47 +0000] "GET /jp/product/513026009059 HTTP/1.1" 500 - "-" "Mozilla/5.0 (Macintosh; Intel Mac OS X 10_15_7) AppleWebKit/605.1.15 (KHTML, like Gecko) Version/17.4 Safari/605.1.15 (Applebot/0.1; +http://www.apple.com/go/applebot)"
216.73.216.47 - - [13/Sep/2025:20:39:59 +0000] "GET /jp/product/51318622457 HTTP/1.1" 500 - "-" "Mozilla/5.0 AppleWebKit/537.36 (KHTML, like Gecko; compatible; ClaudeBot/1.0; +claudebot@anthropic.com)"
121.29.51.28 - - [13/Sep/2025:20:40:08 +0000] "GET / HTTP/1.1" 500 - "-" "Dalvik/2.1.0 (Linux; U; Android 9.0; ZTE BA520 Build/MRA58K)"
216.73.216.47 - - [13/Sep/2025:20:40:30 +0000] "GET /jp/product/51266108635 HTTP/1.1" 500 - "-" "Mozilla/5.0 AppleWebKit/537.36 (KHTML, like Gecko; compatible; ClaudeBot/1.0; +claudebot@anthropic.com)"
216.73.216.47 - - [13/Sep/2025:20:40:45 +0000] "GET /jp/product/51276604252 HTTP/1.1" 500 - "-" "Mozilla/5.0 AppleWebKit/537.36 (KHTML, like Gecko; compatible; ClaudeBot/1.0; +claudebot@anthropic.com)"
216.73.216.47 - - [13/Sep/2025:20:41:04 +0000] "GET /jp/product/51279432419 HTTP/1.1" 500 - "-" "Mozilla/5.0 AppleWebKit/537.36 (KHTML, like Gecko; compatible; ClaudeBot/1.0; +claudebot@anthropic.com)"
59.173.134.195 - - [13/Sep/2025:20:41:05 +0000] "GET /favicon.ico HTTP/1.1" 500 - "-" "Mozilla/5.084743666 Mozilla/5.0 (Windows NT 10.0; Win64; x64) AppleWebKit/537.36 (KHTML, like Gecko) Chrome/64.0.3282.140 Safari/537.36 Edge/17.17134"
122.96.28.183 - - [13/Sep/2025:20:41:25 +0000] "GET / HTTP/1.1" 500 - "-" "Mozilla/4.038533357 Mozilla/4.0 (compatible; MSIE 7.0; Windows NT 5.1) QQBrowser/6.0"
216.73.216.47 - - [13/Sep/2025:20:41:39 +0000] "GET /jp/product/51297442852 HTTP/1.1" 500 - "-" "Mozilla/5.0 AppleWebKit/537.36 (KHTML, like Gecko; compatible; ClaudeBot/1.0; +claudebot@anthropic.com)"
216.73.216.47 - - [13/Sep/2025:20:42:14 +0000] "GET /jp/product/51308049805 HTTP/1.1" 500 - "-" "Mozilla/5.0 AppleWebKit/537.36 (KHTML, like Gecko; compatible; ClaudeBot/1.0; +claudebot@anthropic.com)"
216.73.216.47 - - [13/Sep/2025:20:42:48 +0000] "GET /jp/product/51284101486 HTTP/1.1" 500 - "-" "Mozilla/5.0 AppleWebKit/537.36 (KHTML, like Gecko; compatible; ClaudeBot/1.0; +claudebot@anthropic.com)"
157.55.39.56 - - [13/Sep/2025:20:43:13 +0000] "GET /jp/product/51266222142 HTTP/1.1" 200 85072 "-" "Mozilla/5.0 AppleWebKit/537.36 (KHTML, like Gecko; compatible; bingbot/2.0; +http://www.bing.com/bingbot.htm) Chrome/116.0.1938.76 Safari/537.36"
66.249.70.138 - - [13/Sep/2025:20:43:59 +0000] "GET /item/feature/51304742646444410.html HTTP/1.1" 200 84341 "-" "Mozilla/5.0 (Linux; Android 6.0.1; Nexus 5X Build/MMB29P) AppleWebKit/537.36 (KHTML, like Gecko) Chrome/140.0.7339.127 Mobile Safari/537.36 (compatible; Googlebot/2.1; +http://www.google.com/bot.html)"
216.73.216.47 - - [13/Sep/2025:20:44:34 +0000] "GET /jp/product/51297444226 HTTP/1.1" 500 - "-" "Mozilla/5.0 AppleWebKit/537.36 (KHTML, like Gecko; compatible; ClaudeBot/1.0; +claudebot@anthropic.com)"
216.73.216.47 - - [13/Sep/2025:20:45:04 +0000] "GET /jp/product/51269336946 HTTP/1.1" 500 - "-" "Mozilla/5.0 AppleWebKit/537.36 (KHTML, like Gecko; compatible; ClaudeBot/1.0; +claudebot@anthropic.com)"
207.46.13.102 - - [13/Sep/2025:20:45:00 +0000] "GET /jp/product/513161818873 HTTP/1.1" 200 83006 "-" "Mozilla/5.0 AppleWebKit/537.36 (KHTML, like Gecko; compatible; bingbot/2.0; +http://www.bing.com/bingbot.htm) Chrome/116.0.1938.76 Safari/537.36"
216.73.216.47 - - [13/Sep/2025:20:45:32 +0000] "GET /jp/product/512612115766 HTTP/1.1" 500 - "-" "Mozilla/5.0 AppleWebKit/537.36 (KHTML, like Gecko; compatible; ClaudeBot/1.0; +claudebot@anthropic.com)"
216.73.216.47 - - [13/Sep/2025:20:46:06 +0000] "GET /jp/product/512618131516 HTTP/1.1" 500 - "-" "Mozilla/5.0 AppleWebKit/537.36 (KHTML, like Gecko; compatible; ClaudeBot/1.0; +claudebot@anthropic.com)"
66.249.70.138 - - [13/Sep/2025:20:46:07 +0000] "GET /jp/product/51302492660 HTTP/1.1" 200 83441 "-" "Mozilla/5.0 (Linux; Android 6.0.1; Nexus 5X Build/MMB29P) AppleWebKit/537.36 (KHTML, like Gecko) Chrome/140.0.7339.127 Mobile Safari/537.36 (compatible; Googlebot/2.1; +http://www.google.com/bot.html)"
66.249.70.138 - - [13/Sep/2025:20:46:15 +0000] "GET /jp/product/51265909011 HTTP/1.1" 200 84489 "-" "Mozilla/5.0 (Linux; Android 6.0.1; Nexus 5X Build/MMB29P) AppleWebKit/537.36 (KHTML, like Gecko) Chrome/140.0.7339.127 Mobile Safari/537.36 (compatible; Googlebot/2.1; +http://www.google.com/bot.html)"
54.236.1.13 - - [13/Sep/2025:20:46:52 +0000] "GET /?p=1683 HTTP/1.1" 500 - "-" "Mozilla/5.0 (compatible; Pinterestbot/1.0; +http://www.pinterest.com/bot.html)"
216.73.216.47 - - [13/Sep/2025:20:47:09 +0000] "GET /jp/product/51308328418 HTTP/1.1" 500 - "-" "Mozilla/5.0 AppleWebKit/537.36 (KHTML, like Gecko; compatible; ClaudeBot/1.0; +claudebot@anthropic.com)"
216.73.216.47 - - [13/Sep/2025:20:47:45 +0000] "GET /jp/product/51305371648 HTTP/1.1" 500 - "-" "Mozilla/5.0 AppleWebKit/537.36 (KHTML, like Gecko; compatible; ClaudeBot/1.0; +claudebot@anthropic.com)"
216.73.216.47 - - [13/Sep/2025:20:48:18 +0000] "GET /jp/product/51315530813 HTTP/1.1" 500 - "-" "Mozilla/5.0 AppleWebKit/537.36 (KHTML, like Gecko; compatible; ClaudeBot/1.0; +claudebot@anthropic.com)"
216.73.216.47 - - [13/Sep/2025:20:48:53 +0000] "GET /jp/product/51283971360 HTTP/1.1" 500 - "-" "Mozilla/5.0 AppleWebKit/537.36 (KHTML, like Gecko; compatible; ClaudeBot/1.0; +claudebot@anthropic.com)"
216.73.216.47 - - [13/Sep/2025:20:49:58 +0000] "GET /jp/product/512629553615 HTTP/1.1" 500 - "-" "Mozilla/5.0 AppleWebKit/537.36 (KHTML, like Gecko; compatible; ClaudeBot/1.0; +claudebot@anthropic.com)"
216.73.216.47 - - [13/Sep/2025:20:50:32 +0000] "GET /jp/product/512931378412 HTTP/1.1" 500 - "-" "Mozilla/5.0 AppleWebKit/537.36 (KHTML, like Gecko; compatible; ClaudeBot/1.0; +claudebot@anthropic.com)"
213.186.1.154 - - [13/Sep/2025:20:51:03 +0000] "GET / HTTP/1.1" 500 - "-" "Mediatoolkitbot (complaints@mediatoolkit.com)"
216.73.216.47 - - [13/Sep/2025:20:51:07 +0000] "GET /jp/product/512830689034 HTTP/1.1" 500 - "-" "Mozilla/5.0 AppleWebKit/537.36 (KHTML, like Gecko; compatible; ClaudeBot/1.0; +claudebot@anthropic.com)"
52.167.144.206 - - [13/Sep/2025:20:52:14 +0000] "GET /jp/product/51305379905 HTTP/1.1" 200 83183 "-" "Mozilla/5.0 AppleWebKit/537.36 (KHTML, like Gecko; compatible; bingbot/2.0; +http://www.bing.com/bingbot.htm) Chrome/116.0.1938.76 Safari/537.36"
216.73.216.47 - - [13/Sep/2025:20:52:39 +0000] "GET /jp/product/51263021751 HTTP/1.1" 500 - "-" "Mozilla/5.0 AppleWebKit/537.36 (KHTML, like Gecko; compatible; ClaudeBot/1.0; +claudebot@anthropic.com)"
207.46.13.125 - - [13/Sep/2025:20:52:36 +0000] "GET /jp/product/512919513350 HTTP/1.1" 200 85370 "-" "Mozilla/5.0 AppleWebKit/537.36 (KHTML, like Gecko; compatible; bingbot/2.0; +http://www.bing.com/bingbot.htm) Chrome/116.0.1938.76 Safari/537.36"
216.73.216.47 - - [13/Sep/2025:20:53:14 +0000] "GET /jp/product/51263015979 HTTP/1.1" 500 - "-" "Mozilla/5.0 AppleWebKit/537.36 (KHTML, like Gecko; compatible; ClaudeBot/1.0; +claudebot@anthropic.com)"
216.73.216.47 - - [13/Sep/2025:20:53:49 +0000] "GET /jp/product/512818811037 HTTP/1.1" 500 - "-" "Mozilla/5.0 AppleWebKit/537.36 (KHTML, like Gecko; compatible; ClaudeBot/1.0; +claudebot@anthropic.com)"
20.125.163.81 - - [13/Sep/2025:20:54:59 +0000] "GET /jp/product/51297559269 HTTP/1.1" 200 85997 "-" "Mozilla/5.0 AppleWebKit/537.36 (KHTML, like Gecko; compatible; bingbot/2.0; +http://www.bing.com/bingbot.htm) Chrome/116.0.1938.76 Safari/537.36"
216.73.216.47 - - [13/Sep/2025:20:55:12 +0000] "GET /jp/product/512718413897 HTTP/1.1" 500 - "-" "Mozilla/5.0 AppleWebKit/537.36 (KHTML, like Gecko; compatible; ClaudeBot/1.0; +claudebot@anthropic.com)"
216.73.216.47 - - [13/Sep/2025:20:55:47 +0000] "GET /jp/product/5126445367 HTTP/1.1" 500 - "-" "Mozilla/5.0 AppleWebKit/537.36 (KHTML, like Gecko; compatible; ClaudeBot/1.0; +claudebot@anthropic.com)"
216.73.216.47 - - [13/Sep/2025:20:56:22 +0000] "GET /jp/product/512718248541 HTTP/1.1" 500 - "-" "Mozilla/5.0 AppleWebKit/537.36 (KHTML, like Gecko; compatible; ClaudeBot/1.0; +claudebot@anthropic.com)"
216.73.216.47 - - [13/Sep/2025:20:56:36 +0000] "GET /jp/product/512650165861 HTTP/1.1" 500 - "-" "Mozilla/5.0 AppleWebKit/537.36 (KHTML, like Gecko; compatible; ClaudeBot/1.0; +claudebot@anthropic.com)"
216.73.216.47 - - [13/Sep/2025:20:57:11 +0000] "GET /jp/product/512839490027 HTTP/1.1" 500 - "-" "Mozilla/5.0 AppleWebKit/537.36 (KHTML, like Gecko; compatible; ClaudeBot/1.0; +claudebot@anthropic.com)"
52.167.144.206 - - [13/Sep/2025:20:56:53 +0000] "GET /?page/51263698000000000 HTTP/1.1" 200 84343 "-" "Mozilla/5.0 AppleWebKit/537.36 (KHTML, like Gecko; compatible; bingbot/2.0; +http://www.bing.com/bingbot.htm) Chrome/116.0.1938.76 Safari/537.36"
216.73.216.47 - - [13/Sep/2025:20:57:31 +0000] "GET /jp/product/51297509067 HTTP/1.1" 500 - "-" "Mozilla/5.0 AppleWebKit/537.36 (KHTML, like Gecko; compatible; ClaudeBot/1.0; +claudebot@anthropic.com)"
114.119.148.184 - - [13/Sep/2025:20:59:42 +0000] "GET /robots.txt HTTP/1.1" 200 97 "-" "Mozilla/5.0 (compatible;PetalBot;+https://webmaster.petalsearch.com/site/petalbot)"
216.73.216.47 - - [13/Sep/2025:20:59:54 +0000] "GET /jp/product/512922480187 HTTP/1.1" 500 - "-" "Mozilla/5.0 AppleWebKit/537.36 (KHTML, like Gecko; compatible; ClaudeBot/1.0; +claudebot@anthropic.com)"
162.254.32.78 - - [13/Sep/2025:20:59:58 +0000] "GET / HTTP/1.1" 500 - "-" "Cpanel-HTTP-Client/1.0"
216.73.216.47 - - [13/Sep/2025:21:00:29 +0000] "GET /jp/product/51263011196 HTTP/1.1" 500 - "-" "Mozilla/5.0 AppleWebKit/537.36 (KHTML, like Gecko; compatible; ClaudeBot/1.0; +claudebot@anthropic.com)"
54.236.1.54 - - [13/Sep/2025:21:00:37 +0000] "GET /2016/01/the-petroglyphs-of-toro-muerto-ancient-alien/ HTTP/1.1" 500 - "-" "Mozilla/5.0 (compatible; Pinterestbot/1.0; +http://www.pinterest.com/bot.html)"
207.46.13.141 - - [13/Sep/2025:21:01:29 +0000] "GET /jp/product/513176427005 HTTP/1.1" 200 84075 "-" "Mozilla/5.0 AppleWebKit/537.36 (KHTML, like Gecko; compatible; bingbot/2.0; +http://www.bing.com/bingbot.htm) Chrome/116.0.1938.76 Safari/537.36"
40.77.167.17 - - [13/Sep/2025:21:01:48 +0000] "GET /jp/product/51263283306 HTTP/1.1" 200 84729 "-" "Mozilla/5.0 AppleWebKit/537.36 (KHTML, like Gecko; compatible; bingbot/2.0; +http://www.bing.com/bingbot.htm) Chrome/116.0.1938.76 Safari/537.36"
216.73.216.47 - - [13/Sep/2025:21:02:05 +0000] "GET /jp/product/512931440037 HTTP/1.1" 500 - "-" "Mozilla/5.0 AppleWebKit/537.36 (KHTML, like Gecko; compatible; ClaudeBot/1.0; +claudebot@anthropic.com)"
40.77.167.17 - - [13/Sep/2025:21:02:25 +0000] "GET /jp/product/513161575004 HTTP/1.1" 200 83905 "-" "Mozilla/5.0 AppleWebKit/537.36 (KHTML, like Gecko; compatible; bingbot/2.0; +http://www.bing.com/bingbot.htm) Chrome/116.0.1938.76 Safari/537.36"
216.73.216.47 - - [13/Sep/2025:21:02:39 +0000] "GET /jp/product/51279364044 HTTP/1.1" 500 - "-" "Mozilla/5.0 AppleWebKit/537.36 (KHTML, like Gecko; compatible; ClaudeBot/1.0; +claudebot@anthropic.com)"
216.73.216.47 - - [13/Sep/2025:21:03:13 +0000] "GET /jp/product/512821729294 HTTP/1.1" 500 - "-" "Mozilla/5.0 AppleWebKit/537.36 (KHTML, like Gecko; compatible; ClaudeBot/1.0; +claudebot@anthropic.com)"
182.42.110.255 - - [13/Sep/2025:21:03:42 +0000] "GET / HTTP/1.1" 500 - "http://playground-magazine.com" "Mozilla/5.0 (iPhone; CPU iPhone OS 13_2_3 like Mac OS X) AppleWebKit/605.1.15 (KHTML, like Gecko) Version/13.0.3 Mobile/15E148 Safari/604.1"
216.73.216.47 - - [13/Sep/2025:21:05:01 +0000] "GET /jp/product/51302172975 HTTP/1.1" 500 - "-" "Mozilla/5.0 AppleWebKit/537.36 (KHTML, like Gecko; compatible; ClaudeBot/1.0; +claudebot@anthropic.com)"
216.73.216.47 - - [13/Sep/2025:21:05:35 +0000] "GET /jp/product/512830679049 HTTP/1.1" 500 - "-" "Mozilla/5.0 AppleWebKit/537.36 (KHTML, like Gecko; compatible; ClaudeBot/1.0; +claudebot@anthropic.com)"
216.73.216.47 - - [13/Sep/2025:21:05:57 +0000] "GET /jp/product/51294785305 HTTP/1.1" 500 - "-" "Mozilla/5.0 AppleWebKit/537.36 (KHTML, like Gecko; compatible; ClaudeBot/1.0; +claudebot@anthropic.com)"
207.46.13.141 - - [13/Sep/2025:21:06:30 +0000] "GET /jp/product/51291837983 HTTP/1.1" 200 85852 "-" "Mozilla/5.0 AppleWebKit/537.36 (KHTML, like Gecko; compatible; bingbot/2.0; +http://www.bing.com/bingbot.htm) Chrome/116.0.1938.76 Safari/537.36"
216.73.216.47 - - [13/Sep/2025:21:07:00 +0000] "GET /jp/product/512922272669 HTTP/1.1" 500 - "-" "Mozilla/5.0 AppleWebKit/537.36 (KHTML, like Gecko; compatible; ClaudeBot/1.0; +claudebot@anthropic.com)"
207.46.13.141 - - [13/Sep/2025:21:07:11 +0000] "GET /jp/product/51291989350 HTTP/1.1" 200 83140 "-" "Mozilla/5.0 AppleWebKit/537.36 (KHTML, like Gecko; compatible; bingbot/2.0; +http://www.bing.com/bingbot.htm) Chrome/116.0.1938.76 Safari/537.36"
216.73.216.47 - - [13/Sep/2025:21:08:14 +0000] "GET /jp/product/512822073319 HTTP/1.1" 500 - "-" "Mozilla/5.0 AppleWebKit/537.36 (KHTML, like Gecko; compatible; ClaudeBot/1.0; +claudebot@anthropic.com)"
104.210.140.138 - - [13/Sep/2025:21:08:21 +0000] "GET / HTTP/1.1" 500 - "-" "Mozilla/5.0 (Macintosh; Intel Mac OS X 10_15_7) AppleWebKit/537.36 (KHTML, like Gecko) Chrome/131.0.0.0 Safari/537.36; compatible; OAI-SearchBot/1.0; +https://openai.com/searchbot"
104.210.140.143 - - [13/Sep/2025:21:08:21 +0000] "GET / HTTP/1.1" 500 - "-" "Mozilla/5.0 (Macintosh; Intel Mac OS X 10_15_7) AppleWebKit/537.36 (KHTML, like Gecko) Chrome/131.0.0.0 Safari/537.36; compatible; OAI-SearchBot/1.0; +https://openai.com/searchbot"
104.210.140.133 - - [13/Sep/2025:21:08:22 +0000] "GET / HTTP/1.1" 500 - "-" "Mozilla/5.0 (Macintosh; Intel Mac OS X 10_15_7) AppleWebKit/537.36 (KHTML, like Gecko) Chrome/131.0.0.0 Safari/537.36; compatible; OAI-SearchBot/1.0; +https://openai.com/searchbot"
104.210.140.138 - - [13/Sep/2025:21:08:22 +0000] "GET / HTTP/1.1" 500 - "-" "Mozilla/5.0 (Macintosh; Intel Mac OS X 10_15_7) AppleWebKit/537.36 (KHTML, like Gecko) Chrome/131.0.0.0 Safari/537.36; compatible; OAI-SearchBot/1.0; +https://openai.com/searchbot"
216.73.216.47 - - [13/Sep/2025:21:08:47 +0000] "GET /jp/product/512824682819 HTTP/1.1" 500 - "-" "Mozilla/5.0 AppleWebKit/537.36 (KHTML, like Gecko; compatible; ClaudeBot/1.0; +claudebot@anthropic.com)"
216.73.216.47 - - [13/Sep/2025:21:09:07 +0000] "GET /jp/product/512830944912 HTTP/1.1" 500 - "-" "Mozilla/5.0 AppleWebKit/537.36 (KHTML, like Gecko; compatible; ClaudeBot/1.0; +claudebot@anthropic.com)"
216.73.216.47 - - [13/Sep/2025:21:10:37 +0000] "GET /jp/product/512718579832 HTTP/1.1" 500 - "-" "Mozilla/5.0 AppleWebKit/537.36 (KHTML, like Gecko; compatible; ClaudeBot/1.0; +claudebot@anthropic.com)"
47.246.164.154 - - [13/Sep/2025:21:10:34 +0000] "GET /site/wp-content/uploads/2016/05/ancient-aliens-india-1024x518.jpg HTTP/1.1" 500 - "-" "Mozilla/5.0 (Windows NT 6.3; Win64; x64) AppleWebKit/537.36 (KHTML, like Gecko) Chrome/75.0.3770.100 Safari/537.36"
216.73.216.110 - - [13/Sep/2025:21:11:28 +0000] "GET /jp/product/512824690876 HTTP/1.1" 500 - "-" "Mozilla/5.0 AppleWebKit/537.36 (KHTML, like Gecko; compatible; ClaudeBot/1.0; +claudebot@anthropic.com)"
216.73.216.110 - - [13/Sep/2025:21:12:02 +0000] "GET /jp/product/512821994621 HTTP/1.1" 500 - "-" "Mozilla/5.0 AppleWebKit/537.36 (KHTML, like Gecko; compatible; ClaudeBot/1.0; +claudebot@anthropic.com)"
216.73.216.110 - - [13/Sep/2025:21:12:36 +0000] "GET /jp/product/512721581611 HTTP/1.1" 500 - "-" "Mozilla/5.0 AppleWebKit/537.36 (KHTML, like Gecko; compatible; ClaudeBot/1.0; +claudebot@anthropic.com)"
216.73.216.47 - - [13/Sep/2025:21:12:49 +0000] "GET /robots.txt HTTP/1.1" 500 - "-" "Mozilla/5.0 AppleWebKit/537.36 (KHTML, like Gecko; compatible; ClaudeBot/1.0; +claudebot@anthropic.com)"
216.73.216.110 - - [13/Sep/2025:21:13:11 +0000] "GET /jp/product/512821817544 HTTP/1.1" 500 - "-" "Mozilla/5.0 AppleWebKit/537.36 (KHTML, like Gecko; compatible; ClaudeBot/1.0; +claudebot@anthropic.com)"
216.73.216.47 - - [13/Sep/2025:21:13:56 +0000] "GET /jp/product/51305433761 HTTP/1.1" 500 - "-" "Mozilla/5.0 AppleWebKit/537.36 (KHTML, like Gecko; compatible; ClaudeBot/1.0; +claudebot@anthropic.com)"
222.95.168.67 - - [13/Sep/2025:21:14:02 +0000] "GET / HTTP/1.1" 500 - "-" "Mozilla/5.0 (Windows NT 10.0; Win64; x64) Chrome/120.0.0.0"
216.73.216.47 - - [13/Sep/2025:21:14:31 +0000] "GET /jp/product/51281115792 HTTP/1.1" 500 - "-" "Mozilla/5.0 AppleWebKit/537.36 (KHTML, like Gecko; compatible; ClaudeBot/1.0; +claudebot@anthropic.com)"
54.236.1.52 - - [13/Sep/2025:21:14:29 +0000] "GET / HTTP/1.1" 500 - "-" "Mozilla/5.0 (compatible; Pinterestbot/1.0; +http://www.pinterest.com/bot.html)"
91.186.254.204 - - [13/Sep/2025:21:14:56 +0000] "GET / HTTP/1.1" 500 - "-" "Mozilla/5.0 (Windows NT 10.0; Win64; x64) AppleWebKit/537.36 (KHTML, like Gecko) Chrome/114.0.0.0 Safari/537.36 Edg/114.0.1823.43"
123.138.79.101 - - [13/Sep/2025:21:14:56 +0000] "GET / HTTP/1.1" 500 - "-" "Mozilla/5.0 (Windows NT 10.0; Win64; x64) Chrome/120.0.0.0"
216.73.216.47 - - [13/Sep/2025:21:15:10 +0000] "GET /jp/product/5126432044 HTTP/1.1" 500 - "-" "Mozilla/5.0 AppleWebKit/537.36 (KHTML, like Gecko; compatible; ClaudeBot/1.0; +claudebot@anthropic.com)"
123.138.79.101 - - [13/Sep/2025:21:15:30 +0000] "GET / HTTP/1.1" 500 - "-" "Mozilla/5.0 (Windows NT 10.0; Win64; x64) Chrome/120.0.0.0"
216.73.216.47 - - [13/Sep/2025:21:15:40 +0000] "GET /jp/product/51294820460 HTTP/1.1" 500 - "-" "Mozilla/5.0 AppleWebKit/537.36 (KHTML, like Gecko; compatible; ClaudeBot/1.0; +claudebot@anthropic.com)"
123.138.79.101 - - [13/Sep/2025:21:15:36 +0000] "GET / HTTP/1.1" 500 - "-" "Mozilla/5.0 (Windows NT 10.0; Win64; x64) Chrome/120.0.0.0"
123.138.79.101 - - [13/Sep/2025:21:15:48 +0000] "GET / HTTP/1.1" 500 - "-" "Mozilla/5.0 (Windows NT 10.0; Win64; x64) Chrome/120.0.0.0"
123.138.79.101 - - [13/Sep/2025:21:15:53 +0000] "GET / HTTP/1.1" 500 - "-" "Mozilla/5.0 (Windows NT 10.0; Win64; x64) Chrome/120.0.0.0"
123.138.79.101 - - [13/Sep/2025:21:15:57 +0000] "GET / HTTP/1.1" 500 - "-" "Mozilla/5.0 (Windows NT 10.0; Win64; x64) Chrome/120.0.0.0"
123.138.79.101 - - [13/Sep/2025:21:16:02 +0000] "GET / HTTP/1.1" 500 - "-" "Mozilla/5.0 (Windows NT 10.0; Win64; x64) Chrome/120.0.0.0"
193.183.0.171 - - [13/Sep/2025:21:16:07 +0000] "HEAD / HTTP/1.1" 500 - "-" "search.marginalia.nu"
216.73.216.47 - - [13/Sep/2025:21:16:11 +0000] "GET /jp/product/51281054742 HTTP/1.1" 500 - "-" "Mozilla/5.0 AppleWebKit/537.36 (KHTML, like Gecko; compatible; ClaudeBot/1.0; +claudebot@anthropic.com)"
123.138.79.101 - - [13/Sep/2025:21:16:07 +0000] "GET / HTTP/1.1" 500 - "-" "Mozilla/5.0 (Windows NT 10.0; Win64; x64) Chrome/120.0.0.0"
123.138.79.101 - - [13/Sep/2025:21:16:12 +0000] "GET / HTTP/1.1" 500 - "-" "Mozilla/5.0 (Windows NT 10.0; Win64; x64) Chrome/120.0.0.0"
193.183.0.171 - - [13/Sep/2025:21:16:13 +0000] "HEAD / HTTP/1.1" 500 - "-" "search.marginalia.nu"
123.138.79.101 - - [13/Sep/2025:21:16:16 +0000] "GET / HTTP/1.1" 500 - "-" "Mozilla/5.0 (Windows NT 10.0; Win64; x64) Chrome/120.0.0.0"
193.183.0.171 - - [13/Sep/2025:21:16:20 +0000] "HEAD / HTTP/1.1" 500 - "-" "search.marginalia.nu"
123.138.79.101 - - [13/Sep/2025:21:16:21 +0000] "GET / HTTP/1.1" 500 - "-" "Mozilla/5.0 (Windows NT 10.0; Win64; x64) Chrome/120.0.0.0"
123.138.79.101 - - [13/Sep/2025:21:16:26 +0000] "GET / HTTP/1.1" 500 - "-" "Mozilla/5.0 (Windows NT 10.0; Win64; x64) Chrome/120.0.0.0"
193.183.0.171 - - [13/Sep/2025:21:16:27 +0000] "GET / HTTP/1.1" 500 - "-" "search.marginalia.nu"
123.138.79.101 - - [13/Sep/2025:21:16:31 +0000] "GET / HTTP/1.1" 500 - "-" "Mozilla/5.0 (Windows NT 10.0; Win64; x64) Chrome/120.0.0.0"
193.183.0.171 - - [13/Sep/2025:21:16:34 +0000] "GET / HTTP/1.1" 500 - "-" "search.marginalia.nu"
216.73.216.47 - - [13/Sep/2025:21:16:45 +0000] "GET /jp/product/512824771941 HTTP/1.1" 500 - "-" "Mozilla/5.0 AppleWebKit/537.36 (KHTML, like Gecko; compatible; ClaudeBot/1.0; +claudebot@anthropic.com)"
193.183.0.171 - - [13/Sep/2025:21:16:42 +0000] "GET / HTTP/1.1" 500 - "-" "search.marginalia.nu"
66.249.70.137 - - [13/Sep/2025:21:16:59 +0000] "GET /jp/product/5126176797 HTTP/1.1" 200 83113 "-" "Mozilla/5.0 (Linux; Android 6.0.1; Nexus 5X Build/MMB29P) AppleWebKit/537.36 (KHTML, like Gecko) Chrome/140.0.7339.127 Mobile Safari/537.36 (compatible; Googlebot/2.1; +http://www.google.com/bot.html)"
216.73.216.47 - - [13/Sep/2025:21:17:20 +0000] "GET /jp/product/51291786938 HTTP/1.1" 500 - "-" "Mozilla/5.0 AppleWebKit/537.36 (KHTML, like Gecko; compatible; ClaudeBot/1.0; +claudebot@anthropic.com)"
216.73.216.47 - - [13/Sep/2025:21:17:52 +0000] "GET /jp/product/51269194861 HTTP/1.1" 500 - "-" "Mozilla/5.0 AppleWebKit/537.36 (KHTML, like Gecko; compatible; ClaudeBot/1.0; +claudebot@anthropic.com)"
73.29.7.132 - - [13/Sep/2025:21:18:39 +0000] "GET /site/wp-content/uploads/2017/06/sacsayhuaman-wall.jpg HTTP/1.1" 500 - "-" "Mozilla/5.0 (Macintosh; Intel Mac OS X 10_15_7) AppleWebKit/537.36 (KHTML, like Gecko) Chrome/137.0.0.0 Safari/537.36"
73.29.7.132 - - [13/Sep/2025:21:18:44 +0000] "GET /site/wp-content/uploads/2017/06/sacsayhuaman-wall.jpg HTTP/1.1" 500 - "-" "Mozilla/5.0 (Macintosh; Intel Mac OS X 10_15_7) AppleWebKit/537.36 (KHTML, like Gecko) Chrome/137.0.0.0 Safari/537.36"
216.73.216.47 - - [13/Sep/2025:21:19:09 +0000] "GET /jp/product/51294939411 HTTP/1.1" 500 - "-" "Mozilla/5.0 AppleWebKit/537.36 (KHTML, like Gecko; compatible; ClaudeBot/1.0; +claudebot@anthropic.com)"
47.246.164.136 - - [13/Sep/2025:21:19:13 +0000] "GET / HTTP/1.1" 200 83409 "-" "Mozilla/5.0 (Windows NT 5.1; WOW64) AppleWebKit/537.36 (KHTML, like Gecko) Chrome/75.0.3770.100 ADG/11.0.2566 AOLBUILD/11.0.2566 Safari/537.36"
216.73.216.47 - - [13/Sep/2025:21:19:43 +0000] "GET /jp/product/51294763207 HTTP/1.1" 500 - "-" "Mozilla/5.0 AppleWebKit/537.36 (KHTML, like Gecko; compatible; ClaudeBot/1.0; +claudebot@anthropic.com)"
216.73.216.47 - - [13/Sep/2025:21:20:18 +0000] "GET /jp/product/5127783199 HTTP/1.1" 500 - "-" "Mozilla/5.0 AppleWebKit/537.36 (KHTML, like Gecko; compatible; ClaudeBot/1.0; +claudebot@anthropic.com)"
216.73.216.47 - - [13/Sep/2025:21:20:55 +0000] "GET /jp/product/51294728203 HTTP/1.1" 500 - "-" "Mozilla/5.0 AppleWebKit/537.36 (KHTML, like Gecko; compatible; ClaudeBot/1.0; +claudebot@anthropic.com)"
216.73.216.47 - - [13/Sep/2025:21:21:27 +0000] "GET /jp/product/51273734885 HTTP/1.1" 500 - "-" "Mozilla/5.0 AppleWebKit/537.36 (KHTML, like Gecko; compatible; ClaudeBot/1.0; +claudebot@anthropic.com)"
216.73.216.47 - - [13/Sep/2025:21:22:12 +0000] "GET /jp/product/5127995717 HTTP/1.1" 500 - "-" "Mozilla/5.0 AppleWebKit/537.36 (KHTML, like Gecko; compatible; ClaudeBot/1.0; +claudebot@anthropic.com)"
52.167.144.204 - - [13/Sep/2025:21:22:28 +0000] "GET /jp/product/51302487983 HTTP/1.1" 200 84451 "-" "Mozilla/5.0 AppleWebKit/537.36 (KHTML, like Gecko; compatible; bingbot/2.0; +http://www.bing.com/bingbot.htm) Chrome/116.0.1938.76 Safari/537.36"
216.73.216.47 - - [13/Sep/2025:21:22:46 +0000] "GET /jp/product/51308307956 HTTP/1.1" 500 - "-" "Mozilla/5.0 AppleWebKit/537.36 (KHTML, like Gecko; compatible; ClaudeBot/1.0; +claudebot@anthropic.com)"
216.73.216.47 - - [13/Sep/2025:21:23:21 +0000] "GET /jp/product/512910419317 HTTP/1.1" 500 - "-" "Mozilla/5.0 AppleWebKit/537.36 (KHTML, like Gecko; compatible; ClaudeBot/1.0; +claudebot@anthropic.com)"
216.73.216.47 - - [13/Sep/2025:21:23:55 +0000] "GET /jp/product/51318573977 HTTP/1.1" 500 - "-" "Mozilla/5.0 AppleWebKit/537.36 (KHTML, like Gecko; compatible; ClaudeBot/1.0; +claudebot@anthropic.com)"
5.175.234.40 - - [13/Sep/2025:21:24:12 +0000] "GET / HTTP/1.1" 500 - "-" "-"
216.73.216.47 - - [13/Sep/2025:21:24:50 +0000] "GET /jp/product/51281042775 HTTP/1.1" 500 - "-" "Mozilla/5.0 AppleWebKit/537.36 (KHTML, like Gecko; compatible; ClaudeBot/1.0; +claudebot@anthropic.com)"
47.246.164.132 - - [13/Sep/2025:21:25:09 +0000] "GET / HTTP/1.1" 500 - "-" "Mozilla/5.0 (Macintosh; Intel Mac OS X 10_15_7) AppleWebKit/537.36 (KHTML, like Gecko) Chrome/94.0.4606.61 Safari/537.36"
216.73.216.47 - - [13/Sep/2025:21:25:24 +0000] "GET /jp/product/512718383977 HTTP/1.1" 500 - "-" "Mozilla/5.0 AppleWebKit/537.36 (KHTML, like Gecko; compatible; ClaudeBot/1.0; +claudebot@anthropic.com)"
216.73.216.47 - - [13/Sep/2025:21:25:57 +0000] "GET /jp/product/512919372504 HTTP/1.1" 500 - "-" "Mozilla/5.0 AppleWebKit/537.36 (KHTML, like Gecko; compatible; ClaudeBot/1.0; +claudebot@anthropic.com)"
216.73.216.47 - - [13/Sep/2025:21:26:32 +0000] "GET /jp/product/51284072766 HTTP/1.1" 500 - "-" "Mozilla/5.0 AppleWebKit/537.36 (KHTML, like Gecko; compatible; ClaudeBot/1.0; +claudebot@anthropic.com)"
216.73.216.47 - - [13/Sep/2025:21:27:06 +0000] "GET /jp/product/512925113717 HTTP/1.1" 500 - "-" "Mozilla/5.0 AppleWebKit/537.36 (KHTML, like Gecko; compatible; ClaudeBot/1.0; +claudebot@anthropic.com)"
216.73.216.47 - - [13/Sep/2025:21:27:41 +0000] "GET /jp/product/512830496174 HTTP/1.1" 500 - "-" "Mozilla/5.0 AppleWebKit/537.36 (KHTML, like Gecko; compatible; ClaudeBot/1.0; +claudebot@anthropic.com)"
216.73.216.47 - - [13/Sep/2025:21:27:55 +0000] "GET /jp/product/512718609577 HTTP/1.1" 500 - "-" "Mozilla/5.0 AppleWebKit/537.36 (KHTML, like Gecko; compatible; ClaudeBot/1.0; +claudebot@anthropic.com)"
216.73.216.47 - - [13/Sep/2025:21:28:30 +0000] "GET /jp/product/51269054737 HTTP/1.1" 500 - "-" "Mozilla/5.0 AppleWebKit/537.36 (KHTML, like Gecko; compatible; ClaudeBot/1.0; +claudebot@anthropic.com)"
54.236.1.54 - - [13/Sep/2025:21:28:45 +0000] "GET /2016/04/ufos-visoki-decani-crucifixion-fresco/ HTTP/1.1" 500 - "-" "Mozilla/5.0 (compatible; Pinterestbot/1.0; +http://www.pinterest.com/bot.html)"
216.73.216.47 - - [13/Sep/2025:21:29:04 +0000] "GET /jp/product/512673786190 HTTP/1.1" 500 - "-" "Mozilla/5.0 AppleWebKit/537.36 (KHTML, like Gecko; compatible; ClaudeBot/1.0; +claudebot@anthropic.com)"
216.73.216.47 - - [13/Sep/2025:21:29:38 +0000] "GET /jp/product/512718531877 HTTP/1.1" 500 - "-" "Mozilla/5.0 AppleWebKit/537.36 (KHTML, like Gecko; compatible; ClaudeBot/1.0; +claudebot@anthropic.com)"
216.73.216.47 - - [13/Sep/2025:21:30:05 +0000] "GET /jp/product/51269090328 HTTP/1.1" 500 - "-" "Mozilla/5.0 AppleWebKit/537.36 (KHTML, like Gecko; compatible; ClaudeBot/1.0; +claudebot@anthropic.com)"
47.246.164.131 - - [13/Sep/2025:21:30:22 +0000] "GET / HTTP/1.1" 500 - "-" "Mozilla/5.0 (Macintosh; Intel Mac OS X 10_13_6) AppleWebKit/537.36 (KHTML, like Gecko) Chrome/100.0.4896.75 Safari/537.36"
216.73.216.47 - - [13/Sep/2025:21:30:40 +0000] "GET /jp/product/51283982796 HTTP/1.1" 500 - "-" "Mozilla/5.0 AppleWebKit/537.36 (KHTML, like Gecko; compatible; ClaudeBot/1.0; +claudebot@anthropic.com)"
95.108.213.222 - - [13/Sep/2025:21:31:11 +0000] "GET /robots.txt HTTP/1.1" 500 - "-" "Mozilla/5.0 (compatible; YandexBot/3.0; +http://yandex.com/bots)"
216.73.216.47 - - [13/Sep/2025:21:31:14 +0000] "GET /jp/product/51302012104 HTTP/1.1" 500 - "-" "Mozilla/5.0 AppleWebKit/537.36 (KHTML, like Gecko; compatible; ClaudeBot/1.0; +claudebot@anthropic.com)"
77.88.9.138 - - [13/Sep/2025:21:31:15 +0000] "GET /category/myths/page/1/ HTTP/1.1" 500 - "-" "Mozilla/5.0 (compatible; YandexBot/3.0; +http://yandex.com/bots)"
216.73.216.47 - - [13/Sep/2025:21:31:49 +0000] "GET /jp/product/51291720788 HTTP/1.1" 500 - "-" "Mozilla/5.0 AppleWebKit/537.36 (KHTML, like Gecko; compatible; ClaudeBot/1.0; +claudebot@anthropic.com)"
86.98.55.168 - - [13/Sep/2025:21:33:18 +0000] "GET / HTTP/1.1" 500 - "-" "Mozilla/5.0 (Windows NT 10.0; Win64; x64) AppleWebKit/537.36 (KHTML, like Gecko) Chrome/114.0.0.0 Safari/537.36 Edg/114.0.1823.43"
216.73.216.47 - - [13/Sep/2025:21:33:30 +0000] "GET /robots.txt HTTP/1.1" 500 - "http://ancientufo.org/robots.txt" "Mozilla/5.0 AppleWebKit/537.36 (KHTML, like Gecko; compatible; ClaudeBot/1.0; +claudebot@anthropic.com)"
216.73.216.47 - - [13/Sep/2025:21:33:34 +0000] "GET /2015/08/aliens-and-sex-with-human-women HTTP/1.1" 500 - "http://ancientufo.org/2015/08/aliens-and-sex-with-human-women" "Mozilla/5.0 AppleWebKit/537.36 (KHTML, like Gecko; compatible; ClaudeBot/1.0; +claudebot@anthropic.com)"
