216.73.216.47 - - [14/Sep/2025:08:03:04 +0000] "GET /jp/product/512821803046 HTTP/1.1" 500 - "-" "Mozilla/5.0 AppleWebKit/537.36 (KHTML, like Gecko; compatible; ClaudeBot/1.0; +claudebot@anthropic.com)"
104.252.191.58 - - [14/Sep/2025:08:03:02 +0000] "GET / HTTP/1.1" 500 - "-" "Mozilla/5.0 (X11; Linux x86_64) AppleWebKit/537.36 (KHTML, like Gecko) Chrome/116.0.0.0 Safari/537.36"
216.73.216.47 - - [14/Sep/2025:08:03:41 +0000] "GET /jp/product/51318406980 HTTP/1.1" 500 - "-" "Mozilla/5.0 AppleWebKit/537.36 (KHTML, like Gecko; compatible; ClaudeBot/1.0; +claudebot@anthropic.com)"
216.73.216.47 - - [14/Sep/2025:08:04:17 +0000] "GET /jp/product/51281248219 HTTP/1.1" 500 - "-" "Mozilla/5.0 AppleWebKit/537.36 (KHTML, like Gecko; compatible; ClaudeBot/1.0; +claudebot@anthropic.com)"
138.199.21.247 - - [14/Sep/2025:08:04:35 +0000] "GET / HTTP/1.1" 500 - "-" "Mozilla/5.0 (Windows NT 10.0; Win64; x64) AppleWebKit/537.36 (KHTML, like Gecko) Chrome/137.0.0.0 Safari/537.36"
216.73.216.47 - - [14/Sep/2025:08:04:49 +0000] "GET /jp/product/51305305919 HTTP/1.1" 500 - "-" "Mozilla/5.0 AppleWebKit/537.36 (KHTML, like Gecko; compatible; ClaudeBot/1.0; +claudebot@anthropic.com)"
138.199.21.247 - - [14/Sep/2025:08:04:50 +0000] "GET /favicon.ico HTTP/1.1" 500 - "-" "Mozilla/5.0 (Windows NT 10.0; Win64; x64) AppleWebKit/537.36 (KHTML, like Gecko) Chrome/137.0.0.0 Safari/537.36"
216.73.216.47 - - [14/Sep/2025:08:05:28 +0000] "GET /jp/product/51273750053 HTTP/1.1" 500 - "-" "Mozilla/5.0 AppleWebKit/537.36 (KHTML, like Gecko; compatible; ClaudeBot/1.0; +claudebot@anthropic.com)"
216.73.216.47 - - [14/Sep/2025:08:06:02 +0000] "GET /jp/product/51265976106 HTTP/1.1" 500 - "-" "Mozilla/5.0 AppleWebKit/537.36 (KHTML, like Gecko; compatible; ClaudeBot/1.0; +claudebot@anthropic.com)"
216.73.216.47 - - [14/Sep/2025:08:06:37 +0000] "GET /jp/product/51297657278 HTTP/1.1" 500 - "-" "Mozilla/5.0 AppleWebKit/537.36 (KHTML, like Gecko; compatible; ClaudeBot/1.0; +claudebot@anthropic.com)"
216.73.216.47 - - [14/Sep/2025:08:07:11 +0000] "GET /jp/product/512644688810 HTTP/1.1" 500 - "-" "Mozilla/5.0 AppleWebKit/537.36 (KHTML, like Gecko; compatible; ClaudeBot/1.0; +claudebot@anthropic.com)"
216.73.216.47 - - [14/Sep/2025:08:07:38 +0000] "GET /jp/product/51305414116 HTTP/1.1" 500 - "-" "Mozilla/5.0 AppleWebKit/537.36 (KHTML, like Gecko; compatible; ClaudeBot/1.0; +claudebot@anthropic.com)"
216.73.216.47 - - [14/Sep/2025:08:08:13 +0000] "GET /jp/product/51263390014 HTTP/1.1" 500 - "-" "Mozilla/5.0 AppleWebKit/537.36 (KHTML, like Gecko; compatible; ClaudeBot/1.0; +claudebot@anthropic.com)"
213.186.1.154 - - [14/Sep/2025:08:08:44 +0000] "GET / HTTP/1.1" 500 - "-" "Mediatoolkitbot (complaints@mediatoolkit.com)"
216.73.216.47 - - [14/Sep/2025:08:09:58 +0000] "GET /jp/product/513046301869 HTTP/1.1" 500 - "-" "Mozilla/5.0 AppleWebKit/537.36 (KHTML, like Gecko; compatible; ClaudeBot/1.0; +claudebot@anthropic.com)"
40.67.245.89 - - [14/Sep/2025:08:09:56 +0000] "GET /.env HTTP/1.1" 500 - "-" "Mozilla/5.0 (Linux; Android 9; SM-A600G) AppleWebKit/537.36 (KHTML, like Gecko) Chrome/76.0.3809.111 Mobile Safari/537.36"
216.73.216.47 - - [14/Sep/2025:08:10:33 +0000] "GET /jp/product/512845314490 HTTP/1.1" 500 - "-" "Mozilla/5.0 AppleWebKit/537.36 (KHTML, like Gecko; compatible; ClaudeBot/1.0; +claudebot@anthropic.com)"
216.73.216.47 - - [14/Sep/2025:08:11:08 +0000] "GET /jp/product/5126294367 HTTP/1.1" 500 - "-" "Mozilla/5.0 AppleWebKit/537.36 (KHTML, like Gecko; compatible; ClaudeBot/1.0; +claudebot@anthropic.com)"
216.73.216.47 - - [14/Sep/2025:08:11:42 +0000] "GET /jp/product/512771679553 HTTP/1.1" 500 - "-" "Mozilla/5.0 AppleWebKit/537.36 (KHTML, like Gecko; compatible; ClaudeBot/1.0; +claudebot@anthropic.com)"
92.113.164.83 - - [14/Sep/2025:08:12:24 +0000] "GET / HTTP/1.1" 500 - "-" "Mozilla/5.0 (Windows NT 10.0; Win64; x64) AppleWebKit/537.36 (KHTML, like Gecko) Chrome/78.0.3904.108 Safari/537.36"
156.248.81.9 - - [14/Sep/2025:08:12:29 +0000] "GET /tom-delonge-aliens/ HTTP/1.1" 500 - "https://ancientufo.org/tom-delonge-aliens/" "Mozilla/5.0 (Windows NT 10.0; Win64; x64) AppleWebKit/537.36 (KHTML, like Gecko) Chrome/130.0.0.0 Safari/537.36 CCleaner/130.0.0.0"
156.248.81.9 - - [14/Sep/2025:08:12:37 +0000] "GET / HTTP/1.1" 500 - "https://ancientufo.org/" "Mozilla/5.0 (Windows NT 10.0; Win64; x64) AppleWebKit/537.36 (KHTML, like Gecko) Chrome/130.0.0.0 Safari/537.36 CCleaner/130.0.0.0"
92.113.164.83 - - [14/Sep/2025:08:12:31 +0000] "GET //wp-includes/wlwmanifest.xml HTTP/1.1" 200 4325 "-" "Mozilla/5.0 (Windows NT 10.0; Win64; x64) AppleWebKit/537.36 (KHTML, like Gecko) Chrome/78.0.3904.108 Safari/537.36"
216.73.216.47 - - [14/Sep/2025:08:13:36 +0000] "GET /jp/product/51263333536 HTTP/1.1" 500 - "-" "Mozilla/5.0 AppleWebKit/537.36 (KHTML, like Gecko; compatible; ClaudeBot/1.0; +claudebot@anthropic.com)"
2a02:598:128:8a00::b00:5 - - [14/Sep/2025:08:13:54 +0000] "GET /jp/product/51268855468 HTTP/1.1" 500 - "-" "Mozilla/5.0 (compatible; SeznamBot/4.0; +https://o-seznam.cz/napoveda/vyhledavani/en/seznambot-crawler/)"
216.73.216.47 - - [14/Sep/2025:08:14:07 +0000] "GET /jp/product/512922195217 HTTP/1.1" 500 - "-" "Mozilla/5.0 AppleWebKit/537.36 (KHTML, like Gecko; compatible; ClaudeBot/1.0; +claudebot@anthropic.com)"
216.73.216.47 - - [14/Sep/2025:08:14:30 +0000] "GET /jp/product/51273600285 HTTP/1.1" 500 - "-" "Mozilla/5.0 AppleWebKit/537.36 (KHTML, like Gecko; compatible; ClaudeBot/1.0; +claudebot@anthropic.com)"
216.73.216.47 - - [14/Sep/2025:08:14:54 +0000] "GET /jp/product/512623596342 HTTP/1.1" 500 - "-" "Mozilla/5.0 AppleWebKit/537.36 (KHTML, like Gecko; compatible; ClaudeBot/1.0; +claudebot@anthropic.com)"
157.55.39.63 - - [14/Sep/2025:08:14:46 +0000] "GET /jp/product/513161889148 HTTP/1.1" 200 83278 "-" "Mozilla/5.0 AppleWebKit/537.36 (KHTML, like Gecko; compatible; bingbot/2.0; +http://www.bing.com/bingbot.htm) Chrome/116.0.1938.76 Safari/537.36"
216.73.216.47 - - [14/Sep/2025:08:15:29 +0000] "GET /jp/product/512821777742 HTTP/1.1" 500 - "-" "Mozilla/5.0 AppleWebKit/537.36 (KHTML, like Gecko; compatible; ClaudeBot/1.0; +claudebot@anthropic.com)"
216.73.216.47 - - [14/Sep/2025:08:16:35 +0000] "GET /jp/product/51302088491 HTTP/1.1" 500 - "-" "Mozilla/5.0 AppleWebKit/537.36 (KHTML, like Gecko; compatible; ClaudeBot/1.0; +claudebot@anthropic.com)"
2a0f:9400:7e11:b342::1 - - [14/Sep/2025:08:16:47 +0000] "GET / HTTP/1.1" 500 - "-" "Python/3.12 aiohttp/3.11.18"
216.73.216.47 - - [14/Sep/2025:08:17:10 +0000] "GET /jp/product/512910752984 HTTP/1.1" 500 - "-" "Mozilla/5.0 AppleWebKit/537.36 (KHTML, like Gecko; compatible; ClaudeBot/1.0; +claudebot@anthropic.com)"
216.73.216.47 - - [14/Sep/2025:08:17:44 +0000] "GET /jp/product/513167722830 HTTP/1.1" 500 - "-" "Mozilla/5.0 AppleWebKit/537.36 (KHTML, like Gecko; compatible; ClaudeBot/1.0; +claudebot@anthropic.com)"
216.73.216.47 - - [14/Sep/2025:08:18:21 +0000] "GET /jp/product/51315500664 HTTP/1.1" 500 - "-" "Mozilla/5.0 AppleWebKit/537.36 (KHTML, like Gecko; compatible; ClaudeBot/1.0; +claudebot@anthropic.com)"
216.73.216.47 - - [14/Sep/2025:08:18:47 +0000] "GET /jp/product/51312766058 HTTP/1.1" 500 - "-" "Mozilla/5.0 AppleWebKit/537.36 (KHTML, like Gecko; compatible; ClaudeBot/1.0; +claudebot@anthropic.com)"
216.73.216.47 - - [14/Sep/2025:08:19:20 +0000] "GET /jp/product/513011030207 HTTP/1.1" 500 - "-" "Mozilla/5.0 AppleWebKit/537.36 (KHTML, like Gecko; compatible; ClaudeBot/1.0; +claudebot@anthropic.com)"
216.73.216.47 - - [14/Sep/2025:08:19:32 +0000] "GET /jp/product/5126487280 HTTP/1.1" 500 - "-" "Mozilla/5.0 AppleWebKit/537.36 (KHTML, like Gecko; compatible; ClaudeBot/1.0; +claudebot@anthropic.com)"
216.73.216.47 - - [14/Sep/2025:08:20:07 +0000] "GET /jp/product/51302046865 HTTP/1.1" 500 - "-" "Mozilla/5.0 AppleWebKit/537.36 (KHTML, like Gecko; compatible; ClaudeBot/1.0; +claudebot@anthropic.com)"
216.73.216.47 - - [14/Sep/2025:08:21:21 +0000] "GET /jp/product/512963747386 HTTP/1.1" 500 - "-" "Mozilla/5.0 AppleWebKit/537.36 (KHTML, like Gecko; compatible; ClaudeBot/1.0; +claudebot@anthropic.com)"
216.73.216.47 - - [14/Sep/2025:08:21:55 +0000] "GET /jp/product/51273506450 HTTP/1.1" 500 - "-" "Mozilla/5.0 AppleWebKit/537.36 (KHTML, like Gecko; compatible; ClaudeBot/1.0; +claudebot@anthropic.com)"
66.249.70.130 - - [14/Sep/2025:08:21:16 +0000] "GET /sitemap.xml HTTP/1.1" 200 4348 "-" "Mozilla/5.0 (compatible; Googlebot/2.1; +http://www.google.com/bot.html)"
216.73.216.47 - - [14/Sep/2025:08:22:30 +0000] "GET /jp/product/51273875308 HTTP/1.1" 500 - "-" "Mozilla/5.0 AppleWebKit/537.36 (KHTML, like Gecko; compatible; ClaudeBot/1.0; +claudebot@anthropic.com)"
216.73.216.47 - - [14/Sep/2025:08:23:04 +0000] "GET /jp/product/513144141390 HTTP/1.1" 500 - "-" "Mozilla/5.0 AppleWebKit/537.36 (KHTML, like Gecko; compatible; ClaudeBot/1.0; +claudebot@anthropic.com)"
34.174.8.5 - - [14/Sep/2025:08:22:59 +0000] "GET / HTTP/1.1" 500 - "https://pepsico.com/" "Mozilla/5.0 (Macintosh; Intel Mac OS X 10_15_7) AppleWebKit/537.36 (KHTML, like Gecko) Chrome/136.0.0.0 Safari/537.36"
34.174.8.5 - - [14/Sep/2025:08:23:07 +0000] "GET / HTTP/1.1" 500 - "https://pepsico.com/" "Mozilla/5.0 (Macintosh; Intel Mac OS X 10_15_7) AppleWebKit/537.36 (KHTML, like Gecko) Chrome/136.0.0.0 Safari/537.36"
216.73.216.47 - - [14/Sep/2025:08:23:29 +0000] "GET /jp/product/513022956751 HTTP/1.1" 500 - "-" "Mozilla/5.0 AppleWebKit/537.36 (KHTML, like Gecko; compatible; ClaudeBot/1.0; +claudebot@anthropic.com)"
110.40.186.63 - - [14/Sep/2025:08:23:35 +0000] "GET / HTTP/1.1" 500 - "http://www.playground-magazine.com" "Mozilla/5.0 (iPhone; CPU iPhone OS 13_2_3 like Mac OS X) AppleWebKit/605.1.15 (KHTML, like Gecko) Version/13.0.3 Mobile/15E148 Safari/604.1"
216.73.216.47 - - [14/Sep/2025:08:24:04 +0000] "GET /jp/product/513022747886 HTTP/1.1" 500 - "-" "Mozilla/5.0 AppleWebKit/537.36 (KHTML, like Gecko; compatible; ClaudeBot/1.0; +claudebot@anthropic.com)"
114.119.128.203 - - [14/Sep/2025:08:24:34 +0000] "GET /header.php?sitemap_index.xml HTTP/1.1" 200 - "-" "Mozilla/5.0 (Linux; Android 7.0;) AppleWebKit/537.36 (KHTML, like Gecko) Mobile Safari/537.36 (compatible; PetalBot;+https://webmaster.petalsearch.com/site/petalbot)"
216.73.216.47 - - [14/Sep/2025:08:24:38 +0000] "GET /jp/product/512611913472 HTTP/1.1" 500 - "-" "Mozilla/5.0 AppleWebKit/537.36 (KHTML, like Gecko; compatible; ClaudeBot/1.0; +claudebot@anthropic.com)"
34.174.8.5 - - [14/Sep/2025:08:24:48 +0000] "GET / HTTP/1.1" 500 - "http://playground-magazine.com/robots.txt" "Mozilla/5.0 (Windows NT 10.0; Win64; x64) AppleWebKit/537.36 (KHTML, like Gecko) Chrome/137.0.0.0 Safari/537.36"
34.174.8.5 - - [14/Sep/2025:08:24:56 +0000] "GET / HTTP/1.1" 500 - "http://playground-magazine.com/tag/mamabear-app/" "Mozilla/5.0 (Windows NT 10.0; Win64; x64) AppleWebKit/537.36 (KHTML, like Gecko) Chrome/137.0.0.0 Safari/537.36"
216.73.216.47 - - [14/Sep/2025:08:25:15 +0000] "GET /jp/product/51291552269 HTTP/1.1" 500 - "-" "Mozilla/5.0 AppleWebKit/537.36 (KHTML, like Gecko; compatible; ClaudeBot/1.0; +claudebot@anthropic.com)"
216.73.216.47 - - [14/Sep/2025:08:25:27 +0000] "GET /jp/product/513150051061 HTTP/1.1" 500 - "-" "Mozilla/5.0 AppleWebKit/537.36 (KHTML, like Gecko; compatible; ClaudeBot/1.0; +claudebot@anthropic.com)"
216.73.216.47 - - [14/Sep/2025:08:26:01 +0000] "GET /jp/product/51315515686 HTTP/1.1" 500 - "-" "Mozilla/5.0 AppleWebKit/537.36 (KHTML, like Gecko; compatible; ClaudeBot/1.0; +claudebot@anthropic.com)"
195.178.110.155 - - [14/Sep/2025:08:26:20 +0000] "GET /.git/config HTTP/1.1" 500 - "-" "Go-http-client/1.1"
216.73.216.47 - - [14/Sep/2025:08:26:36 +0000] "GET /jp/product/513031958514 HTTP/1.1" 500 - "-" "Mozilla/5.0 AppleWebKit/537.36 (KHTML, like Gecko; compatible; ClaudeBot/1.0; +claudebot@anthropic.com)"
195.178.110.155 - - [14/Sep/2025:08:26:28 +0000] "GET /.git/config HTTP/1.1" 500 - "http://www.ancientufo.org/.git/config" "Go-http-client/1.1"
216.73.216.47 - - [14/Sep/2025:08:27:10 +0000] "GET /jp/product/51273895254 HTTP/1.1" 500 - "-" "Mozilla/5.0 AppleWebKit/537.36 (KHTML, like Gecko; compatible; ClaudeBot/1.0; +claudebot@anthropic.com)"
216.73.216.47 - - [14/Sep/2025:08:27:45 +0000] "GET /jp/product/513043575725 HTTP/1.1" 500 - "-" "Mozilla/5.0 AppleWebKit/537.36 (KHTML, like Gecko; compatible; ClaudeBot/1.0; +claudebot@anthropic.com)"
216.73.216.47 - - [14/Sep/2025:08:28:19 +0000] "GET /jp/product/512931347937 HTTP/1.1" 500 - "-" "Mozilla/5.0 AppleWebKit/537.36 (KHTML, like Gecko; compatible; ClaudeBot/1.0; +claudebot@anthropic.com)"
106.219.60.83 - - [14/Sep/2025:08:28:19 +0000] "GET / HTTP/1.1" 500 - "-" "Mozilla/5.0 (Windows NT 10.0; Win64; x64) AppleWebKit/537.36 (KHTML, like Gecko) Chrome/114.0.0.0 Safari/537.36 Edg/114.0.1823.43"
51.253.206.26 - - [14/Sep/2025:08:28:34 +0000] "GET / HTTP/1.1" 500 - "-" "Mozilla/5.0 (Windows NT 10.0; Win64; x64) AppleWebKit/537.36 (KHTML, like Gecko) Chrome/114.0.0.0 Safari/537.36 Edg/114.0.1823.43"
216.73.216.47 - - [14/Sep/2025:08:28:54 +0000] "GET /jp/product/51302423835 HTTP/1.1" 500 - "-" "Mozilla/5.0 AppleWebKit/537.36 (KHTML, like Gecko; compatible; ClaudeBot/1.0; +claudebot@anthropic.com)"
216.73.216.47 - - [14/Sep/2025:08:29:20 +0000] "GET /jp/product/512712660597 HTTP/1.1" 500 - "-" "Mozilla/5.0 AppleWebKit/537.36 (KHTML, like Gecko; compatible; ClaudeBot/1.0; +claudebot@anthropic.com)"
207.46.13.102 - - [14/Sep/2025:08:29:27 +0000] "GET /jp/product/51302422315 HTTP/1.1" 200 85679 "-" "Mozilla/5.0 AppleWebKit/537.36 (KHTML, like Gecko; compatible; bingbot/2.0; +http://www.bing.com/bingbot.htm) Chrome/116.0.1938.76 Safari/537.36"
216.73.216.47 - - [14/Sep/2025:08:29:54 +0000] "GET /jp/product/51312713905 HTTP/1.1" 500 - "-" "Mozilla/5.0 AppleWebKit/537.36 (KHTML, like Gecko; compatible; ClaudeBot/1.0; +claudebot@anthropic.com)"
216.73.216.47 - - [14/Sep/2025:08:30:29 +0000] "GET /jp/product/51315669192 HTTP/1.1" 500 - "-" "Mozilla/5.0 AppleWebKit/537.36 (KHTML, like Gecko; compatible; ClaudeBot/1.0; +claudebot@anthropic.com)"
216.73.216.47 - - [14/Sep/2025:08:31:00 +0000] "GET /jp/product/51302293633 HTTP/1.1" 500 - "-" "Mozilla/5.0 AppleWebKit/537.36 (KHTML, like Gecko; compatible; ClaudeBot/1.0; +claudebot@anthropic.com)"
216.73.216.47 - - [14/Sep/2025:08:31:14 +0000] "GET /jp/product/51315698495 HTTP/1.1" 500 - "-" "Mozilla/5.0 AppleWebKit/537.36 (KHTML, like Gecko; compatible; ClaudeBot/1.0; +claudebot@anthropic.com)"
157.55.39.16 - - [14/Sep/2025:08:32:40 +0000] "GET /jp/product/51315590286 HTTP/1.1" 200 84084 "-" "Mozilla/5.0 AppleWebKit/537.36 (KHTML, like Gecko; compatible; bingbot/2.0; +http://www.bing.com/bingbot.htm) Chrome/116.0.1938.76 Safari/537.36"
216.73.216.47 - - [14/Sep/2025:08:32:57 +0000] "GET /jp/product/512742011227 HTTP/1.1" 500 - "-" "Mozilla/5.0 AppleWebKit/537.36 (KHTML, like Gecko; compatible; ClaudeBot/1.0; +claudebot@anthropic.com)"
216.73.216.47 - - [14/Sep/2025:08:33:34 +0000] "GET /jp/product/51268988214 HTTP/1.1" 500 - "-" "Mozilla/5.0 AppleWebKit/537.36 (KHTML, like Gecko; compatible; ClaudeBot/1.0; +claudebot@anthropic.com)"
20.171.207.192 - - [14/Sep/2025:08:33:47 +0000] "GET /2015/08/walls-of-jericho-was-the-shofar-an-alien-weapon/ HTTP/1.1" 500 - "-" "Mozilla/5.0 AppleWebKit/537.36 (KHTML, like Gecko; compatible; GPTBot/1.2; +https://openai.com/gptbot)"
4.227.36.69 - - [14/Sep/2025:08:33:47 +0000] "GET /robots.txt HTTP/1.1" 500 - "-" "Mozilla/5.0 AppleWebKit/537.36 (KHTML, like Gecko; compatible; GPTBot/1.2; +https://openai.com/gptbot)"
216.73.216.47 - - [14/Sep/2025:08:34:06 +0000] "GET /jp/product/51263238246 HTTP/1.1" 500 - "-" "Mozilla/5.0 AppleWebKit/537.36 (KHTML, like Gecko; compatible; ClaudeBot/1.0; +claudebot@anthropic.com)"
216.73.216.47 - - [14/Sep/2025:08:34:40 +0000] "GET /jp/product/51305398497 HTTP/1.1" 500 - "-" "Mozilla/5.0 AppleWebKit/537.36 (KHTML, like Gecko; compatible; ClaudeBot/1.0; +claudebot@anthropic.com)"
216.73.216.47 - - [14/Sep/2025:08:34:52 +0000] "GET /jp/product/51302396511 HTTP/1.1" 500 - "-" "Mozilla/5.0 AppleWebKit/537.36 (KHTML, like Gecko; compatible; ClaudeBot/1.0; +claudebot@anthropic.com)"
207.46.13.102 - - [14/Sep/2025:08:35:52 +0000] "GET /jp/product/513046516328 HTTP/1.1" 200 83145 "-" "Mozilla/5.0 AppleWebKit/537.36 (KHTML, like Gecko; compatible; bingbot/2.0; +http://www.bing.com/bingbot.htm) Chrome/116.0.1938.76 Safari/537.36"
216.73.216.47 - - [14/Sep/2025:08:36:23 +0000] "GET /jp/product/513010975338 HTTP/1.1" 500 - "-" "Mozilla/5.0 AppleWebKit/537.36 (KHTML, like Gecko; compatible; ClaudeBot/1.0; +claudebot@anthropic.com)"
216.73.216.47 - - [14/Sep/2025:08:36:57 +0000] "GET /jp/product/513052514546 HTTP/1.1" 500 - "-" "Mozilla/5.0 AppleWebKit/537.36 (KHTML, like Gecko; compatible; ClaudeBot/1.0; +claudebot@anthropic.com)"
34.174.158.90 - - [14/Sep/2025:08:36:52 +0000] "GET /robots.txt HTTP/1.1" 200 97 "http://ancientufo.org/robots.txt" "Mozilla/5.0 (Windows NT 10.0; Win64; x64) AppleWebKit/537.36 (KHTML, like Gecko) Chrome/137.0.0.0 Safari/537.36"
207.46.13.102 - - [14/Sep/2025:08:37:03 +0000] "GET /jp/product/5127710668 HTTP/1.1" 200 83618 "-" "Mozilla/5.0 AppleWebKit/537.36 (KHTML, like Gecko; compatible; bingbot/2.0; +http://www.bing.com/bingbot.htm) Chrome/116.0.1938.76 Safari/537.36"
34.174.158.90 - - [14/Sep/2025:08:37:09 +0000] "GET /2016/01/the-petroglyphs-of-toro-muerto-ancient-alien/ HTTP/1.1" 500 - "http://ancientufo.org/2016/01/the-petroglyphs-of-toro-muerto-ancient-alien/" "Mozilla/5.0 (Windows NT 10.0; Win64; x64) AppleWebKit/537.36 (KHTML, like Gecko) Chrome/137.0.0.0 Safari/537.36"
216.73.216.47 - - [14/Sep/2025:08:37:31 +0000] "GET /jp/product/51284351557 HTTP/1.1" 500 - "-" "Mozilla/5.0 AppleWebKit/537.36 (KHTML, like Gecko; compatible; ClaudeBot/1.0; +claudebot@anthropic.com)"
216.73.216.47 - - [14/Sep/2025:08:37:40 +0000] "GET /robots.txt HTTP/1.1" 500 - "-" "Mozilla/5.0 AppleWebKit/537.36 (KHTML, like Gecko; compatible; ClaudeBot/1.0; +claudebot@anthropic.com)"
216.73.216.47 - - [14/Sep/2025:08:38:06 +0000] "GET /jp/product/513049489815 HTTP/1.1" 500 - "-" "Mozilla/5.0 AppleWebKit/537.36 (KHTML, like Gecko; compatible; ClaudeBot/1.0; +claudebot@anthropic.com)"
216.73.216.47 - - [14/Sep/2025:08:39:48 +0000] "GET /jp/product/51302395611 HTTP/1.1" 500 - "-" "Mozilla/5.0 AppleWebKit/537.36 (KHTML, like Gecko; compatible; ClaudeBot/1.0; +claudebot@anthropic.com)"
2a02:598:96:8a00::1200:12f - - [14/Sep/2025:08:39:54 +0000] "GET /jp/product/51263090384 HTTP/1.1" 500 - "-" "Mozilla/5.0 (compatible; SeznamBot/4.0; +https://o-seznam.cz/napoveda/vyhledavani/en/seznambot-crawler/)"
216.73.216.47 - - [14/Sep/2025:08:40:22 +0000] "GET /jp/product/51266021456 HTTP/1.1" 500 - "-" "Mozilla/5.0 AppleWebKit/537.36 (KHTML, like Gecko; compatible; ClaudeBot/1.0; +claudebot@anthropic.com)"
216.73.216.47 - - [14/Sep/2025:08:40:56 +0000] "GET /jp/product/51263355348 HTTP/1.1" 500 - "-" "Mozilla/5.0 AppleWebKit/537.36 (KHTML, like Gecko; compatible; ClaudeBot/1.0; +claudebot@anthropic.com)"
216.73.216.47 - - [14/Sep/2025:08:41:34 +0000] "GET /jp/product/51307921637 HTTP/1.1" 500 - "-" "Mozilla/5.0 AppleWebKit/537.36 (KHTML, like Gecko; compatible; ClaudeBot/1.0; +claudebot@anthropic.com)"
157.55.39.195 - - [14/Sep/2025:08:41:46 +0000] "GET /jp/product/5127767178 HTTP/1.1" 200 84015 "-" "Mozilla/5.0 AppleWebKit/537.36 (KHTML, like Gecko; compatible; bingbot/2.0; +http://www.bing.com/bingbot.htm) Chrome/116.0.1938.76 Safari/537.36"
157.55.39.195 - - [14/Sep/2025:08:42:06 +0000] "GET /jp/product/512872053716 HTTP/1.1" 200 83437 "-" "Mozilla/5.0 AppleWebKit/537.36 (KHTML, like Gecko; compatible; bingbot/2.0; +http://www.bing.com/bingbot.htm) Chrome/116.0.1938.76 Safari/537.36"
216.73.216.47 - - [14/Sep/2025:08:42:47 +0000] "GET /jp/product/513023050887 HTTP/1.1" 500 - "-" "Mozilla/5.0 AppleWebKit/537.36 (KHTML, like Gecko; compatible; ClaudeBot/1.0; +claudebot@anthropic.com)"
216.73.216.47 - - [14/Sep/2025:08:43:20 +0000] "GET /jp/product/51291739704 HTTP/1.1" 500 - "-" "Mozilla/5.0 AppleWebKit/537.36 (KHTML, like Gecko; compatible; ClaudeBot/1.0; +claudebot@anthropic.com)"
216.73.216.47 - - [14/Sep/2025:08:43:54 +0000] "GET /jp/product/513114634114 HTTP/1.1" 500 - "-" "Mozilla/5.0 AppleWebKit/537.36 (KHTML, like Gecko; compatible; ClaudeBot/1.0; +claudebot@anthropic.com)"
216.73.216.47 - - [14/Sep/2025:08:44:32 +0000] "GET /jp/product/51315640241 HTTP/1.1" 500 - "-" "Mozilla/5.0 AppleWebKit/537.36 (KHTML, like Gecko; compatible; ClaudeBot/1.0; +claudebot@anthropic.com)"
157.55.39.201 - - [14/Sep/2025:08:45:09 +0000] "GET /jp/product/51287308598 HTTP/1.1" 200 83165 "-" "Mozilla/5.0 AppleWebKit/537.36 (KHTML, like Gecko; compatible; bingbot/2.0; +http://www.bing.com/bingbot.htm) Chrome/116.0.1938.76 Safari/537.36"
205.209.106.132 - - [14/Sep/2025:08:45:25 +0000] "GET /site/wp-content/uploads/2018/10/stargateuebdcap5_original-1024x427-768x320.jpg HTTP/1.1" 500 - "-" "Mozilla/5.0 (Windows NT 10.0; Win64; x64) AppleWebKit/537.36 (KHTML, like Gecko) Chrome/124.0.0.0 Safari/537.36"
216.73.216.47 - - [14/Sep/2025:08:45:52 +0000] "GET /jp/product/51312860591 HTTP/1.1" 500 - "-" "Mozilla/5.0 AppleWebKit/537.36 (KHTML, like Gecko; compatible; ClaudeBot/1.0; +claudebot@anthropic.com)"
84.54.72.3 - - [14/Sep/2025:08:45:52 +0000] "GET / HTTP/1.1" 500 - "-" "Mozilla/5.0 (Windows NT 10.0; Win64; x64) AppleWebKit/537.36 (KHTML, like Gecko) Chrome/114.0.0.0 Safari/537.36 Edg/114.0.1823.43"
78.208.138.200 - - [14/Sep/2025:08:45:53 +0000] "GET / HTTP/1.1" 500 - "-" "Mozilla/5.0 (Windows NT 10.0; Win64; x64) AppleWebKit/537.36 (KHTML, like Gecko) Chrome/114.0.0.0 Safari/537.36 Edg/114.0.1823.43"
205.209.106.132 - - [14/Sep/2025:08:46:01 +0000] "GET /site/wp-content/uploads/2018/10/Kecksburg-UFO-incident.jpg HTTP/1.1" 500 - "-" "Mozilla/5.0 (Windows NT 10.0; Win64; x64) AppleWebKit/537.36 (KHTML, like Gecko) Chrome/124.0.0.0 Safari/537.36"
216.73.216.47 - - [14/Sep/2025:08:46:25 +0000] "GET /jp/product/51312600503 HTTP/1.1" 500 - "-" "Mozilla/5.0 AppleWebKit/537.36 (KHTML, like Gecko; compatible; ClaudeBot/1.0; +claudebot@anthropic.com)"
205.209.106.132 - - [14/Sep/2025:08:46:37 +0000] "GET /site/wp-content/uploads/2018/10/stargateuebdcap5_original-1024x427-300x125.jpg HTTP/1.1" 500 - "-" "Mozilla/5.0 (Windows NT 10.0; Win64; x64) AppleWebKit/537.36 (KHTML, like Gecko) Chrome/124.0.0.0 Safari/537.36"
216.73.216.47 - - [14/Sep/2025:08:47:00 +0000] "GET /jp/product/51308384349 HTTP/1.1" 500 - "-" "Mozilla/5.0 AppleWebKit/537.36 (KHTML, like Gecko; compatible; ClaudeBot/1.0; +claudebot@anthropic.com)"
157.55.39.201 - - [14/Sep/2025:08:46:52 +0000] "GET /jp/product/513144038047 HTTP/1.1" 200 86131 "-" "Mozilla/5.0 AppleWebKit/537.36 (KHTML, like Gecko; compatible; bingbot/2.0; +http://www.bing.com/bingbot.htm) Chrome/116.0.1938.76 Safari/537.36"
216.73.216.47 - - [14/Sep/2025:08:47:22 +0000] "GET /jp/product/512629614662 HTTP/1.1" 500 - "-" "Mozilla/5.0 AppleWebKit/537.36 (KHTML, like Gecko; compatible; ClaudeBot/1.0; +claudebot@anthropic.com)"
157.55.39.195 - - [14/Sep/2025:08:47:28 +0000] "GET /jp/product/512753844455 HTTP/1.1" 200 85024 "-" "Mozilla/5.0 AppleWebKit/537.36 (KHTML, like Gecko; compatible; bingbot/2.0; +http://www.bing.com/bingbot.htm) Chrome/116.0.1938.76 Safari/537.36"
157.55.39.195 - - [14/Sep/2025:08:48:19 +0000] "GET /jp/product/512913788153 HTTP/1.1" 200 84767 "-" "Mozilla/5.0 AppleWebKit/537.36 (KHTML, like Gecko; compatible; bingbot/2.0; +http://www.bing.com/bingbot.htm) Chrome/116.0.1938.76 Safari/537.36"
216.73.216.47 - - [14/Sep/2025:08:48:52 +0000] "GET /jp/product/512874839615 HTTP/1.1" 500 - "-" "Mozilla/5.0 AppleWebKit/537.36 (KHTML, like Gecko; compatible; ClaudeBot/1.0; +claudebot@anthropic.com)"
216.73.216.47 - - [14/Sep/2025:08:49:26 +0000] "GET /jp/product/51318838596 HTTP/1.1" 500 - "-" "Mozilla/5.0 AppleWebKit/537.36 (KHTML, like Gecko; compatible; ClaudeBot/1.0; +claudebot@anthropic.com)"
216.73.216.47 - - [14/Sep/2025:08:50:03 +0000] "GET /jp/product/51273527536 HTTP/1.1" 500 - "-" "Mozilla/5.0 AppleWebKit/537.36 (KHTML, like Gecko; compatible; ClaudeBot/1.0; +claudebot@anthropic.com)"
216.73.216.47 - - [14/Sep/2025:08:50:36 +0000] "GET /jp/product/513111361389 HTTP/1.1" 500 - "-" "Mozilla/5.0 AppleWebKit/537.36 (KHTML, like Gecko; compatible; ClaudeBot/1.0; +claudebot@anthropic.com)"
205.209.106.132 - - [14/Sep/2025:08:51:04 +0000] "GET /site/wp-content/uploads/2018/10/Akhenaton-and-Nefretiti.jpg HTTP/1.1" 500 - "-" "Mozilla/5.0 (Windows NT 10.0; Win64; x64) AppleWebKit/537.36 (KHTML, like Gecko) Chrome/124.0.0.0 Safari/537.36"
205.209.106.132 - - [14/Sep/2025:08:51:09 +0000] "GET /site/wp-content/uploads/2018/10/stargateuebdcap5_original-1024x427.jpg HTTP/1.1" 500 - "-" "Mozilla/5.0 (Windows NT 10.0; Win64; x64) AppleWebKit/537.36 (KHTML, like Gecko) Chrome/124.0.0.0 Safari/537.36"
216.73.216.47 - - [14/Sep/2025:08:51:51 +0000] "GET /jp/product/51302374294 HTTP/1.1" 500 - "-" "Mozilla/5.0 AppleWebKit/537.36 (KHTML, like Gecko; compatible; ClaudeBot/1.0; +claudebot@anthropic.com)"
196.251.66.105 - - [14/Sep/2025:08:51:45 +0000] "GET /wp-includes/assets/chosen.php HTTP/1.1" 500 - "-" "Mozlila/5.0 (Linux; Android 7.0; SM-G892A Bulid/NRD90M; wv) AppleWebKit/537.36 (KHTML, like Gecko) Version/4.0 Chrome/60.0.3112.107 Moblie Safari/537.36"
205.209.106.132 - - [14/Sep/2025:08:51:48 +0000] "GET /site/wp-content/uploads/2018/10/Erich-von-daniken-2017-interview-800x445-300x167.jpg HTTP/1.1" 500 - "-" "Mozilla/5.0 (Windows NT 10.0; Win64; x64) AppleWebKit/537.36 (KHTML, like Gecko) Chrome/124.0.0.0 Safari/537.36"
205.209.106.132 - - [14/Sep/2025:08:51:50 +0000] "GET /site/wp-content/uploads/2018/10/Erich-von-daniken-2017-interview-800x445.jpg HTTP/1.1" 500 - "-" "Mozilla/5.0 (Windows NT 10.0; Win64; x64) AppleWebKit/537.36 (KHTML, like Gecko) Chrome/124.0.0.0 Safari/537.36"
216.73.216.47 - - [14/Sep/2025:08:52:26 +0000] "GET /jp/product/51305015507 HTTP/1.1" 500 - "-" "Mozilla/5.0 AppleWebKit/537.36 (KHTML, like Gecko; compatible; ClaudeBot/1.0; +claudebot@anthropic.com)"
205.209.106.132 - - [14/Sep/2025:08:52:24 +0000] "GET /site/wp-content/uploads/2018/10/Kecksburg-UFO-incident-300x171.jpg HTTP/1.1" 500 - "-" "Mozilla/5.0 (Windows NT 10.0; Win64; x64) AppleWebKit/537.36 (KHTML, like Gecko) Chrome/124.0.0.0 Safari/537.36"
216.73.216.47 - - [14/Sep/2025:08:52:57 +0000] "GET /jp/product/51305439941 HTTP/1.1" 500 - "-" "Mozilla/5.0 AppleWebKit/537.36 (KHTML, like Gecko; compatible; ClaudeBot/1.0; +claudebot@anthropic.com)"
216.73.216.47 - - [14/Sep/2025:08:53:32 +0000] "GET /jp/product/513019864086 HTTP/1.1" 500 - "-" "Mozilla/5.0 AppleWebKit/537.36 (KHTML, like Gecko; compatible; ClaudeBot/1.0; +claudebot@anthropic.com)"
205.209.106.132 - - [14/Sep/2025:08:53:39 +0000] "GET /site/wp-content/uploads/2018/10/Erich-von-daniken-2017-interview-800x445-768x427.jpg HTTP/1.1" 500 - "-" "Mozilla/5.0 (Windows NT 10.0; Win64; x64) AppleWebKit/537.36 (KHTML, like Gecko) Chrome/124.0.0.0 Safari/537.36"
216.73.216.47 - - [14/Sep/2025:08:54:03 +0000] "GET /jp/product/513164543870 HTTP/1.1" 500 - "-" "Mozilla/5.0 AppleWebKit/537.36 (KHTML, like Gecko; compatible; ClaudeBot/1.0; +claudebot@anthropic.com)"
216.73.216.47 - - [14/Sep/2025:08:54:38 +0000] "GET /jp/product/51312830867 HTTP/1.1" 500 - "-" "Mozilla/5.0 AppleWebKit/537.36 (KHTML, like Gecko; compatible; ClaudeBot/1.0; +claudebot@anthropic.com)"
216.73.216.47 - - [14/Sep/2025:08:55:13 +0000] "GET /jp/product/512910465994 HTTP/1.1" 500 - "-" "Mozilla/5.0 AppleWebKit/537.36 (KHTML, like Gecko; compatible; ClaudeBot/1.0; +claudebot@anthropic.com)"
216.73.216.47 - - [14/Sep/2025:08:55:47 +0000] "GET /jp/product/513111479677 HTTP/1.1" 500 - "-" "Mozilla/5.0 AppleWebKit/537.36 (KHTML, like Gecko; compatible; ClaudeBot/1.0; +claudebot@anthropic.com)"
216.73.216.47 - - [14/Sep/2025:08:56:24 +0000] "GET /jp/product/51302239287 HTTP/1.1" 500 - "-" "Mozilla/5.0 AppleWebKit/537.36 (KHTML, like Gecko; compatible; ClaudeBot/1.0; +claudebot@anthropic.com)"
216.73.216.47 - - [14/Sep/2025:08:56:58 +0000] "GET /jp/product/51312577426 HTTP/1.1" 500 - "-" "Mozilla/5.0 AppleWebKit/537.36 (KHTML, like Gecko; compatible; ClaudeBot/1.0; +claudebot@anthropic.com)"
216.73.216.47 - - [14/Sep/2025:08:57:34 +0000] "GET /jp/product/512931123680 HTTP/1.1" 500 - "-" "Mozilla/5.0 AppleWebKit/537.36 (KHTML, like Gecko; compatible; ClaudeBot/1.0; +claudebot@anthropic.com)"
216.73.216.47 - - [14/Sep/2025:08:58:08 +0000] "GET /jp/product/512624052772 HTTP/1.1" 500 - "-" "Mozilla/5.0 AppleWebKit/537.36 (KHTML, like Gecko; compatible; ClaudeBot/1.0; +claudebot@anthropic.com)"
216.73.216.47 - - [14/Sep/2025:08:58:42 +0000] "GET /jp/product/51315532700 HTTP/1.1" 500 - "-" "Mozilla/5.0 AppleWebKit/537.36 (KHTML, like Gecko; compatible; ClaudeBot/1.0; +claudebot@anthropic.com)"
207.46.13.7 - - [14/Sep/2025:08:58:40 +0000] "GET /jp/product/51305182711 HTTP/1.1" 200 84436 "-" "Mozilla/5.0 AppleWebKit/537.36 (KHTML, like Gecko; compatible; bingbot/2.0; +http://www.bing.com/bingbot.htm) Chrome/116.0.1938.76 Safari/537.36"
216.73.216.47 - - [14/Sep/2025:08:59:13 +0000] "GET /jp/product/51315714492 HTTP/1.1" 500 - "-" "Mozilla/5.0 AppleWebKit/537.36 (KHTML, like Gecko; compatible; ClaudeBot/1.0; +claudebot@anthropic.com)"
162.254.32.78 - - [14/Sep/2025:08:59:20 +0000] "GET / HTTP/1.1" 500 - "-" "Cpanel-HTTP-Client/1.0"
216.73.216.47 - - [14/Sep/2025:08:59:30 +0000] "GET /jp/product/513031735104 HTTP/1.1" 500 - "-" "Mozilla/5.0 AppleWebKit/537.36 (KHTML, like Gecko; compatible; ClaudeBot/1.0; +claudebot@anthropic.com)"
162.254.32.78 - - [14/Sep/2025:08:59:42 +0000] "GET / HTTP/1.1" 500 - "-" "Cpanel-HTTP-Client/1.0"
77.88.9.133 - - [14/Sep/2025:09:00:25 +0000] "GET /site/wp-content/uploads/2017/05/fallen-angels-enoch-book.jpg HTTP/1.1" 500 - "-" "Mozilla/5.0 (compatible; YandexImages/3.0; +http://yandex.com/bots)"
216.73.216.47 - - [14/Sep/2025:09:00:27 +0000] "GET /jp/product/51312907692 HTTP/1.1" 500 - "-" "Mozilla/5.0 AppleWebKit/537.36 (KHTML, like Gecko; compatible; ClaudeBot/1.0; +claudebot@anthropic.com)"
216.73.216.47 - - [14/Sep/2025:09:01:02 +0000] "GET /jp/product/512623698297 HTTP/1.1" 500 - "-" "Mozilla/5.0 AppleWebKit/537.36 (KHTML, like Gecko; compatible; ClaudeBot/1.0; +claudebot@anthropic.com)"
34.174.56.149 - - [14/Sep/2025:09:01:33 +0000] "GET / HTTP/1.1" 500 - "https://gamespot.com/" "Mozilla/5.0 (Macintosh; Intel Mac OS X 10_15_7) AppleWebKit/537.36 (KHTML, like Gecko) Chrome/136.0.0.0 Safari/537.36"
216.73.216.47 - - [14/Sep/2025:09:01:45 +0000] "GET /jp/product/512919547451 HTTP/1.1" 500 - "-" "Mozilla/5.0 AppleWebKit/537.36 (KHTML, like Gecko; compatible; ClaudeBot/1.0; +claudebot@anthropic.com)"
34.174.56.149 - - [14/Sep/2025:09:01:45 +0000] "GET / HTTP/1.1" 500 - "https://gamespot.com/" "Mozilla/5.0 (Macintosh; Intel Mac OS X 10_15_7) AppleWebKit/537.36 (KHTML, like Gecko) Chrome/136.0.0.0 Safari/537.36"
216.73.216.47 - - [14/Sep/2025:09:02:16 +0000] "GET /jp/product/51315666354 HTTP/1.1" 500 - "-" "Mozilla/5.0 AppleWebKit/537.36 (KHTML, like Gecko; compatible; ClaudeBot/1.0; +claudebot@anthropic.com)"
34.174.231.10 - - [14/Sep/2025:09:02:30 +0000] "GET / HTTP/1.1" 500 - "http://playground-magazine.com/robots.txt" "Mozilla/5.0 (Windows NT 10.0; Win64; x64) AppleWebKit/537.36 (KHTML, like Gecko) Chrome/137.0.0.0 Safari/537.36"
34.174.231.10 - - [14/Sep/2025:09:02:40 +0000] "GET / HTTP/1.1" 500 - "http://playground-magazine.com/2016/10/mad-science-4/" "Mozilla/5.0 (Windows NT 10.0; Win64; x64) AppleWebKit/537.36 (KHTML, like Gecko) Chrome/137.0.0.0 Safari/537.36"
213.186.1.154 - - [14/Sep/2025:09:03:03 +0000] "GET / HTTP/1.1" 500 - "-" "Mediatoolkitbot (complaints@mediatoolkit.com)"
216.73.216.47 - - [14/Sep/2025:09:03:25 +0000] "GET /jp/product/51318610851 HTTP/1.1" 500 - "-" "Mozilla/5.0 AppleWebKit/537.36 (KHTML, like Gecko; compatible; ClaudeBot/1.0; +claudebot@anthropic.com)"
216.73.216.47 - - [14/Sep/2025:09:03:59 +0000] "GET /jp/product/51315832836 HTTP/1.1" 500 - "-" "Mozilla/5.0 AppleWebKit/537.36 (KHTML, like Gecko; compatible; ClaudeBot/1.0; +claudebot@anthropic.com)"
216.73.216.47 - - [14/Sep/2025:09:04:37 +0000] "GET /jp/product/51312589535 HTTP/1.1" 500 - "-" "Mozilla/5.0 AppleWebKit/537.36 (KHTML, like Gecko; compatible; ClaudeBot/1.0; +claudebot@anthropic.com)"
34.174.143.96 - - [14/Sep/2025:09:05:07 +0000] "GET / HTTP/1.1" 500 - "https://ebay.com/" "Mozilla/5.0 (Windows NT 10.0; Win64; x64) AppleWebKit/537.36 (KHTML, like Gecko) Chrome/137.0.0.0 Safari/537.36"
34.174.143.96 - - [14/Sep/2025:09:05:18 +0000] "GET / HTTP/1.1" 500 - "https://ebay.com/" "Mozilla/5.0 (Windows NT 10.0; Win64; x64) AppleWebKit/537.36 (KHTML, like Gecko) Chrome/137.0.0.0 Safari/537.36"
13.79.87.25 - - [14/Sep/2025:09:05:39 +0000] "GET /wp-content/plugins/hellopress/wp_filemanager.php HTTP/1.1" 500 - "-" "-"
13.79.87.25 - - [14/Sep/2025:09:05:48 +0000] "GET /error.php HTTP/1.1" 500 - "-" "-"
13.79.87.25 - - [14/Sep/2025:09:05:56 +0000] "GET /NH19T66T.php HTTP/1.1" 500 - "-" "-"
38.191.85.6 - - [14/Sep/2025:09:05:57 +0000] "GET / HTTP/1.1" 500 - "-" "Mozilla/5.0 (Windows NT 10.0; Win64; x64) AppleWebKit/537.36 (KHTML, like Gecko) Chrome/114.0.0.0 Safari/537.36 Edg/114.0.1823.43"
13.79.87.25 - - [14/Sep/2025:09:06:03 +0000] "GET /rei.php HTTP/1.1" 500 - "-" "-"
13.79.87.25 - - [14/Sep/2025:09:06:10 +0000] "GET /666.php HTTP/1.1" 500 - "-" "-"
13.79.87.25 - - [14/Sep/2025:09:06:17 +0000] "GET /777.php HTTP/1.1" 500 - "-" "-"
13.79.87.25 - - [14/Sep/2025:09:06:25 +0000] "GET /888.php HTTP/1.1" 500 - "-" "-"
13.79.87.25 - - [14/Sep/2025:09:06:34 +0000] "GET /555.php HTTP/1.1" 500 - "-" "-"
13.79.87.25 - - [14/Sep/2025:09:06:42 +0000] "GET /333.php HTTP/1.1" 500 - "-" "-"
13.79.87.25 - - [14/Sep/2025:09:06:51 +0000] "GET /zeal.php HTTP/1.1" 500 - "-" "-"
13.79.87.25 - - [14/Sep/2025:09:07:00 +0000] "GET /file.php HTTP/1.1" 500 - "-" "-"
13.79.87.25 - - [14/Sep/2025:09:07:09 +0000] "GET /file1.php HTTP/1.1" 500 - "-" "-"
13.79.87.25 - - [14/Sep/2025:09:07:17 +0000] "GET /file2.php HTTP/1.1" 500 - "-" "-"
43.166.237.57 - - [14/Sep/2025:09:07:23 +0000] "GET / HTTP/1.1" 500 - "http://www.ancientufo.org" "Mozilla/5.0 (iPhone; CPU iPhone OS 13_2_3 like Mac OS X) AppleWebKit/605.1.15 (KHTML, like Gecko) Version/13.0.3 Mobile/15E148 Safari/604.1"
13.79.87.25 - - [14/Sep/2025:09:07:26 +0000] "GET /file5.php HTTP/1.1" 500 - "-" "-"
13.79.87.25 - - [14/Sep/2025:09:07:35 +0000] "GET /file17.php HTTP/1.1" 500 - "-" "-"
157.55.39.56 - - [14/Sep/2025:09:07:34 +0000] "GET /jp/product/513046512459 HTTP/1.1" 200 84259 "-" "Mozilla/5.0 AppleWebKit/537.36 (KHTML, like Gecko; compatible; bingbot/2.0; +http://www.bing.com/bingbot.htm) Chrome/116.0.1938.76 Safari/537.36"
34.174.143.96 - - [14/Sep/2025:09:07:41 +0000] "GET / HTTP/1.1" 500 - "http://playground-magazine.com/robots.txt" "Mozilla/5.0 (Macintosh; Intel Mac OS X 10_15_7) AppleWebKit/537.36 (KHTML, like Gecko) Chrome/136.0.0.0 Safari/537.36"
13.79.87.25 - - [14/Sep/2025:09:07:45 +0000] "GET /file32.php HTTP/1.1" 500 - "-" "-"
34.174.143.96 - - [14/Sep/2025:09:07:51 +0000] "GET / HTTP/1.1" 500 - "http://playground-magazine.com/2016/10/mad-science-4/" "Mozilla/5.0 (Macintosh; Intel Mac OS X 10_15_7) AppleWebKit/537.36 (KHTML, like Gecko) Chrome/136.0.0.0 Safari/537.36"
13.79.87.25 - - [14/Sep/2025:09:07:56 +0000] "GET /filesss.php HTTP/1.1" 500 - "-" "-"
13.79.87.25 - - [14/Sep/2025:09:08:05 +0000] "GET /file9.php HTTP/1.1" 500 - "-" "-"
13.79.87.25 - - [14/Sep/2025:09:08:14 +0000] "GET /file13.php HTTP/1.1" 500 - "-" "-"
13.79.87.25 - - [14/Sep/2025:09:08:23 +0000] "GET /file3.php HTTP/1.1" 500 - "-" "-"
13.79.87.25 - - [14/Sep/2025:09:08:31 +0000] "GET /atomlib.php HTTP/1.1" 500 - "-" "-"
13.79.87.25 - - [14/Sep/2025:09:08:39 +0000] "GET /manager.php HTTP/1.1" 500 - "-" "-"
13.79.87.25 - - [14/Sep/2025:09:08:46 +0000] "GET /abcd.php HTTP/1.1" 500 - "-" "-"
13.79.87.25 - - [14/Sep/2025:09:08:53 +0000] "GET /efile.php HTTP/1.1" 500 - "-" "-"
13.79.87.25 - - [14/Sep/2025:09:09:00 +0000] "GET /file18.php HTTP/1.1" 500 - "-" "-"
13.79.87.25 - - [14/Sep/2025:09:09:08 +0000] "GET /520.php HTTP/1.1" 500 - "-" "-"
13.79.87.25 - - [14/Sep/2025:09:09:15 +0000] "GET /031.php HTTP/1.1" 500 - "-" "-"
13.79.87.25 - - [14/Sep/2025:09:09:23 +0000] "GET /file7.php HTTP/1.1" 500 - "-" "-"
13.79.87.25 - - [14/Sep/2025:09:09:32 +0000] "GET /file4.php HTTP/1.1" 500 - "-" "-"
13.79.87.25 - - [14/Sep/2025:09:09:40 +0000] "GET /tfm.php HTTP/1.1" 500 - "-" "-"
13.79.87.25 - - [14/Sep/2025:09:09:49 +0000] "GET /gee.php HTTP/1.1" 500 - "-" "-"
13.79.87.25 - - [14/Sep/2025:09:09:58 +0000] "GET /wp-freya.php HTTP/1.1" 500 - "-" "-"
13.79.87.25 - - [14/Sep/2025:09:10:05 +0000] "GET /keu.php HTTP/1.1" 500 - "-" "-"
13.79.87.25 - - [14/Sep/2025:09:10:14 +0000] "GET /file88.php HTTP/1.1" 500 - "-" "-"
13.79.87.25 - - [14/Sep/2025:09:10:23 +0000] "GET /Webb.php HTTP/1.1" 500 - "-" "-"
13.79.87.25 - - [14/Sep/2025:09:10:32 +0000] "GET /lock360.php HTTP/1.1" 500 - "-" "-"
13.79.87.25 - - [14/Sep/2025:09:10:41 +0000] "GET /jmfi2.php HTTP/1.1" 500 - "-" "-"
13.79.87.25 - - [14/Sep/2025:09:10:52 +0000] "GET /class.1.php HTTP/1.1" 500 - "-" "-"
13.79.87.25 - - [14/Sep/2025:09:11:02 +0000] "GET /an.php HTTP/1.1" 500 - "-" "-"
145.239.10.137 - - [14/Sep/2025:09:11:06 +0000] "GET /contacts.php HTTP/1.1" 500 - "https://ancientufo.org/contacts.php" "Mozilla/5.0 (iPhone; CPU iPhone OS 17_5_1 like Mac OS X) AppleWebKit/605.1.15 (KHTML, like Gecko) Version/17.5 Mobile/15E148 Safari/604.1"
13.79.87.25 - - [14/Sep/2025:09:11:12 +0000] "GET /fs.php HTTP/1.1" 500 - "-" "-"
13.79.87.25 - - [14/Sep/2025:09:11:21 +0000] "GET /CLA.php HTTP/1.1" 500 - "-" "-"
13.79.87.25 - - [14/Sep/2025:09:11:30 +0000] "GET /gfile.php HTTP/1.1" 500 - "-" "-"
13.79.87.25 - - [14/Sep/2025:09:11:40 +0000] "GET /file6.php HTTP/1.1" 500 - "-" "-"
13.79.87.25 - - [14/Sep/2025:09:11:51 +0000] "GET /eauu.php HTTP/1.1" 500 - "-" "-"
13.79.87.25 - - [14/Sep/2025:09:12:00 +0000] "GET /we.php HTTP/1.1" 500 - "-" "-"
13.79.87.25 - - [14/Sep/2025:09:12:09 +0000] "GET /fe5.php HTTP/1.1" 500 - "-" "-"
13.79.87.25 - - [14/Sep/2025:09:12:17 +0000] "GET /cccc.php HTTP/1.1" 500 - "-" "-"
13.79.87.25 - - [14/Sep/2025:09:12:27 +0000] "GET /gmo.php HTTP/1.1" 500 - "-" "-"
13.79.87.25 - - [14/Sep/2025:09:12:36 +0000] "GET /shell1.php HTTP/1.1" 500 - "-" "-"
13.79.87.25 - - [14/Sep/2025:09:12:45 +0000] "GET /gm.php HTTP/1.1" 500 - "-" "-"
13.79.87.25 - - [14/Sep/2025:09:12:54 +0000] "GET /lala.php HTTP/1.1" 500 - "-" "-"
13.79.87.25 - - [14/Sep/2025:09:13:01 +0000] "GET /hexx.php HTTP/1.1" 500 - "-" "-"
13.79.87.25 - - [14/Sep/2025:09:13:10 +0000] "GET /444.php HTTP/1.1" 500 - "-" "-"
13.79.87.25 - - [14/Sep/2025:09:13:19 +0000] "GET /a2.php HTTP/1.1" 500 - "-" "-"
13.79.87.25 - - [14/Sep/2025:09:13:26 +0000] "GET /cfile.php HTTP/1.1" 500 - "-" "-"
13.79.87.25 - - [14/Sep/2025:09:13:34 +0000] "GET /lv.php HTTP/1.1" 500 - "-" "-"
212.97.4.124 - - [14/Sep/2025:09:13:38 +0000] "GET / HTTP/1.1" 500 - "-" "Mozilla/5.0 (Windows NT 10.0; Win64; x64) AppleWebKit/537.36 (KHTML, like Gecko) Chrome/114.0.0.0 Safari/537.36 Edg/114.0.1823.43"
13.79.87.25 - - [14/Sep/2025:09:13:41 +0000] "GET /goat.php HTTP/1.1" 500 - "-" "-"
103.182.66.12 - - [14/Sep/2025:09:13:42 +0000] "GET / HTTP/1.1" 500 - "-" "Mozilla/5.0 (Windows NT 10.0; Win64; x64) AppleWebKit/537.36 (KHTML, like Gecko) Chrome/114.0.0.0 Safari/537.36 Edg/114.0.1823.43"
165.22.231.57 - - [14/Sep/2025:09:13:46 +0000] "GET / HTTP/1.1" 500 - "-" "Mozilla/5.0 (X11; Linux x86_64) AppleWebKit/537.36 (KHTML, like Gecko) Chrome/139.0.0.0 Safari/537.36"
13.79.87.25 - - [14/Sep/2025:09:13:47 +0000] "GET /222.php HTTP/1.1" 500 - "-" "-"
13.79.87.25 - - [14/Sep/2025:09:13:54 +0000] "GET /aa.php HTTP/1.1" 500 - "-" "-"
13.79.87.25 - - [14/Sep/2025:09:14:00 +0000] "GET /vast.php HTTP/1.1" 500 - "-" "-"
13.79.87.25 - - [14/Sep/2025:09:14:05 +0000] "GET /cool.php HTTP/1.1" 500 - "-" "-"
13.79.87.25 - - [14/Sep/2025:09:14:11 +0000] "GET /yanki.php HTTP/1.1" 500 - "-" "-"
13.79.87.25 - - [14/Sep/2025:09:14:16 +0000] "GET /bolt.php HTTP/1.1" 500 - "-" "-"
13.79.87.25 - - [14/Sep/2025:09:14:21 +0000] "GET /mnkalo.php HTTP/1.1" 500 - "-" "-"
13.79.87.25 - - [14/Sep/2025:09:14:26 +0000] "GET /ilex.php HTTP/1.1" 500 - "-" "-"
13.79.87.25 - - [14/Sep/2025:09:14:33 +0000] "GET /des.php HTTP/1.1" 500 - "-" "-"
13.79.87.25 - - [14/Sep/2025:09:14:40 +0000] "GET /ext.php HTTP/1.1" 500 - "-" "-"
13.79.87.25 - - [14/Sep/2025:09:14:45 +0000] "GET /axx.php HTTP/1.1" 500 - "-" "-"
13.79.87.25 - - [14/Sep/2025:09:14:50 +0000] "GET /wp-update.php HTTP/1.1" 500 - "-" "-"
47.246.164.138 - - [14/Sep/2025:09:14:54 +0000] "GET /site/wp-content/uploads/2016/10/pyramid-capstone.jpg HTTP/1.1" 500 - "-" "Mozilla/5.0 (Windows NT 6.3; WOW64) AppleWebKit/537.36 (KHTML, like Gecko) Chrome/41.0.2225.0 Safari/537.36"
13.79.87.25 - - [14/Sep/2025:09:14:55 +0000] "GET /yasnu.php HTTP/1.1" 500 - "-" "-"
13.79.87.25 - - [14/Sep/2025:09:15:00 +0000] "GET /new4.php HTTP/1.1" 500 - "-" "-"
13.79.87.25 - - [14/Sep/2025:09:15:05 +0000] "GET /ava.php HTTP/1.1" 500 - "-" "-"
13.79.87.25 - - [14/Sep/2025:09:15:09 +0000] "GET /ioxi2.php HTTP/1.1" 500 - "-" "-"
13.79.87.25 - - [14/Sep/2025:09:15:14 +0000] "GET /gfile1.php HTTP/1.1" 500 - "-" "-"
13.79.87.25 - - [14/Sep/2025:09:15:19 +0000] "GET /ffile.php HTTP/1.1" 500 - "-" "-"
13.79.87.25 - - [14/Sep/2025:09:15:24 +0000] "GET /rsnu.php HTTP/1.1" 500 - "-" "-"
13.79.87.25 - - [14/Sep/2025:09:15:33 +0000] "GET /CLA.php HTTP/1.1" 500 - "-" "-"
13.79.87.25 - - [14/Sep/2025:09:15:38 +0000] "GET /default.php HTTP/1.1" 500 - "-" "-"
13.79.87.25 - - [14/Sep/2025:09:15:43 +0000] "GET /cbrfo.php HTTP/1.1" 500 - "-" "-"
13.79.87.25 - - [14/Sep/2025:09:15:47 +0000] "GET /dfre.php HTTP/1.1" 500 - "-" "-"
34.174.177.210 - - [14/Sep/2025:09:15:50 +0000] "GET /2016/07/teotihuacan-unique-elongated-skull/ HTTP/1.1" 500 - "http://ancientufo.org/2016/07/teotihuacan-unique-elongated-skull/" "Mozilla/5.0 (X11; Linux x86_64) AppleWebKit/537.36 (KHTML, like Gecko) Chrome/136.0.0.0 Safari/537.36"
13.79.87.25 - - [14/Sep/2025:09:15:52 +0000] "GET /pp.php HTTP/1.1" 500 - "-" "-"
13.79.87.25 - - [14/Sep/2025:09:15:57 +0000] "GET /13.php HTTP/1.1" 500 - "-" "-"
13.79.87.25 - - [14/Sep/2025:09:16:02 +0000] "GET /usep.php HTTP/1.1" 500 - "-" "-"
13.79.87.25 - - [14/Sep/2025:09:16:07 +0000] "GET /zex4.php HTTP/1.1" 500 - "-" "-"
13.79.87.25 - - [14/Sep/2025:09:16:12 +0000] "GET /abhgt.php HTTP/1.1" 500 - "-" "-"
13.79.87.25 - - [14/Sep/2025:09:16:17 +0000] "GET /3.php HTTP/1.1" 500 - "-" "-"
13.79.87.25 - - [14/Sep/2025:09:16:22 +0000] "GET /jp.php HTTP/1.1" 500 - "-" "-"
20.171.207.192 - - [14/Sep/2025:09:18:46 +0000] "GET /2015/08/walls-of-jericho-was-the-shofar-an-alien-weapon/ HTTP/1.1" 500 - "-" "Mozilla/5.0 AppleWebKit/537.36 (KHTML, like Gecko; compatible; GPTBot/1.2; +https://openai.com/gptbot)"
216.73.216.47 - - [14/Sep/2025:09:18:56 +0000] "GET /jp/product/512750653401 HTTP/1.1" 500 - "-" "Mozilla/5.0 AppleWebKit/537.36 (KHTML, like Gecko; compatible; ClaudeBot/1.0; +claudebot@anthropic.com)"
216.73.216.47 - - [14/Sep/2025:09:19:27 +0000] "GET /wp-includes/revisions.php HTTP/1.1" 200 - "-" "Mozilla/5.0 AppleWebKit/537.36 (KHTML, like Gecko; compatible; ClaudeBot/1.0; +claudebot@anthropic.com)"
34.174.138.67 - - [14/Sep/2025:09:19:30 +0000] "GET /2016/05/1897-ufo-crash-aurora-texas/ HTTP/1.1" 500 - "https://www.google.com/search?q=ancientufo" "Mozilla/5.0 (iPhone; CPU iPhone OS 18_5 like Mac OS X) AppleWebKit/605.1.15 (KHTML, like Gecko) Version/18.5 Mobile/15E148 Safari/604.1"
47.246.164.154 - - [14/Sep/2025:09:19:31 +0000] "GET /site/wp-content/uploads/2016/10/ufo-Robozero-Russia-1663-800x445.jpg HTTP/1.1" 500 - "-" "Mozilla/5.0 (Windows NT 10.0; WOW64) AppleWebKit/537.36 (KHTML, like Gecko) Chrome/89.0.4389.90 Safari/537.36"
216.73.216.47 - - [14/Sep/2025:09:20:40 +0000] "GET /sitemap.xml HTTP/1.1" 500 - "-" "Mozilla/5.0 AppleWebKit/537.36 (KHTML, like Gecko; compatible; ClaudeBot/1.0; +claudebot@anthropic.com)"
216.73.216.47 - - [14/Sep/2025:09:20:48 +0000] "GET /robots.txt HTTP/1.1" 500 - "-" "Mozilla/5.0 AppleWebKit/537.36 (KHTML, like Gecko; compatible; ClaudeBot/1.0; +claudebot@anthropic.com)"
112.86.225.148 - - [14/Sep/2025:09:21:01 +0000] "GET / HTTP/1.1" 500 - "-" "Sogou web spider/4.0(+http://www.sogou.com/docs/help/webmasters.htm#07)"
157.55.39.197 - - [14/Sep/2025:09:21:35 +0000] "GET /jp/product/51284074871 HTTP/1.1" 200 84236 "-" "Mozilla/5.0 AppleWebKit/537.36 (KHTML, like Gecko; compatible; bingbot/2.0; +http://www.bing.com/bingbot.htm) Chrome/116.0.1938.76 Safari/537.36"
157.55.39.197 - - [14/Sep/2025:09:22:55 +0000] "GET /jp/product/51312573901 HTTP/1.1" 200 85332 "-" "Mozilla/5.0 AppleWebKit/537.36 (KHTML, like Gecko; compatible; bingbot/2.0; +http://www.bing.com/bingbot.htm) Chrome/116.0.1938.76 Safari/537.36"
20.125.163.81 - - [14/Sep/2025:09:24:12 +0000] "GET /jp/product/513135270697 HTTP/1.1" 200 84379 "-" "Mozilla/5.0 AppleWebKit/537.36 (KHTML, like Gecko; compatible; bingbot/2.0; +http://www.bing.com/bingbot.htm) Chrome/116.0.1938.76 Safari/537.36"
216.73.216.47 - - [14/Sep/2025:09:25:10 +0000] "GET /jp/product/51305375839 HTTP/1.1" 500 - "-" "Mozilla/5.0 AppleWebKit/537.36 (KHTML, like Gecko; compatible; ClaudeBot/1.0; +claudebot@anthropic.com)"
216.73.216.47 - - [14/Sep/2025:09:25:41 +0000] "GET /jp/product/51279673833 HTTP/1.1" 500 - "-" "Mozilla/5.0 AppleWebKit/537.36 (KHTML, like Gecko; compatible; ClaudeBot/1.0; +claudebot@anthropic.com)"
216.73.216.47 - - [14/Sep/2025:09:27:03 +0000] "GET /jp/product/51312700560 HTTP/1.1" 500 - "-" "Mozilla/5.0 AppleWebKit/537.36 (KHTML, like Gecko; compatible; ClaudeBot/1.0; +claudebot@anthropic.com)"
216.73.216.47 - - [14/Sep/2025:09:27:38 +0000] "GET /jp/product/51315637517 HTTP/1.1" 500 - "-" "Mozilla/5.0 AppleWebKit/537.36 (KHTML, like Gecko; compatible; ClaudeBot/1.0; +claudebot@anthropic.com)"
157.55.39.11 - - [14/Sep/2025:09:28:06 +0000] "GET /jp/product/51307926330 HTTP/1.1" 200 84736 "-" "Mozilla/5.0 AppleWebKit/537.36 (KHTML, like Gecko; compatible; bingbot/2.0; +http://www.bing.com/bingbot.htm) Chrome/116.0.1938.76 Safari/537.36"
216.73.216.47 - - [14/Sep/2025:09:28:40 +0000] "GET /jp/product/51305359376 HTTP/1.1" 500 - "-" "Mozilla/5.0 AppleWebKit/537.36 (KHTML, like Gecko; compatible; ClaudeBot/1.0; +claudebot@anthropic.com)"
216.73.216.47 - - [14/Sep/2025:09:30:16 +0000] "GET /jp/product/512729996889 HTTP/1.1" 500 - "-" "Mozilla/5.0 AppleWebKit/537.36 (KHTML, like Gecko; compatible; ClaudeBot/1.0; +claudebot@anthropic.com)"
112.86.225.99 - - [14/Sep/2025:09:30:47 +0000] "GET / HTTP/1.1" 500 - "-" "Sogou web spider/4.0(+http://www.sogou.com/docs/help/webmasters.htm#07)"
216.73.216.47 - - [14/Sep/2025:09:30:50 +0000] "GET /sitemap.xml HTTP/1.1" 500 - "-" "Mozilla/5.0 AppleWebKit/537.36 (KHTML, like Gecko; compatible; ClaudeBot/1.0; +claudebot@anthropic.com)"
216.73.216.47 - - [14/Sep/2025:09:31:25 +0000] "GET /header.php HTTP/1.1" 200 - "-" "Mozilla/5.0 AppleWebKit/537.36 (KHTML, like Gecko; compatible; ClaudeBot/1.0; +claudebot@anthropic.com)"
216.73.216.47 - - [14/Sep/2025:09:31:59 +0000] "GET /wp-includes/revisions.php HTTP/1.1" 200 - "-" "Mozilla/5.0 AppleWebKit/537.36 (KHTML, like Gecko; compatible; ClaudeBot/1.0; +claudebot@anthropic.com)"
216.73.216.47 - - [14/Sep/2025:09:32:58 +0000] "GET /jp/product/51291625118 HTTP/1.1" 500 - "-" "Mozilla/5.0 AppleWebKit/537.36 (KHTML, like Gecko; compatible; ClaudeBot/1.0; +claudebot@anthropic.com)"
216.73.216.47 - - [14/Sep/2025:09:33:32 +0000] "GET /jp/product/513173485343 HTTP/1.1" 500 - "-" "Mozilla/5.0 AppleWebKit/537.36 (KHTML, like Gecko; compatible; ClaudeBot/1.0; +claudebot@anthropic.com)"
216.73.216.47 - - [14/Sep/2025:09:34:07 +0000] "GET /jp/product/51308371106 HTTP/1.1" 500 - "-" "Mozilla/5.0 AppleWebKit/537.36 (KHTML, like Gecko; compatible; ClaudeBot/1.0; +claudebot@anthropic.com)"
216.73.216.47 - - [14/Sep/2025:09:34:41 +0000] "GET /jp/product/512721388687 HTTP/1.1" 500 - "-" "Mozilla/5.0 AppleWebKit/537.36 (KHTML, like Gecko; compatible; ClaudeBot/1.0; +claudebot@anthropic.com)"
216.73.216.47 - - [14/Sep/2025:09:35:16 +0000] "GET /jp/product/51294736325 HTTP/1.1" 500 - "-" "Mozilla/5.0 AppleWebKit/537.36 (KHTML, like Gecko; compatible; ClaudeBot/1.0; +claudebot@anthropic.com)"
216.73.216.47 - - [14/Sep/2025:09:35:51 +0000] "GET /jp/product/512612268568 HTTP/1.1" 500 - "-" "Mozilla/5.0 AppleWebKit/537.36 (KHTML, like Gecko; compatible; ClaudeBot/1.0; +claudebot@anthropic.com)"
216.73.216.47 - - [14/Sep/2025:09:36:25 +0000] "GET /jp/product/51276876978 HTTP/1.1" 500 - "-" "Mozilla/5.0 AppleWebKit/537.36 (KHTML, like Gecko; compatible; ClaudeBot/1.0; +claudebot@anthropic.com)"
207.46.13.107 - - [14/Sep/2025:09:36:21 +0000] "GET /jp/product/51263256958 HTTP/1.1" 200 83737 "-" "Mozilla/5.0 AppleWebKit/537.36 (KHTML, like Gecko; compatible; bingbot/2.0; +http://www.bing.com/bingbot.htm) Chrome/116.0.1938.76 Safari/537.36"
216.73.216.47 - - [14/Sep/2025:09:37:00 +0000] "GET /jp/product/51268852299 HTTP/1.1" 500 - "-" "Mozilla/5.0 AppleWebKit/537.36 (KHTML, like Gecko; compatible; ClaudeBot/1.0; +claudebot@anthropic.com)"
216.73.216.47 - - [14/Sep/2025:09:37:25 +0000] "GET /jp/product/512618128317 HTTP/1.1" 500 - "-" "Mozilla/5.0 AppleWebKit/537.36 (KHTML, like Gecko; compatible; ClaudeBot/1.0; +claudebot@anthropic.com)"
51.68.111.242 - - [14/Sep/2025:09:37:17 +0000] "GET /robots.txt HTTP/1.1" 500 - "-" "Mozilla/5.0 (compatible; MJ12bot/v2.0.4; http://mj12bot.com/)"
51.68.111.242 - - [14/Sep/2025:09:37:33 +0000] "GET / HTTP/1.1" 500 - "-" "Mozilla/5.0 (compatible; MJ12bot/v2.0.4; http://mj12bot.com/)"
216.73.216.47 - - [14/Sep/2025:09:37:56 +0000] "GET /jp/product/51281191725 HTTP/1.1" 500 - "-" "Mozilla/5.0 AppleWebKit/537.36 (KHTML, like Gecko; compatible; ClaudeBot/1.0; +claudebot@anthropic.com)"
17.241.75.195 - - [14/Sep/2025:09:38:10 +0000] "GET /robots.txt HTTP/1.1" 200 461 "-" "Mozilla/5.0 (Macintosh; Intel Mac OS X 10_15_7) AppleWebKit/605.1.15 (KHTML, like Gecko) Version/17.4 Safari/605.1.15 (Applebot/0.1; +http://www.apple.com/go/applebot)"
