216.73.216.47 - - [14/Sep/2025:00:35:01 +0000] "GET /jp/product/51283950678 HTTP/1.1" 500 - "-" "Mozilla/5.0 AppleWebKit/537.36 (KHTML, like Gecko; compatible; ClaudeBot/1.0; +claudebot@anthropic.com)"
216.73.216.47 - - [14/Sep/2025:00:35:34 +0000] "GET /jp/product/51318459088 HTTP/1.1" 500 - "-" "Mozilla/5.0 AppleWebKit/537.36 (KHTML, like Gecko; compatible; ClaudeBot/1.0; +claudebot@anthropic.com)"
216.73.216.47 - - [14/Sep/2025:00:35:46 +0000] "GET /jp/product/51294943306 HTTP/1.1" 500 - "-" "Mozilla/5.0 AppleWebKit/537.36 (KHTML, like Gecko; compatible; ClaudeBot/1.0; +claudebot@anthropic.com)"
207.46.13.127 - - [14/Sep/2025:00:35:43 +0000] "GET /jp/product/51312528392 HTTP/1.1" 200 84284 "-" "Mozilla/5.0 AppleWebKit/537.36 (KHTML, like Gecko; compatible; bingbot/2.0; +http://www.bing.com/bingbot.htm) Chrome/116.0.1938.76 Safari/537.36"
216.73.216.47 - - [14/Sep/2025:00:36:21 +0000] "GET /jp/product/51284310345 HTTP/1.1" 500 - "-" "Mozilla/5.0 AppleWebKit/537.36 (KHTML, like Gecko; compatible; ClaudeBot/1.0; +claudebot@anthropic.com)"
216.73.216.47 - - [14/Sep/2025:00:36:52 +0000] "GET /jp/product/51305119224 HTTP/1.1" 500 - "-" "Mozilla/5.0 AppleWebKit/537.36 (KHTML, like Gecko; compatible; ClaudeBot/1.0; +claudebot@anthropic.com)"
66.249.70.137 - - [14/Sep/2025:00:39:26 +0000] "GET /jp/product/51302093431 HTTP/1.1" 200 83591 "-" "Mozilla/5.0 (Linux; Android 6.0.1; Nexus 5X Build/MMB29P) AppleWebKit/537.36 (KHTML, like Gecko) Chrome/140.0.7339.127 Mobile Safari/537.36 (compatible; Googlebot/2.1; +http://www.google.com/bot.html)"
216.73.216.47 - - [14/Sep/2025:00:39:38 +0000] "GET /jp/product/512949147646 HTTP/1.1" 500 - "-" "Mozilla/5.0 AppleWebKit/537.36 (KHTML, like Gecko; compatible; ClaudeBot/1.0; +claudebot@anthropic.com)"
216.73.216.47 - - [14/Sep/2025:00:39:57 +0000] "GET /jp/product/51312607942 HTTP/1.1" 500 - "-" "Mozilla/5.0 AppleWebKit/537.36 (KHTML, like Gecko; compatible; ClaudeBot/1.0; +claudebot@anthropic.com)"
66.249.70.137 - - [14/Sep/2025:00:39:47 +0000] "GET /recruit/51302962154626 HTTP/1.1" 200 84014 "-" "Mozilla/5.0 (Linux; Android 6.0.1; Nexus 5X Build/MMB29P) AppleWebKit/537.36 (KHTML, like Gecko) Chrome/140.0.7339.127 Mobile Safari/537.36 (compatible; Googlebot/2.1; +http://www.google.com/bot.html)"
34.174.211.89 - - [14/Sep/2025:00:40:43 +0000] "GET / HTTP/1.1" 500 - "https://playground-magazine.com/robots.txt" "Mozilla/5.0 (Windows NT 10.0; Win64; x64; rv:136.0) Gecko/20100101 Firefox/136.0"
34.174.211.89 - - [14/Sep/2025:00:40:48 +0000] "GET / HTTP/1.1" 500 - "https://playground-magazine.com/tag/maker-faire-orlando/" "Mozilla/5.0 (Windows NT 10.0; Win64; x64; rv:136.0) Gecko/20100101 Firefox/136.0"
216.73.216.47 - - [14/Sep/2025:00:41:59 +0000] "GET /jp/product/51312903167 HTTP/1.1" 500 - "-" "Mozilla/5.0 AppleWebKit/537.36 (KHTML, like Gecko; compatible; ClaudeBot/1.0; +claudebot@anthropic.com)"
34.174.211.89 - - [14/Sep/2025:00:43:36 +0000] "GET / HTTP/1.1" 500 - "https://thetimes.co.uk/" "Mozilla/5.0 (X11; Linux x86_64; rv:135.0) Gecko/20100101 Firefox/135.0"
34.174.211.89 - - [14/Sep/2025:00:43:43 +0000] "GET / HTTP/1.1" 500 - "https://thetimes.co.uk/" "Mozilla/5.0 (X11; Linux x86_64; rv:135.0) Gecko/20100101 Firefox/135.0"
216.73.216.47 - - [14/Sep/2025:00:44:16 +0000] "GET /jp/product/51305199381 HTTP/1.1" 500 - "-" "Mozilla/5.0 AppleWebKit/537.36 (KHTML, like Gecko; compatible; ClaudeBot/1.0; +claudebot@anthropic.com)"
2804:71e0:9099:7c00:d90c:fa24:c99d:19b2 - - [14/Sep/2025:00:45:06 +0000] "GET /jp/product/5127748561 HTTP/1.1" 500 - "-" "Mozilla/5.0 (Windows NT 10.0; Win64; x64) AppleWebKit/537.36 (KHTML, like Gecko) Chrome/86.0.4240.75 Safari/537.36"
35.208.240.118 - - [14/Sep/2025:00:46:01 +0000] "GET / HTTP/1.1" 500 - "-" "Buck/2.4.5; (+https://app.hypefactors.com/media-monitoring/about.html)"
34.174.227.132 - - [14/Sep/2025:00:46:13 +0000] "GET / HTTP/1.1" 500 - "https://bestbuy.com/" "Mozilla/5.0 (Macintosh; Intel Mac OS X 10_15_7) AppleWebKit/537.36 (KHTML, like Gecko) Chrome/136.0.0.0 Safari/537.36"
34.174.227.132 - - [14/Sep/2025:00:46:18 +0000] "GET / HTTP/1.1" 500 - "https://bestbuy.com/" "Mozilla/5.0 (Macintosh; Intel Mac OS X 10_15_7) AppleWebKit/537.36 (KHTML, like Gecko) Chrome/136.0.0.0 Safari/537.36"
182.42.104.32 - - [14/Sep/2025:00:46:21 +0000] "GET / HTTP/1.1" 500 - "http://www.playground-magazine.com" "Mozilla/5.0 (iPhone; CPU iPhone OS 13_2_3 like Mac OS X) AppleWebKit/605.1.15 (KHTML, like Gecko) Version/13.0.3 Mobile/15E148 Safari/604.1"
216.73.216.47 - - [14/Sep/2025:00:46:51 +0000] "GET /jp/product/51315849437 HTTP/1.1" 500 - "-" "Mozilla/5.0 AppleWebKit/537.36 (KHTML, like Gecko; compatible; ClaudeBot/1.0; +claudebot@anthropic.com)"
66.249.70.130 - - [14/Sep/2025:00:47:06 +0000] "GET /jp/product/51312716836 HTTP/1.1" 200 83848 "-" "Mozilla/5.0 (Linux; Android 6.0.1; Nexus 5X Build/MMB29P) AppleWebKit/537.36 (KHTML, like Gecko) Chrome/140.0.7339.127 Mobile Safari/537.36 (compatible; Googlebot/2.1; +http://www.google.com/bot.html)"
216.73.216.47 - - [14/Sep/2025:00:49:50 +0000] "GET /jp/product/51315634936 HTTP/1.1" 500 - "-" "Mozilla/5.0 AppleWebKit/537.36 (KHTML, like Gecko; compatible; ClaudeBot/1.0; +claudebot@anthropic.com)"
4.227.36.69 - - [14/Sep/2025:00:51:53 +0000] "GET /robots.txt HTTP/1.1" 500 - "-" "Mozilla/5.0 AppleWebKit/537.36 (KHTML, like Gecko; compatible; GPTBot/1.2; +https://openai.com/gptbot)"
20.171.207.192 - - [14/Sep/2025:00:51:53 +0000] "GET /sitemap.xml HTTP/1.1" 500 - "-" "Mozilla/5.0 AppleWebKit/537.36 (KHTML, like Gecko; compatible; GPTBot/1.2; +https://openai.com/gptbot)"
216.73.216.47 - - [14/Sep/2025:00:53:06 +0000] "GET /jp/product/513150087185 HTTP/1.1" 500 - "-" "Mozilla/5.0 AppleWebKit/537.36 (KHTML, like Gecko; compatible; ClaudeBot/1.0; +claudebot@anthropic.com)"
94.23.203.180 - - [14/Sep/2025:00:53:15 +0000] "GET /robots.txt HTTP/1.1" 500 - "-" "Mozilla/5.0 (compatible; MJ12bot/v1.4.8; http://mj12bot.com/)"
20.171.207.192 - - [14/Sep/2025:00:54:45 +0000] "GET /wp-includes/revisions.php?sitemap_index.xml HTTP/1.1" 200 - "-" "Mozilla/5.0 AppleWebKit/537.36 (KHTML, like Gecko; compatible; GPTBot/1.2; +https://openai.com/gptbot)"
66.249.70.129 - - [14/Sep/2025:00:55:00 +0000] "GET /jp/product/51312823567 HTTP/1.1" 200 85089 "-" "Mozilla/5.0 (Linux; Android 6.0.1; Nexus 5X Build/MMB29P) AppleWebKit/537.36 (KHTML, like Gecko) Chrome/140.0.7339.127 Mobile Safari/537.36 (compatible; Googlebot/2.1; +http://www.google.com/bot.html)"
34.174.104.9 - - [14/Sep/2025:00:55:13 +0000] "GET / HTTP/1.1" 500 - "https://google.com/" "Mozilla/5.0 (iPhone; CPU iPhone OS 18_5 like Mac OS X) AppleWebKit/605.1.15 (KHTML, like Gecko) Version/18.5 Mobile/15E148 Safari/604.1"
34.174.104.9 - - [14/Sep/2025:00:55:18 +0000] "GET / HTTP/1.1" 500 - "https://google.com/" "Mozilla/5.0 (iPhone; CPU iPhone OS 18_5 like Mac OS X) AppleWebKit/605.1.15 (KHTML, like Gecko) Version/18.5 Mobile/15E148 Safari/604.1"
216.73.216.47 - - [14/Sep/2025:00:56:14 +0000] "GET /jp/product/512733197409 HTTP/1.1" 500 - "-" "Mozilla/5.0 AppleWebKit/537.36 (KHTML, like Gecko; compatible; ClaudeBot/1.0; +claudebot@anthropic.com)"
216.73.216.47 - - [14/Sep/2025:00:56:31 +0000] "GET /header.php HTTP/1.1" 200 - "-" "Mozilla/5.0 AppleWebKit/537.36 (KHTML, like Gecko; compatible; ClaudeBot/1.0; +claudebot@anthropic.com)"
34.174.195.141 - - [14/Sep/2025:00:57:03 +0000] "GET / HTTP/1.1" 500 - "https://google.com/" "Mozilla/5.0 (Windows NT 10.0; Win64; x64) AppleWebKit/537.36 (KHTML, like Gecko) Chrome/137.0.0.0 Safari/537.36"
34.174.195.141 - - [14/Sep/2025:00:57:07 +0000] "GET / HTTP/1.1" 500 - "https://google.com/" "Mozilla/5.0 (Windows NT 10.0; Win64; x64) AppleWebKit/537.36 (KHTML, like Gecko) Chrome/137.0.0.0 Safari/537.36"
66.249.70.129 - - [14/Sep/2025:00:58:09 +0000] "GET /page?callback=product/review/51313805081543 HTTP/1.1" 200 84487 "-" "Mozilla/5.0 (Linux; Android 6.0.1; Nexus 5X Build/MMB29P) AppleWebKit/537.36 (KHTML, like Gecko) Chrome/140.0.7339.127 Mobile Safari/537.36 (compatible; Googlebot/2.1; +http://www.google.com/bot.html)"
190.109.120.118 - - [14/Sep/2025:00:58:33 +0000] "GET /jp/product/5126280499 HTTP/1.1" 500 - "-" "Mozilla/5.0 (Windows NT 6.3; Win64; x64) AppleWebKit/537.36 (KHTML, like Gecko) Chrome/85.0.4183.83 Safari/537.36"
34.174.104.9 - - [14/Sep/2025:00:58:56 +0000] "GET / HTTP/1.1" 500 - "https://google.com/" "Mozilla/5.0 (Windows NT 10.0; Win64; x64) AppleWebKit/537.36 (KHTML, like Gecko) Chrome/137.0.0.0 Safari/537.36"
34.174.104.9 - - [14/Sep/2025:00:58:59 +0000] "GET / HTTP/1.1" 500 - "https://google.com/" "Mozilla/5.0 (Windows NT 10.0; Win64; x64) AppleWebKit/537.36 (KHTML, like Gecko) Chrome/137.0.0.0 Safari/537.36"
216.73.216.47 - - [14/Sep/2025:00:59:03 +0000] "GET /jp/product/51273653120 HTTP/1.1" 500 - "-" "Mozilla/5.0 AppleWebKit/537.36 (KHTML, like Gecko; compatible; ClaudeBot/1.0; +claudebot@anthropic.com)"
2a02:598:96:8a00::1200:12f - - [14/Sep/2025:00:59:20 +0000] "GET /jp/product/51291657480 HTTP/1.1" 500 - "-" "Mozilla/5.0 (compatible; SeznamBot/4.0; +https://o-seznam.cz/napoveda/vyhledavani/en/seznambot-crawler/)"
216.73.216.47 - - [14/Sep/2025:00:59:26 +0000] "GET /jp/product/512845341624 HTTP/1.1" 500 - "-" "Mozilla/5.0 AppleWebKit/537.36 (KHTML, like Gecko; compatible; ClaudeBot/1.0; +claudebot@anthropic.com)"
213.186.1.154 - - [14/Sep/2025:01:00:07 +0000] "GET / HTTP/1.1" 500 - "-" "Mediatoolkitbot (complaints@mediatoolkit.com)"
196.251.86.122 - - [14/Sep/2025:01:00:39 +0000] "GET / HTTP/1.1" 500 - "-" "-"
216.73.216.47 - - [14/Sep/2025:01:01:22 +0000] "GET /jp/product/512972480765 HTTP/1.1" 500 - "-" "Mozilla/5.0 AppleWebKit/537.36 (KHTML, like Gecko; compatible; ClaudeBot/1.0; +claudebot@anthropic.com)"
20.171.207.192 - - [14/Sep/2025:01:01:28 +0000] "GET /header.php?sitemap_index.xml HTTP/1.1" 200 - "-" "Mozilla/5.0 AppleWebKit/537.36 (KHTML, like Gecko; compatible; GPTBot/1.2; +https://openai.com/gptbot)"
66.249.70.138 - - [14/Sep/2025:01:01:27 +0000] "GET /jp/product/51312713009 HTTP/1.1" 200 85430 "-" "Mozilla/5.0 (Linux; Android 6.0.1; Nexus 5X Build/MMB29P) AppleWebKit/537.36 (KHTML, like Gecko) Chrome/140.0.7339.127 Mobile Safari/537.36 (compatible; Googlebot/2.1; +http://www.google.com/bot.html)"
216.73.216.47 - - [14/Sep/2025:01:01:53 +0000] "GET /jp/product/51302160197 HTTP/1.1" 500 - "-" "Mozilla/5.0 AppleWebKit/537.36 (KHTML, like Gecko; compatible; ClaudeBot/1.0; +claudebot@anthropic.com)"
216.73.216.47 - - [14/Sep/2025:01:02:18 +0000] "GET /jp/product/51294888862 HTTP/1.1" 500 - "-" "Mozilla/5.0 AppleWebKit/537.36 (KHTML, like Gecko; compatible; ClaudeBot/1.0; +claudebot@anthropic.com)"
216.73.216.47 - - [14/Sep/2025:01:02:53 +0000] "GET /jp/product/51284302434 HTTP/1.1" 500 - "-" "Mozilla/5.0 AppleWebKit/537.36 (KHTML, like Gecko; compatible; ClaudeBot/1.0; +claudebot@anthropic.com)"
216.73.216.47 - - [14/Sep/2025:01:03:27 +0000] "GET /jp/product/51265904468 HTTP/1.1" 500 - "-" "Mozilla/5.0 AppleWebKit/537.36 (KHTML, like Gecko; compatible; ClaudeBot/1.0; +claudebot@anthropic.com)"
216.73.216.47 - - [14/Sep/2025:01:03:57 +0000] "GET /jp/product/513011043183 HTTP/1.1" 500 - "-" "Mozilla/5.0 AppleWebKit/537.36 (KHTML, like Gecko; compatible; ClaudeBot/1.0; +claudebot@anthropic.com)"
51.68.111.199 - - [14/Sep/2025:01:04:15 +0000] "GET /robots.txt HTTP/1.1" 500 - "-" "Mozilla/5.0 (compatible; MJ12bot/v2.0.4; http://mj12bot.com/)"
51.68.111.199 - - [14/Sep/2025:01:04:19 +0000] "GET / HTTP/1.1" 500 - "-" "Mozilla/5.0 (compatible; MJ12bot/v2.0.4; http://mj12bot.com/)"
2a03:2880:11ff:71:: - - [14/Sep/2025:01:04:22 +0000] "GET /robots.txt HTTP/1.1" 500 - "-" "facebookexternalhit/1.1 (+http://www.facebook.com/externalhit_uatext.php)"
216.73.216.47 - - [14/Sep/2025:01:04:33 +0000] "GET /jp/product/51312810125 HTTP/1.1" 500 - "-" "Mozilla/5.0 AppleWebKit/537.36 (KHTML, like Gecko; compatible; ClaudeBot/1.0; +claudebot@anthropic.com)"
216.73.216.47 - - [14/Sep/2025:01:05:06 +0000] "GET /jp/product/51291599842 HTTP/1.1" 500 - "-" "Mozilla/5.0 AppleWebKit/537.36 (KHTML, like Gecko; compatible; ClaudeBot/1.0; +claudebot@anthropic.com)"
45.61.184.196 - - [14/Sep/2025:01:05:21 +0000] "GET /wp-json/sure-triggers/v1/automation/action HTTP/1.1" 500 - "-" "Mozilla/5.0 (Macintosh; Intel Mac OS X 10_15_7) AppleWebKit/537.36 (KHTML, like Gecko) Chrome/113.0.0.0 Safari/537.36"
216.73.216.47 - - [14/Sep/2025:01:05:41 +0000] "GET /jp/product/5126414784 HTTP/1.1" 500 - "-" "Mozilla/5.0 AppleWebKit/537.36 (KHTML, like Gecko; compatible; ClaudeBot/1.0; +claudebot@anthropic.com)"
216.73.216.47 - - [14/Sep/2025:01:05:53 +0000] "GET /jp/product/51315453321 HTTP/1.1" 500 - "-" "Mozilla/5.0 AppleWebKit/537.36 (KHTML, like Gecko; compatible; ClaudeBot/1.0; +claudebot@anthropic.com)"
216.73.216.47 - - [14/Sep/2025:01:06:28 +0000] "GET /jp/product/513049290910 HTTP/1.1" 500 - "-" "Mozilla/5.0 AppleWebKit/537.36 (KHTML, like Gecko; compatible; ClaudeBot/1.0; +claudebot@anthropic.com)"
47.246.164.147 - - [14/Sep/2025:01:06:32 +0000] "GET /site/wp-content/uploads/2016/11/facts-about-the-moon-ancient-aliens-800x445.jpg HTTP/1.1" 500 - "-" "Mozilla/5.0 (Windows NT 6.1; WOW64) AppleWebKit/537.36 (KHTML, like Gecko) Chrome/74.0.3729.131 Safari/537.36"
216.73.216.47 - - [14/Sep/2025:01:07:02 +0000] "GET /jp/product/51302259528 HTTP/1.1" 500 - "-" "Mozilla/5.0 AppleWebKit/537.36 (KHTML, like Gecko; compatible; ClaudeBot/1.0; +claudebot@anthropic.com)"
2001:4ca0:108:42::24 - - [14/Sep/2025:01:06:59 +0000] "GET /robots.txt HTTP/1.1" 200 97 "-" "Mozilla/5.0 (Windows NT 10.0; Win64; x64) AppleWebKit/537.36 (KHTML, like Gecko) Chrome/103.0.5060.134 Safari/537.36"
216.73.216.47 - - [14/Sep/2025:01:07:39 +0000] "GET /jp/product/51307924569 HTTP/1.1" 500 - "-" "Mozilla/5.0 AppleWebKit/537.36 (KHTML, like Gecko; compatible; ClaudeBot/1.0; +claudebot@anthropic.com)"
45.61.184.196 - - [14/Sep/2025:01:08:05 +0000] "GET / HTTP/1.1" 500 - "http://www.google.com.hk" "Mozilla/5.0 (Windows NT 6.1; WOW64) AppleWebKit/537.36 (KHTML, like Gecko) Chrome/42.0.2311.90 Safari/537.36"
66.249.70.129 - - [14/Sep/2025:01:08:35 +0000] "GET /jp/product/51273847952 HTTP/1.1" 200 83414 "-" "Mozilla/5.0 (Linux; Android 6.0.1; Nexus 5X Build/MMB29P) AppleWebKit/537.36 (KHTML, like Gecko) Chrome/140.0.7339.127 Mobile Safari/537.36 (compatible; Googlebot/2.1; +http://www.google.com/bot.html)"
216.73.216.47 - - [14/Sep/2025:01:09:07 +0000] "GET /jp/product/51268879063 HTTP/1.1" 500 - "-" "Mozilla/5.0 AppleWebKit/537.36 (KHTML, like Gecko; compatible; ClaudeBot/1.0; +claudebot@anthropic.com)"
216.73.216.47 - - [14/Sep/2025:01:09:42 +0000] "GET /jp/product/51263266978 HTTP/1.1" 500 - "-" "Mozilla/5.0 AppleWebKit/537.36 (KHTML, like Gecko; compatible; ClaudeBot/1.0; +claudebot@anthropic.com)"
47.246.164.147 - - [14/Sep/2025:01:09:45 +0000] "GET / HTTP/1.1" 500 - "-" "Mozilla/5.0 (Macintosh; Intel Mac OS X 10_15_7) AppleWebKit/537.36 (KHTML, like Gecko) Chrome/92.0.4515.159 Safari/537.36"
205.209.106.132 - - [14/Sep/2025:01:09:58 +0000] "GET / HTTP/1.1" 500 - "-" "Mozilla/5.0 (Windows NT 10.0; Win64; x64) AppleWebKit/537.36 (KHTML, like Gecko) Chrome/124.0.0.0 Safari/537.36"
205.209.106.132 - - [14/Sep/2025:01:10:01 +0000] "GET / HTTP/1.1" 500 - "-" "Mozilla/5.0 (Windows NT 10.0; Win64; x64) AppleWebKit/537.36 (KHTML, like Gecko) Chrome/124.0.0.0 Safari/537.36"
216.73.216.47 - - [14/Sep/2025:01:10:17 +0000] "GET /jp/product/51276409005 HTTP/1.1" 500 - "-" "Mozilla/5.0 AppleWebKit/537.36 (KHTML, like Gecko; compatible; ClaudeBot/1.0; +claudebot@anthropic.com)"
216.73.216.47 - - [14/Sep/2025:01:10:43 +0000] "GET /jp/product/51284261696 HTTP/1.1" 500 - "-" "Mozilla/5.0 AppleWebKit/537.36 (KHTML, like Gecko; compatible; ClaudeBot/1.0; +claudebot@anthropic.com)"
216.73.216.47 - - [14/Sep/2025:01:11:18 +0000] "GET /jp/product/51294707046 HTTP/1.1" 500 - "-" "Mozilla/5.0 AppleWebKit/537.36 (KHTML, like Gecko; compatible; ClaudeBot/1.0; +claudebot@anthropic.com)"
216.73.216.47 - - [14/Sep/2025:01:11:56 +0000] "GET /jp/product/51289862311 HTTP/1.1" 500 - "-" "Mozilla/5.0 AppleWebKit/537.36 (KHTML, like Gecko; compatible; ClaudeBot/1.0; +claudebot@anthropic.com)"
216.73.216.47 - - [14/Sep/2025:01:12:28 +0000] "GET /jp/product/512922430442 HTTP/1.1" 500 - "-" "Mozilla/5.0 AppleWebKit/537.36 (KHTML, like Gecko; compatible; ClaudeBot/1.0; +claudebot@anthropic.com)"
216.73.216.47 - - [14/Sep/2025:01:13:18 +0000] "GET /jp/product/512771574265 HTTP/1.1" 500 - "-" "Mozilla/5.0 AppleWebKit/537.36 (KHTML, like Gecko; compatible; ClaudeBot/1.0; +claudebot@anthropic.com)"
216.73.216.47 - - [14/Sep/2025:01:13:53 +0000] "GET /jp/product/51284012401 HTTP/1.1" 500 - "-" "Mozilla/5.0 AppleWebKit/537.36 (KHTML, like Gecko; compatible; ClaudeBot/1.0; +claudebot@anthropic.com)"
157.55.39.63 - - [14/Sep/2025:01:13:57 +0000] "GET /jp/product/51273669603 HTTP/1.1" 200 82755 "-" "Mozilla/5.0 AppleWebKit/537.36 (KHTML, like Gecko; compatible; bingbot/2.0; +http://www.bing.com/bingbot.htm) Chrome/116.0.1938.76 Safari/537.36"
216.73.216.47 - - [14/Sep/2025:01:14:27 +0000] "GET /jp/product/512821702242 HTTP/1.1" 500 - "-" "Mozilla/5.0 AppleWebKit/537.36 (KHTML, like Gecko; compatible; ClaudeBot/1.0; +claudebot@anthropic.com)"
51.68.107.156 - - [14/Sep/2025:01:14:34 +0000] "GET /robots.txt HTTP/1.1" 500 - "-" "Mozilla/5.0 (compatible; MJ12bot/v2.0.4; http://mj12bot.com/)"
51.68.107.156 - - [14/Sep/2025:01:14:39 +0000] "GET / HTTP/1.1" 500 - "-" "Mozilla/5.0 (compatible; MJ12bot/v2.0.4; http://mj12bot.com/)"
216.73.216.47 - - [14/Sep/2025:01:14:38 +0000] "GET /robots.txt HTTP/1.1" 500 - "-" "Mozilla/5.0 AppleWebKit/537.36 (KHTML, like Gecko; compatible; ClaudeBot/1.0; +claudebot@anthropic.com)"
216.73.216.47 - - [14/Sep/2025:01:15:01 +0000] "GET /jp/product/51284368537 HTTP/1.1" 500 - "-" "Mozilla/5.0 AppleWebKit/537.36 (KHTML, like Gecko; compatible; ClaudeBot/1.0; +claudebot@anthropic.com)"
47.79.219.222 - - [14/Sep/2025:01:15:02 +0000] "GET / HTTP/1.1" 500 - "https://www.google.com/" "Mozilla/5.0 (Linux; Android 10; K) AppleWebKit/537.36 (KHTML, like Gecko) Chrome/132.0.0.0 Mobile Safari/537.36"
216.73.216.47 - - [14/Sep/2025:01:15:36 +0000] "GET /jp/product/512818772992 HTTP/1.1" 500 - "-" "Mozilla/5.0 AppleWebKit/537.36 (KHTML, like Gecko; compatible; ClaudeBot/1.0; +claudebot@anthropic.com)"
34.235.44.187 - - [14/Sep/2025:01:15:46 +0000] "GET /site/wp-content/uploads/2016/07/yellow-emperor-extraterrestrial.jpg HTTP/1.1" 500 - "-" "Mozilla/5.0 (Macintosh; Intel Mac OS X 10.11; rv:49.0) Gecko/20100101 Firefox/49.0 (FlipboardProxy/1.2; +http://flipboard.com/browserproxy)"
66.249.70.130 - - [14/Sep/2025:01:15:47 +0000] "GET /jp/product/51302260952 HTTP/1.1" 200 84789 "-" "Mozilla/5.0 (Linux; Android 6.0.1; Nexus 5X Build/MMB29P) AppleWebKit/537.36 (KHTML, like Gecko) Chrome/140.0.7339.127 Mobile Safari/537.36 (compatible; Googlebot/2.1; +http://www.google.com/bot.html)"
216.73.216.47 - - [14/Sep/2025:01:16:46 +0000] "GET /jp/product/5126349675 HTTP/1.1" 500 - "-" "Mozilla/5.0 AppleWebKit/537.36 (KHTML, like Gecko; compatible; ClaudeBot/1.0; +claudebot@anthropic.com)"
216.73.216.47 - - [14/Sep/2025:01:17:21 +0000] "GET /jp/product/512919563387 HTTP/1.1" 500 - "-" "Mozilla/5.0 AppleWebKit/537.36 (KHTML, like Gecko; compatible; ClaudeBot/1.0; +claudebot@anthropic.com)"
213.180.203.203 - - [14/Sep/2025:01:17:23 +0000] "GET /robots.txt HTTP/1.1" 500 - "-" "Mozilla/5.0 (compatible; YandexBot/3.0; +http://yandex.com/bots)"
77.88.9.135 - - [14/Sep/2025:01:17:32 +0000] "GET /indias-cave-paintings-prehistoric-alien-abductions/feed/ HTTP/1.1" 500 - "-" "Mozilla/5.0 (compatible; YandexBot/3.0; +http://yandex.com/bots)"
216.73.216.47 - - [14/Sep/2025:01:17:57 +0000] "GET /jp/product/51294800996 HTTP/1.1" 500 - "-" "Mozilla/5.0 AppleWebKit/537.36 (KHTML, like Gecko; compatible; ClaudeBot/1.0; +claudebot@anthropic.com)"
216.73.216.47 - - [14/Sep/2025:01:18:31 +0000] "GET /jp/product/51279453107 HTTP/1.1" 500 - "-" "Mozilla/5.0 AppleWebKit/537.36 (KHTML, like Gecko; compatible; ClaudeBot/1.0; +claudebot@anthropic.com)"
216.73.216.47 - - [14/Sep/2025:01:19:05 +0000] "GET /jp/product/51273478689 HTTP/1.1" 500 - "-" "Mozilla/5.0 AppleWebKit/537.36 (KHTML, like Gecko; compatible; ClaudeBot/1.0; +claudebot@anthropic.com)"
216.73.216.47 - - [14/Sep/2025:01:20:03 +0000] "GET /jp/product/51284237546 HTTP/1.1" 500 - "-" "Mozilla/5.0 AppleWebKit/537.36 (KHTML, like Gecko; compatible; ClaudeBot/1.0; +claudebot@anthropic.com)"
45.61.184.196 - - [14/Sep/2025:01:20:24 +0000] "POST /wp-json/sure-triggers/v1/automation/action HTTP/1.1" 500 - "-" "Mozilla/5.0 (Macintosh; Intel Mac OS X 10_15_7) AppleWebKit/537.36 (KHTML, like Gecko) Chrome/113.0.0.0 Safari/537.36"
216.73.216.47 - - [14/Sep/2025:01:20:37 +0000] "GET /jp/product/51294742148 HTTP/1.1" 500 - "-" "Mozilla/5.0 AppleWebKit/537.36 (KHTML, like Gecko; compatible; ClaudeBot/1.0; +claudebot@anthropic.com)"
216.73.216.47 - - [14/Sep/2025:01:21:08 +0000] "GET /jp/product/512730114889 HTTP/1.1" 500 - "-" "Mozilla/5.0 AppleWebKit/537.36 (KHTML, like Gecko; compatible; ClaudeBot/1.0; +claudebot@anthropic.com)"
216.73.216.47 - - [14/Sep/2025:01:21:34 +0000] "GET /jp/product/512674142208 HTTP/1.1" 500 - "-" "Mozilla/5.0 AppleWebKit/537.36 (KHTML, like Gecko; compatible; ClaudeBot/1.0; +claudebot@anthropic.com)"
45.61.184.196 - - [14/Sep/2025:01:21:38 +0000] "GET / HTTP/1.1" 500 - "http://www.google.com.hk" "Mozilla/5.0 (Windows NT 6.1; WOW64) AppleWebKit/537.36 (KHTML, like Gecko) Chrome/42.0.2311.90 Safari/537.36"
216.73.216.47 - - [14/Sep/2025:01:22:08 +0000] "GET /jp/product/51284163831 HTTP/1.1" 500 - "-" "Mozilla/5.0 AppleWebKit/537.36 (KHTML, like Gecko; compatible; ClaudeBot/1.0; +claudebot@anthropic.com)"
216.73.216.47 - - [14/Sep/2025:01:22:57 +0000] "GET /jp/product/512952056706 HTTP/1.1" 500 - "-" "Mozilla/5.0 AppleWebKit/537.36 (KHTML, like Gecko; compatible; ClaudeBot/1.0; +claudebot@anthropic.com)"
66.249.70.130 - - [14/Sep/2025:01:22:59 +0000] "GET /jp/product/51294539746 HTTP/1.1" 200 83680 "-" "Mozilla/5.0 (Linux; Android 6.0.1; Nexus 5X Build/MMB29P) AppleWebKit/537.36 (KHTML, like Gecko) Chrome/140.0.7339.127 Mobile Safari/537.36 (compatible; Googlebot/2.1; +http://www.google.com/bot.html)"
216.73.216.47 - - [14/Sep/2025:01:23:31 +0000] "GET /jp/product/51284193684 HTTP/1.1" 500 - "-" "Mozilla/5.0 AppleWebKit/537.36 (KHTML, like Gecko; compatible; ClaudeBot/1.0; +claudebot@anthropic.com)"
157.55.39.195 - - [14/Sep/2025:01:23:30 +0000] "GET /page?callback=product/review/51261837070000 HTTP/1.1" 200 82663 "-" "Mozilla/5.0 AppleWebKit/537.36 (KHTML, like Gecko; compatible; bingbot/2.0; +http://www.bing.com/bingbot.htm) Chrome/116.0.1938.76 Safari/537.36"
157.55.39.11 - - [14/Sep/2025:01:23:32 +0000] "GET /product?call=/detail/51261837070000 HTTP/1.1" 200 83173 "-" "Mozilla/5.0 AppleWebKit/537.36 (KHTML, like Gecko; compatible; bingbot/2.0; +http://www.bing.com/bingbot.htm) Chrome/116.0.1938.76 Safari/537.36"
216.73.216.47 - - [14/Sep/2025:01:23:54 +0000] "GET /jp/product/51297789471 HTTP/1.1" 500 - "-" "Mozilla/5.0 AppleWebKit/537.36 (KHTML, like Gecko; compatible; ClaudeBot/1.0; +claudebot@anthropic.com)"
216.73.216.47 - - [14/Sep/2025:01:24:29 +0000] "GET /jp/product/51263017411 HTTP/1.1" 500 - "-" "Mozilla/5.0 AppleWebKit/537.36 (KHTML, like Gecko; compatible; ClaudeBot/1.0; +claudebot@anthropic.com)"
210.89.58.81 - - [14/Sep/2025:01:24:46 +0000] "GET / HTTP/1.1" 500 - "-" "Mozilla/5.0 (Windows NT 10.0; Win64; x64) AppleWebKit/537.36 (KHTML, like Gecko) Chrome/114.0.0.0 Safari/537.36 Edg/114.0.1823.43"
177.62.233.252 - - [14/Sep/2025:01:24:48 +0000] "GET / HTTP/1.1" 500 - "-" "Mozilla/5.0 (Windows NT 10.0; Win64; x64) AppleWebKit/537.36 (KHTML, like Gecko) Chrome/114.0.0.0 Safari/537.36 Edg/114.0.1823.43"
78.182.155.156 - - [14/Sep/2025:01:24:49 +0000] "GET / HTTP/1.1" 500 - "-" "Mozilla/5.0 (Windows NT 10.0; Win64; x64) AppleWebKit/537.36 (KHTML, like Gecko) Chrome/114.0.0.0 Safari/537.36 Edg/114.0.1823.43"
167.108.5.28 - - [14/Sep/2025:01:24:49 +0000] "GET / HTTP/1.1" 500 - "-" "Mozilla/5.0 (Windows NT 10.0; Win64; x64) AppleWebKit/537.36 (KHTML, like Gecko) Chrome/114.0.0.0 Safari/537.36 Edg/114.0.1823.43"
173.225.242.104 - - [14/Sep/2025:01:24:51 +0000] "GET / HTTP/1.1" 500 - "-" "Mozilla/5.0 (Windows NT 10.0; Win64; x64) AppleWebKit/537.36 (KHTML, like Gecko) Chrome/114.0.0.0 Safari/537.36 Edg/114.0.1823.43"
181.94.228.65 - - [14/Sep/2025:01:24:51 +0000] "GET / HTTP/1.1" 500 - "-" "Mozilla/5.0 (Windows NT 10.0; Win64; x64) AppleWebKit/537.36 (KHTML, like Gecko) Chrome/114.0.0.0 Safari/537.36 Edg/114.0.1823.43"
178.163.3.222 - - [14/Sep/2025:01:24:53 +0000] "GET / HTTP/1.1" 500 - "-" "Mozilla/5.0 (Windows NT 10.0; Win64; x64) AppleWebKit/537.36 (KHTML, like Gecko) Chrome/114.0.0.0 Safari/537.36 Edg/114.0.1823.43"
216.73.216.47 - - [14/Sep/2025:01:25:03 +0000] "GET /jp/product/51297710944 HTTP/1.1" 500 - "-" "Mozilla/5.0 AppleWebKit/537.36 (KHTML, like Gecko; compatible; ClaudeBot/1.0; +claudebot@anthropic.com)"
157.55.39.11 - - [14/Sep/2025:01:25:00 +0000] "GET /jp/product/51263230693 HTTP/1.1" 200 86158 "-" "Mozilla/5.0 AppleWebKit/537.36 (KHTML, like Gecko; compatible; bingbot/2.0; +http://www.bing.com/bingbot.htm) Chrome/116.0.1938.76 Safari/537.36"
216.73.216.47 - - [14/Sep/2025:01:25:38 +0000] "GET /robots.txt HTTP/1.1" 500 - "-" "Mozilla/5.0 AppleWebKit/537.36 (KHTML, like Gecko; compatible; ClaudeBot/1.0; +claudebot@anthropic.com)"
216.73.216.47 - - [14/Sep/2025:01:25:47 +0000] "GET /sitemap.xml HTTP/1.1" 500 - "-" "Mozilla/5.0 AppleWebKit/537.36 (KHTML, like Gecko; compatible; ClaudeBot/1.0; +claudebot@anthropic.com)"
54.205.240.79 - - [14/Sep/2025:01:26:35 +0000] "GET /site/wp-content/uploads/2016/07/yellow-emperor-extraterrestrial.jpg HTTP/1.1" 500 - "-" "Mozilla/5.0 (Macintosh; Intel Mac OS X 10.11; rv:49.0) Gecko/20100101 Firefox/49.0 (FlipboardProxy/1.2; +http://flipboard.com/browserproxy)"
216.73.216.47 - - [14/Sep/2025:01:26:54 +0000] "GET /jp/product/5127529542 HTTP/1.1" 500 - "-" "Mozilla/5.0 AppleWebKit/537.36 (KHTML, like Gecko; compatible; ClaudeBot/1.0; +claudebot@anthropic.com)"
216.73.216.47 - - [14/Sep/2025:01:27:28 +0000] "GET /jp/product/512712648614 HTTP/1.1" 500 - "-" "Mozilla/5.0 AppleWebKit/537.36 (KHTML, like Gecko; compatible; ClaudeBot/1.0; +claudebot@anthropic.com)"
216.73.216.47 - - [14/Sep/2025:01:28:03 +0000] "GET /jp/product/512674064867 HTTP/1.1" 500 - "-" "Mozilla/5.0 AppleWebKit/537.36 (KHTML, like Gecko; compatible; ClaudeBot/1.0; +claudebot@anthropic.com)"
216.73.216.47 - - [14/Sep/2025:01:28:32 +0000] "GET /jp/product/512922582377 HTTP/1.1" 500 - "-" "Mozilla/5.0 AppleWebKit/537.36 (KHTML, like Gecko; compatible; ClaudeBot/1.0; +claudebot@anthropic.com)"
207.46.13.6 - - [14/Sep/2025:01:28:22 +0000] "GET /jp/product/51302270425 HTTP/1.1" 200 83318 "-" "Mozilla/5.0 AppleWebKit/537.36 (KHTML, like Gecko; compatible; bingbot/2.0; +http://www.bing.com/bingbot.htm) Chrome/116.0.1938.76 Safari/537.36"
216.73.216.47 - - [14/Sep/2025:01:29:06 +0000] "GET /jp/product/51302285718 HTTP/1.1" 500 - "-" "Mozilla/5.0 AppleWebKit/537.36 (KHTML, like Gecko; compatible; ClaudeBot/1.0; +claudebot@anthropic.com)"
216.73.216.47 - - [14/Sep/2025:01:29:41 +0000] "GET /jp/product/512644273535 HTTP/1.1" 500 - "-" "Mozilla/5.0 AppleWebKit/537.36 (KHTML, like Gecko; compatible; ClaudeBot/1.0; +claudebot@anthropic.com)"
216.73.216.47 - - [14/Sep/2025:01:30:15 +0000] "GET /jp/product/51284380779 HTTP/1.1" 500 - "-" "Mozilla/5.0 AppleWebKit/537.36 (KHTML, like Gecko; compatible; ClaudeBot/1.0; +claudebot@anthropic.com)"
66.249.70.138 - - [14/Sep/2025:01:30:20 +0000] "GET /jp/product/51263434551 HTTP/1.1" 200 86536 "-" "Mozilla/5.0 (Linux; Android 6.0.1; Nexus 5X Build/MMB29P) AppleWebKit/537.36 (KHTML, like Gecko) Chrome/140.0.7339.127 Mobile Safari/537.36 (compatible; Googlebot/2.1; +http://www.google.com/bot.html)"
216.73.216.47 - - [14/Sep/2025:01:30:40 +0000] "GET /jp/product/51291751819 HTTP/1.1" 500 - "-" "Mozilla/5.0 AppleWebKit/537.36 (KHTML, like Gecko; compatible; ClaudeBot/1.0; +claudebot@anthropic.com)"
116.98.245.69 - - [14/Sep/2025:01:31:10 +0000] "GET / HTTP/1.1" 500 - "-" "Mozilla/5.0 (Windows NT 10.0; Win64; x64) AppleWebKit/537.36 (KHTML, like Gecko) Chrome/114.0.0.0 Safari/537.36 Edg/114.0.1823.43"
216.73.216.47 - - [14/Sep/2025:01:31:15 +0000] "GET /jp/product/512872058140 HTTP/1.1" 500 - "-" "Mozilla/5.0 AppleWebKit/537.36 (KHTML, like Gecko; compatible; ClaudeBot/1.0; +claudebot@anthropic.com)"
216.73.216.47 - - [14/Sep/2025:01:31:50 +0000] "GET /jp/product/51273928744 HTTP/1.1" 500 - "-" "Mozilla/5.0 AppleWebKit/537.36 (KHTML, like Gecko; compatible; ClaudeBot/1.0; +claudebot@anthropic.com)"
216.73.216.47 - - [14/Sep/2025:01:32:25 +0000] "GET /jp/product/512972586588 HTTP/1.1" 500 - "-" "Mozilla/5.0 AppleWebKit/537.36 (KHTML, like Gecko; compatible; ClaudeBot/1.0; +claudebot@anthropic.com)"
216.73.216.47 - - [14/Sep/2025:01:33:54 +0000] "GET /jp/product/512771520702 HTTP/1.1" 500 - "-" "Mozilla/5.0 AppleWebKit/537.36 (KHTML, like Gecko; compatible; ClaudeBot/1.0; +claudebot@anthropic.com)"
2a03:2880:3ff:1:: - - [14/Sep/2025:01:34:07 +0000] "GET / HTTP/1.1" 500 - "-" "facebookexternalhit/1.1 (+http://www.facebook.com/externalhit_uatext.php)"
216.73.216.47 - - [14/Sep/2025:01:34:29 +0000] "GET /jp/product/51297500006 HTTP/1.1" 500 - "-" "Mozilla/5.0 AppleWebKit/537.36 (KHTML, like Gecko; compatible; ClaudeBot/1.0; +claudebot@anthropic.com)"
216.73.216.47 - - [14/Sep/2025:01:35:04 +0000] "GET /jp/product/51289981481 HTTP/1.1" 500 - "-" "Mozilla/5.0 AppleWebKit/537.36 (KHTML, like Gecko; compatible; ClaudeBot/1.0; +claudebot@anthropic.com)"
216.73.216.47 - - [14/Sep/2025:01:35:38 +0000] "GET /jp/product/51283952133 HTTP/1.1" 500 - "-" "Mozilla/5.0 AppleWebKit/537.36 (KHTML, like Gecko; compatible; ClaudeBot/1.0; +claudebot@anthropic.com)"
20.15.133.184 - - [14/Sep/2025:01:36:18 +0000] "GET /jp/product/51312573901 HTTP/1.1" 200 85332 "-" "Mozilla/5.0 AppleWebKit/537.36 (KHTML, like Gecko; compatible; bingbot/2.0; +http://www.bing.com/bingbot.htm) Chrome/116.0.1938.76 Safari/537.36"
216.73.216.47 - - [14/Sep/2025:01:36:38 +0000] "GET /jp/product/51312928350 HTTP/1.1" 500 - "-" "Mozilla/5.0 AppleWebKit/537.36 (KHTML, like Gecko; compatible; ClaudeBot/1.0; +claudebot@anthropic.com)"
216.73.216.47 - - [14/Sep/2025:01:37:11 +0000] "GET /jp/product/51312815282 HTTP/1.1" 500 - "-" "Mozilla/5.0 AppleWebKit/537.36 (KHTML, like Gecko; compatible; ClaudeBot/1.0; +claudebot@anthropic.com)"
216.73.216.47 - - [14/Sep/2025:01:37:46 +0000] "GET /jp/product/513031801769 HTTP/1.1" 500 - "-" "Mozilla/5.0 AppleWebKit/537.36 (KHTML, like Gecko; compatible; ClaudeBot/1.0; +claudebot@anthropic.com)"
216.73.216.47 - - [14/Sep/2025:01:38:24 +0000] "GET /jp/product/5127504367 HTTP/1.1" 500 - "-" "Mozilla/5.0 AppleWebKit/537.36 (KHTML, like Gecko; compatible; ClaudeBot/1.0; +claudebot@anthropic.com)"
216.73.216.47 - - [14/Sep/2025:01:38:57 +0000] "GET /jp/product/512810011819 HTTP/1.1" 500 - "-" "Mozilla/5.0 AppleWebKit/537.36 (KHTML, like Gecko; compatible; ClaudeBot/1.0; +claudebot@anthropic.com)"
216.73.216.47 - - [14/Sep/2025:01:39:10 +0000] "GET /jp/product/512724299051 HTTP/1.1" 500 - "-" "Mozilla/5.0 AppleWebKit/537.36 (KHTML, like Gecko; compatible; ClaudeBot/1.0; +claudebot@anthropic.com)"
216.73.216.47 - - [14/Sep/2025:01:39:44 +0000] "GET /jp/product/51273560794 HTTP/1.1" 500 - "-" "Mozilla/5.0 AppleWebKit/537.36 (KHTML, like Gecko; compatible; ClaudeBot/1.0; +claudebot@anthropic.com)"
216.73.216.47 - - [14/Sep/2025:01:40:26 +0000] "GET /jp/product/51291708559 HTTP/1.1" 500 - "-" "Mozilla/5.0 AppleWebKit/537.36 (KHTML, like Gecko; compatible; ClaudeBot/1.0; +claudebot@anthropic.com)"
216.73.216.47 - - [14/Sep/2025:01:40:53 +0000] "GET /jp/product/513011093093 HTTP/1.1" 500 - "-" "Mozilla/5.0 AppleWebKit/537.36 (KHTML, like Gecko; compatible; ClaudeBot/1.0; +claudebot@anthropic.com)"
216.73.216.47 - - [14/Sep/2025:01:41:24 +0000] "GET /jp/product/5126282435 HTTP/1.1" 500 - "-" "Mozilla/5.0 AppleWebKit/537.36 (KHTML, like Gecko; compatible; ClaudeBot/1.0; +claudebot@anthropic.com)"
207.46.13.7 - - [14/Sep/2025:01:41:21 +0000] "GET /jp/product/513011263964 HTTP/1.1" 200 84492 "-" "Mozilla/5.0 AppleWebKit/537.36 (KHTML, like Gecko; compatible; bingbot/2.0; +http://www.bing.com/bingbot.htm) Chrome/116.0.1938.76 Safari/537.36"
216.73.216.47 - - [14/Sep/2025:01:41:57 +0000] "GET /jp/product/51308136019 HTTP/1.1" 500 - "-" "Mozilla/5.0 AppleWebKit/537.36 (KHTML, like Gecko; compatible; ClaudeBot/1.0; +claudebot@anthropic.com)"
216.73.216.47 - - [14/Sep/2025:01:42:46 +0000] "GET /jp/product/5127558274 HTTP/1.1" 500 - "-" "Mozilla/5.0 AppleWebKit/537.36 (KHTML, like Gecko; compatible; ClaudeBot/1.0; +claudebot@anthropic.com)"
66.249.70.139 - - [14/Sep/2025:01:42:47 +0000] "GET /jp/product/5127838710 HTTP/1.1" 200 83413 "-" "Mozilla/5.0 (Linux; Android 6.0.1; Nexus 5X Build/MMB29P) AppleWebKit/537.36 (KHTML, like Gecko) Chrome/140.0.7339.127 Mobile Safari/537.36 (compatible; Googlebot/2.1; +http://www.google.com/bot.html)"
66.249.70.139 - - [14/Sep/2025:01:42:49 +0000] "GET /robots.txt HTTP/1.1" 200 97 "-" "Mozilla/5.0 (compatible; Googlebot/2.1; +http://www.google.com/bot.html)"
216.73.216.47 - - [14/Sep/2025:01:43:13 +0000] "GET /jp/product/51294831042 HTTP/1.1" 500 - "-" "Mozilla/5.0 AppleWebKit/537.36 (KHTML, like Gecko; compatible; ClaudeBot/1.0; +claudebot@anthropic.com)"
216.73.216.47 - - [14/Sep/2025:01:43:37 +0000] "GET /jp/product/51263190901 HTTP/1.1" 500 - "-" "Mozilla/5.0 AppleWebKit/537.36 (KHTML, like Gecko; compatible; ClaudeBot/1.0; +claudebot@anthropic.com)"
216.73.216.47 - - [14/Sep/2025:01:44:32 +0000] "GET /jp/product/51297593853 HTTP/1.1" 500 - "-" "Mozilla/5.0 AppleWebKit/537.36 (KHTML, like Gecko; compatible; ClaudeBot/1.0; +claudebot@anthropic.com)"
207.46.13.7 - - [14/Sep/2025:01:44:36 +0000] "GET /header.php?sitemap_index.xml HTTP/1.1" 404 35 "-" "Mozilla/5.0 AppleWebKit/537.36 (KHTML, like Gecko; compatible; bingbot/2.0; +http://www.bing.com/bingbot.htm) Chrome/116.0.1938.76 Safari/537.36"
216.73.216.47 - - [14/Sep/2025:01:45:20 +0000] "GET /jp/product/512830811662 HTTP/1.1" 500 - "-" "Mozilla/5.0 AppleWebKit/537.36 (KHTML, like Gecko; compatible; ClaudeBot/1.0; +claudebot@anthropic.com)"
207.46.13.124 - - [14/Sep/2025:01:44:42 +0000] "GET /sitemap.xml HTTP/1.1" 200 4412 "-" "Mozilla/5.0 AppleWebKit/537.36 (KHTML, like Gecko; compatible; bingbot/2.0; +http://www.bing.com/bingbot.htm) Chrome/116.0.1938.76 Safari/537.36"
207.46.13.124 - - [14/Sep/2025:01:45:45 +0000] "GET /wp-includes/revisions.php?sitemap_index.xml HTTP/1.1" 404 35 "-" "Mozilla/5.0 AppleWebKit/537.36 (KHTML, like Gecko; compatible; bingbot/2.0; +http://www.bing.com/bingbot.htm) Chrome/116.0.1938.76 Safari/537.36"
216.73.216.47 - - [14/Sep/2025:01:45:49 +0000] "GET /jp/product/512721295721 HTTP/1.1" 500 - "-" "Mozilla/5.0 AppleWebKit/537.36 (KHTML, like Gecko; compatible; ClaudeBot/1.0; +claudebot@anthropic.com)"
216.73.216.47 - - [14/Sep/2025:01:46:14 +0000] "GET /jp/product/512771547462 HTTP/1.1" 500 - "-" "Mozilla/5.0 AppleWebKit/537.36 (KHTML, like Gecko; compatible; ClaudeBot/1.0; +claudebot@anthropic.com)"
216.73.216.47 - - [14/Sep/2025:01:46:43 +0000] "GET /jp/product/51273729243 HTTP/1.1" 500 - "-" "Mozilla/5.0 AppleWebKit/537.36 (KHTML, like Gecko; compatible; ClaudeBot/1.0; +claudebot@anthropic.com)"
216.73.216.47 - - [14/Sep/2025:01:47:08 +0000] "GET /jp/product/51312754045 HTTP/1.1" 500 - "-" "Mozilla/5.0 AppleWebKit/537.36 (KHTML, like Gecko; compatible; ClaudeBot/1.0; +claudebot@anthropic.com)"
216.73.216.47 - - [14/Sep/2025:01:47:44 +0000] "GET /jp/product/512949055441 HTTP/1.1" 500 - "-" "Mozilla/5.0 AppleWebKit/537.36 (KHTML, like Gecko; compatible; ClaudeBot/1.0; +claudebot@anthropic.com)"
216.73.216.110 - - [14/Sep/2025:01:48:25 +0000] "GET /jp/product/51308253477 HTTP/1.1" 500 - "-" "Mozilla/5.0 AppleWebKit/537.36 (KHTML, like Gecko; compatible; ClaudeBot/1.0; +claudebot@anthropic.com)"
216.73.216.110 - - [14/Sep/2025:01:49:13 +0000] "GET /jp/product/51305124595 HTTP/1.1" 500 - "-" "Mozilla/5.0 AppleWebKit/537.36 (KHTML, like Gecko; compatible; ClaudeBot/1.0; +claudebot@anthropic.com)"
216.73.216.110 - - [14/Sep/2025:01:49:44 +0000] "GET /jp/product/51273803261 HTTP/1.1" 500 - "-" "Mozilla/5.0 AppleWebKit/537.36 (KHTML, like Gecko; compatible; ClaudeBot/1.0; +claudebot@anthropic.com)"
20.125.163.80 - - [14/Sep/2025:01:49:44 +0000] "GET /jp/product/513061215773 HTTP/1.1" 200 78331 "-" "Mozilla/5.0 AppleWebKit/537.36 (KHTML, like Gecko; compatible; bingbot/2.0; +http://www.bing.com/bingbot.htm) Chrome/116.0.1938.76 Safari/537.36"
216.73.216.110 - - [14/Sep/2025:01:50:15 +0000] "GET /jp/product/51302242658 HTTP/1.1" 500 - "-" "Mozilla/5.0 AppleWebKit/537.36 (KHTML, like Gecko; compatible; ClaudeBot/1.0; +claudebot@anthropic.com)"
2a09:bac2:6e8e:2678::3d5:12 - - [14/Sep/2025:01:50:27 +0000] "GET / HTTP/1.1" 500 - "-" "Mozilla/5.0 (iPhone; CPU iPhone OS 18_6_2 like Mac OS X) AppleWebKit/605.1.15 (KHTML, like Gecko) Version/18.6 Mobile/15E148 Safari/604.1"
216.73.216.47 - - [14/Sep/2025:01:50:58 +0000] "GET /jp/product/51302463420 HTTP/1.1" 500 - "-" "Mozilla/5.0 AppleWebKit/537.36 (KHTML, like Gecko; compatible; ClaudeBot/1.0; +claudebot@anthropic.com)"
20.125.163.80 - - [14/Sep/2025:01:50:59 +0000] "GET /jp/product/512931119725 HTTP/1.1" 200 78255 "-" "Mozilla/5.0 AppleWebKit/537.36 (KHTML, like Gecko; compatible; bingbot/2.0; +http://www.bing.com/bingbot.htm) Chrome/116.0.1938.76 Safari/537.36"
216.73.216.47 - - [14/Sep/2025:01:51:26 +0000] "GET /jp/product/513023092796 HTTP/1.1" 500 - "-" "Mozilla/5.0 AppleWebKit/537.36 (KHTML, like Gecko; compatible; ClaudeBot/1.0; +claudebot@anthropic.com)"
216.73.216.47 - - [14/Sep/2025:01:51:52 +0000] "GET /jp/product/51305004290 HTTP/1.1" 500 - "-" "Mozilla/5.0 AppleWebKit/537.36 (KHTML, like Gecko; compatible; ClaudeBot/1.0; +claudebot@anthropic.com)"
216.73.216.47 - - [14/Sep/2025:01:52:21 +0000] "GET /jp/product/513020066879 HTTP/1.1" 500 - "-" "Mozilla/5.0 AppleWebKit/537.36 (KHTML, like Gecko; compatible; ClaudeBot/1.0; +claudebot@anthropic.com)"
216.73.216.47 - - [14/Sep/2025:01:52:53 +0000] "GET /jp/product/512650119266 HTTP/1.1" 500 - "-" "Mozilla/5.0 AppleWebKit/537.36 (KHTML, like Gecko; compatible; ClaudeBot/1.0; +claudebot@anthropic.com)"
216.73.216.47 - - [14/Sep/2025:01:53:26 +0000] "GET /jp/product/51312871267 HTTP/1.1" 500 - "-" "Mozilla/5.0 AppleWebKit/537.36 (KHTML, like Gecko; compatible; ClaudeBot/1.0; +claudebot@anthropic.com)"
216.73.216.47 - - [14/Sep/2025:01:54:37 +0000] "GET /jp/product/51312922514 HTTP/1.1" 500 - "-" "Mozilla/5.0 AppleWebKit/537.36 (KHTML, like Gecko; compatible; ClaudeBot/1.0; +claudebot@anthropic.com)"
216.73.216.47 - - [14/Sep/2025:01:55:00 +0000] "GET /jp/product/512623901152 HTTP/1.1" 500 - "-" "Mozilla/5.0 AppleWebKit/537.36 (KHTML, like Gecko; compatible; ClaudeBot/1.0; +claudebot@anthropic.com)"
207.46.13.127 - - [14/Sep/2025:01:54:58 +0000] "GET /jp/product/51312842666 HTTP/1.1" 200 77087 "-" "Mozilla/5.0 AppleWebKit/537.36 (KHTML, like Gecko; compatible; bingbot/2.0; +http://www.bing.com/bingbot.htm) Chrome/116.0.1938.76 Safari/537.36"
216.73.216.47 - - [14/Sep/2025:01:55:45 +0000] "GET /jp/product/51263330614 HTTP/1.1" 500 - "-" "Mozilla/5.0 AppleWebKit/537.36 (KHTML, like Gecko; compatible; ClaudeBot/1.0; +claudebot@anthropic.com)"
2a03:2880:13ff:3:: - - [14/Sep/2025:01:56:02 +0000] "GET / HTTP/1.1" 500 - "-" "facebookexternalhit/1.1 (+http://www.facebook.com/externalhit_uatext.php)"
66.249.70.137 - - [14/Sep/2025:01:56:25 +0000] "GET /jp/product/512626354 HTTP/1.1" 200 83263 "-" "Mozilla/5.0 (Linux; Android 6.0.1; Nexus 5X Build/MMB29P) AppleWebKit/537.36 (KHTML, like Gecko) Chrome/140.0.7339.127 Mobile Safari/537.36 (compatible; Googlebot/2.1; +http://www.google.com/bot.html)"
216.73.216.47 - - [14/Sep/2025:01:56:53 +0000] "GET /jp/product/51318445529 HTTP/1.1" 500 - "-" "Mozilla/5.0 AppleWebKit/537.36 (KHTML, like Gecko; compatible; ClaudeBot/1.0; +claudebot@anthropic.com)"
216.73.216.47 - - [14/Sep/2025:01:57:23 +0000] "GET /jp/product/512665324640 HTTP/1.1" 500 - "-" "Mozilla/5.0 AppleWebKit/537.36 (KHTML, like Gecko; compatible; ClaudeBot/1.0; +claudebot@anthropic.com)"
216.73.216.47 - - [14/Sep/2025:01:57:49 +0000] "GET /jp/product/51263317803 HTTP/1.1" 500 - "-" "Mozilla/5.0 AppleWebKit/537.36 (KHTML, like Gecko; compatible; ClaudeBot/1.0; +claudebot@anthropic.com)"
216.73.216.47 - - [14/Sep/2025:01:59:05 +0000] "GET /jp/product/513173688015 HTTP/1.1" 500 - "-" "Mozilla/5.0 AppleWebKit/537.36 (KHTML, like Gecko; compatible; ClaudeBot/1.0; +claudebot@anthropic.com)"
216.73.216.47 - - [14/Sep/2025:01:59:32 +0000] "GET /jp/product/51302210367 HTTP/1.1" 500 - "-" "Mozilla/5.0 AppleWebKit/537.36 (KHTML, like Gecko; compatible; ClaudeBot/1.0; +claudebot@anthropic.com)"
216.73.216.47 - - [14/Sep/2025:02:00:05 +0000] "GET /jp/product/51315698972 HTTP/1.1" 500 - "-" "Mozilla/5.0 AppleWebKit/537.36 (KHTML, like Gecko; compatible; ClaudeBot/1.0; +claudebot@anthropic.com)"
216.73.216.47 - - [14/Sep/2025:02:00:39 +0000] "GET /jp/product/51302116766 HTTP/1.1" 500 - "-" "Mozilla/5.0 AppleWebKit/537.36 (KHTML, like Gecko; compatible; ClaudeBot/1.0; +claudebot@anthropic.com)"
216.73.216.47 - - [14/Sep/2025:02:00:50 +0000] "GET /jp/product/51315697916 HTTP/1.1" 500 - "-" "Mozilla/5.0 AppleWebKit/537.36 (KHTML, like Gecko; compatible; ClaudeBot/1.0; +claudebot@anthropic.com)"
47.246.164.141 - - [14/Sep/2025:02:00:44 +0000] "GET / HTTP/1.1" 500 - "-" "Mozilla/5.0 (Macintosh; Intel Mac OS X 10_15_3) AppleWebKit/537.36 (KHTML, like Gecko) Chrome/79.0.3945.130 Safari/537.36"
2001:ee0:429d:30b8:1038:6959:f8fa:953d - - [14/Sep/2025:02:01:12 +0000] "GET /jp/product/5126454846 HTTP/1.1" 500 - "-" "Mozilla/5.0 (Windows NT 10.0; Win64; x64) AppleWebKit/537.36 (KHTML, like Gecko) Chrome/89.0.4389.58 Safari/537.36"
216.73.216.47 - - [14/Sep/2025:02:01:28 +0000] "GET /jp/product/51315674966 HTTP/1.1" 500 - "-" "Mozilla/5.0 AppleWebKit/537.36 (KHTML, like Gecko; compatible; ClaudeBot/1.0; +claudebot@anthropic.com)"
216.73.216.47 - - [14/Sep/2025:02:02:00 +0000] "GET /jp/product/51284236411 HTTP/1.1" 500 - "-" "Mozilla/5.0 AppleWebKit/537.36 (KHTML, like Gecko; compatible; ClaudeBot/1.0; +claudebot@anthropic.com)"
216.73.216.47 - - [14/Sep/2025:02:02:34 +0000] "GET /jp/product/51305348541 HTTP/1.1" 500 - "-" "Mozilla/5.0 AppleWebKit/537.36 (KHTML, like Gecko; compatible; ClaudeBot/1.0; +claudebot@anthropic.com)"
216.73.216.47 - - [14/Sep/2025:02:02:49 +0000] "GET /jp/product/51294780812 HTTP/1.1" 500 - "-" "Mozilla/5.0 AppleWebKit/537.36 (KHTML, like Gecko; compatible; ClaudeBot/1.0; +claudebot@anthropic.com)"
216.73.216.47 - - [14/Sep/2025:02:03:23 +0000] "GET /jp/product/51266329023 HTTP/1.1" 500 - "-" "Mozilla/5.0 AppleWebKit/537.36 (KHTML, like Gecko; compatible; ClaudeBot/1.0; +claudebot@anthropic.com)"
216.73.216.47 - - [14/Sep/2025:02:03:57 +0000] "GET /jp/product/51294571903 HTTP/1.1" 500 - "-" "Mozilla/5.0 AppleWebKit/537.36 (KHTML, like Gecko; compatible; ClaudeBot/1.0; +claudebot@anthropic.com)"
216.73.216.47 - - [14/Sep/2025:02:04:32 +0000] "GET /jp/product/51308343997 HTTP/1.1" 500 - "-" "Mozilla/5.0 AppleWebKit/537.36 (KHTML, like Gecko; compatible; ClaudeBot/1.0; +claudebot@anthropic.com)"
213.186.1.154 - - [14/Sep/2025:02:05:12 +0000] "GET / HTTP/1.1" 500 - "-" "Mediatoolkitbot (complaints@mediatoolkit.com)"
216.73.216.47 - - [14/Sep/2025:02:05:30 +0000] "GET /jp/product/51273603026 HTTP/1.1" 500 - "-" "Mozilla/5.0 AppleWebKit/537.36 (KHTML, like Gecko; compatible; ClaudeBot/1.0; +claudebot@anthropic.com)"
216.73.216.47 - - [14/Sep/2025:02:06:04 +0000] "GET /jp/product/51297547425 HTTP/1.1" 500 - "-" "Mozilla/5.0 AppleWebKit/537.36 (KHTML, like Gecko; compatible; ClaudeBot/1.0; +claudebot@anthropic.com)"
66.249.70.138 - - [14/Sep/2025:02:06:12 +0000] "GET /cargo/detail/51296898443028 HTTP/1.1" 200 83876 "-" "Mozilla/5.0 (Linux; Android 6.0.1; Nexus 5X Build/MMB29P) AppleWebKit/537.36 (KHTML, like Gecko) Chrome/140.0.7339.127 Mobile Safari/537.36 (compatible; Googlebot/2.1; +http://www.google.com/bot.html)"
157.55.39.13 - - [14/Sep/2025:02:06:31 +0000] "GET /header.php?sitemap_index.xml HTTP/1.1" 404 35 "-" "Mozilla/5.0 AppleWebKit/537.36 (KHTML, like Gecko; compatible; bingbot/2.0; +http://www.bing.com/bingbot.htm) Chrome/116.0.1938.76 Safari/537.36"
157.55.39.52 - - [14/Sep/2025:02:06:22 +0000] "GET /jp/product/5127709359 HTTP/1.1" 200 84689 "-" "Mozilla/5.0 AppleWebKit/537.36 (KHTML, like Gecko; compatible; bingbot/2.0; +http://www.bing.com/bingbot.htm) Chrome/116.0.1938.76 Safari/537.36"
216.73.216.47 - - [14/Sep/2025:02:06:39 +0000] "GET /jp/product/51307943317 HTTP/1.1" 500 - "-" "Mozilla/5.0 AppleWebKit/537.36 (KHTML, like Gecko; compatible; ClaudeBot/1.0; +claudebot@anthropic.com)"
34.174.204.235 - - [14/Sep/2025:02:06:48 +0000] "GET / HTTP/1.1" 500 - "http://playground-magazine.com/robots.txt" "Mozilla/5.0 (Macintosh; Intel Mac OS X 10.15; rv:139.0) Gecko/20100101 Firefox/139.0"
34.174.204.235 - - [14/Sep/2025:02:06:55 +0000] "GET / HTTP/1.1" 500 - "http://playground-magazine.com/tag/oriental-trading/" "Mozilla/5.0 (Macintosh; Intel Mac OS X 10.15; rv:139.0) Gecko/20100101 Firefox/139.0"
216.73.216.47 - - [14/Sep/2025:02:07:13 +0000] "GET /jp/product/51297848898 HTTP/1.1" 500 - "-" "Mozilla/5.0 AppleWebKit/537.36 (KHTML, like Gecko; compatible; ClaudeBot/1.0; +claudebot@anthropic.com)"
2001:ee0:5484:240d:e48d:b36:482c:e56 - - [14/Sep/2025:02:07:22 +0000] "GET / HTTP/1.1" 500 - "-" "Mozilla/5.0 (Windows NT 10.0; Win64; x64) AppleWebKit/537.36 (KHTML, like Gecko) Chrome/135.0.0.0 Safari/537.36 Edg/135.0.0.0"
173.239.218.63 - - [14/Sep/2025:02:07:24 +0000] "GET /.env HTTP/1.1" 500 - "-" "Mozilla/5.0 (Macintosh; Intel Mac OS X 10.15; rv:77.0) Gecko/20100101 Firefox/77.0"
216.73.216.47 - - [14/Sep/2025:02:07:59 +0000] "GET /jp/product/51284368260 HTTP/1.1" 500 - "-" "Mozilla/5.0 AppleWebKit/537.36 (KHTML, like Gecko; compatible; ClaudeBot/1.0; +claudebot@anthropic.com)"
216.73.216.47 - - [14/Sep/2025:02:08:34 +0000] "GET /jp/product/51315569747 HTTP/1.1" 500 - "-" "Mozilla/5.0 AppleWebKit/537.36 (KHTML, like Gecko; compatible; ClaudeBot/1.0; +claudebot@anthropic.com)"
2a03:2880:13ff:2:: - - [14/Sep/2025:02:08:55 +0000] "GET / HTTP/1.1" 500 - "-" "facebookexternalhit/1.1 (+http://www.facebook.com/externalhit_uatext.php)"
216.73.216.47 - - [14/Sep/2025:02:09:09 +0000] "GET /jp/product/51273780695 HTTP/1.1" 500 - "-" "Mozilla/5.0 AppleWebKit/537.36 (KHTML, like Gecko; compatible; ClaudeBot/1.0; +claudebot@anthropic.com)"
66.249.70.139 - - [14/Sep/2025:02:09:20 +0000] "GET /jp/product/51263034134 HTTP/1.1" 200 85398 "-" "Mozilla/5.0 (Linux; Android 6.0.1; Nexus 5X Build/MMB29P) AppleWebKit/537.36 (KHTML, like Gecko) Chrome/140.0.7339.127 Mobile Safari/537.36 (compatible; Googlebot/2.1; +http://www.google.com/bot.html)"
216.73.216.47 - - [14/Sep/2025:02:10:32 +0000] "GET /jp/product/51284397555 HTTP/1.1" 500 - "-" "Mozilla/5.0 AppleWebKit/537.36 (KHTML, like Gecko; compatible; ClaudeBot/1.0; +claudebot@anthropic.com)"
66.249.70.137 - - [14/Sep/2025:02:10:30 +0000] "GET /pcmypage/51312563829649 HTTP/1.1" 200 82508 "-" "Mozilla/5.0 (Linux; Android 6.0.1; Nexus 5X Build/MMB29P) AppleWebKit/537.36 (KHTML, like Gecko) Chrome/140.0.7339.127 Mobile Safari/537.36 (compatible; Googlebot/2.1; +http://www.google.com/bot.html)"
66.249.70.138 - - [14/Sep/2025:02:10:39 +0000] "GET /goGoods/product/surugaya/51266174068470?campaign_uid=f64d716db5e979ed2f947dbaf4296895b951ae7f HTTP/1.1" 200 85196 "-" "Mozilla/5.0 (Linux; Android 6.0.1; Nexus 5X Build/MMB29P) AppleWebKit/537.36 (KHTML, like Gecko) Chrome/140.0.7339.127 Mobile Safari/537.36 (compatible; Googlebot/2.1; +http://www.google.com/bot.html)"
66.249.70.137 - - [14/Sep/2025:02:10:48 +0000] "GET /jp/product/51302308424 HTTP/1.1" 200 83184 "-" "Mozilla/5.0 (Linux; Android 6.0.1; Nexus 5X Build/MMB29P) AppleWebKit/537.36 (KHTML, like Gecko) Chrome/140.0.7339.127 Mobile Safari/537.36 (compatible; Googlebot/2.1; +http://www.google.com/bot.html)"
216.73.216.47 - - [14/Sep/2025:02:11:07 +0000] "GET /jp/product/51284385810 HTTP/1.1" 500 - "-" "Mozilla/5.0 AppleWebKit/537.36 (KHTML, like Gecko; compatible; ClaudeBot/1.0; +claudebot@anthropic.com)"
216.73.216.47 - - [14/Sep/2025:02:11:41 +0000] "GET /jp/product/51286994402 HTTP/1.1" 500 - "-" "Mozilla/5.0 AppleWebKit/537.36 (KHTML, like Gecko; compatible; ClaudeBot/1.0; +claudebot@anthropic.com)"
104.28.244.75 - - [14/Sep/2025:02:12:11 +0000] "GET / HTTP/1.1" 500 - "-" "Mozilla/5.0"
47.246.164.136 - - [14/Sep/2025:02:12:40 +0000] "GET / HTTP/1.1" 500 - "-" "Mozilla/5.0 (Windows NT 10.0; WOW64) AppleWebKit/537.36 (KHTML, like Gecko) Chrome/85.0.4183.83 Safari/537.36"
216.73.216.47 - - [14/Sep/2025:02:14:06 +0000] "GET /jp/product/51266324073 HTTP/1.1" 500 - "-" "Mozilla/5.0 AppleWebKit/537.36 (KHTML, like Gecko; compatible; ClaudeBot/1.0; +claudebot@anthropic.com)"
216.73.216.47 - - [14/Sep/2025:02:14:41 +0000] "GET /jp/product/51276875332 HTTP/1.1" 500 - "-" "Mozilla/5.0 AppleWebKit/537.36 (KHTML, like Gecko; compatible; ClaudeBot/1.0; +claudebot@anthropic.com)"
216.73.216.47 - - [14/Sep/2025:02:15:15 +0000] "GET /jp/product/51287211437 HTTP/1.1" 500 - "-" "Mozilla/5.0 AppleWebKit/537.36 (KHTML, like Gecko; compatible; ClaudeBot/1.0; +claudebot@anthropic.com)"
2a02:598:96:8a00::1200:12f - - [14/Sep/2025:02:15:25 +0000] "GET /jp/product/51291533850 HTTP/1.1" 500 - "-" "Mozilla/5.0 (compatible; SeznamBot/4.0; +https://o-seznam.cz/napoveda/vyhledavani/en/seznambot-crawler/)"
216.73.216.47 - - [14/Sep/2025:02:17:14 +0000] "GET /robots.txt HTTP/1.1" 500 - "-" "Mozilla/5.0 AppleWebKit/537.36 (KHTML, like Gecko; compatible; ClaudeBot/1.0; +claudebot@anthropic.com)"
216.73.216.47 - - [14/Sep/2025:02:17:23 +0000] "GET /jp/product/512851567888 HTTP/1.1" 500 - "-" "Mozilla/5.0 AppleWebKit/537.36 (KHTML, like Gecko; compatible; ClaudeBot/1.0; +claudebot@anthropic.com)"
