216.73.216.47 - - [13/Sep/2025:21:34:07 +0000] "GET /jp/product/51302356116 HTTP/1.1" 500 - "-" "Mozilla/5.0 AppleWebKit/537.36 (KHTML, like Gecko; compatible; ClaudeBot/1.0; +claudebot@anthropic.com)"
216.73.216.47 - - [13/Sep/2025:21:34:26 +0000] "GET /jp/product/51305302821 HTTP/1.1" 500 - "-" "Mozilla/5.0 AppleWebKit/537.36 (KHTML, like Gecko; compatible; ClaudeBot/1.0; +claudebot@anthropic.com)"
216.73.216.47 - - [13/Sep/2025:21:34:54 +0000] "GET /jp/product/512872086848 HTTP/1.1" 500 - "-" "Mozilla/5.0 AppleWebKit/537.36 (KHTML, like Gecko; compatible; ClaudeBot/1.0; +claudebot@anthropic.com)"
216.73.216.47 - - [13/Sep/2025:21:35:28 +0000] "GET /jp/product/51291669613 HTTP/1.1" 500 - "-" "Mozilla/5.0 AppleWebKit/537.36 (KHTML, like Gecko; compatible; ClaudeBot/1.0; +claudebot@anthropic.com)"
216.73.216.47 - - [13/Sep/2025:21:36:37 +0000] "GET /jp/product/51305252281 HTTP/1.1" 500 - "-" "Mozilla/5.0 AppleWebKit/537.36 (KHTML, like Gecko; compatible; ClaudeBot/1.0; +claudebot@anthropic.com)"
216.73.216.47 - - [13/Sep/2025:21:37:08 +0000] "GET /jp/product/51304955643 HTTP/1.1" 500 - "-" "Mozilla/5.0 AppleWebKit/537.36 (KHTML, like Gecko; compatible; ClaudeBot/1.0; +claudebot@anthropic.com)"
216.73.216.47 - - [13/Sep/2025:21:37:42 +0000] "GET /jp/product/51291998638 HTTP/1.1" 500 - "-" "Mozilla/5.0 AppleWebKit/537.36 (KHTML, like Gecko; compatible; ClaudeBot/1.0; +claudebot@anthropic.com)"
216.73.216.47 - - [13/Sep/2025:21:38:17 +0000] "GET /jp/product/51276634330 HTTP/1.1" 500 - "-" "Mozilla/5.0 AppleWebKit/537.36 (KHTML, like Gecko; compatible; ClaudeBot/1.0; +claudebot@anthropic.com)"
52.178.144.89 - - [13/Sep/2025:21:38:46 +0000] "GET /wp-content/plugins/hellopress/wp_filemanager.php HTTP/1.1" 500 - "-" "-"
52.178.144.89 - - [13/Sep/2025:21:38:50 +0000] "GET /aa.php HTTP/1.1" 500 - "-" "-"
52.178.144.89 - - [13/Sep/2025:21:38:53 +0000] "GET /f35.php HTTP/1.1" 500 - "-" "-"
52.178.144.89 - - [13/Sep/2025:21:38:56 +0000] "GET /2.php HTTP/1.1" 500 - "-" "-"
52.178.144.89 - - [13/Sep/2025:21:39:00 +0000] "GET /gfile.php HTTP/1.1" 500 - "-" "-"
52.178.144.89 - - [13/Sep/2025:21:39:03 +0000] "GET /lc.php HTTP/1.1" 500 - "-" "-"
52.178.144.89 - - [13/Sep/2025:21:39:06 +0000] "GET /ol.php HTTP/1.1" 500 - "-" "-"
20.125.163.80 - - [13/Sep/2025:21:39:03 +0000] "GET /jp/product/512635812056 HTTP/1.1" 200 84413 "-" "Mozilla/5.0 AppleWebKit/537.36 (KHTML, like Gecko; compatible; bingbot/2.0; +http://www.bing.com/bingbot.htm) Chrome/116.0.1938.76 Safari/537.36"
52.178.144.89 - - [13/Sep/2025:21:39:09 +0000] "GET /great.php HTTP/1.1" 500 - "-" "-"
52.178.144.89 - - [13/Sep/2025:21:39:12 +0000] "GET /r4f_1.php HTTP/1.1" 500 - "-" "-"
216.73.216.47 - - [13/Sep/2025:21:39:16 +0000] "GET /jp/product/51312897100 HTTP/1.1" 500 - "-" "Mozilla/5.0 AppleWebKit/537.36 (KHTML, like Gecko; compatible; ClaudeBot/1.0; +claudebot@anthropic.com)"
52.178.144.89 - - [13/Sep/2025:21:39:15 +0000] "GET /bq.php HTTP/1.1" 500 - "-" "-"
52.178.144.89 - - [13/Sep/2025:21:39:19 +0000] "GET /sarang.php HTTP/1.1" 500 - "-" "-"
52.178.144.89 - - [13/Sep/2025:21:39:22 +0000] "GET /13.php HTTP/1.1" 500 - "-" "-"
52.178.144.89 - - [13/Sep/2025:21:39:25 +0000] "GET /bu5.php HTTP/1.1" 500 - "-" "-"
52.178.144.89 - - [13/Sep/2025:21:39:28 +0000] "GET /ffile.php HTTP/1.1" 500 - "-" "-"
52.178.144.89 - - [13/Sep/2025:21:39:31 +0000] "GET /bless2.php HTTP/1.1" 500 - "-" "-"
52.178.144.89 - - [13/Sep/2025:21:39:35 +0000] "GET /num.php HTTP/1.1" 500 - "-" "-"
52.178.144.89 - - [13/Sep/2025:21:39:38 +0000] "GET /slo.php HTTP/1.1" 500 - "-" "-"
52.178.144.89 - - [13/Sep/2025:21:39:42 +0000] "GET /ava.php HTTP/1.1" 500 - "-" "-"
52.178.144.89 - - [13/Sep/2025:21:39:46 +0000] "GET /aa17.php HTTP/1.1" 500 - "-" "-"
216.73.216.47 - - [13/Sep/2025:21:39:51 +0000] "GET /jp/product/51287091078 HTTP/1.1" 500 - "-" "Mozilla/5.0 AppleWebKit/537.36 (KHTML, like Gecko; compatible; ClaudeBot/1.0; +claudebot@anthropic.com)"
52.178.144.89 - - [13/Sep/2025:21:39:51 +0000] "GET /wsr2.php HTTP/1.1" 500 - "-" "-"
52.178.144.89 - - [13/Sep/2025:21:39:56 +0000] "GET /zc.php HTTP/1.1" 500 - "-" "-"
52.178.144.89 - - [13/Sep/2025:21:40:01 +0000] "GET /bypass.php HTTP/1.1" 500 - "-" "-"
52.178.144.89 - - [13/Sep/2025:21:40:05 +0000] "GET /filei.php HTTP/1.1" 500 - "-" "-"
52.178.144.89 - - [13/Sep/2025:21:40:10 +0000] "GET /ot.php HTTP/1.1" 500 - "-" "-"
52.178.144.89 - - [13/Sep/2025:21:40:15 +0000] "GET /pass.php HTTP/1.1" 500 - "-" "-"
52.178.144.89 - - [13/Sep/2025:21:40:19 +0000] "GET /ioxi-o.php HTTP/1.1" 500 - "-" "-"
216.73.216.47 - - [13/Sep/2025:21:40:25 +0000] "GET /jp/product/51284421724 HTTP/1.1" 500 - "-" "Mozilla/5.0 AppleWebKit/537.36 (KHTML, like Gecko; compatible; ClaudeBot/1.0; +claudebot@anthropic.com)"
52.178.144.89 - - [13/Sep/2025:21:40:24 +0000] "GET /axx.php HTTP/1.1" 500 - "-" "-"
52.178.144.89 - - [13/Sep/2025:21:40:29 +0000] "GET /cool.php HTTP/1.1" 500 - "-" "-"
52.178.144.89 - - [13/Sep/2025:21:40:32 +0000] "GET /aua.php HTTP/1.1" 500 - "-" "-"
52.178.144.89 - - [13/Sep/2025:21:40:36 +0000] "GET /aa8.php HTTP/1.1" 500 - "-" "-"
52.178.144.89 - - [13/Sep/2025:21:40:39 +0000] "GET /akc.php HTTP/1.1" 500 - "-" "-"
52.178.144.89 - - [13/Sep/2025:21:40:43 +0000] "GET /bless3.php HTTP/1.1" 500 - "-" "-"
52.178.144.89 - - [13/Sep/2025:21:40:46 +0000] "GET /CLA.php HTTP/1.1" 500 - "-" "-"
52.178.144.89 - - [13/Sep/2025:21:40:50 +0000] "GET /3.php HTTP/1.1" 500 - "-" "-"
52.178.144.89 - - [13/Sep/2025:21:40:53 +0000] "GET /new.php HTTP/1.1" 500 - "-" "-"
52.178.144.89 - - [13/Sep/2025:21:40:56 +0000] "GET /wander.php HTTP/1.1" 500 - "-" "-"
52.178.144.89 - - [13/Sep/2025:21:40:59 +0000] "GET /gold.php HTTP/1.1" 500 - "-" "-"
52.178.144.89 - - [13/Sep/2025:21:41:02 +0000] "GET /ggs.php HTTP/1.1" 500 - "-" "-"
52.178.144.89 - - [13/Sep/2025:21:41:05 +0000] "GET /winkel.php HTTP/1.1" 500 - "-" "-"
52.178.144.89 - - [13/Sep/2025:21:41:09 +0000] "GET /ee.php HTTP/1.1" 500 - "-" "-"
66.249.70.130 - - [13/Sep/2025:21:41:07 +0000] "GET /robots.txt HTTP/1.1" 200 97 "-" "Mozilla/5.0 (compatible; Googlebot/2.1; +http://www.google.com/bot.html)"
66.249.70.129 - - [13/Sep/2025:21:41:07 +0000] "GET /page?callback=product/review/51261448642185 HTTP/1.1" 200 83518 "-" "Mozilla/5.0 (Linux; Android 6.0.1; Nexus 5X Build/MMB29P) AppleWebKit/537.36 (KHTML, like Gecko) Chrome/140.0.7339.127 Mobile Safari/537.36 (compatible; Googlebot/2.1; +http://www.google.com/bot.html)"
52.178.144.89 - - [13/Sep/2025:21:41:12 +0000] "GET /33.php HTTP/1.1" 500 - "-" "-"
52.178.144.89 - - [13/Sep/2025:21:41:17 +0000] "GET /wo.php HTTP/1.1" 500 - "-" "-"
52.178.144.89 - - [13/Sep/2025:21:41:21 +0000] "GET /test2.php HTTP/1.1" 500 - "-" "-"
216.73.216.47 - - [13/Sep/2025:21:41:37 +0000] "GET /jp/product/51269025260 HTTP/1.1" 500 - "-" "Mozilla/5.0 AppleWebKit/537.36 (KHTML, like Gecko; compatible; ClaudeBot/1.0; +claudebot@anthropic.com)"
216.73.216.47 - - [13/Sep/2025:21:42:12 +0000] "GET /jp/product/51318753481 HTTP/1.1" 500 - "-" "Mozilla/5.0 AppleWebKit/537.36 (KHTML, like Gecko; compatible; ClaudeBot/1.0; +claudebot@anthropic.com)"
17.241.227.150 - - [13/Sep/2025:21:42:14 +0000] "GET /jp/product/512626885916 HTTP/1.1" 500 - "-" "Mozilla/5.0 (Macintosh; Intel Mac OS X 10_15_7) AppleWebKit/605.1.15 (KHTML, like Gecko) Version/17.4 Safari/605.1.15 (Applebot/0.1; +http://www.apple.com/go/applebot)"
66.249.70.130 - - [13/Sep/2025:21:42:14 +0000] "GET /jp/product/51312701582 HTTP/1.1" 200 84810 "-" "Mozilla/5.0 (Linux; Android 6.0.1; Nexus 5X Build/MMB29P) AppleWebKit/537.36 (KHTML, like Gecko) Chrome/140.0.7339.127 Mobile Safari/537.36 (compatible; Googlebot/2.1; +http://www.google.com/bot.html)"
216.73.216.47 - - [13/Sep/2025:21:42:46 +0000] "GET /jp/product/51297846300 HTTP/1.1" 500 - "-" "Mozilla/5.0 AppleWebKit/537.36 (KHTML, like Gecko; compatible; ClaudeBot/1.0; +claudebot@anthropic.com)"
216.73.216.47 - - [13/Sep/2025:21:43:22 +0000] "GET /jp/product/51273568617 HTTP/1.1" 500 - "-" "Mozilla/5.0 AppleWebKit/537.36 (KHTML, like Gecko; compatible; ClaudeBot/1.0; +claudebot@anthropic.com)"
216.73.216.47 - - [13/Sep/2025:21:43:32 +0000] "GET /jp/product/51269102079 HTTP/1.1" 500 - "-" "Mozilla/5.0 AppleWebKit/537.36 (KHTML, like Gecko; compatible; ClaudeBot/1.0; +claudebot@anthropic.com)"
47.246.164.133 - - [13/Sep/2025:21:43:28 +0000] "GET / HTTP/1.1" 500 - "-" "Mozilla/5.0 (Windows NT 10.0; Win64; x64) AppleWebKit/537.36 (KHTML, like Gecko) Brave Chrome/84.0.4147.89 Safari/537.36"
216.73.216.47 - - [13/Sep/2025:21:43:57 +0000] "GET /jp/product/51294663653 HTTP/1.1" 500 - "-" "Mozilla/5.0 AppleWebKit/537.36 (KHTML, like Gecko; compatible; ClaudeBot/1.0; +claudebot@anthropic.com)"
2a03:2880:3ff:71:: - - [13/Sep/2025:21:44:16 +0000] "GET / HTTP/1.1" 500 - "-" "facebookexternalhit/1.1 (+http://www.facebook.com/externalhit_uatext.php)"
2a03:2880:3ff:6:: - - [13/Sep/2025:21:44:16 +0000] "GET / HTTP/1.1" 500 - "-" "facebookexternalhit/1.1 (+http://www.facebook.com/externalhit_uatext.php)"
216.73.216.47 - - [13/Sep/2025:21:44:31 +0000] "GET /jp/product/51312841616 HTTP/1.1" 500 - "-" "Mozilla/5.0 AppleWebKit/537.36 (KHTML, like Gecko; compatible; ClaudeBot/1.0; +claudebot@anthropic.com)"
216.73.216.47 - - [13/Sep/2025:21:45:05 +0000] "GET /jp/product/51291932255 HTTP/1.1" 500 - "-" "Mozilla/5.0 AppleWebKit/537.36 (KHTML, like Gecko; compatible; ClaudeBot/1.0; +claudebot@anthropic.com)"
216.73.216.47 - - [13/Sep/2025:21:45:40 +0000] "GET /jp/product/512721402982 HTTP/1.1" 500 - "-" "Mozilla/5.0 AppleWebKit/537.36 (KHTML, like Gecko; compatible; ClaudeBot/1.0; +claudebot@anthropic.com)"
216.73.216.47 - - [13/Sep/2025:21:46:17 +0000] "GET /jp/product/51302023655 HTTP/1.1" 500 - "-" "Mozilla/5.0 AppleWebKit/537.36 (KHTML, like Gecko; compatible; ClaudeBot/1.0; +claudebot@anthropic.com)"
216.73.216.47 - - [13/Sep/2025:21:46:52 +0000] "GET /jp/product/51302396093 HTTP/1.1" 500 - "-" "Mozilla/5.0 AppleWebKit/537.36 (KHTML, like Gecko; compatible; ClaudeBot/1.0; +claudebot@anthropic.com)"
2a02:598:128:8a00::b00:5 - - [13/Sep/2025:21:47:18 +0000] "GET /jp/product/51263251545 HTTP/1.1" 500 - "-" "Mozilla/5.0 (compatible; SeznamBot/4.0; +https://o-seznam.cz/napoveda/vyhledavani/en/seznambot-crawler/)"
216.73.216.47 - - [13/Sep/2025:21:47:27 +0000] "GET /jp/product/51284302329 HTTP/1.1" 500 - "-" "Mozilla/5.0 AppleWebKit/537.36 (KHTML, like Gecko; compatible; ClaudeBot/1.0; +claudebot@anthropic.com)"
216.73.216.47 - - [13/Sep/2025:21:48:01 +0000] "GET /jp/product/51287135626 HTTP/1.1" 500 - "-" "Mozilla/5.0 AppleWebKit/537.36 (KHTML, like Gecko; compatible; ClaudeBot/1.0; +claudebot@anthropic.com)"
157.55.39.55 - - [13/Sep/2025:21:48:14 +0000] "GET /jp/product/512771380337 HTTP/1.1" 200 85081 "-" "Mozilla/5.0 AppleWebKit/537.36 (KHTML, like Gecko; compatible; bingbot/2.0; +http://www.bing.com/bingbot.htm) Chrome/116.0.1938.76 Safari/537.36"
216.73.216.47 - - [13/Sep/2025:21:48:36 +0000] "GET /jp/product/51304997518 HTTP/1.1" 500 - "-" "Mozilla/5.0 AppleWebKit/537.36 (KHTML, like Gecko; compatible; ClaudeBot/1.0; +claudebot@anthropic.com)"
35.236.104.98 - - [13/Sep/2025:21:48:46 +0000] "GET / HTTP/1.1" 500 - "-" "IT-INDIA.org Crawler/1.0 (admin@it-india.org)"
216.73.216.47 - - [13/Sep/2025:21:48:53 +0000] "GET /jp/product/513043681727 HTTP/1.1" 500 - "-" "Mozilla/5.0 AppleWebKit/537.36 (KHTML, like Gecko; compatible; ClaudeBot/1.0; +claudebot@anthropic.com)"
216.73.216.47 - - [13/Sep/2025:21:49:28 +0000] "GET /jp/product/512718242082 HTTP/1.1" 500 - "-" "Mozilla/5.0 AppleWebKit/537.36 (KHTML, like Gecko; compatible; ClaudeBot/1.0; +claudebot@anthropic.com)"
189.231.190.29 - - [13/Sep/2025:21:49:52 +0000] "GET / HTTP/1.1" 500 - "-" "Mozilla/5.0 (Windows NT 10.0; Win64; x64) AppleWebKit/537.36 (KHTML, like Gecko) Chrome/114.0.0.0 Safari/537.36 Edg/114.0.1823.43"
156.193.122.22 - - [13/Sep/2025:21:49:52 +0000] "GET / HTTP/1.1" 500 - "-" "Mozilla/5.0 (Windows NT 10.0; Win64; x64) AppleWebKit/537.36 (KHTML, like Gecko) Chrome/114.0.0.0 Safari/537.36 Edg/114.0.1823.43"
164.160.81.39 - - [13/Sep/2025:21:49:54 +0000] "GET / HTTP/1.1" 500 - "-" "Mozilla/5.0 (Windows NT 10.0; Win64; x64) AppleWebKit/537.36 (KHTML, like Gecko) Chrome/114.0.0.0 Safari/537.36 Edg/114.0.1823.43"
216.73.216.47 - - [13/Sep/2025:21:50:03 +0000] "GET /jp/product/51276711947 HTTP/1.1" 500 - "-" "Mozilla/5.0 AppleWebKit/537.36 (KHTML, like Gecko; compatible; ClaudeBot/1.0; +claudebot@anthropic.com)"
205.210.31.146 - - [13/Sep/2025:21:50:29 +0000] "GET / HTTP/1.1" 500 - "http://104.21.84.212:80/" "-"
216.73.216.47 - - [13/Sep/2025:21:50:37 +0000] "GET /jp/product/51318711261 HTTP/1.1" 500 - "-" "Mozilla/5.0 AppleWebKit/537.36 (KHTML, like Gecko; compatible; ClaudeBot/1.0; +claudebot@anthropic.com)"
216.73.216.47 - - [13/Sep/2025:21:51:09 +0000] "GET /jp/product/51266038011 HTTP/1.1" 500 - "-" "Mozilla/5.0 AppleWebKit/537.36 (KHTML, like Gecko; compatible; ClaudeBot/1.0; +claudebot@anthropic.com)"
216.73.216.47 - - [13/Sep/2025:21:51:23 +0000] "GET /jp/product/513129451204 HTTP/1.1" 500 - "-" "Mozilla/5.0 AppleWebKit/537.36 (KHTML, like Gecko; compatible; ClaudeBot/1.0; +claudebot@anthropic.com)"
216.73.216.47 - - [13/Sep/2025:21:51:58 +0000] "GET /jp/product/51305239606 HTTP/1.1" 500 - "-" "Mozilla/5.0 AppleWebKit/537.36 (KHTML, like Gecko; compatible; ClaudeBot/1.0; +claudebot@anthropic.com)"
207.46.13.156 - - [13/Sep/2025:21:52:26 +0000] "GET /jp/product/51312925462 HTTP/1.1" 200 83340 "-" "Mozilla/5.0 AppleWebKit/537.36 (KHTML, like Gecko; compatible; bingbot/2.0; +http://www.bing.com/bingbot.htm) Chrome/116.0.1938.76 Safari/537.36"
216.73.216.47 - - [13/Sep/2025:21:52:33 +0000] "GET /jp/product/51312920075 HTTP/1.1" 500 - "-" "Mozilla/5.0 AppleWebKit/537.36 (KHTML, like Gecko; compatible; ClaudeBot/1.0; +claudebot@anthropic.com)"
2a02:598:96:8a00::1200:12f - - [13/Sep/2025:21:52:54 +0000] "GET /jp/product/512617786068 HTTP/1.1" 500 - "-" "Mozilla/5.0 (compatible; SeznamBot/4.0; +https://o-seznam.cz/napoveda/vyhledavani/en/seznambot-crawler/)"
216.73.216.47 - - [13/Sep/2025:21:53:09 +0000] "GET /jp/product/51294891445 HTTP/1.1" 500 - "-" "Mozilla/5.0 AppleWebKit/537.36 (KHTML, like Gecko; compatible; ClaudeBot/1.0; +claudebot@anthropic.com)"
216.73.216.47 - - [13/Sep/2025:21:53:43 +0000] "GET /jp/product/512913298751 HTTP/1.1" 500 - "-" "Mozilla/5.0 AppleWebKit/537.36 (KHTML, like Gecko; compatible; ClaudeBot/1.0; +claudebot@anthropic.com)"
216.73.216.47 - - [13/Sep/2025:21:53:55 +0000] "GET /jp/product/51283956093 HTTP/1.1" 500 - "-" "Mozilla/5.0 AppleWebKit/537.36 (KHTML, like Gecko; compatible; ClaudeBot/1.0; +claudebot@anthropic.com)"
216.73.216.47 - - [13/Sep/2025:21:54:46 +0000] "GET /jp/product/51273847131 HTTP/1.1" 500 - "-" "Mozilla/5.0 AppleWebKit/537.36 (KHTML, like Gecko; compatible; ClaudeBot/1.0; +claudebot@anthropic.com)"
216.73.216.47 - - [13/Sep/2025:21:55:20 +0000] "GET /jp/product/512851398638 HTTP/1.1" 500 - "-" "Mozilla/5.0 AppleWebKit/537.36 (KHTML, like Gecko; compatible; ClaudeBot/1.0; +claudebot@anthropic.com)"
207.46.13.102 - - [13/Sep/2025:21:55:35 +0000] "GET /site/wp-content/uploads/2019/02/dna-banking-300x85.jpg HTTP/1.1" 200 84000 "-" "Mozilla/5.0 AppleWebKit/537.36 (KHTML, like Gecko; compatible; bingbot/2.0; +http://www.bing.com/bingbot.htm) Chrome/116.0.1938.76 Safari/537.36"
216.73.216.47 - - [13/Sep/2025:21:55:54 +0000] "GET /jp/product/513143963827 HTTP/1.1" 500 - "-" "Mozilla/5.0 AppleWebKit/537.36 (KHTML, like Gecko; compatible; ClaudeBot/1.0; +claudebot@anthropic.com)"
91.84.104.205 - - [13/Sep/2025:21:56:07 +0000] "GET / HTTP/1.1" 500 - "-" "Mozilla/5.0 (Macintosh; Intel Mac OS X 10_15_7) AppleWebKit/537.36 (KHTML, like Gecko) Chrome/133.0.0.0 Safari/537.36"
216.73.216.47 - - [13/Sep/2025:21:56:17 +0000] "GET /jp/product/51273884496 HTTP/1.1" 500 - "-" "Mozilla/5.0 AppleWebKit/537.36 (KHTML, like Gecko; compatible; ClaudeBot/1.0; +claudebot@anthropic.com)"
216.73.216.47 - - [13/Sep/2025:21:56:52 +0000] "GET /jp/product/51276624302 HTTP/1.1" 500 - "-" "Mozilla/5.0 AppleWebKit/537.36 (KHTML, like Gecko; compatible; ClaudeBot/1.0; +claudebot@anthropic.com)"
196.251.117.230 - - [13/Sep/2025:21:56:55 +0000] "GET /.env HTTP/1.1" 500 - "-" "Mozilla/5.0 (X11; U; Linux x86_64; en-US) AppleWebKit/537.36 (KHTML, like Gecko) Chrome/30.0.1599.114 Safari/537.36 Puffin/4.5.0IT"
216.73.216.47 - - [13/Sep/2025:21:57:27 +0000] "GET /jp/product/51318753436 HTTP/1.1" 500 - "-" "Mozilla/5.0 AppleWebKit/537.36 (KHTML, like Gecko; compatible; ClaudeBot/1.0; +claudebot@anthropic.com)"
216.73.216.47 - - [13/Sep/2025:21:58:01 +0000] "GET /jp/product/512825045841 HTTP/1.1" 500 - "-" "Mozilla/5.0 AppleWebKit/537.36 (KHTML, like Gecko; compatible; ClaudeBot/1.0; +claudebot@anthropic.com)"
216.73.216.47 - - [13/Sep/2025:21:58:36 +0000] "GET /jp/product/51276618531 HTTP/1.1" 500 - "-" "Mozilla/5.0 AppleWebKit/537.36 (KHTML, like Gecko; compatible; ClaudeBot/1.0; +claudebot@anthropic.com)"
216.73.216.47 - - [13/Sep/2025:21:59:07 +0000] "GET /jp/product/51266053036 HTTP/1.1" 500 - "-" "Mozilla/5.0 AppleWebKit/537.36 (KHTML, like Gecko; compatible; ClaudeBot/1.0; +claudebot@anthropic.com)"
216.73.216.47 - - [13/Sep/2025:21:59:41 +0000] "GET /jp/product/51263159876 HTTP/1.1" 500 - "-" "Mozilla/5.0 AppleWebKit/537.36 (KHTML, like Gecko; compatible; ClaudeBot/1.0; +claudebot@anthropic.com)"
216.73.216.47 - - [13/Sep/2025:22:00:15 +0000] "GET /jp/product/51273688986 HTTP/1.1" 500 - "-" "Mozilla/5.0 AppleWebKit/537.36 (KHTML, like Gecko; compatible; ClaudeBot/1.0; +claudebot@anthropic.com)"
216.73.216.47 - - [13/Sep/2025:22:00:51 +0000] "GET /jp/product/51273718181 HTTP/1.1" 500 - "-" "Mozilla/5.0 AppleWebKit/537.36 (KHTML, like Gecko; compatible; ClaudeBot/1.0; +claudebot@anthropic.com)"
157.55.39.205 - - [13/Sep/2025:22:00:45 +0000] "GET /jp/product/513020069669 HTTP/1.1" 200 84019 "-" "Mozilla/5.0 AppleWebKit/537.36 (KHTML, like Gecko; compatible; bingbot/2.0; +http://www.bing.com/bingbot.htm) Chrome/116.0.1938.76 Safari/537.36"
187.56.198.215 - - [13/Sep/2025:22:00:59 +0000] "GET / HTTP/1.1" 500 - "-" "Mozilla/5.0 (Windows NT 10.0; Win64; x64) AppleWebKit/537.36 (KHTML, like Gecko) Chrome/114.0.0.0 Safari/537.36 Edg/114.0.1823.43"
216.73.216.47 - - [13/Sep/2025:22:01:14 +0000] "GET /jp/product/51297780182 HTTP/1.1" 500 - "-" "Mozilla/5.0 AppleWebKit/537.36 (KHTML, like Gecko; compatible; ClaudeBot/1.0; +claudebot@anthropic.com)"
216.73.216.47 - - [13/Sep/2025:22:01:49 +0000] "GET /jp/product/513022709757 HTTP/1.1" 500 - "-" "Mozilla/5.0 AppleWebKit/537.36 (KHTML, like Gecko; compatible; ClaudeBot/1.0; +claudebot@anthropic.com)"
2001:ee0:4d51:9dd8:3484:fecf:58a6:3c7b - - [13/Sep/2025:22:02:00 +0000] "GET / HTTP/1.1" 500 - "-" "Mozilla/5.0 (Windows NT 10.0; Win64; x64) AppleWebKit/537.36 (KHTML, like Gecko) Chrome/135.0.0.0 Safari/537.36"
216.73.216.47 - - [13/Sep/2025:22:02:11 +0000] "GET /jp/product/513120273657 HTTP/1.1" 500 - "-" "Mozilla/5.0 AppleWebKit/537.36 (KHTML, like Gecko; compatible; ClaudeBot/1.0; +claudebot@anthropic.com)"
216.73.216.47 - - [13/Sep/2025:22:02:45 +0000] "GET /jp/product/51302483376 HTTP/1.1" 500 - "-" "Mozilla/5.0 AppleWebKit/537.36 (KHTML, like Gecko; compatible; ClaudeBot/1.0; +claudebot@anthropic.com)"
213.186.1.154 - - [13/Sep/2025:22:03:05 +0000] "GET / HTTP/1.1" 500 - "-" "Mediatoolkitbot (complaints@mediatoolkit.com)"
52.167.144.176 - - [13/Sep/2025:22:03:11 +0000] "GET /jp/product/512875025717 HTTP/1.1" 200 84607 "-" "Mozilla/5.0 AppleWebKit/537.36 (KHTML, like Gecko; compatible; bingbot/2.0; +http://www.bing.com/bingbot.htm) Chrome/116.0.1938.76 Safari/537.36"
216.73.216.47 - - [13/Sep/2025:22:03:20 +0000] "GET /jp/product/51273823705 HTTP/1.1" 500 - "-" "Mozilla/5.0 AppleWebKit/537.36 (KHTML, like Gecko; compatible; ClaudeBot/1.0; +claudebot@anthropic.com)"
216.73.216.47 - - [13/Sep/2025:22:03:54 +0000] "GET /jp/product/51294895701 HTTP/1.1" 500 - "-" "Mozilla/5.0 AppleWebKit/537.36 (KHTML, like Gecko; compatible; ClaudeBot/1.0; +claudebot@anthropic.com)"
216.73.216.47 - - [13/Sep/2025:22:04:29 +0000] "GET /jp/product/512718378654 HTTP/1.1" 500 - "-" "Mozilla/5.0 AppleWebKit/537.36 (KHTML, like Gecko; compatible; ClaudeBot/1.0; +claudebot@anthropic.com)"
216.73.216.47 - - [13/Sep/2025:22:05:04 +0000] "GET /jp/product/51294475031 HTTP/1.1" 500 - "-" "Mozilla/5.0 AppleWebKit/537.36 (KHTML, like Gecko; compatible; ClaudeBot/1.0; +claudebot@anthropic.com)"
216.73.216.47 - - [13/Sep/2025:22:06:38 +0000] "GET /jp/product/51305368492 HTTP/1.1" 500 - "-" "Mozilla/5.0 AppleWebKit/537.36 (KHTML, like Gecko; compatible; ClaudeBot/1.0; +claudebot@anthropic.com)"
216.73.216.47 - - [13/Sep/2025:22:07:14 +0000] "GET /jp/product/51263337842 HTTP/1.1" 500 - "-" "Mozilla/5.0 AppleWebKit/537.36 (KHTML, like Gecko; compatible; ClaudeBot/1.0; +claudebot@anthropic.com)"
216.73.216.47 - - [13/Sep/2025:22:07:47 +0000] "GET /jp/product/51307919978 HTTP/1.1" 500 - "-" "Mozilla/5.0 AppleWebKit/537.36 (KHTML, like Gecko; compatible; ClaudeBot/1.0; +claudebot@anthropic.com)"
216.73.216.47 - - [13/Sep/2025:22:08:18 +0000] "GET /jp/product/513011022506 HTTP/1.1" 500 - "-" "Mozilla/5.0 AppleWebKit/537.36 (KHTML, like Gecko; compatible; ClaudeBot/1.0; +claudebot@anthropic.com)"
216.73.216.47 - - [13/Sep/2025:22:08:33 +0000] "GET /jp/product/51315493771 HTTP/1.1" 500 - "-" "Mozilla/5.0 AppleWebKit/537.36 (KHTML, like Gecko; compatible; ClaudeBot/1.0; +claudebot@anthropic.com)"
216.73.216.47 - - [13/Sep/2025:22:09:41 +0000] "GET /jp/product/51318821501 HTTP/1.1" 500 - "-" "Mozilla/5.0 AppleWebKit/537.36 (KHTML, like Gecko; compatible; ClaudeBot/1.0; +claudebot@anthropic.com)"
216.73.216.47 - - [13/Sep/2025:22:10:15 +0000] "GET /jp/product/512872036987 HTTP/1.1" 500 - "-" "Mozilla/5.0 AppleWebKit/537.36 (KHTML, like Gecko; compatible; ClaudeBot/1.0; +claudebot@anthropic.com)"
157.55.39.205 - - [13/Sep/2025:22:10:27 +0000] "GET /2017/02/teotihuacan-new-artifact-filled-chambers-revealed/ HTTP/1.1" 200 83730 "-" "Mozilla/5.0 AppleWebKit/537.36 (KHTML, like Gecko; compatible; bingbot/2.0; +http://www.bing.com/bingbot.htm) Chrome/116.0.1938.76 Safari/537.36"
216.73.216.47 - - [13/Sep/2025:22:10:50 +0000] "GET /jp/product/513052308925 HTTP/1.1" 500 - "-" "Mozilla/5.0 AppleWebKit/537.36 (KHTML, like Gecko; compatible; ClaudeBot/1.0; +claudebot@anthropic.com)"
216.73.216.47 - - [13/Sep/2025:22:11:24 +0000] "GET /jp/product/51297571066 HTTP/1.1" 500 - "-" "Mozilla/5.0 AppleWebKit/537.36 (KHTML, like Gecko; compatible; ClaudeBot/1.0; +claudebot@anthropic.com)"
216.73.216.47 - - [13/Sep/2025:22:12:29 +0000] "GET /jp/product/51263413867 HTTP/1.1" 500 - "-" "Mozilla/5.0 AppleWebKit/537.36 (KHTML, like Gecko; compatible; ClaudeBot/1.0; +claudebot@anthropic.com)"
216.73.216.47 - - [13/Sep/2025:22:12:58 +0000] "GET /robots.txt HTTP/1.1" 500 - "-" "Mozilla/5.0 AppleWebKit/537.36 (KHTML, like Gecko; compatible; ClaudeBot/1.0; +claudebot@anthropic.com)"
216.73.216.47 - - [13/Sep/2025:22:13:03 +0000] "GET /jp/product/512818934696 HTTP/1.1" 500 - "-" "Mozilla/5.0 AppleWebKit/537.36 (KHTML, like Gecko; compatible; ClaudeBot/1.0; +claudebot@anthropic.com)"
216.73.216.47 - - [13/Sep/2025:22:13:26 +0000] "GET /jp/product/51315580524 HTTP/1.1" 500 - "-" "Mozilla/5.0 AppleWebKit/537.36 (KHTML, like Gecko; compatible; ClaudeBot/1.0; +claudebot@anthropic.com)"
216.73.216.47 - - [13/Sep/2025:22:13:49 +0000] "GET /robots.txt HTTP/1.1" 500 - "-" "Mozilla/5.0 AppleWebKit/537.36 (KHTML, like Gecko; compatible; ClaudeBot/1.0; +claudebot@anthropic.com)"
216.73.216.47 - - [13/Sep/2025:22:14:00 +0000] "GET /jp/product/513164669615 HTTP/1.1" 500 - "-" "Mozilla/5.0 AppleWebKit/537.36 (KHTML, like Gecko; compatible; ClaudeBot/1.0; +claudebot@anthropic.com)"
216.73.216.47 - - [13/Sep/2025:22:14:37 +0000] "GET /jp/product/51263179681 HTTP/1.1" 500 - "-" "Mozilla/5.0 AppleWebKit/537.36 (KHTML, like Gecko; compatible; ClaudeBot/1.0; +claudebot@anthropic.com)"
47.246.164.150 - - [13/Sep/2025:22:15:05 +0000] "GET / HTTP/1.1" 200 83409 "-" "Mozilla/5.0 (Windows NT 6.2; WOW64) AppleWebKit/537.36 (KHTML, like Gecko) Chrome/75.0.3770.100 ADG/11.0.2510 AOLBUILD/11.0.2510 Safari/537.36"
216.73.216.47 - - [13/Sep/2025:22:15:28 +0000] "GET /jp/product/51266231733 HTTP/1.1" 500 - "-" "Mozilla/5.0 AppleWebKit/537.36 (KHTML, like Gecko; compatible; ClaudeBot/1.0; +claudebot@anthropic.com)"
216.73.216.47 - - [13/Sep/2025:22:16:02 +0000] "GET /jp/product/51279689094 HTTP/1.1" 500 - "-" "Mozilla/5.0 AppleWebKit/537.36 (KHTML, like Gecko; compatible; ClaudeBot/1.0; +claudebot@anthropic.com)"
216.73.216.47 - - [13/Sep/2025:22:18:12 +0000] "GET /jp/product/512824953452 HTTP/1.1" 500 - "-" "Mozilla/5.0 AppleWebKit/537.36 (KHTML, like Gecko; compatible; ClaudeBot/1.0; +claudebot@anthropic.com)"
216.73.216.47 - - [13/Sep/2025:22:18:47 +0000] "GET /jp/product/51297472044 HTTP/1.1" 500 - "-" "Mozilla/5.0 AppleWebKit/537.36 (KHTML, like Gecko; compatible; ClaudeBot/1.0; +claudebot@anthropic.com)"
177.170.163.143 - - [13/Sep/2025:22:18:56 +0000] "GET /jp/product/5127873751 HTTP/1.1" 500 - "-" "Mozilla/5.0 (Windows NT 10.0; Win64; x64) AppleWebKit/537.36 (KHTML, like Gecko) Chrome/98.0.4758.81 Safari/537.36"
17.241.219.159 - - [13/Sep/2025:22:19:37 +0000] "GET /jp/product/512626633656 HTTP/1.1" 500 - "-" "Mozilla/5.0 (Macintosh; Intel Mac OS X 10_15_7) AppleWebKit/605.1.15 (KHTML, like Gecko) Version/17.4 Safari/605.1.15 (Applebot/0.1; +http://www.apple.com/go/applebot)"
111.225.149.207 - - [13/Sep/2025:22:20:52 +0000] "GET /robots.txt HTTP/1.1" 500 - "-" "Mozilla/5.0 (Linux; Android 5.0) AppleWebKit/537.36 (KHTML, like Gecko) Mobile Safari/537.36 (compatible; Bytespider; https://zhanzhang.toutiao.com/)"
216.73.216.47 - - [13/Sep/2025:22:21:03 +0000] "GET /jp/product/51286996861 HTTP/1.1" 500 - "-" "Mozilla/5.0 AppleWebKit/537.36 (KHTML, like Gecko; compatible; ClaudeBot/1.0; +claudebot@anthropic.com)"
2a02:598:128:8a00::b00:5 - - [13/Sep/2025:22:21:16 +0000] "GET /jp/product/51281168380 HTTP/1.1" 500 - "-" "Mozilla/5.0 (compatible; SeznamBot/4.0; +https://o-seznam.cz/napoveda/vyhledavani/en/seznambot-crawler/)"
216.73.216.47 - - [13/Sep/2025:22:21:38 +0000] "GET /jp/product/51297806571 HTTP/1.1" 500 - "-" "Mozilla/5.0 AppleWebKit/537.36 (KHTML, like Gecko; compatible; ClaudeBot/1.0; +claudebot@anthropic.com)"
2804:7f0:7702:c33a:6deb:cbe8:fe13:8778 - - [13/Sep/2025:22:21:34 +0000] "GET /jp/product/5127714856 HTTP/1.1" 500 - "-" "Mozilla/5.0 (Windows NT 6.1; WOW64) AppleWebKit/537.36 (KHTML, like Gecko) Chrome/100.0.4896.127 Safari/537.36"
157.55.39.52 - - [13/Sep/2025:22:21:46 +0000] "GET /jp/product/5126396175 HTTP/1.1" 200 83654 "-" "Mozilla/5.0 AppleWebKit/537.36 (KHTML, like Gecko; compatible; bingbot/2.0; +http://www.bing.com/bingbot.htm) Chrome/116.0.1938.76 Safari/537.36"
170.238.198.175 - - [13/Sep/2025:22:22:47 +0000] "GET / HTTP/1.1" 500 - "-" "Mozilla/5.0 (Windows NT 10.0; Win64; x64) AppleWebKit/537.36 (KHTML, like Gecko) Chrome/114.0.0.0 Safari/537.36 Edg/114.0.1823.43"
66.249.70.128 - - [13/Sep/2025:22:22:59 +0000] "GET /jp/product/51312911116 HTTP/1.1" 200 83882 "-" "Mozilla/5.0 (Linux; Android 6.0.1; Nexus 5X Build/MMB29P) AppleWebKit/537.36 (KHTML, like Gecko) Chrome/140.0.7339.127 Mobile Safari/537.36 (compatible; Googlebot/2.1; +http://www.google.com/bot.html)"
216.73.216.47 - - [13/Sep/2025:22:23:46 +0000] "GET /jp/product/51263279233 HTTP/1.1" 500 - "-" "Mozilla/5.0 AppleWebKit/537.36 (KHTML, like Gecko; compatible; ClaudeBot/1.0; +claudebot@anthropic.com)"
5.133.192.160 - - [13/Sep/2025:22:24:20 +0000] "GET / HTTP/1.1" 500 - "-" "Mozilla/5.0 (Windows NT 10.0; Win64; x64) AppleWebKit/537.36 (KHTML, like Gecko) Chrome/105.0.0.0 Safari/537.36"
5.133.192.160 - - [13/Sep/2025:22:24:26 +0000] "GET / HTTP/1.1" 500 - "-" "Mozilla/5.0 (Windows NT 10.0; Win64; x64) AppleWebKit/537.36 (KHTML, like Gecko) Chrome/105.0.0.0 Safari/537.36"
216.73.216.47 - - [13/Sep/2025:22:24:45 +0000] "GET /jp/product/513123177937 HTTP/1.1" 500 - "-" "Mozilla/5.0 AppleWebKit/537.36 (KHTML, like Gecko; compatible; ClaudeBot/1.0; +claudebot@anthropic.com)"
205.210.31.20 - - [13/Sep/2025:22:25:50 +0000] "GET / HTTP/1.1" 500 - "http://104.21.44.78:80/" "-"
114.119.154.115 - - [13/Sep/2025:22:26:13 +0000] "GET /jp/product/513028680938 HTTP/1.1" 500 - "https://ancientufo.org/sitemap.xml" "Mozilla/5.0 (Linux; Android 7.0;) AppleWebKit/537.36 (KHTML, like Gecko) Mobile Safari/537.36 (compatible; PetalBot;+https://webmaster.petalsearch.com/site/petalbot)"
66.249.70.129 - - [13/Sep/2025:22:27:10 +0000] "GET /jp/product/51273563227 HTTP/1.1" 200 83943 "-" "Mozilla/5.0 (Linux; Android 6.0.1; Nexus 5X Build/MMB29P) AppleWebKit/537.36 (KHTML, like Gecko) Chrome/140.0.7339.127 Mobile Safari/537.36 (compatible; Googlebot/2.1; +http://www.google.com/bot.html)"
216.73.216.47 - - [13/Sep/2025:22:27:39 +0000] "GET /jp/product/512623705166 HTTP/1.1" 500 - "-" "Mozilla/5.0 AppleWebKit/537.36 (KHTML, like Gecko; compatible; ClaudeBot/1.0; +claudebot@anthropic.com)"
114.119.148.161 - - [13/Sep/2025:22:28:09 +0000] "GET /2016/06/real-ancient-astronaut-truth-kiev-idol/ HTTP/1.1" 500 - "https://www.tumblr.com/ancientufo/tagged/et" "Mozilla/5.0 (Linux; Android 7.0;) AppleWebKit/537.36 (KHTML, like Gecko) Mobile Safari/537.36 (compatible; PetalBot;+https://webmaster.petalsearch.com/site/petalbot)"
34.174.160.83 - - [13/Sep/2025:22:29:32 +0000] "GET /robots.txt HTTP/1.1" 200 97 "-" "Mozilla/5.0 (Windows NT 10.0; Win64; x64) AppleWebKit/537.36 (KHTML, like Gecko) Chrome/138.0.0.0 Safari/537.36"
74.125.151.139 - - [13/Sep/2025:22:29:41 +0000] "GET / HTTP/1.1" 500 - "-" "FeedBurner/1.0 (http://www.FeedBurner.com)"
34.174.160.83 - - [13/Sep/2025:22:29:47 +0000] "GET /page/3/ HTTP/1.1" 500 - "-" "Mozilla/5.0 (Windows NT 10.0; Win64; x64) AppleWebKit/537.36 (KHTML, like Gecko) Chrome/138.0.0.0 Safari/537.36"
157.55.39.16 - - [13/Sep/2025:22:30:10 +0000] "GET /jp/product/513167765412 HTTP/1.1" 200 84341 "-" "Mozilla/5.0 AppleWebKit/537.36 (KHTML, like Gecko; compatible; bingbot/2.0; +http://www.bing.com/bingbot.htm) Chrome/116.0.1938.76 Safari/537.36"
216.73.216.47 - - [13/Sep/2025:22:30:43 +0000] "GET /jp/product/51266282104 HTTP/1.1" 500 - "-" "Mozilla/5.0 AppleWebKit/537.36 (KHTML, like Gecko; compatible; ClaudeBot/1.0; +claudebot@anthropic.com)"
216.73.216.47 - - [13/Sep/2025:22:31:25 +0000] "GET /jp/product/51273819582 HTTP/1.1" 500 - "-" "Mozilla/5.0 AppleWebKit/537.36 (KHTML, like Gecko; compatible; ClaudeBot/1.0; +claudebot@anthropic.com)"
66.249.70.138 - - [13/Sep/2025:22:31:18 +0000] "GET /jp/product/51312591767 HTTP/1.1" 200 85905 "-" "Mozilla/5.0 (Linux; Android 6.0.1; Nexus 5X Build/MMB29P) AppleWebKit/537.36 (KHTML, like Gecko) Chrome/140.0.7339.127 Mobile Safari/537.36 (compatible; Googlebot/2.1; +http://www.google.com/bot.html)"
66.249.70.138 - - [13/Sep/2025:22:31:27 +0000] "GET /product?call=/detail/51283585042706 HTTP/1.1" 200 83889 "-" "Mozilla/5.0 (Linux; Android 6.0.1; Nexus 5X Build/MMB29P) AppleWebKit/537.36 (KHTML, like Gecko) Chrome/140.0.7339.127 Mobile Safari/537.36 (compatible; Googlebot/2.1; +http://www.google.com/bot.html)"
216.73.216.47 - - [13/Sep/2025:22:33:08 +0000] "GET /jp/product/513111574441 HTTP/1.1" 500 - "-" "Mozilla/5.0 AppleWebKit/537.36 (KHTML, like Gecko; compatible; ClaudeBot/1.0; +claudebot@anthropic.com)"
157.55.39.16 - - [13/Sep/2025:22:34:02 +0000] "GET /jp/product/51269094294 HTTP/1.1" 200 84600 "-" "Mozilla/5.0 AppleWebKit/537.36 (KHTML, like Gecko; compatible; bingbot/2.0; +http://www.bing.com/bingbot.htm) Chrome/116.0.1938.76 Safari/537.36"
216.73.216.47 - - [13/Sep/2025:22:34:34 +0000] "GET /jp/product/51302307856 HTTP/1.1" 500 - "-" "Mozilla/5.0 AppleWebKit/537.36 (KHTML, like Gecko; compatible; ClaudeBot/1.0; +claudebot@anthropic.com)"
66.249.70.137 - - [13/Sep/2025:22:35:36 +0000] "GET /jp/product/51302253955 HTTP/1.1" 200 84954 "-" "Mozilla/5.0 (Linux; Android 6.0.1; Nexus 5X Build/MMB29P) AppleWebKit/537.36 (KHTML, like Gecko) Chrome/140.0.7339.127 Mobile Safari/537.36 (compatible; Googlebot/2.1; +http://www.google.com/bot.html)"
216.73.216.47 - - [13/Sep/2025:22:37:13 +0000] "GET /jp/product/513132000187 HTTP/1.1" 500 - "-" "Mozilla/5.0 AppleWebKit/537.36 (KHTML, like Gecko; compatible; ClaudeBot/1.0; +claudebot@anthropic.com)"
216.73.216.47 - - [13/Sep/2025:22:37:46 +0000] "GET /jp/product/513046357890 HTTP/1.1" 500 - "-" "Mozilla/5.0 AppleWebKit/537.36 (KHTML, like Gecko; compatible; ClaudeBot/1.0; +claudebot@anthropic.com)"
216.73.216.47 - - [13/Sep/2025:22:38:45 +0000] "GET /robots.txt HTTP/1.1" 500 - "http://ancientufo.org/robots.txt" "Mozilla/5.0 AppleWebKit/537.36 (KHTML, like Gecko; compatible; ClaudeBot/1.0; +claudebot@anthropic.com)"
66.249.70.138 - - [13/Sep/2025:22:38:45 +0000] "GET /jp/product/51263377307 HTTP/1.1" 200 86313 "-" "Mozilla/5.0 (Linux; Android 6.0.1; Nexus 5X Build/MMB29P) AppleWebKit/537.36 (KHTML, like Gecko) Chrome/140.0.7339.127 Mobile Safari/537.36 (compatible; Googlebot/2.1; +http://www.google.com/bot.html)"
216.73.216.47 - - [13/Sep/2025:22:38:56 +0000] "GET /2017/08/23-soldiers-turned-stone-aliens-says-oficial-cia-report HTTP/1.1" 500 - "http://ancientufo.org/2017/08/23-soldiers-turned-stone-aliens-says-oficial-cia-report" "Mozilla/5.0 AppleWebKit/537.36 (KHTML, like Gecko; compatible; ClaudeBot/1.0; +claudebot@anthropic.com)"
66.249.70.137 - - [13/Sep/2025:22:38:55 +0000] "GET /recruit/51269911759710 HTTP/1.1" 200 86167 "-" "Mozilla/5.0 (Linux; Android 6.0.1; Nexus 5X Build/MMB29P) AppleWebKit/537.36 (KHTML, like Gecko) Chrome/140.0.7339.127 Mobile Safari/537.36 (compatible; Googlebot/2.1; +http://www.google.com/bot.html)"
207.46.13.107 - - [13/Sep/2025:22:39:22 +0000] "GET /jp/product/512946058713 HTTP/1.1" 200 85063 "-" "Mozilla/5.0 AppleWebKit/537.36 (KHTML, like Gecko; compatible; bingbot/2.0; +http://www.bing.com/bingbot.htm) Chrome/116.0.1938.76 Safari/537.36"
34.174.202.56 - - [13/Sep/2025:22:39:38 +0000] "GET /page/3/ HTTP/1.1" 500 - "-" "Mozilla/5.0 (Windows NT 10.0; Win64; x64; rv:136.0) Gecko/20100101 Firefox/136.0"
66.249.70.139 - - [13/Sep/2025:22:40:07 +0000] "GET /jp/product/51284104509 HTTP/1.1" 200 85824 "-" "Mozilla/5.0 (Linux; Android 6.0.1; Nexus 5X Build/MMB29P) AppleWebKit/537.36 (KHTML, like Gecko) Chrome/140.0.7339.127 Mobile Safari/537.36 (compatible; Googlebot/2.1; +http://www.google.com/bot.html)"
157.55.39.16 - - [13/Sep/2025:22:40:13 +0000] "GET /jp/product/512623797895 HTTP/1.1" 200 83396 "-" "Mozilla/5.0 AppleWebKit/537.36 (KHTML, like Gecko; compatible; bingbot/2.0; +http://www.bing.com/bingbot.htm) Chrome/116.0.1938.76 Safari/537.36"
157.55.39.56 - - [13/Sep/2025:22:40:33 +0000] "GET /jp/product/512845256703 HTTP/1.1" 200 83536 "-" "Mozilla/5.0 AppleWebKit/537.36 (KHTML, like Gecko; compatible; bingbot/2.0; +http://www.bing.com/bingbot.htm) Chrome/116.0.1938.76 Safari/537.36"
216.73.216.47 - - [13/Sep/2025:22:41:05 +0000] "GET /jp/product/51305424581 HTTP/1.1" 500 - "-" "Mozilla/5.0 AppleWebKit/537.36 (KHTML, like Gecko; compatible; ClaudeBot/1.0; +claudebot@anthropic.com)"
216.73.216.47 - - [13/Sep/2025:22:41:35 +0000] "GET /jp/product/513153055216 HTTP/1.1" 500 - "-" "Mozilla/5.0 AppleWebKit/537.36 (KHTML, like Gecko; compatible; ClaudeBot/1.0; +claudebot@anthropic.com)"
2a02:598:96:8a00::1200:12f - - [13/Sep/2025:22:42:07 +0000] "GET /jp/product/51291589209 HTTP/1.1" 500 - "-" "Mozilla/5.0 (compatible; SeznamBot/4.0; +https://o-seznam.cz/napoveda/vyhledavani/en/seznambot-crawler/)"
34.174.202.56 - - [13/Sep/2025:22:42:16 +0000] "GET /page/3/ HTTP/1.1" 500 - "https://youtube.com/" "Mozilla/5.0 (X11; Linux x86_64; rv:135.0) Gecko/20100101 Firefox/135.0"
112.86.225.230 - - [13/Sep/2025:22:43:01 +0000] "GET / HTTP/1.1" 500 - "-" "Sogou web spider/4.0(+http://www.sogou.com/docs/help/webmasters.htm#07)"
216.73.216.47 - - [13/Sep/2025:22:43:20 +0000] "GET /jp/product/51302140164 HTTP/1.1" 500 - "-" "Mozilla/5.0 AppleWebKit/537.36 (KHTML, like Gecko; compatible; ClaudeBot/1.0; +claudebot@anthropic.com)"
2001:41d0:303:161e::1 - - [13/Sep/2025:22:43:25 +0000] "GET /robots.txt HTTP/1.1" 500 - "-" "Mozilla/5.0 (compatible; MJ12bot/v1.4.8; http://mj12bot.com/)"
2001:41d0:303:161e::1 - - [13/Sep/2025:22:43:34 +0000] "GET /2016/08/the-alien-from-proxima-centauri/ HTTP/1.1" 500 - "-" "Mozilla/5.0 (compatible; MJ12bot/v1.4.8; http://mj12bot.com/)"
2001:41d0:303:161e::1 - - [13/Sep/2025:22:43:36 +0000] "GET /2016/08/the-alien-from-proxima-centauri/ HTTP/1.1" 500 - "-" "Mozilla/5.0 (compatible; MJ12bot/v1.4.8; http://mj12bot.com/)"
216.73.216.47 - - [13/Sep/2025:22:43:54 +0000] "GET /jp/product/513149771135 HTTP/1.1" 500 - "-" "Mozilla/5.0 AppleWebKit/537.36 (KHTML, like Gecko; compatible; ClaudeBot/1.0; +claudebot@anthropic.com)"
66.249.70.128 - - [13/Sep/2025:22:44:16 +0000] "GET /jp/product/51312649327 HTTP/1.1" 200 83385 "-" "Mozilla/5.0 (Linux; Android 6.0.1; Nexus 5X Build/MMB29P) AppleWebKit/537.36 (KHTML, like Gecko) Chrome/140.0.7339.127 Mobile Safari/537.36 (compatible; Googlebot/2.1; +http://www.google.com/bot.html)"
216.73.216.47 - - [13/Sep/2025:22:44:28 +0000] "GET /jp/product/513014064139 HTTP/1.1" 500 - "-" "Mozilla/5.0 AppleWebKit/537.36 (KHTML, like Gecko; compatible; ClaudeBot/1.0; +claudebot@anthropic.com)"
66.249.70.128 - - [13/Sep/2025:22:44:25 +0000] "GET /?jp/product/51302341635 HTTP/1.1" 200 85733 "-" "Mozilla/5.0 (Linux; Android 6.0.1; Nexus 5X Build/MMB29P) AppleWebKit/537.36 (KHTML, like Gecko) Chrome/140.0.7339.127 Mobile Safari/537.36 (compatible; Googlebot/2.1; +http://www.google.com/bot.html)"
216.73.216.47 - - [13/Sep/2025:22:45:03 +0000] "GET /jp/product/51307939976 HTTP/1.1" 500 - "-" "Mozilla/5.0 AppleWebKit/537.36 (KHTML, like Gecko; compatible; ClaudeBot/1.0; +claudebot@anthropic.com)"
5.255.231.101 - - [13/Sep/2025:22:45:35 +0000] "GET /robots.txt HTTP/1.1" 500 - "-" "Mozilla/5.0 (compatible; YandexBot/3.0; +http://yandex.com/bots)"
77.88.9.135 - - [13/Sep/2025:22:45:43 +0000] "GET /sumerian-god-enki/amp/ HTTP/1.1" 500 - "-" "Mozilla/5.0 (compatible; YandexBot/3.0; +http://yandex.com/bots)"
216.73.216.47 - - [13/Sep/2025:22:46:13 +0000] "GET /jp/product/512712422141 HTTP/1.1" 500 - "-" "Mozilla/5.0 AppleWebKit/537.36 (KHTML, like Gecko; compatible; ClaudeBot/1.0; +claudebot@anthropic.com)"
216.73.216.47 - - [13/Sep/2025:22:46:48 +0000] "GET /jp/product/51273711939 HTTP/1.1" 500 - "-" "Mozilla/5.0 AppleWebKit/537.36 (KHTML, like Gecko; compatible; ClaudeBot/1.0; +claudebot@anthropic.com)"
216.73.216.47 - - [13/Sep/2025:22:47:22 +0000] "GET /jp/product/513132170119 HTTP/1.1" 500 - "-" "Mozilla/5.0 AppleWebKit/537.36 (KHTML, like Gecko; compatible; ClaudeBot/1.0; +claudebot@anthropic.com)"
216.73.216.47 - - [13/Sep/2025:22:47:57 +0000] "GET /jp/product/512632602190 HTTP/1.1" 500 - "-" "Mozilla/5.0 AppleWebKit/537.36 (KHTML, like Gecko; compatible; ClaudeBot/1.0; +claudebot@anthropic.com)"
66.249.70.129 - - [13/Sep/2025:22:47:59 +0000] "GET /jp/product/51263154467 HTTP/1.1" 200 82721 "-" "Mozilla/5.0 (Linux; Android 6.0.1; Nexus 5X Build/MMB29P) AppleWebKit/537.36 (KHTML, like Gecko) Chrome/140.0.7339.127 Mobile Safari/537.36 (compatible; Googlebot/2.1; +http://www.google.com/bot.html)"
213.186.1.154 - - [13/Sep/2025:22:48:18 +0000] "GET / HTTP/1.1" 500 - "-" "Mediatoolkitbot (complaints@mediatoolkit.com)"
216.73.216.47 - - [13/Sep/2025:22:48:56 +0000] "GET /jp/product/512644422649 HTTP/1.1" 500 - "-" "Mozilla/5.0 AppleWebKit/537.36 (KHTML, like Gecko; compatible; ClaudeBot/1.0; +claudebot@anthropic.com)"
216.73.216.47 - - [13/Sep/2025:22:49:30 +0000] "GET /jp/product/51308056728 HTTP/1.1" 500 - "-" "Mozilla/5.0 AppleWebKit/537.36 (KHTML, like Gecko; compatible; ClaudeBot/1.0; +claudebot@anthropic.com)"
66.249.70.130 - - [13/Sep/2025:22:50:00 +0000] "GET /ads.txt HTTP/1.1" 200 84320 "-" "Mozilla/5.0 (compatible; Googlebot/2.1; +http://www.google.com/bot.html)"
216.73.216.47 - - [13/Sep/2025:22:50:08 +0000] "GET /jp/product/51291579843 HTTP/1.1" 500 - "-" "Mozilla/5.0 AppleWebKit/537.36 (KHTML, like Gecko; compatible; ClaudeBot/1.0; +claudebot@anthropic.com)"
216.73.216.47 - - [13/Sep/2025:22:50:40 +0000] "GET /jp/product/51273538133 HTTP/1.1" 500 - "-" "Mozilla/5.0 AppleWebKit/537.36 (KHTML, like Gecko; compatible; ClaudeBot/1.0; +claudebot@anthropic.com)"
216.73.216.47 - - [13/Sep/2025:22:51:21 +0000] "GET /jp/product/51312770724 HTTP/1.1" 500 - "-" "Mozilla/5.0 AppleWebKit/537.36 (KHTML, like Gecko; compatible; ClaudeBot/1.0; +claudebot@anthropic.com)"
216.73.216.47 - - [13/Sep/2025:22:51:55 +0000] "GET /jp/product/51318536394 HTTP/1.1" 500 - "-" "Mozilla/5.0 AppleWebKit/537.36 (KHTML, like Gecko; compatible; ClaudeBot/1.0; +claudebot@anthropic.com)"
34.174.158.180 - - [13/Sep/2025:22:52:03 +0000] "GET / HTTP/1.1" 500 - "https://playground-magazine.com/robots.txt" "Mozilla/5.0 (Macintosh; Intel Mac OS X 10.15; rv:139.0) Gecko/20100101 Firefox/139.0"
66.249.70.128 - - [13/Sep/2025:22:52:00 +0000] "GET /jp/product/51304954591 HTTP/1.1" 200 83345 "-" "Mozilla/5.0 (Linux; Android 6.0.1; Nexus 5X Build/MMB29P) AppleWebKit/537.36 (KHTML, like Gecko) Chrome/140.0.7339.127 Mobile Safari/537.36 (compatible; Googlebot/2.1; +http://www.google.com/bot.html)"
34.174.158.180 - - [13/Sep/2025:22:52:08 +0000] "GET / HTTP/1.1" 500 - "https://playground-magazine.com/2015/03/top-baby-names-in-orlando-area/" "Mozilla/5.0 (Macintosh; Intel Mac OS X 10.15; rv:139.0) Gecko/20100101 Firefox/139.0"
179.29.19.53 - - [13/Sep/2025:22:52:10 +0000] "GET / HTTP/1.1" 500 - "-" "Mozilla/5.0 (Windows NT 10.0; Win64; x64) AppleWebKit/537.36 (KHTML, like Gecko) Chrome/114.0.0.0 Safari/537.36 Edg/114.0.1823.43"
216.73.216.47 - - [13/Sep/2025:22:52:30 +0000] "GET /jp/product/513031979310 HTTP/1.1" 500 - "-" "Mozilla/5.0 AppleWebKit/537.36 (KHTML, like Gecko; compatible; ClaudeBot/1.0; +claudebot@anthropic.com)"
216.73.216.47 - - [13/Sep/2025:22:53:04 +0000] "GET /jp/product/512724208361 HTTP/1.1" 500 - "-" "Mozilla/5.0 AppleWebKit/537.36 (KHTML, like Gecko; compatible; ClaudeBot/1.0; +claudebot@anthropic.com)"
54.236.1.53 - - [13/Sep/2025:22:53:56 +0000] "GET / HTTP/1.1" 500 - "-" "Mozilla/5.0 (compatible; Pinterestbot/1.0; +http://www.pinterest.com/bot.html)"
157.55.39.57 - - [13/Sep/2025:22:54:04 +0000] "GET /jp/product/51302209447 HTTP/1.1" 200 83141 "-" "Mozilla/5.0 AppleWebKit/537.36 (KHTML, like Gecko; compatible; bingbot/2.0; +http://www.bing.com/bingbot.htm) Chrome/116.0.1938.76 Safari/537.36"
216.73.216.47 - - [13/Sep/2025:22:54:13 +0000] "GET /sitemap.xml HTTP/1.1" 500 - "-" "Mozilla/5.0 AppleWebKit/537.36 (KHTML, like Gecko; compatible; ClaudeBot/1.0; +claudebot@anthropic.com)"
216.73.216.47 - - [13/Sep/2025:22:54:58 +0000] "GET /jp/product/51308175044 HTTP/1.1" 500 - "-" "Mozilla/5.0 AppleWebKit/537.36 (KHTML, like Gecko; compatible; ClaudeBot/1.0; +claudebot@anthropic.com)"
216.73.216.47 - - [13/Sep/2025:22:55:30 +0000] "GET /jp/product/51284016871 HTTP/1.1" 500 - "-" "Mozilla/5.0 AppleWebKit/537.36 (KHTML, like Gecko; compatible; ClaudeBot/1.0; +claudebot@anthropic.com)"
154.47.29.205 - - [13/Sep/2025:22:55:41 +0000] "GET /favicon.ico HTTP/1.1" 500 - "-" "Go-http-client/1.1"
217.138.193.190 - - [13/Sep/2025:22:55:41 +0000] "GET /favicon.ico HTTP/1.1" 500 - "-" "Go-http-client/1.1"
155.2.195.55 - - [13/Sep/2025:22:55:45 +0000] "GET /favicon.ico HTTP/1.1" 500 - "-" "Go-http-client/1.1"
188.126.94.253 - - [13/Sep/2025:22:55:45 +0000] "GET /favicon.ico HTTP/1.1" 500 - "-" "Go-http-client/1.1"
216.73.216.47 - - [13/Sep/2025:22:56:49 +0000] "GET /jp/product/512875138723 HTTP/1.1" 500 - "-" "Mozilla/5.0 AppleWebKit/537.36 (KHTML, like Gecko; compatible; ClaudeBot/1.0; +claudebot@anthropic.com)"
216.73.216.47 - - [13/Sep/2025:22:57:34 +0000] "GET /jp/product/51287160512 HTTP/1.1" 500 - "-" "Mozilla/5.0 AppleWebKit/537.36 (KHTML, like Gecko; compatible; ClaudeBot/1.0; +claudebot@anthropic.com)"
2a03:2880:3ff:9:: - - [13/Sep/2025:22:58:08 +0000] "GET / HTTP/1.1" 500 - "-" "facebookexternalhit/1.1 (+http://www.facebook.com/externalhit_uatext.php)"
216.73.216.47 - - [13/Sep/2025:22:58:08 +0000] "GET /jp/product/512943032364 HTTP/1.1" 500 - "-" "Mozilla/5.0 AppleWebKit/537.36 (KHTML, like Gecko; compatible; ClaudeBot/1.0; +claudebot@anthropic.com)"
66.249.70.137 - - [13/Sep/2025:22:59:15 +0000] "GET /jp/product/51266002984 HTTP/1.1" 200 85107 "-" "Mozilla/5.0 (Linux; Android 6.0.1; Nexus 5X Build/MMB29P) AppleWebKit/537.36 (KHTML, like Gecko) Chrome/140.0.7339.127 Mobile Safari/537.36 (compatible; Googlebot/2.1; +http://www.google.com/bot.html)"
216.73.216.47 - - [13/Sep/2025:22:59:49 +0000] "GET /jp/product/5127799994 HTTP/1.1" 500 - "-" "Mozilla/5.0 AppleWebKit/537.36 (KHTML, like Gecko; compatible; ClaudeBot/1.0; +claudebot@anthropic.com)"
2a02:598:128:8a00::b00:5 - - [13/Sep/2025:23:00:27 +0000] "GET /jp/product/51281377784 HTTP/1.1" 500 - "-" "Mozilla/5.0 (compatible; SeznamBot/4.0; +https://o-seznam.cz/napoveda/vyhledavani/en/seznambot-crawler/)"
216.73.216.47 - - [13/Sep/2025:23:00:36 +0000] "GET /jp/product/51315708340 HTTP/1.1" 500 - "-" "Mozilla/5.0 AppleWebKit/537.36 (KHTML, like Gecko; compatible; ClaudeBot/1.0; +claudebot@anthropic.com)"
216.73.216.47 - - [13/Sep/2025:23:01:10 +0000] "GET /jp/product/513022859256 HTTP/1.1" 500 - "-" "Mozilla/5.0 AppleWebKit/537.36 (KHTML, like Gecko; compatible; ClaudeBot/1.0; +claudebot@anthropic.com)"
47.246.164.136 - - [13/Sep/2025:23:02:10 +0000] "GET / HTTP/1.1" 500 - "-" "Mozilla/5.0 (Macintosh; Intel Mac OS X 10_14_6) AppleWebKit/537.36 (KHTML, like Gecko) Brave Chrome/84.0.4147.89 Safari/537.36"
216.73.216.47 - - [13/Sep/2025:23:03:05 +0000] "GET /jp/product/513120544216 HTTP/1.1" 500 - "-" "Mozilla/5.0 AppleWebKit/537.36 (KHTML, like Gecko; compatible; ClaudeBot/1.0; +claudebot@anthropic.com)"
216.73.216.47 - - [13/Sep/2025:23:03:36 +0000] "GET /jp/product/51305123626 HTTP/1.1" 500 - "-" "Mozilla/5.0 AppleWebKit/537.36 (KHTML, like Gecko; compatible; ClaudeBot/1.0; +claudebot@anthropic.com)"
216.73.216.47 - - [13/Sep/2025:23:04:10 +0000] "GET /jp/product/51302261782 HTTP/1.1" 500 - "-" "Mozilla/5.0 AppleWebKit/537.36 (KHTML, like Gecko; compatible; ClaudeBot/1.0; +claudebot@anthropic.com)"
66.249.70.128 - - [13/Sep/2025:23:04:26 +0000] "GET /?jp/product/51312640732 HTTP/1.1" 200 83952 "-" "Mozilla/5.0 (Linux; Android 6.0.1; Nexus 5X Build/MMB29P) AppleWebKit/537.36 (KHTML, like Gecko) Chrome/140.0.7339.127 Mobile Safari/537.36 (compatible; Googlebot/2.1; +http://www.google.com/bot.html)"
216.73.216.47 - - [13/Sep/2025:23:04:45 +0000] "GET /jp/product/512733230987 HTTP/1.1" 500 - "-" "Mozilla/5.0 AppleWebKit/537.36 (KHTML, like Gecko; compatible; ClaudeBot/1.0; +claudebot@anthropic.com)"
216.73.216.47 - - [13/Sep/2025:23:05:19 +0000] "GET /jp/product/51263282860 HTTP/1.1" 500 - "-" "Mozilla/5.0 AppleWebKit/537.36 (KHTML, like Gecko; compatible; ClaudeBot/1.0; +claudebot@anthropic.com)"
216.73.216.47 - - [13/Sep/2025:23:05:44 +0000] "GET /jp/product/513120209962 HTTP/1.1" 500 - "-" "Mozilla/5.0 AppleWebKit/537.36 (KHTML, like Gecko; compatible; ClaudeBot/1.0; +claudebot@anthropic.com)"
157.55.39.53 - - [13/Sep/2025:23:05:42 +0000] "GET /jp/product/512774329324 HTTP/1.1" 200 83638 "-" "Mozilla/5.0 AppleWebKit/537.36 (KHTML, like Gecko; compatible; bingbot/2.0; +http://www.bing.com/bingbot.htm) Chrome/116.0.1938.76 Safari/537.36"
213.230.102.149 - - [13/Sep/2025:23:05:49 +0000] "GET / HTTP/1.1" 500 - "-" "Mozilla/5.0 (Windows NT 10.0; Win64; x64) AppleWebKit/537.36 (KHTML, like Gecko) Chrome/114.0.0.0 Safari/537.36 Edg/114.0.1823.43"
216.73.216.47 - - [13/Sep/2025:23:06:15 +0000] "GET /jp/product/51294687684 HTTP/1.1" 500 - "-" "Mozilla/5.0 AppleWebKit/537.36 (KHTML, like Gecko; compatible; ClaudeBot/1.0; +claudebot@anthropic.com)"
66.249.70.128 - - [13/Sep/2025:23:06:11 +0000] "GET /jp/product/51302033957 HTTP/1.1" 200 84421 "-" "Mozilla/5.0 (Linux; Android 6.0.1; Nexus 5X Build/MMB29P) AppleWebKit/537.36 (KHTML, like Gecko) Chrome/140.0.7339.127 Mobile Safari/537.36 (compatible; Googlebot/2.1; +http://www.google.com/bot.html)"
14.227.60.219 - - [13/Sep/2025:23:06:36 +0000] "GET / HTTP/1.1" 500 - "-" "Mozilla/5.0 (Windows NT 10.0; Win64; x64) AppleWebKit/537.36 (KHTML, like Gecko) Chrome/135.0.0.0 Safari/537.36"
216.73.216.47 - - [13/Sep/2025:23:06:46 +0000] "GET /jp/product/512818959629 HTTP/1.1" 500 - "-" "Mozilla/5.0 AppleWebKit/537.36 (KHTML, like Gecko; compatible; ClaudeBot/1.0; +claudebot@anthropic.com)"
216.73.216.47 - - [13/Sep/2025:23:07:11 +0000] "GET /jp/product/512824889760 HTTP/1.1" 500 - "-" "Mozilla/5.0 AppleWebKit/537.36 (KHTML, like Gecko; compatible; ClaudeBot/1.0; +claudebot@anthropic.com)"
216.73.216.47 - - [13/Sep/2025:23:07:33 +0000] "GET /jp/product/512818963816 HTTP/1.1" 500 - "-" "Mozilla/5.0 AppleWebKit/537.36 (KHTML, like Gecko; compatible; ClaudeBot/1.0; +claudebot@anthropic.com)"
216.73.216.47 - - [13/Sep/2025:23:07:57 +0000] "GET /jp/product/51276523792 HTTP/1.1" 500 - "-" "Mozilla/5.0 AppleWebKit/537.36 (KHTML, like Gecko; compatible; ClaudeBot/1.0; +claudebot@anthropic.com)"
216.73.216.47 - - [13/Sep/2025:23:08:32 +0000] "GET /jp/product/51305263675 HTTP/1.1" 500 - "-" "Mozilla/5.0 AppleWebKit/537.36 (KHTML, like Gecko; compatible; ClaudeBot/1.0; +claudebot@anthropic.com)"
216.73.216.47 - - [13/Sep/2025:23:09:03 +0000] "GET /jp/product/512818997636 HTTP/1.1" 500 - "-" "Mozilla/5.0 AppleWebKit/537.36 (KHTML, like Gecko; compatible; ClaudeBot/1.0; +claudebot@anthropic.com)"
216.73.216.47 - - [13/Sep/2025:23:09:37 +0000] "GET /jp/product/51284155525 HTTP/1.1" 500 - "-" "Mozilla/5.0 AppleWebKit/537.36 (KHTML, like Gecko; compatible; ClaudeBot/1.0; +claudebot@anthropic.com)"
212.34.155.126 - - [13/Sep/2025:23:09:43 +0000] "GET / HTTP/1.1" 500 - "-" "Mozilla/5.0 (Macintosh; Intel Mac OS X 10_15_7) AppleWebKit/537.36 (KHTML, like Gecko) Chrome/133.0.0.0 Safari/537.36"
216.73.216.47 - - [13/Sep/2025:23:10:15 +0000] "GET /jp/product/512845396324 HTTP/1.1" 500 - "-" "Mozilla/5.0 AppleWebKit/537.36 (KHTML, like Gecko; compatible; ClaudeBot/1.0; +claudebot@anthropic.com)"
