216.73.216.47 - - [14/Sep/2025:06:42:01 +0000] "GET /jp/product/51273763305 HTTP/1.1" 500 - "-" "Mozilla/5.0 AppleWebKit/537.36 (KHTML, like Gecko; compatible; ClaudeBot/1.0; +claudebot@anthropic.com)"
42.236.101.234 - - [14/Sep/2025:06:42:17 +0000] "GET / HTTP/1.1" 500 - "https://ancientufo.org/" "Mozilla/5.0 (Windows NT 6.1; WOW64) AppleWebKit/537.36 (KHTML, like Gecko) Chrome/50.0.2661.102 Safari/537.36; 360Spider"
42.236.101.225 - - [14/Sep/2025:06:42:20 +0000] "GET / HTTP/1.1" 500 - "https://ancientufo.org/" "Mozilla/5.0 (Windows NT 6.1; WOW64) AppleWebKit/537.36 (KHTML, like Gecko) Chrome/50.0.2661.102 Safari/537.36; 360Spider"
216.73.216.47 - - [14/Sep/2025:06:42:36 +0000] "GET /jp/product/51263175147 HTTP/1.1" 500 - "-" "Mozilla/5.0 AppleWebKit/537.36 (KHTML, like Gecko; compatible; ClaudeBot/1.0; +claudebot@anthropic.com)"
216.73.216.47 - - [14/Sep/2025:06:43:10 +0000] "GET /jp/product/512650614705 HTTP/1.1" 500 - "-" "Mozilla/5.0 AppleWebKit/537.36 (KHTML, like Gecko; compatible; ClaudeBot/1.0; +claudebot@anthropic.com)"
216.73.216.47 - - [14/Sep/2025:06:43:49 +0000] "GET /jp/product/51302358746 HTTP/1.1" 500 - "-" "Mozilla/5.0 AppleWebKit/537.36 (KHTML, like Gecko; compatible; ClaudeBot/1.0; +claudebot@anthropic.com)"
14.191.25.119 - - [14/Sep/2025:06:43:50 +0000] "GET / HTTP/1.1" 500 - "-" "Mozilla/5.0 (Windows NT 10.0; Win64; x64) AppleWebKit/537.36 (KHTML, like Gecko) Chrome/135.0.0.0 Safari/537.36"
34.174.185.198 - - [14/Sep/2025:06:44:06 +0000] "GET / HTTP/1.1" 500 - "http://playground-magazine.com/robots.txt" "Mozilla/5.0 (Macintosh; Intel Mac OS X 10.15; rv:139.0) Gecko/20100101 Firefox/139.0"
34.174.185.198 - - [14/Sep/2025:06:44:11 +0000] "GET / HTTP/1.1" 500 - "http://playground-magazine.com/event/holiday-jubilee-kids-concert-series/" "Mozilla/5.0 (Macintosh; Intel Mac OS X 10.15; rv:139.0) Gecko/20100101 Firefox/139.0"
216.73.216.47 - - [14/Sep/2025:06:44:23 +0000] "GET /jp/product/51294525951 HTTP/1.1" 500 - "-" "Mozilla/5.0 AppleWebKit/537.36 (KHTML, like Gecko; compatible; ClaudeBot/1.0; +claudebot@anthropic.com)"
35.227.88.185 - - [14/Sep/2025:06:44:57 +0000] "GET / HTTP/1.1" 500 - "http://www.ancientufo.org" "Mozilla/5.0 (compatible; CMS-Checker/1.0; +https://example.com)"
216.73.216.47 - - [14/Sep/2025:06:45:01 +0000] "GET /jp/product/51263054743 HTTP/1.1" 500 - "-" "Mozilla/5.0 AppleWebKit/537.36 (KHTML, like Gecko; compatible; ClaudeBot/1.0; +claudebot@anthropic.com)"
112.86.225.63 - - [14/Sep/2025:06:45:12 +0000] "GET / HTTP/1.1" 500 - "-" "Sogou web spider/4.0(+http://www.sogou.com/docs/help/webmasters.htm#07)"
216.73.216.47 - - [14/Sep/2025:06:45:32 +0000] "GET /jp/product/51263328914 HTTP/1.1" 500 - "-" "Mozilla/5.0 AppleWebKit/537.36 (KHTML, like Gecko; compatible; ClaudeBot/1.0; +claudebot@anthropic.com)"
216.73.216.47 - - [14/Sep/2025:06:45:56 +0000] "GET /jp/product/51273543445 HTTP/1.1" 500 - "-" "Mozilla/5.0 AppleWebKit/537.36 (KHTML, like Gecko; compatible; ClaudeBot/1.0; +claudebot@anthropic.com)"
216.73.216.47 - - [14/Sep/2025:06:46:27 +0000] "GET /jp/product/513043363655 HTTP/1.1" 500 - "-" "Mozilla/5.0 AppleWebKit/537.36 (KHTML, like Gecko; compatible; ClaudeBot/1.0; +claudebot@anthropic.com)"
2a02:598:96:8a00::1200:12f - - [14/Sep/2025:06:46:49 +0000] "GET /jp/product/51312808840 HTTP/1.1" 500 - "-" "Mozilla/5.0 (compatible; SeznamBot/4.0; +https://o-seznam.cz/napoveda/vyhledavani/en/seznambot-crawler/)"
216.73.216.47 - - [14/Sep/2025:06:46:49 +0000] "GET /jp/product/51265916161 HTTP/1.1" 500 - "-" "Mozilla/5.0 AppleWebKit/537.36 (KHTML, like Gecko; compatible; ClaudeBot/1.0; +claudebot@anthropic.com)"
2607:a400:5:81::2 - - [14/Sep/2025:06:46:58 +0000] "GET / HTTP/1.1" 500 - "http://www.playground-magazine.com/" "Mozilla/5.0 (Windows NT 10.0; WOW64) AppleWebKit/537.36 (KHTML, like Gecko) Chrome/66.0.3359.117 Safari/537.36"
2607:a400:5:81::6 - - [14/Sep/2025:06:47:05 +0000] "GET / HTTP/1.1" 500 - "http://www.playground-magazine.com/" "Mozilla/5.0 (Windows NT 10.0; WOW64) AppleWebKit/537.36 (KHTML, like Gecko) Chrome/66.0.3359.117 Safari/537.36"
216.73.216.47 - - [14/Sep/2025:06:47:24 +0000] "GET /jp/product/51304992336 HTTP/1.1" 500 - "-" "Mozilla/5.0 AppleWebKit/537.36 (KHTML, like Gecko; compatible; ClaudeBot/1.0; +claudebot@anthropic.com)"
216.73.216.110 - - [14/Sep/2025:06:47:50 +0000] "GET /jp/product/51305153489 HTTP/1.1" 500 - "-" "Mozilla/5.0 AppleWebKit/537.36 (KHTML, like Gecko; compatible; ClaudeBot/1.0; +claudebot@anthropic.com)"
216.73.216.47 - - [14/Sep/2025:06:48:27 +0000] "GET /jp/product/51318396762 HTTP/1.1" 500 - "-" "Mozilla/5.0 AppleWebKit/537.36 (KHTML, like Gecko; compatible; ClaudeBot/1.0; +claudebot@anthropic.com)"
157.55.39.205 - - [14/Sep/2025:06:48:49 +0000] "GET /jp/product/51273573765 HTTP/1.1" 200 85146 "-" "Mozilla/5.0 AppleWebKit/537.36 (KHTML, like Gecko; compatible; bingbot/2.0; +http://www.bing.com/bingbot.htm) Chrome/116.0.1938.76 Safari/537.36"
216.73.216.47 - - [14/Sep/2025:06:49:38 +0000] "GET /jp/product/51315497352 HTTP/1.1" 500 - "-" "Mozilla/5.0 AppleWebKit/537.36 (KHTML, like Gecko; compatible; ClaudeBot/1.0; +claudebot@anthropic.com)"
216.73.216.47 - - [14/Sep/2025:06:50:20 +0000] "GET /jp/product/51263219788 HTTP/1.1" 500 - "-" "Mozilla/5.0 AppleWebKit/537.36 (KHTML, like Gecko; compatible; ClaudeBot/1.0; +claudebot@anthropic.com)"
216.73.216.47 - - [14/Sep/2025:06:50:54 +0000] "GET /jp/product/51304975781 HTTP/1.1" 500 - "-" "Mozilla/5.0 AppleWebKit/537.36 (KHTML, like Gecko; compatible; ClaudeBot/1.0; +claudebot@anthropic.com)"
216.73.216.47 - - [14/Sep/2025:06:51:28 +0000] "GET /jp/product/513049298530 HTTP/1.1" 500 - "-" "Mozilla/5.0 AppleWebKit/537.36 (KHTML, like Gecko; compatible; ClaudeBot/1.0; +claudebot@anthropic.com)"
112.86.225.52 - - [14/Sep/2025:06:51:31 +0000] "GET / HTTP/1.1" 500 - "-" "Sogou web spider/4.0(+http://www.sogou.com/docs/help/webmasters.htm#07)"
216.73.216.47 - - [14/Sep/2025:06:52:04 +0000] "GET /jp/product/51302370200 HTTP/1.1" 500 - "-" "Mozilla/5.0 AppleWebKit/537.36 (KHTML, like Gecko; compatible; ClaudeBot/1.0; +claudebot@anthropic.com)"
216.73.216.47 - - [14/Sep/2025:06:52:33 +0000] "GET /jp/product/513123159544 HTTP/1.1" 500 - "-" "Mozilla/5.0 AppleWebKit/537.36 (KHTML, like Gecko; compatible; ClaudeBot/1.0; +claudebot@anthropic.com)"
157.55.39.11 - - [14/Sep/2025:06:52:44 +0000] "GET /jp/product/51312775178 HTTP/1.1" 200 83224 "-" "Mozilla/5.0 AppleWebKit/537.36 (KHTML, like Gecko; compatible; bingbot/2.0; +http://www.bing.com/bingbot.htm) Chrome/116.0.1938.76 Safari/537.36"
216.73.216.47 - - [14/Sep/2025:06:52:59 +0000] "GET /jp/product/513153020846 HTTP/1.1" 500 - "-" "Mozilla/5.0 AppleWebKit/537.36 (KHTML, like Gecko; compatible; ClaudeBot/1.0; +claudebot@anthropic.com)"
216.73.216.47 - - [14/Sep/2025:06:53:33 +0000] "GET /jp/product/51263389051 HTTP/1.1" 500 - "-" "Mozilla/5.0 AppleWebKit/537.36 (KHTML, like Gecko; compatible; ClaudeBot/1.0; +claudebot@anthropic.com)"
187.181.4.64 - - [14/Sep/2025:06:53:43 +0000] "GET / HTTP/1.1" 500 - "-" "Mozilla/5.0 (Windows NT 10.0; Win64; x64) AppleWebKit/537.36 (KHTML, like Gecko) Chrome/114.0.0.0 Safari/537.36 Edg/114.0.1823.43"
51.36.232.205 - - [14/Sep/2025:06:53:47 +0000] "GET / HTTP/1.1" 500 - "-" "Mozilla/5.0 (Windows NT 10.0; Win64; x64) AppleWebKit/537.36 (KHTML, like Gecko) Chrome/114.0.0.0 Safari/537.36 Edg/114.0.1823.43"
216.73.216.47 - - [14/Sep/2025:06:54:05 +0000] "GET /jp/product/51284395882 HTTP/1.1" 500 - "-" "Mozilla/5.0 AppleWebKit/537.36 (KHTML, like Gecko; compatible; ClaudeBot/1.0; +claudebot@anthropic.com)"
47.82.11.36 - - [14/Sep/2025:06:54:29 +0000] "GET /pcmypage/51261219238774 HTTP/1.1" 500 - "https://ancientufo.org/" "Mozilla/5.0 (Windows NT 10.0; Win64; x64) AppleWebKit/537.36 (KHTML, like Gecko) Chrome/135.0.0.0 Safari/537.36 Edg/135.0.0.0"
216.73.216.47 - - [14/Sep/2025:06:54:43 +0000] "GET /jp/product/512972379703 HTTP/1.1" 500 - "-" "Mozilla/5.0 AppleWebKit/537.36 (KHTML, like Gecko; compatible; ClaudeBot/1.0; +claudebot@anthropic.com)"
216.73.216.47 - - [14/Sep/2025:06:54:53 +0000] "GET /jp/product/51307965322 HTTP/1.1" 500 - "-" "Mozilla/5.0 AppleWebKit/537.36 (KHTML, like Gecko; compatible; ClaudeBot/1.0; +claudebot@anthropic.com)"
216.73.216.47 - - [14/Sep/2025:06:55:07 +0000] "GET /jp/product/51312782595 HTTP/1.1" 500 - "-" "Mozilla/5.0 AppleWebKit/537.36 (KHTML, like Gecko; compatible; ClaudeBot/1.0; +claudebot@anthropic.com)"
34.73.254.200 - - [14/Sep/2025:06:55:13 +0000] "GET / HTTP/1.1" 500 - "http://ancientufo.org" "Mozilla/5.0 (compatible; CMS-Checker/1.0; +https://example.com)"
47.246.164.138 - - [14/Sep/2025:06:55:17 +0000] "GET / HTTP/1.1" 500 - "-" "Mozilla/5.0 (Windows NT 6.1; Win64; x64) AppleWebKit/537.36 (KHTML, like Gecko) Chrome/73.0.3683.86 Safari/537.36"
216.73.216.47 - - [14/Sep/2025:06:55:41 +0000] "GET /jp/product/51312814596 HTTP/1.1" 500 - "-" "Mozilla/5.0 AppleWebKit/537.36 (KHTML, like Gecko; compatible; ClaudeBot/1.0; +claudebot@anthropic.com)"
216.73.216.47 - - [14/Sep/2025:06:56:18 +0000] "GET /jp/product/51291540193 HTTP/1.1" 500 - "-" "Mozilla/5.0 AppleWebKit/537.36 (KHTML, like Gecko; compatible; ClaudeBot/1.0; +claudebot@anthropic.com)"
216.73.216.47 - - [14/Sep/2025:06:56:51 +0000] "GET /jp/product/513132070362 HTTP/1.1" 500 - "-" "Mozilla/5.0 AppleWebKit/537.36 (KHTML, like Gecko; compatible; ClaudeBot/1.0; +claudebot@anthropic.com)"
216.73.216.47 - - [14/Sep/2025:06:57:14 +0000] "GET /jp/product/51305062321 HTTP/1.1" 500 - "-" "Mozilla/5.0 AppleWebKit/537.36 (KHTML, like Gecko; compatible; ClaudeBot/1.0; +claudebot@anthropic.com)"
216.73.216.47 - - [14/Sep/2025:06:57:48 +0000] "GET /jp/product/512972692265 HTTP/1.1" 500 - "-" "Mozilla/5.0 AppleWebKit/537.36 (KHTML, like Gecko; compatible; ClaudeBot/1.0; +claudebot@anthropic.com)"
216.73.216.47 - - [14/Sep/2025:06:58:17 +0000] "GET /jp/product/512623650466 HTTP/1.1" 500 - "-" "Mozilla/5.0 AppleWebKit/537.36 (KHTML, like Gecko; compatible; ClaudeBot/1.0; +claudebot@anthropic.com)"
20.125.163.80 - - [14/Sep/2025:06:58:53 +0000] "GET /jp/product/51302093120 HTTP/1.1" 200 84393 "-" "Mozilla/5.0 AppleWebKit/537.36 (KHTML, like Gecko; compatible; bingbot/2.0; +http://www.bing.com/bingbot.htm) Chrome/116.0.1938.76 Safari/537.36"
216.73.216.47 - - [14/Sep/2025:06:59:12 +0000] "GET /jp/product/5127790794 HTTP/1.1" 500 - "-" "Mozilla/5.0 AppleWebKit/537.36 (KHTML, like Gecko; compatible; ClaudeBot/1.0; +claudebot@anthropic.com)"
216.73.216.47 - - [14/Sep/2025:06:59:47 +0000] "GET /jp/product/51305095409 HTTP/1.1" 500 - "-" "Mozilla/5.0 AppleWebKit/537.36 (KHTML, like Gecko; compatible; ClaudeBot/1.0; +claudebot@anthropic.com)"
196.251.72.237 - - [14/Sep/2025:07:00:07 +0000] "GET / HTTP/1.1" 500 - "-" "-"
216.73.216.47 - - [14/Sep/2025:07:00:27 +0000] "GET /jp/product/51312652121 HTTP/1.1" 500 - "-" "Mozilla/5.0 AppleWebKit/537.36 (KHTML, like Gecko; compatible; ClaudeBot/1.0; +claudebot@anthropic.com)"
47.246.164.142 - - [14/Sep/2025:07:01:01 +0000] "GET / HTTP/1.1" 500 - "-" "Mozilla/5.0 (Windows NT 6.1; Win64; x64) AppleWebKit/537.36 (KHTML, like Gecko) Chrome/64.0.3282.24 Safari/537.36"
47.82.11.16 - - [14/Sep/2025:07:01:02 +0000] "GET /?jp/product/51302463054 HTTP/1.1" 500 - "https://ancientufo.org/" "Mozilla/5.0 (Windows NT 10.0; Win64; x64) AppleWebKit/537.36 (KHTML, like Gecko) Chrome/134.0.0.0 Safari/537.36 Edg/134.0.0.0"
216.73.216.47 - - [14/Sep/2025:07:01:47 +0000] "GET /jp/product/51312726312 HTTP/1.1" 500 - "-" "Mozilla/5.0 AppleWebKit/537.36 (KHTML, like Gecko; compatible; ClaudeBot/1.0; +claudebot@anthropic.com)"
216.73.216.47 - - [14/Sep/2025:07:02:25 +0000] "GET /jp/product/51263219572 HTTP/1.1" 500 - "-" "Mozilla/5.0 AppleWebKit/537.36 (KHTML, like Gecko; compatible; ClaudeBot/1.0; +claudebot@anthropic.com)"
207.46.13.125 - - [14/Sep/2025:07:02:27 +0000] "GET /jp/product/5127648124 HTTP/1.1" 200 86451 "-" "Mozilla/5.0 AppleWebKit/537.36 (KHTML, like Gecko; compatible; bingbot/2.0; +http://www.bing.com/bingbot.htm) Chrome/116.0.1938.76 Safari/537.36"
216.73.216.47 - - [14/Sep/2025:07:02:56 +0000] "GET /jp/product/512721265377 HTTP/1.1" 500 - "-" "Mozilla/5.0 AppleWebKit/537.36 (KHTML, like Gecko; compatible; ClaudeBot/1.0; +claudebot@anthropic.com)"
216.73.216.47 - - [14/Sep/2025:07:03:09 +0000] "GET /jp/product/51315812624 HTTP/1.1" 500 - "-" "Mozilla/5.0 AppleWebKit/537.36 (KHTML, like Gecko; compatible; ClaudeBot/1.0; +claudebot@anthropic.com)"
2a02:598:96:8a00::1200:12f - - [14/Sep/2025:07:03:33 +0000] "GET /jp/product/51302232544 HTTP/1.1" 500 - "-" "Mozilla/5.0 (compatible; SeznamBot/4.0; +https://o-seznam.cz/napoveda/vyhledavani/en/seznambot-crawler/)"
216.73.216.47 - - [14/Sep/2025:07:03:44 +0000] "GET /jp/product/51312788735 HTTP/1.1" 500 - "-" "Mozilla/5.0 AppleWebKit/537.36 (KHTML, like Gecko; compatible; ClaudeBot/1.0; +claudebot@anthropic.com)"
157.55.39.205 - - [14/Sep/2025:07:04:10 +0000] "GET /jp/product/51265934321 HTTP/1.1" 200 85465 "-" "Mozilla/5.0 AppleWebKit/537.36 (KHTML, like Gecko; compatible; bingbot/2.0; +http://www.bing.com/bingbot.htm) Chrome/116.0.1938.76 Safari/537.36"
216.73.216.47 - - [14/Sep/2025:07:04:19 +0000] "GET /jp/product/51312803277 HTTP/1.1" 500 - "-" "Mozilla/5.0 AppleWebKit/537.36 (KHTML, like Gecko; compatible; ClaudeBot/1.0; +claudebot@anthropic.com)"
216.73.216.47 - - [14/Sep/2025:07:04:31 +0000] "GET /jp/product/51273653199 HTTP/1.1" 500 - "-" "Mozilla/5.0 AppleWebKit/537.36 (KHTML, like Gecko; compatible; ClaudeBot/1.0; +claudebot@anthropic.com)"
216.73.216.47 - - [14/Sep/2025:07:05:06 +0000] "GET /jp/product/51294853041 HTTP/1.1" 500 - "-" "Mozilla/5.0 AppleWebKit/537.36 (KHTML, like Gecko; compatible; ClaudeBot/1.0; +claudebot@anthropic.com)"
216.73.216.47 - - [14/Sep/2025:07:05:21 +0000] "GET /jp/product/512629725430 HTTP/1.1" 500 - "-" "Mozilla/5.0 AppleWebKit/537.36 (KHTML, like Gecko; compatible; ClaudeBot/1.0; +claudebot@anthropic.com)"
47.246.164.135 - - [14/Sep/2025:07:05:33 +0000] "GET /site/wp-content/uploads/2017/06/ancient-aliens-thor-extraterrestrial-norse-myth-390x205.jpg HTTP/1.1" 500 - "-" "Mozilla/5.0 (Windows NT 6.3; Win64; x64) AppleWebKit/537.36 (KHTML, like Gecko) Chrome/100.0.3478.83 Safari/537.36"
216.73.216.47 - - [14/Sep/2025:07:06:18 +0000] "GET /jp/product/51312938481 HTTP/1.1" 500 - "-" "Mozilla/5.0 AppleWebKit/537.36 (KHTML, like Gecko; compatible; ClaudeBot/1.0; +claudebot@anthropic.com)"
216.73.216.47 - - [14/Sep/2025:07:06:46 +0000] "GET /jp/product/513120571422 HTTP/1.1" 500 - "-" "Mozilla/5.0 AppleWebKit/537.36 (KHTML, like Gecko; compatible; ClaudeBot/1.0; +claudebot@anthropic.com)"
216.73.216.47 - - [14/Sep/2025:07:07:22 +0000] "GET /jp/product/51312742234 HTTP/1.1" 500 - "-" "Mozilla/5.0 AppleWebKit/537.36 (KHTML, like Gecko; compatible; ClaudeBot/1.0; +claudebot@anthropic.com)"
216.73.216.47 - - [14/Sep/2025:07:07:55 +0000] "GET /jp/product/513123372741 HTTP/1.1" 500 - "-" "Mozilla/5.0 AppleWebKit/537.36 (KHTML, like Gecko; compatible; ClaudeBot/1.0; +claudebot@anthropic.com)"
216.73.216.47 - - [14/Sep/2025:07:08:22 +0000] "GET /jp/product/51302280709 HTTP/1.1" 500 - "-" "Mozilla/5.0 AppleWebKit/537.36 (KHTML, like Gecko; compatible; ClaudeBot/1.0; +claudebot@anthropic.com)"
216.73.216.47 - - [14/Sep/2025:07:08:55 +0000] "GET /jp/product/513011249057 HTTP/1.1" 500 - "-" "Mozilla/5.0 AppleWebKit/537.36 (KHTML, like Gecko; compatible; ClaudeBot/1.0; +claudebot@anthropic.com)"
157.55.39.10 - - [14/Sep/2025:07:08:50 +0000] "GET /jp/product/512810075667 HTTP/1.1" 200 85050 "-" "Mozilla/5.0 AppleWebKit/537.36 (KHTML, like Gecko; compatible; bingbot/2.0; +http://www.bing.com/bingbot.htm) Chrome/116.0.1938.76 Safari/537.36"
216.73.216.47 - - [14/Sep/2025:07:09:15 +0000] "GET /jp/product/513123302627 HTTP/1.1" 500 - "-" "Mozilla/5.0 AppleWebKit/537.36 (KHTML, like Gecko; compatible; ClaudeBot/1.0; +claudebot@anthropic.com)"
216.73.216.47 - - [14/Sep/2025:07:10:12 +0000] "GET /jp/product/51302008969 HTTP/1.1" 500 - "-" "Mozilla/5.0 AppleWebKit/537.36 (KHTML, like Gecko; compatible; ClaudeBot/1.0; +claudebot@anthropic.com)"
216.73.216.47 - - [14/Sep/2025:07:11:20 +0000] "GET /jp/product/513049591991 HTTP/1.1" 500 - "-" "Mozilla/5.0 AppleWebKit/537.36 (KHTML, like Gecko; compatible; ClaudeBot/1.0; +claudebot@anthropic.com)"
207.46.13.64 - - [14/Sep/2025:07:11:29 +0000] "GET /jp/product/51273507843 HTTP/1.1" 200 84790 "-" "Mozilla/5.0 AppleWebKit/537.36 (KHTML, like Gecko; compatible; bingbot/2.0; +http://www.bing.com/bingbot.htm) Chrome/116.0.1938.76 Safari/537.36"
216.73.216.47 - - [14/Sep/2025:07:11:57 +0000] "GET /jp/product/51312513242 HTTP/1.1" 500 - "-" "Mozilla/5.0 AppleWebKit/537.36 (KHTML, like Gecko; compatible; ClaudeBot/1.0; +claudebot@anthropic.com)"
157.55.39.10 - - [14/Sep/2025:07:11:53 +0000] "GET /jp/product/513078787044 HTTP/1.1" 200 83528 "-" "Mozilla/5.0 AppleWebKit/537.36 (KHTML, like Gecko; compatible; bingbot/2.0; +http://www.bing.com/bingbot.htm) Chrome/116.0.1938.76 Safari/537.36"
216.73.216.47 - - [14/Sep/2025:07:13:42 +0000] "GET /jp/product/512612005337 HTTP/1.1" 500 - "-" "Mozilla/5.0 AppleWebKit/537.36 (KHTML, like Gecko; compatible; ClaudeBot/1.0; +claudebot@anthropic.com)"
20.125.163.80 - - [14/Sep/2025:07:13:43 +0000] "GET /jp/product/513135264044 HTTP/1.1" 200 82929 "-" "Mozilla/5.0 AppleWebKit/537.36 (KHTML, like Gecko; compatible; bingbot/2.0; +http://www.bing.com/bingbot.htm) Chrome/116.0.1938.76 Safari/537.36"
216.73.216.47 - - [14/Sep/2025:07:14:12 +0000] "GET /jp/product/51318540242 HTTP/1.1" 500 - "-" "Mozilla/5.0 AppleWebKit/537.36 (KHTML, like Gecko; compatible; ClaudeBot/1.0; +claudebot@anthropic.com)"
2a03:2880:11ff:8:: - - [14/Sep/2025:07:14:23 +0000] "GET / HTTP/1.1" 500 - "-" "facebookexternalhit/1.1 (+http://www.facebook.com/externalhit_uatext.php)"
216.73.216.47 - - [14/Sep/2025:07:14:24 +0000] "GET /jp/product/51312504367 HTTP/1.1" 500 - "-" "Mozilla/5.0 AppleWebKit/537.36 (KHTML, like Gecko; compatible; ClaudeBot/1.0; +claudebot@anthropic.com)"
216.73.216.47 - - [14/Sep/2025:07:14:45 +0000] "GET /jp/product/51273815728 HTTP/1.1" 500 - "-" "Mozilla/5.0 AppleWebKit/537.36 (KHTML, like Gecko; compatible; ClaudeBot/1.0; +claudebot@anthropic.com)"
107.172.195.224 - - [14/Sep/2025:07:15:25 +0000] "GET / HTTP/1.1" 500 - "-" "Mozilla/5.0 (Macintosh; Intel Mac OS X 10_15_7) AppleWebKit/537.36 (KHTML, like Gecko) Chrome/117.0.0.0 Safari/537.36"
104.164.126.9 - - [14/Sep/2025:07:15:37 +0000] "GET / HTTP/1.1" 500 - "-" "Mozilla/5.0 (X11; Linux x86_64) AppleWebKit/537.36 (KHTML, like Gecko) Chrome/116.0.0.0 Safari/537.36"
104.252.191.180 - - [14/Sep/2025:07:15:54 +0000] "GET / HTTP/1.1" 500 - "-" "Mozilla/5.0 (Windows NT 10.0; Win64; x64) AppleWebKit/537.36 (KHTML, like Gecko) Chrome/117.0.0.0 Safari/537.36"
95.5.69.46 - - [14/Sep/2025:07:16:30 +0000] "GET / HTTP/1.1" 500 - "-" "Mozilla/5.0 (Windows NT 10.0; Win64; x64) AppleWebKit/537.36 (KHTML, like Gecko) Chrome/114.0.0.0 Safari/537.36 Edg/114.0.1823.43"
216.73.216.47 - - [14/Sep/2025:07:17:06 +0000] "GET /jp/product/512724118967 HTTP/1.1" 500 - "-" "Mozilla/5.0 AppleWebKit/537.36 (KHTML, like Gecko; compatible; ClaudeBot/1.0; +claudebot@anthropic.com)"
216.73.216.47 - - [14/Sep/2025:07:17:38 +0000] "GET /jp/product/51312904576 HTTP/1.1" 500 - "-" "Mozilla/5.0 AppleWebKit/537.36 (KHTML, like Gecko; compatible; ClaudeBot/1.0; +claudebot@anthropic.com)"
216.73.216.28 - - [14/Sep/2025:07:17:58 +0000] "GET /jp/product/512745161264 HTTP/1.1" 500 - "-" "Mozilla/5.0 AppleWebKit/537.36 (KHTML, like Gecko; compatible; ClaudeBot/1.0; +claudebot@anthropic.com)"
216.73.216.47 - - [14/Sep/2025:07:18:18 +0000] "GET /jp/product/51305067747 HTTP/1.1" 500 - "-" "Mozilla/5.0 AppleWebKit/537.36 (KHTML, like Gecko; compatible; ClaudeBot/1.0; +claudebot@anthropic.com)"
213.186.1.154 - - [14/Sep/2025:07:18:18 +0000] "GET / HTTP/1.1" 500 - "-" "Mediatoolkitbot (complaints@mediatoolkit.com)"
157.55.39.56 - - [14/Sep/2025:07:18:53 +0000] "GET /jp/product/51315513629 HTTP/1.1" 200 85558 "-" "Mozilla/5.0 AppleWebKit/537.36 (KHTML, like Gecko; compatible; bingbot/2.0; +http://www.bing.com/bingbot.htm) Chrome/116.0.1938.76 Safari/537.36"
47.246.164.137 - - [14/Sep/2025:07:19:24 +0000] "GET /site/wp-content/uploads/2017/01/vinca-figures-ancient-aliens-207x300.jpg HTTP/1.1" 500 - "-" "Mozilla/5.0 (Macintosh; Intel Mac OS X 10_15_1) AppleWebKit/537.36 (KHTML, like Gecko) Chrome/80.0.3987.122 Safari/537.36"
216.73.216.47 - - [14/Sep/2025:07:20:11 +0000] "GET /header.php HTTP/1.1" 200 - "-" "Mozilla/5.0 AppleWebKit/537.36 (KHTML, like Gecko; compatible; ClaudeBot/1.0; +claudebot@anthropic.com)"
45.161.34.40 - - [14/Sep/2025:07:20:41 +0000] "GET /jp/product/5127936346 HTTP/1.1" 500 - "-" "Mozilla/5.0 (Macintosh; Intel Mac OS X 10_15_5) AppleWebKit/537.36 (KHTML, like Gecko) Brave Chrome/83.0.4103.97 Safari/537.36"
2001:ee0:5184:76d9:6c87:b82d:b01:9d81 - - [14/Sep/2025:07:20:54 +0000] "GET /jp/product/5127936346 HTTP/1.1" 500 - "-" "Mozilla/5.0 (Macintosh; Intel Mac OS X 10_15_7) AppleWebKit/537.36 (KHTML, like Gecko) Chrome/106.0.0.0 Safari/537.36"
216.73.216.47 - - [14/Sep/2025:07:22:47 +0000] "GET /jp/product/513049335161 HTTP/1.1" 500 - "-" "Mozilla/5.0 AppleWebKit/537.36 (KHTML, like Gecko; compatible; ClaudeBot/1.0; +claudebot@anthropic.com)"
114.119.128.127 - - [14/Sep/2025:07:23:16 +0000] "GET /wp-includes/revisions.php?sitemap_index.xml HTTP/1.1" 200 - "-" "Mozilla/5.0 (Linux; Android 7.0;) AppleWebKit/537.36 (KHTML, like Gecko) Mobile Safari/537.36 (compatible; PetalBot;+https://webmaster.petalsearch.com/site/petalbot)"
52.167.144.67 - - [14/Sep/2025:07:23:19 +0000] "GET /robots.txt HTTP/1.1" 200 97 "-" "Mozilla/5.0 AppleWebKit/537.36 (KHTML, like Gecko; compatible; bingbot/2.0; +http://www.bing.com/bingbot.htm) Chrome/116.0.1938.76 Safari/537.36"
110.249.202.98 - - [14/Sep/2025:07:23:55 +0000] "GET /robots.txt HTTP/1.1" 500 - "-" "Mozilla/5.0 (Linux; Android 5.0) AppleWebKit/537.36 (KHTML, like Gecko) Mobile Safari/537.36 (compatible; Bytespider; https://zhanzhang.toutiao.com/)"
93.159.230.85 - - [14/Sep/2025:07:24:55 +0000] "GET / HTTP/1.1" 500 - "-" "Mozilla/5.0 (Linux; arm_64; Android 12; CPH2205) AppleWebKit/537.36 (KHTML, like Gecko) Chrome/110.0.0.0 YaBrowser/23.3.3.86.00 SA/3 Mobile Safari/537.36"
93.159.230.28 - - [14/Sep/2025:07:25:05 +0000] "GET / HTTP/1.1" 500 - "-" "Mozilla/5.0 (Linux; arm_64; Android 12; CPH2205) AppleWebKit/537.36 (KHTML, like Gecko) Chrome/110.0.0.0 YaBrowser/23.3.3.86.00 SA/3 Mobile Safari/537.36"
93.159.230.84 - - [14/Sep/2025:07:25:24 +0000] "GET / HTTP/1.1" 500 - "http://ancientufo.org" "Mozilla/5.0 (Linux; arm_64; Android 12; CPH2205) AppleWebKit/537.36 (KHTML, like Gecko) Chrome/110.0.0.0 YaBrowser/23.3.3.86.00 SA/3 Mobile Safari/537.36"
93.159.230.85 - - [14/Sep/2025:07:25:32 +0000] "GET / HTTP/1.1" 500 - "http://www.ancientufo.org" "Mozilla/5.0 (Linux; arm_64; Android 12; CPH2205) AppleWebKit/537.36 (KHTML, like Gecko) Chrome/110.0.0.0 YaBrowser/23.3.3.86.00 SA/3 Mobile Safari/537.36"
2a02:598:128:8a00::b00:5 - - [14/Sep/2025:07:25:50 +0000] "GET /jp/product/51302141514 HTTP/1.1" 500 - "-" "Mozilla/5.0 (compatible; SeznamBot/4.0; +https://o-seznam.cz/napoveda/vyhledavani/en/seznambot-crawler/)"
157.55.39.8 - - [14/Sep/2025:07:25:52 +0000] "GET /jp/product/5127811754 HTTP/1.1" 200 84281 "-" "Mozilla/5.0 AppleWebKit/537.36 (KHTML, like Gecko; compatible; bingbot/2.0; +http://www.bing.com/bingbot.htm) Chrome/116.0.1938.76 Safari/537.36"
207.46.13.141 - - [14/Sep/2025:07:28:03 +0000] "GET /jp/product/51273655942 HTTP/1.1" 200 84709 "-" "Mozilla/5.0 AppleWebKit/537.36 (KHTML, like Gecko; compatible; bingbot/2.0; +http://www.bing.com/bingbot.htm) Chrome/116.0.1938.76 Safari/537.36"
198.235.24.52 - - [14/Sep/2025:07:29:20 +0000] "GET / HTTP/1.1" 500 - "http://172.67.197.39:80/" "-"
2a03:2880:32ff:72:: - - [14/Sep/2025:07:31:27 +0000] "GET /site/wp-content/uploads/2015/10/tassil_03.jpg HTTP/1.1" 500 - "-" "facebookexternalhit/1.1 (+http://www.facebook.com/externalhit_uatext.php)"
2a03:2880:32ff:73:: - - [14/Sep/2025:07:31:30 +0000] "GET /site/wp-content/uploads/2015/10/tassil_03.jpg HTTP/1.1" 500 - "-" "facebookexternalhit/1.1 (+http://www.facebook.com/externalhit_uatext.php)"
216.73.216.47 - - [14/Sep/2025:07:32:22 +0000] "GET /sitemap.xml HTTP/1.1" 500 - "-" "Mozilla/5.0 AppleWebKit/537.36 (KHTML, like Gecko; compatible; ClaudeBot/1.0; +claudebot@anthropic.com)"
216.73.216.47 - - [14/Sep/2025:07:32:33 +0000] "GET /robots.txt HTTP/1.1" 500 - "-" "Mozilla/5.0 AppleWebKit/537.36 (KHTML, like Gecko; compatible; ClaudeBot/1.0; +claudebot@anthropic.com)"
216.73.216.47 - - [14/Sep/2025:07:32:59 +0000] "GET /jp/product/51315462800 HTTP/1.1" 500 - "-" "Mozilla/5.0 AppleWebKit/537.36 (KHTML, like Gecko; compatible; ClaudeBot/1.0; +claudebot@anthropic.com)"
216.73.216.47 - - [14/Sep/2025:07:33:31 +0000] "GET /jp/product/51263249642 HTTP/1.1" 500 - "-" "Mozilla/5.0 AppleWebKit/537.36 (KHTML, like Gecko; compatible; ClaudeBot/1.0; +claudebot@anthropic.com)"
216.73.216.47 - - [14/Sep/2025:07:34:06 +0000] "GET /jp/product/51263126792 HTTP/1.1" 500 - "-" "Mozilla/5.0 AppleWebKit/537.36 (KHTML, like Gecko; compatible; ClaudeBot/1.0; +claudebot@anthropic.com)"
216.73.216.47 - - [14/Sep/2025:07:34:21 +0000] "GET /jp/product/51312708678 HTTP/1.1" 500 - "-" "Mozilla/5.0 AppleWebKit/537.36 (KHTML, like Gecko; compatible; ClaudeBot/1.0; +claudebot@anthropic.com)"
216.73.216.110 - - [14/Sep/2025:07:35:28 +0000] "GET /jp/product/512718272917 HTTP/1.1" 500 - "-" "Mozilla/5.0 AppleWebKit/537.36 (KHTML, like Gecko; compatible; ClaudeBot/1.0; +claudebot@anthropic.com)"
87.250.224.95 - - [14/Sep/2025:07:35:30 +0000] "GET /robots.txt HTTP/1.1" 500 - "-" "Mozilla/5.0 (compatible; YandexBot/3.0; +http://yandex.com/bots)"
77.88.9.144 - - [14/Sep/2025:07:35:40 +0000] "GET /vinca-culture-script/ HTTP/1.1" 500 - "-" "Mozilla/5.0 (compatible; YandexBot/3.0; +http://yandex.com/bots)"
216.73.216.110 - - [14/Sep/2025:07:36:03 +0000] "GET /jp/product/512629677037 HTTP/1.1" 500 - "-" "Mozilla/5.0 AppleWebKit/537.36 (KHTML, like Gecko; compatible; ClaudeBot/1.0; +claudebot@anthropic.com)"
216.73.216.110 - - [14/Sep/2025:07:36:37 +0000] "GET /jp/product/51289944286 HTTP/1.1" 500 - "-" "Mozilla/5.0 AppleWebKit/537.36 (KHTML, like Gecko; compatible; ClaudeBot/1.0; +claudebot@anthropic.com)"
216.73.216.110 - - [14/Sep/2025:07:37:16 +0000] "GET /jp/product/512942942227 HTTP/1.1" 500 - "-" "Mozilla/5.0 AppleWebKit/537.36 (KHTML, like Gecko; compatible; ClaudeBot/1.0; +claudebot@anthropic.com)"
216.73.216.47 - - [14/Sep/2025:07:37:22 +0000] "GET /robots.txt HTTP/1.1" 500 - "-" "Mozilla/5.0 AppleWebKit/537.36 (KHTML, like Gecko; compatible; ClaudeBot/1.0; +claudebot@anthropic.com)"
216.73.216.47 - - [14/Sep/2025:07:37:29 +0000] "GET /jp/product/51294870055 HTTP/1.1" 500 - "-" "Mozilla/5.0 AppleWebKit/537.36 (KHTML, like Gecko; compatible; ClaudeBot/1.0; +claudebot@anthropic.com)"
2a03:2880:27ff:7:: - - [14/Sep/2025:07:38:30 +0000] "GET / HTTP/1.1" 500 - "-" "facebookexternalhit/1.1 (+http://www.facebook.com/externalhit_uatext.php)"
216.73.216.47 - - [14/Sep/2025:07:38:53 +0000] "GET /jp/product/512951693231 HTTP/1.1" 500 - "-" "Mozilla/5.0 AppleWebKit/537.36 (KHTML, like Gecko; compatible; ClaudeBot/1.0; +claudebot@anthropic.com)"
2001:ee0:4f3a:1d0c:2d2f:b7d5:871a:6809 - - [14/Sep/2025:07:39:07 +0000] "GET / HTTP/1.1" 500 - "-" "Mozilla/5.0 (Macintosh; Intel Mac OS X 10_15_7) AppleWebKit/537.36 (KHTML, like Gecko) Chrome/133.0.0.0 Safari/537.36"
216.73.216.47 - - [14/Sep/2025:07:39:28 +0000] "GET /jp/product/51265896150 HTTP/1.1" 500 - "-" "Mozilla/5.0 AppleWebKit/537.36 (KHTML, like Gecko; compatible; ClaudeBot/1.0; +claudebot@anthropic.com)"
216.73.216.47 - - [14/Sep/2025:07:40:03 +0000] "GET /jp/product/512818803356 HTTP/1.1" 500 - "-" "Mozilla/5.0 AppleWebKit/537.36 (KHTML, like Gecko; compatible; ClaudeBot/1.0; +claudebot@anthropic.com)"
45.175.34.100 - - [14/Sep/2025:07:40:07 +0000] "GET / HTTP/1.1" 500 - "-" "Mozilla/5.0 (Windows NT 10.0; Win64; x64) AppleWebKit/537.36 (KHTML, like Gecko) Chrome/114.0.0.0 Safari/537.36 Edg/114.0.1823.43"
216.73.216.47 - - [14/Sep/2025:07:40:37 +0000] "GET /jp/product/512821725881 HTTP/1.1" 500 - "-" "Mozilla/5.0 AppleWebKit/537.36 (KHTML, like Gecko; compatible; ClaudeBot/1.0; +claudebot@anthropic.com)"
216.73.216.47 - - [14/Sep/2025:07:41:31 +0000] "GET /jp/product/512952049216 HTTP/1.1" 500 - "-" "Mozilla/5.0 AppleWebKit/537.36 (KHTML, like Gecko; compatible; ClaudeBot/1.0; +claudebot@anthropic.com)"
216.73.216.47 - - [14/Sep/2025:07:42:07 +0000] "GET /jp/product/51302415532 HTTP/1.1" 500 - "-" "Mozilla/5.0 AppleWebKit/537.36 (KHTML, like Gecko; compatible; ClaudeBot/1.0; +claudebot@anthropic.com)"
216.73.216.47 - - [14/Sep/2025:07:42:40 +0000] "GET /jp/product/51302149404 HTTP/1.1" 500 - "-" "Mozilla/5.0 AppleWebKit/537.36 (KHTML, like Gecko; compatible; ClaudeBot/1.0; +claudebot@anthropic.com)"
216.73.216.47 - - [14/Sep/2025:07:43:03 +0000] "GET /jp/product/51263427465 HTTP/1.1" 500 - "-" "Mozilla/5.0 AppleWebKit/537.36 (KHTML, like Gecko; compatible; ClaudeBot/1.0; +claudebot@anthropic.com)"
216.73.216.47 - - [14/Sep/2025:07:43:31 +0000] "GET /jp/product/51294924719 HTTP/1.1" 500 - "-" "Mozilla/5.0 AppleWebKit/537.36 (KHTML, like Gecko; compatible; ClaudeBot/1.0; +claudebot@anthropic.com)"
2001:ee0:465e:b1c0:a0d8:90d4:8007:e69c - - [14/Sep/2025:07:44:24 +0000] "GET / HTTP/1.1" 500 - "-" "Mozilla/5.0 (Windows NT 10.0; Win64; x64) AppleWebKit/537.36 (KHTML, like Gecko) Chrome/135.0.0.0 Safari/537.36 Edg/135.0.0.0"
69.10.58.98 - - [14/Sep/2025:07:44:27 +0000] "GET /site/wp-content/uploads/2017/01/advanced-alien-civilization-130x90.jpg HTTP/1.1" 500 - "-" "Mozilla/5.0 (Windows NT 10.0; Win64; x64) AppleWebKit/537.36 (KHTML, like Gecko) Chrome/124.0.0.0 Safari/537.36"
69.10.58.98 - - [14/Sep/2025:07:44:33 +0000] "GET /site/wp-content/uploads/2017/06/sun-altar-china-discovered-3000-years-old-800x445.jpg HTTP/1.1" 500 - "-" "Mozilla/5.0 (Windows NT 10.0; Win64; x64) AppleWebKit/537.36 (KHTML, like Gecko) Chrome/124.0.0.0 Safari/537.36"
207.46.13.78 - - [14/Sep/2025:07:44:36 +0000] "GET /jp/product/512836662996 HTTP/1.1" 200 83746 "-" "Mozilla/5.0 AppleWebKit/537.36 (KHTML, like Gecko; compatible; bingbot/2.0; +http://www.bing.com/bingbot.htm) Chrome/116.0.1938.76 Safari/537.36"
69.10.58.98 - - [14/Sep/2025:07:44:47 +0000] "GET /site/wp-content/uploads/2014/04/ufo-yacanto-1960-740x445.jpg HTTP/1.1" 500 - "-" "Mozilla/5.0 (Windows NT 10.0; Win64; x64) AppleWebKit/537.36 (KHTML, like Gecko) Chrome/124.0.0.0 Safari/537.36"
216.73.216.47 - - [14/Sep/2025:07:45:30 +0000] "GET /jp/product/51287389612 HTTP/1.1" 500 - "-" "Mozilla/5.0 AppleWebKit/537.36 (KHTML, like Gecko; compatible; ClaudeBot/1.0; +claudebot@anthropic.com)"
69.10.58.98 - - [14/Sep/2025:07:45:34 +0000] "GET /site/wp-content/uploads/2017/06/starbursts-234-stars-390x205.jpg HTTP/1.1" 500 - "-" "Mozilla/5.0 (Windows NT 10.0; Win64; x64) AppleWebKit/537.36 (KHTML, like Gecko) Chrome/124.0.0.0 Safari/537.36"
216.73.216.47 - - [14/Sep/2025:07:46:03 +0000] "GET /jp/product/513123233602 HTTP/1.1" 500 - "-" "Mozilla/5.0 AppleWebKit/537.36 (KHTML, like Gecko; compatible; ClaudeBot/1.0; +claudebot@anthropic.com)"
216.73.216.47 - - [14/Sep/2025:07:46:26 +0000] "GET /jp/product/512818814891 HTTP/1.1" 500 - "-" "Mozilla/5.0 AppleWebKit/537.36 (KHTML, like Gecko; compatible; ClaudeBot/1.0; +claudebot@anthropic.com)"
216.73.216.47 - - [14/Sep/2025:07:47:01 +0000] "GET /jp/product/51302159079 HTTP/1.1" 500 - "-" "Mozilla/5.0 AppleWebKit/537.36 (KHTML, like Gecko; compatible; ClaudeBot/1.0; +claudebot@anthropic.com)"
69.10.58.98 - - [14/Sep/2025:07:47:01 +0000] "GET /site/wp-content/uploads/2017/08/23-soldiers-turned-to-stone-siberia-800x445.jpg HTTP/1.1" 500 - "-" "Mozilla/5.0 (Windows NT 10.0; Win64; x64) AppleWebKit/537.36 (KHTML, like Gecko) Chrome/124.0.0.0 Safari/537.36"
13.213.46.34 - - [14/Sep/2025:07:47:07 +0000] "GET / HTTP/1.1" 500 - "-" "Mozilla/5.0 (Windows NT 10.0; Win64; x64) AppleWebKit/537.36 (KHTML, like Gecko) Chrome/78.0.3904.108 Safari/537.36"
157.55.39.10 - - [14/Sep/2025:07:47:15 +0000] "GET /jp/product/51273863564 HTTP/1.1" 200 84056 "-" "Mozilla/5.0 AppleWebKit/537.36 (KHTML, like Gecko; compatible; bingbot/2.0; +http://www.bing.com/bingbot.htm) Chrome/116.0.1938.76 Safari/537.36"
216.73.216.47 - - [14/Sep/2025:07:47:36 +0000] "GET /jp/product/512821719082 HTTP/1.1" 500 - "-" "Mozilla/5.0 AppleWebKit/537.36 (KHTML, like Gecko; compatible; ClaudeBot/1.0; +claudebot@anthropic.com)"
69.10.58.98 - - [14/Sep/2025:07:47:28 +0000] "GET /site/wp-content/uploads/2017/06/sun-altar-china-discovered-3000-years-old.jpg HTTP/1.1" 500 - "-" "Mozilla/5.0 (Windows NT 10.0; Win64; x64) AppleWebKit/537.36 (KHTML, like Gecko) Chrome/124.0.0.0 Safari/537.36"
2a02:598:128:8a00::b00:5 - - [14/Sep/2025:07:47:58 +0000] "GET /jp/product/51291995025 HTTP/1.1" 500 - "-" "Mozilla/5.0 (compatible; SeznamBot/4.0; +https://o-seznam.cz/napoveda/vyhledavani/en/seznambot-crawler/)"
69.10.58.98 - - [14/Sep/2025:07:47:55 +0000] "GET /site/wp-content/uploads/2017/09/ancient-aliens-books-800x445.jpg HTTP/1.1" 500 - "-" "Mozilla/5.0 (Windows NT 10.0; Win64; x64) AppleWebKit/537.36 (KHTML, like Gecko) Chrome/124.0.0.0 Safari/537.36"
69.10.58.98 - - [14/Sep/2025:07:47:55 +0000] "GET /site/wp-content/uploads/2016/09/gizaorion-392x272.jpg HTTP/1.1" 500 - "-" "Mozilla/5.0 (Windows NT 10.0; Win64; x64) AppleWebKit/537.36 (KHTML, like Gecko) Chrome/124.0.0.0 Safari/537.36"
216.73.216.47 - - [14/Sep/2025:07:48:11 +0000] "GET /jp/product/512922254211 HTTP/1.1" 500 - "-" "Mozilla/5.0 AppleWebKit/537.36 (KHTML, like Gecko; compatible; ClaudeBot/1.0; +claudebot@anthropic.com)"
13.213.46.34 - - [14/Sep/2025:07:47:18 +0000] "GET //wp-includes/wlwmanifest.xml HTTP/1.1" 200 4349 "-" "Mozilla/5.0 (Windows NT 10.0; Win64; x64) AppleWebKit/537.36 (KHTML, like Gecko) Chrome/78.0.3904.108 Safari/537.36"
13.213.46.34 - - [14/Sep/2025:07:48:14 +0000] "GET //xmlrpc.php?rsd HTTP/1.1" 500 - "-" "Mozilla/5.0 (Windows NT 10.0; Win64; x64) AppleWebKit/537.36 (KHTML, like Gecko) Chrome/78.0.3904.108 Safari/537.36"
69.10.58.98 - - [14/Sep/2025:07:48:16 +0000] "GET /site/wp-content/uploads/2015/10/planet-x-2015-nibiru-800x445.jpg HTTP/1.1" 500 - "-" "Mozilla/5.0 (Windows NT 10.0; Win64; x64) AppleWebKit/537.36 (KHTML, like Gecko) Chrome/124.0.0.0 Safari/537.36"
13.213.46.34 - - [14/Sep/2025:07:48:23 +0000] "GET / HTTP/1.1" 500 - "-" "Mozilla/5.0 (Windows NT 10.0; Win64; x64) AppleWebKit/537.36 (KHTML, like Gecko) Chrome/78.0.3904.108 Safari/537.36"
216.73.216.47 - - [14/Sep/2025:07:48:47 +0000] "GET /jp/product/512922231341 HTTP/1.1" 500 - "-" "Mozilla/5.0 AppleWebKit/537.36 (KHTML, like Gecko; compatible; ClaudeBot/1.0; +claudebot@anthropic.com)"
69.10.58.98 - - [14/Sep/2025:07:48:39 +0000] "GET /site/wp-content/uploads/2015/10/planet-x-2015-nibiru.jpg HTTP/1.1" 500 - "-" "Mozilla/5.0 (Windows NT 10.0; Win64; x64) AppleWebKit/537.36 (KHTML, like Gecko) Chrome/124.0.0.0 Safari/537.36"
69.10.58.98 - - [14/Sep/2025:07:48:39 +0000] "GET /site/wp-content/uploads/2017/07/fuente-magna-bowl-ancient-aliens.jpg HTTP/1.1" 500 - "-" "Mozilla/5.0 (Windows NT 10.0; Win64; x64) AppleWebKit/537.36 (KHTML, like Gecko) Chrome/124.0.0.0 Safari/537.36"
69.10.58.98 - - [14/Sep/2025:07:48:56 +0000] "GET /site/wp-content/uploads/2016/09/object-earth-2017-130x90.jpg HTTP/1.1" 500 - "-" "Mozilla/5.0 (Windows NT 10.0; Win64; x64) AppleWebKit/537.36 (KHTML, like Gecko) Chrome/124.0.0.0 Safari/537.36"
216.73.216.47 - - [14/Sep/2025:07:49:21 +0000] "GET /jp/product/51286925902 HTTP/1.1" 500 - "-" "Mozilla/5.0 AppleWebKit/537.36 (KHTML, like Gecko; compatible; ClaudeBot/1.0; +claudebot@anthropic.com)"
13.213.46.34 - - [14/Sep/2025:07:48:31 +0000] "GET //blog/wp-includes/wlwmanifest.xml HTTP/1.1" 200 4345 "-" "Mozilla/5.0 (Windows NT 10.0; Win64; x64) AppleWebKit/537.36 (KHTML, like Gecko) Chrome/78.0.3904.108 Safari/537.36"
69.10.58.98 - - [14/Sep/2025:07:49:15 +0000] "GET /site/wp-content/uploads/2017/09/tumblr_nof5ljglG81tbfwd4o2_1280-750x445.jpg HTTP/1.1" 500 - "-" "Mozilla/5.0 (Windows NT 10.0; Win64; x64) AppleWebKit/537.36 (KHTML, like Gecko) Chrome/124.0.0.0 Safari/537.36"
69.10.58.98 - - [14/Sep/2025:07:49:46 +0000] "GET /site/wp-content/uploads/2017/07/fuente-magna-bowl-ancient-aliens-300x173.jpg HTTP/1.1" 500 - "-" "Mozilla/5.0 (Windows NT 10.0; Win64; x64) AppleWebKit/537.36 (KHTML, like Gecko) Chrome/124.0.0.0 Safari/537.36"
216.73.216.47 - - [14/Sep/2025:07:49:55 +0000] "GET /jp/product/512822039787 HTTP/1.1" 500 - "-" "Mozilla/5.0 AppleWebKit/537.36 (KHTML, like Gecko; compatible; ClaudeBot/1.0; +claudebot@anthropic.com)"
13.213.46.34 - - [14/Sep/2025:07:49:22 +0000] "GET //web/wp-includes/wlwmanifest.xml HTTP/1.1" 200 4338 "-" "Mozilla/5.0 (Windows NT 10.0; Win64; x64) AppleWebKit/537.36 (KHTML, like Gecko) Chrome/78.0.3904.108 Safari/537.36"
216.73.216.47 - - [14/Sep/2025:07:50:27 +0000] "GET /jp/product/512822064882 HTTP/1.1" 500 - "-" "Mozilla/5.0 AppleWebKit/537.36 (KHTML, like Gecko; compatible; ClaudeBot/1.0; +claudebot@anthropic.com)"
69.10.58.98 - - [14/Sep/2025:07:50:33 +0000] "GET /site/wp-content/uploads/2016/11/facts-about-the-moon-ancient-aliens-130x90.jpg HTTP/1.1" 500 - "-" "Mozilla/5.0 (Windows NT 10.0; Win64; x64) AppleWebKit/537.36 (KHTML, like Gecko) Chrome/124.0.0.0 Safari/537.36"
216.73.216.47 - - [14/Sep/2025:07:50:59 +0000] "GET /jp/product/512919352606 HTTP/1.1" 500 - "-" "Mozilla/5.0 AppleWebKit/537.36 (KHTML, like Gecko; compatible; ClaudeBot/1.0; +claudebot@anthropic.com)"
13.213.46.34 - - [14/Sep/2025:07:50:16 +0000] "GET //wordpress/wp-includes/wlwmanifest.xml HTTP/1.1" 200 4434 "-" "Mozilla/5.0 (Windows NT 10.0; Win64; x64) AppleWebKit/537.36 (KHTML, like Gecko) Chrome/78.0.3904.108 Safari/537.36"
69.10.58.98 - - [14/Sep/2025:07:51:01 +0000] "GET /site/wp-content/uploads/2017/04/cropped-banner-aufo.jpg HTTP/1.1" 500 - "-" "Mozilla/5.0 (Windows NT 10.0; Win64; x64) AppleWebKit/537.36 (KHTML, like Gecko) Chrome/124.0.0.0 Safari/537.36"
69.10.58.98 - - [14/Sep/2025:07:51:11 +0000] "GET /site/wp-content/uploads/2017/01/advanced-alien-civilization-392x272.jpg HTTP/1.1" 500 - "-" "Mozilla/5.0 (Windows NT 10.0; Win64; x64) AppleWebKit/537.36 (KHTML, like Gecko) Chrome/124.0.0.0 Safari/537.36"
216.73.216.47 - - [14/Sep/2025:07:51:24 +0000] "GET /jp/product/512822103132 HTTP/1.1" 500 - "-" "Mozilla/5.0 AppleWebKit/537.36 (KHTML, like Gecko; compatible; ClaudeBot/1.0; +claudebot@anthropic.com)"
69.10.58.98 - - [14/Sep/2025:07:51:16 +0000] "GET /site/wp-content/uploads/2016/09/object-earth-2017-392x272.jpg HTTP/1.1" 500 - "-" "Mozilla/5.0 (Windows NT 10.0; Win64; x64) AppleWebKit/537.36 (KHTML, like Gecko) Chrome/124.0.0.0 Safari/537.36"
216.73.216.47 - - [14/Sep/2025:07:51:59 +0000] "GET /jp/product/51294480321 HTTP/1.1" 500 - "-" "Mozilla/5.0 AppleWebKit/537.36 (KHTML, like Gecko; compatible; ClaudeBot/1.0; +claudebot@anthropic.com)"
13.213.46.34 - - [14/Sep/2025:07:51:09 +0000] "GET //website/wp-includes/wlwmanifest.xml HTTP/1.1" 200 4293 "-" "Mozilla/5.0 (Windows NT 10.0; Win64; x64) AppleWebKit/537.36 (KHTML, like Gecko) Chrome/78.0.3904.108 Safari/537.36"
69.10.58.98 - - [14/Sep/2025:07:51:58 +0000] "GET /site/wp-content/uploads/2016/06/NITH-PLANET-CALTECH-NIBIRU-PLANET-X-390x205.jpg HTTP/1.1" 500 - "-" "Mozilla/5.0 (Windows NT 10.0; Win64; x64) AppleWebKit/537.36 (KHTML, like Gecko) Chrome/124.0.0.0 Safari/537.36"
69.10.58.98 - - [14/Sep/2025:07:52:03 +0000] "GET /site/wp-content/uploads/2016/09/object-earth-2017-390x205.jpg HTTP/1.1" 500 - "-" "Mozilla/5.0 (Windows NT 10.0; Win64; x64) AppleWebKit/537.36 (KHTML, like Gecko) Chrome/124.0.0.0 Safari/537.36"
216.73.216.47 - - [14/Sep/2025:07:52:33 +0000] "GET /jp/product/512824870407 HTTP/1.1" 500 - "-" "Mozilla/5.0 AppleWebKit/537.36 (KHTML, like Gecko; compatible; ClaudeBot/1.0; +claudebot@anthropic.com)"
69.10.58.98 - - [14/Sep/2025:07:52:49 +0000] "GET /site/wp-content/uploads/2017/08/jim-marrs-died-800x445.jpg HTTP/1.1" 500 - "-" "Mozilla/5.0 (Windows NT 10.0; Win64; x64) AppleWebKit/537.36 (KHTML, like Gecko) Chrome/124.0.0.0 Safari/537.36"
13.213.46.34 - - [14/Sep/2025:07:52:05 +0000] "GET //wp/wp-includes/wlwmanifest.xml HTTP/1.1" 200 4314 "-" "Mozilla/5.0 (Windows NT 10.0; Win64; x64) AppleWebKit/537.36 (KHTML, like Gecko) Chrome/78.0.3904.108 Safari/537.36"
216.73.216.47 - - [14/Sep/2025:07:53:10 +0000] "GET /jp/product/51294645796 HTTP/1.1" 500 - "-" "Mozilla/5.0 AppleWebKit/537.36 (KHTML, like Gecko; compatible; ClaudeBot/1.0; +claudebot@anthropic.com)"
69.10.58.98 - - [14/Sep/2025:07:53:02 +0000] "GET /site/wp-content/uploads/2017/06/sun-altar-china-discovered-3000-years-old-768x427.jpg HTTP/1.1" 500 - "-" "Mozilla/5.0 (Windows NT 10.0; Win64; x64) AppleWebKit/537.36 (KHTML, like Gecko) Chrome/124.0.0.0 Safari/537.36"
69.10.58.98 - - [14/Sep/2025:07:53:34 +0000] "GET /site/wp-content/uploads/2015/08/Giorgio-Tsoukalos-interview-aliens-390x205.jpg HTTP/1.1" 500 - "-" "Mozilla/5.0 (Windows NT 10.0; Win64; x64) AppleWebKit/537.36 (KHTML, like Gecko) Chrome/124.0.0.0 Safari/537.36"
216.73.216.47 - - [14/Sep/2025:07:53:45 +0000] "GET /jp/product/512824626672 HTTP/1.1" 500 - "-" "Mozilla/5.0 AppleWebKit/537.36 (KHTML, like Gecko; compatible; ClaudeBot/1.0; +claudebot@anthropic.com)"
69.10.58.98 - - [14/Sep/2025:07:53:36 +0000] "GET /site/wp-content/uploads/2017/06/sun-altar-china-discovered-3000-years-old-300x167.jpg HTTP/1.1" 500 - "-" "Mozilla/5.0 (Windows NT 10.0; Win64; x64) AppleWebKit/537.36 (KHTML, like Gecko) Chrome/124.0.0.0 Safari/537.36"
69.10.58.98 - - [14/Sep/2025:07:53:40 +0000] "GET /site/wp-content/uploads/2016/11/facts-about-the-moon-ancient-aliens-392x272.jpg HTTP/1.1" 500 - "-" "Mozilla/5.0 (Windows NT 10.0; Win64; x64) AppleWebKit/537.36 (KHTML, like Gecko) Chrome/124.0.0.0 Safari/537.36"
13.213.46.34 - - [14/Sep/2025:07:53:02 +0000] "GET //news/wp-includes/wlwmanifest.xml HTTP/1.1" 200 4401 "-" "Mozilla/5.0 (Windows NT 10.0; Win64; x64) AppleWebKit/537.36 (KHTML, like Gecko) Chrome/78.0.3904.108 Safari/537.36"
69.10.58.98 - - [14/Sep/2025:07:53:54 +0000] "GET /site/wp-content/uploads/2016/09/gizaorion-130x90.jpg HTTP/1.1" 500 - "-" "Mozilla/5.0 (Windows NT 10.0; Win64; x64) AppleWebKit/537.36 (KHTML, like Gecko) Chrome/124.0.0.0 Safari/537.36"
216.73.216.47 - - [14/Sep/2025:07:54:22 +0000] "GET /jp/product/512922352722 HTTP/1.1" 500 - "-" "Mozilla/5.0 AppleWebKit/537.36 (KHTML, like Gecko; compatible; ClaudeBot/1.0; +claudebot@anthropic.com)"
13.213.46.34 - - [14/Sep/2025:07:53:55 +0000] "GET //2018/wp-includes/wlwmanifest.xml HTTP/1.1" 200 4407 "-" "Mozilla/5.0 (Windows NT 10.0; Win64; x64) AppleWebKit/537.36 (KHTML, like Gecko) Chrome/78.0.3904.108 Safari/537.36"
216.73.216.47 - - [14/Sep/2025:07:54:53 +0000] "GET /jp/product/51291673874 HTTP/1.1" 500 - "-" "Mozilla/5.0 AppleWebKit/537.36 (KHTML, like Gecko; compatible; ClaudeBot/1.0; +claudebot@anthropic.com)"
216.73.216.47 - - [14/Sep/2025:07:55:05 +0000] "GET /jp/product/5126412667 HTTP/1.1" 500 - "-" "Mozilla/5.0 AppleWebKit/537.36 (KHTML, like Gecko; compatible; ClaudeBot/1.0; +claudebot@anthropic.com)"
69.10.58.98 - - [14/Sep/2025:07:55:04 +0000] "GET /site/wp-content/uploads/2017/09/Vue-du-ciel-Ethiopia-Lalibela-Welo-Province-Bet-Giorgis-Monolithic-Church-e1504715880492-800x445.jpg HTTP/1.1" 500 - "-" "Mozilla/5.0 (Windows NT 10.0; Win64; x64) AppleWebKit/537.36 (KHTML, like Gecko) Chrome/124.0.0.0 Safari/537.36"
216.73.216.47 - - [14/Sep/2025:07:55:40 +0000] "GET /jp/product/51281495094 HTTP/1.1" 500 - "-" "Mozilla/5.0 AppleWebKit/537.36 (KHTML, like Gecko; compatible; ClaudeBot/1.0; +claudebot@anthropic.com)"
13.213.46.34 - - [14/Sep/2025:07:54:51 +0000] "GET //2019/wp-includes/wlwmanifest.xml HTTP/1.1" 200 4407 "-" "Mozilla/5.0 (Windows NT 10.0; Win64; x64) AppleWebKit/537.36 (KHTML, like Gecko) Chrome/78.0.3904.108 Safari/537.36"
157.55.39.203 - - [14/Sep/2025:07:55:36 +0000] "GET /jp/product/51269167384 HTTP/1.1" 200 83633 "-" "Mozilla/5.0 AppleWebKit/537.36 (KHTML, like Gecko; compatible; bingbot/2.0; +http://www.bing.com/bingbot.htm) Chrome/116.0.1938.76 Safari/537.36"
216.73.216.47 - - [14/Sep/2025:07:56:00 +0000] "GET /jp/product/513022792002 HTTP/1.1" 500 - "-" "Mozilla/5.0 AppleWebKit/537.36 (KHTML, like Gecko; compatible; ClaudeBot/1.0; +claudebot@anthropic.com)"
216.73.216.47 - - [14/Sep/2025:07:56:35 +0000] "GET /jp/product/512771584265 HTTP/1.1" 500 - "-" "Mozilla/5.0 AppleWebKit/537.36 (KHTML, like Gecko; compatible; ClaudeBot/1.0; +claudebot@anthropic.com)"
13.213.46.34 - - [14/Sep/2025:07:55:44 +0000] "GET //shop/wp-includes/wlwmanifest.xml HTTP/1.1" 200 4371 "-" "Mozilla/5.0 (Windows NT 10.0; Win64; x64) AppleWebKit/537.36 (KHTML, like Gecko) Chrome/78.0.3904.108 Safari/537.36"
216.73.216.47 - - [14/Sep/2025:07:57:10 +0000] "GET /jp/product/51294509979 HTTP/1.1" 500 - "-" "Mozilla/5.0 AppleWebKit/537.36 (KHTML, like Gecko; compatible; ClaudeBot/1.0; +claudebot@anthropic.com)"
13.213.46.34 - - [14/Sep/2025:07:56:36 +0000] "GET //wp1/wp-includes/wlwmanifest.xml HTTP/1.1" 200 4429 "-" "Mozilla/5.0 (Windows NT 10.0; Win64; x64) AppleWebKit/537.36 (KHTML, like Gecko) Chrome/78.0.3904.108 Safari/537.36"
216.73.216.47 - - [14/Sep/2025:07:57:44 +0000] "GET /jp/product/51302192874 HTTP/1.1" 500 - "-" "Mozilla/5.0 AppleWebKit/537.36 (KHTML, like Gecko; compatible; ClaudeBot/1.0; +claudebot@anthropic.com)"
216.73.216.47 - - [14/Sep/2025:07:58:19 +0000] "GET /jp/product/512810051028 HTTP/1.1" 500 - "-" "Mozilla/5.0 AppleWebKit/537.36 (KHTML, like Gecko; compatible; ClaudeBot/1.0; +claudebot@anthropic.com)"
13.213.46.34 - - [14/Sep/2025:07:57:30 +0000] "GET //test/wp-includes/wlwmanifest.xml HTTP/1.1" 200 4322 "-" "Mozilla/5.0 (Windows NT 10.0; Win64; x64) AppleWebKit/537.36 (KHTML, like Gecko) Chrome/78.0.3904.108 Safari/537.36"
216.73.216.47 - - [14/Sep/2025:07:58:31 +0000] "GET /jp/product/51266213861 HTTP/1.1" 500 - "-" "Mozilla/5.0 AppleWebKit/537.36 (KHTML, like Gecko; compatible; ClaudeBot/1.0; +claudebot@anthropic.com)"
207.46.13.156 - - [14/Sep/2025:07:58:35 +0000] "GET /jp/product/512919469099 HTTP/1.1" 200 83390 "-" "Mozilla/5.0 AppleWebKit/537.36 (KHTML, like Gecko; compatible; bingbot/2.0; +http://www.bing.com/bingbot.htm) Chrome/116.0.1938.76 Safari/537.36"
216.73.216.47 - - [14/Sep/2025:07:59:07 +0000] "GET /jp/product/513031768324 HTTP/1.1" 500 - "-" "Mozilla/5.0 AppleWebKit/537.36 (KHTML, like Gecko; compatible; ClaudeBot/1.0; +claudebot@anthropic.com)"
13.213.46.34 - - [14/Sep/2025:07:58:21 +0000] "GET //media/wp-includes/wlwmanifest.xml HTTP/1.1" 200 4318 "-" "Mozilla/5.0 (Windows NT 10.0; Win64; x64) AppleWebKit/537.36 (KHTML, like Gecko) Chrome/78.0.3904.108 Safari/537.36"
216.73.216.47 - - [14/Sep/2025:07:59:40 +0000] "GET /jp/product/51294463471 HTTP/1.1" 500 - "-" "Mozilla/5.0 AppleWebKit/537.36 (KHTML, like Gecko; compatible; ClaudeBot/1.0; +claudebot@anthropic.com)"
113.164.12.129 - - [14/Sep/2025:07:59:58 +0000] "GET / HTTP/1.1" 500 - "-" "Mozilla/5.0 (X11; Linux x86_64) AppleWebKit/537.36 (KHTML, like Gecko) Chrome/124.0.0.0 Safari/537.36"
13.213.46.34 - - [14/Sep/2025:07:59:18 +0000] "GET //wp2/wp-includes/wlwmanifest.xml HTTP/1.1" 200 4446 "-" "Mozilla/5.0 (Windows NT 10.0; Win64; x64) AppleWebKit/537.36 (KHTML, like Gecko) Chrome/78.0.3904.108 Safari/537.36"
216.73.216.47 - - [14/Sep/2025:08:00:16 +0000] "GET /jp/product/51287130026 HTTP/1.1" 500 - "-" "Mozilla/5.0 AppleWebKit/537.36 (KHTML, like Gecko; compatible; ClaudeBot/1.0; +claudebot@anthropic.com)"
216.73.216.47 - - [14/Sep/2025:08:00:45 +0000] "GET /jp/product/512872044002 HTTP/1.1" 500 - "-" "Mozilla/5.0 AppleWebKit/537.36 (KHTML, like Gecko; compatible; ClaudeBot/1.0; +claudebot@anthropic.com)"
13.213.46.34 - - [14/Sep/2025:08:00:15 +0000] "GET //site/wp-includes/wlwmanifest.xml HTTP/1.1" 200 4414 "-" "Mozilla/5.0 (Windows NT 10.0; Win64; x64) AppleWebKit/537.36 (KHTML, like Gecko) Chrome/78.0.3904.108 Safari/537.36"
216.73.216.47 - - [14/Sep/2025:08:01:21 +0000] "GET /jp/product/51273853911 HTTP/1.1" 500 - "-" "Mozilla/5.0 AppleWebKit/537.36 (KHTML, like Gecko; compatible; ClaudeBot/1.0; +claudebot@anthropic.com)"
216.73.216.47 - - [14/Sep/2025:08:01:54 +0000] "GET /jp/product/512732942062 HTTP/1.1" 500 - "-" "Mozilla/5.0 AppleWebKit/537.36 (KHTML, like Gecko; compatible; ClaudeBot/1.0; +claudebot@anthropic.com)"
13.213.46.34 - - [14/Sep/2025:08:01:09 +0000] "GET //cms/wp-includes/wlwmanifest.xml HTTP/1.1" 200 4363 "-" "Mozilla/5.0 (Windows NT 10.0; Win64; x64) AppleWebKit/537.36 (KHTML, like Gecko) Chrome/78.0.3904.108 Safari/537.36"
47.246.164.138 - - [14/Sep/2025:08:01:57 +0000] "GET /site/wp-content/uploads/2016/06/dwarka-city-real-ancient-aliens.jpg HTTP/1.1" 500 - "-" "Mozilla/5.0 (Windows NT 10.0; Win64; x64) AppleWebKit/537.36 (KHTML, like Gecko) Chrome/90.0.4430.212 Safari/537.36"
216.73.216.47 - - [14/Sep/2025:08:02:29 +0000] "GET /jp/product/51294874512 HTTP/1.1" 500 - "-" "Mozilla/5.0 AppleWebKit/537.36 (KHTML, like Gecko; compatible; ClaudeBot/1.0; +claudebot@anthropic.com)"
51.68.236.91 - - [14/Sep/2025:08:02:28 +0000] "GET /robots.txt HTTP/1.1" 500 - "-" "Mozilla/5.0 (compatible; MJ12bot/v2.0.4; http://mj12bot.com/)"
51.68.236.91 - - [14/Sep/2025:08:02:38 +0000] "GET / HTTP/1.1" 500 - "-" "Mozilla/5.0 (compatible; MJ12bot/v2.0.4; http://mj12bot.com/)"
103.196.9.94 - - [14/Sep/2025:08:02:43 +0000] "GET / HTTP/1.1" 500 - "-" "Mozilla/5.0 (X11; Linux x86_64) AppleWebKit/537.36 (KHTML, like Gecko) Chrome/117.0.0.0 Safari/537.36"
107.172.195.76 - - [14/Sep/2025:08:02:43 +0000] "GET / HTTP/1.1" 500 - "-" "Mozilla/5.0 (Windows NT 10.0; Win64; x64) AppleWebKit/537.36 (KHTML, like Gecko) Chrome/117.0.0.0 Safari/537.36"
13.213.46.34 - - [14/Sep/2025:08:02:03 +0000] "GET //sito/wp-includes/wlwmanifest.xml HTTP/1.1" 200 4349 "-" "Mozilla/5.0 (Windows NT 10.0; Win64; x64) AppleWebKit/537.36 (KHTML, like Gecko) Chrome/78.0.3904.108 Safari/537.36"
