216.73.216.47 - - [14/Sep/2025:03:45:01 +0000] "GET /jp/product/51318760108 HTTP/1.1" 500 - "-" "Mozilla/5.0 AppleWebKit/537.36 (KHTML, like Gecko; compatible; ClaudeBot/1.0; +claudebot@anthropic.com)"
176.29.155.216 - - [14/Sep/2025:03:45:04 +0000] "GET / HTTP/1.1" 500 - "-" "Mozilla/5.0 (Windows NT 10.0; Win64; x64) AppleWebKit/537.36 (KHTML, like Gecko) Chrome/114.0.0.0 Safari/537.36 Edg/114.0.1823.43"
216.73.216.47 - - [14/Sep/2025:03:45:33 +0000] "GET /jp/product/51289911253 HTTP/1.1" 500 - "-" "Mozilla/5.0 AppleWebKit/537.36 (KHTML, like Gecko; compatible; ClaudeBot/1.0; +claudebot@anthropic.com)"
216.73.216.47 - - [14/Sep/2025:03:45:58 +0000] "GET /jp/product/51297662732 HTTP/1.1" 500 - "-" "Mozilla/5.0 AppleWebKit/537.36 (KHTML, like Gecko; compatible; ClaudeBot/1.0; +claudebot@anthropic.com)"
104.210.140.136 - - [14/Sep/2025:03:46:23 +0000] "GET /robots.txt HTTP/1.1" 200 97 "-" "Mozilla/5.0 (Macintosh; Intel Mac OS X 10_15_7) AppleWebKit/537.36 (KHTML, like Gecko) Chrome/131.0.0.0 Safari/537.36; compatible; OAI-SearchBot/1.0; +https://openai.com/searchbot"
216.73.216.47 - - [14/Sep/2025:03:46:32 +0000] "GET /jp/product/51265977332 HTTP/1.1" 500 - "-" "Mozilla/5.0 AppleWebKit/537.36 (KHTML, like Gecko; compatible; ClaudeBot/1.0; +claudebot@anthropic.com)"
216.73.216.47 - - [14/Sep/2025:03:46:43 +0000] "GET /jp/product/512972489778 HTTP/1.1" 500 - "-" "Mozilla/5.0 AppleWebKit/537.36 (KHTML, like Gecko; compatible; ClaudeBot/1.0; +claudebot@anthropic.com)"
157.55.39.57 - - [14/Sep/2025:03:46:57 +0000] "GET /jp/product/51305244729 HTTP/1.1" 200 83336 "-" "Mozilla/5.0 AppleWebKit/537.36 (KHTML, like Gecko; compatible; bingbot/2.0; +http://www.bing.com/bingbot.htm) Chrome/116.0.1938.76 Safari/537.36"
216.73.216.47 - - [14/Sep/2025:03:48:19 +0000] "GET /jp/product/512963825735 HTTP/1.1" 500 - "-" "Mozilla/5.0 AppleWebKit/537.36 (KHTML, like Gecko; compatible; ClaudeBot/1.0; +claudebot@anthropic.com)"
216.73.216.47 - - [14/Sep/2025:03:48:47 +0000] "GET /jp/product/51284440821 HTTP/1.1" 500 - "-" "Mozilla/5.0 AppleWebKit/537.36 (KHTML, like Gecko; compatible; ClaudeBot/1.0; +claudebot@anthropic.com)"
216.73.216.47 - - [14/Sep/2025:03:49:18 +0000] "GET /jp/product/51284155421 HTTP/1.1" 500 - "-" "Mozilla/5.0 AppleWebKit/537.36 (KHTML, like Gecko; compatible; ClaudeBot/1.0; +claudebot@anthropic.com)"
216.73.216.47 - - [14/Sep/2025:03:49:32 +0000] "GET /jp/product/51302488143 HTTP/1.1" 500 - "-" "Mozilla/5.0 AppleWebKit/537.36 (KHTML, like Gecko; compatible; ClaudeBot/1.0; +claudebot@anthropic.com)"
35.196.94.204 - - [14/Sep/2025:03:49:37 +0000] "GET /media/system/js/core.js HTTP/1.1" 500 - "http://ancientufo.org/media/system/js/core.js" "Mozilla/5.0 (Macintosh; Intel Mac OS X 10_10_1) AppleWebKit/537.36 (KHTML, like Gecko) Chrome/39.0.2171.95 Safari/537.36"
35.196.94.204 - - [14/Sep/2025:03:49:42 +0000] "GET /wp-includes/js/jquery/jquery.js HTTP/1.1" 500 - "http://ancientufo.org/wp-includes/js/jquery/jquery.js" "Mozilla/5.0 (Macintosh; Intel Mac OS X 10_10_1) AppleWebKit/537.36 (KHTML, like Gecko) Chrome/39.0.2171.95 Safari/537.36"
66.249.70.128 - - [14/Sep/2025:03:49:51 +0000] "GET /jp/product/51291961867 HTTP/1.1" 200 84829 "-" "Mozilla/5.0 (Linux; Android 6.0.1; Nexus 5X Build/MMB29P) AppleWebKit/537.36 (KHTML, like Gecko) Chrome/140.0.7339.127 Mobile Safari/537.36 (compatible; Googlebot/2.1; +http://www.google.com/bot.html)"
216.73.216.47 - - [14/Sep/2025:03:50:07 +0000] "GET /jp/product/51302234175 HTTP/1.1" 500 - "-" "Mozilla/5.0 AppleWebKit/537.36 (KHTML, like Gecko; compatible; ClaudeBot/1.0; +claudebot@anthropic.com)"
216.73.216.47 - - [14/Sep/2025:03:51:19 +0000] "GET /jp/product/51291584635 HTTP/1.1" 500 - "-" "Mozilla/5.0 AppleWebKit/537.36 (KHTML, like Gecko; compatible; ClaudeBot/1.0; +claudebot@anthropic.com)"
216.73.216.47 - - [14/Sep/2025:03:51:53 +0000] "GET /jp/product/51302177094 HTTP/1.1" 500 - "-" "Mozilla/5.0 AppleWebKit/537.36 (KHTML, like Gecko; compatible; ClaudeBot/1.0; +claudebot@anthropic.com)"
216.73.216.47 - - [14/Sep/2025:03:52:07 +0000] "GET /jp/product/51263323156 HTTP/1.1" 500 - "-" "Mozilla/5.0 AppleWebKit/537.36 (KHTML, like Gecko; compatible; ClaudeBot/1.0; +claudebot@anthropic.com)"
216.73.216.47 - - [14/Sep/2025:03:52:44 +0000] "GET /jp/product/51312795856 HTTP/1.1" 500 - "-" "Mozilla/5.0 AppleWebKit/537.36 (KHTML, like Gecko; compatible; ClaudeBot/1.0; +claudebot@anthropic.com)"
216.73.216.47 - - [14/Sep/2025:03:53:17 +0000] "GET /jp/product/51273924493 HTTP/1.1" 500 - "-" "Mozilla/5.0 AppleWebKit/537.36 (KHTML, like Gecko; compatible; ClaudeBot/1.0; +claudebot@anthropic.com)"
216.73.216.47 - - [14/Sep/2025:03:53:51 +0000] "GET /jp/product/51273740671 HTTP/1.1" 500 - "-" "Mozilla/5.0 AppleWebKit/537.36 (KHTML, like Gecko; compatible; ClaudeBot/1.0; +claudebot@anthropic.com)"
216.73.216.47 - - [14/Sep/2025:03:54:26 +0000] "GET /jp/product/51304963472 HTTP/1.1" 500 - "-" "Mozilla/5.0 AppleWebKit/537.36 (KHTML, like Gecko; compatible; ClaudeBot/1.0; +claudebot@anthropic.com)"
157.55.39.11 - - [14/Sep/2025:03:54:23 +0000] "GET /jp/product/513046403484 HTTP/1.1" 200 85504 "-" "Mozilla/5.0 AppleWebKit/537.36 (KHTML, like Gecko; compatible; bingbot/2.0; +http://www.bing.com/bingbot.htm) Chrome/116.0.1938.76 Safari/537.36"
216.73.216.47 - - [14/Sep/2025:03:54:51 +0000] "GET /jp/product/51284091238 HTTP/1.1" 500 - "-" "Mozilla/5.0 AppleWebKit/537.36 (KHTML, like Gecko; compatible; ClaudeBot/1.0; +claudebot@anthropic.com)"
66.249.70.139 - - [14/Sep/2025:03:55:05 +0000] "GET /jp/shop/51299170730081590.shtml HTTP/1.1" 200 87779 "-" "Mozilla/5.0 (Linux; Android 6.0.1; Nexus 5X Build/MMB29P) AppleWebKit/537.36 (KHTML, like Gecko) Chrome/140.0.7339.127 Mobile Safari/537.36 (compatible; Googlebot/2.1; +http://www.google.com/bot.html)"
216.73.216.47 - - [14/Sep/2025:03:55:26 +0000] "GET /jp/product/51287284385 HTTP/1.1" 500 - "-" "Mozilla/5.0 AppleWebKit/537.36 (KHTML, like Gecko; compatible; ClaudeBot/1.0; +claudebot@anthropic.com)"
2a09:bac3:6e8c:e6e::170:fe - - [14/Sep/2025:03:55:23 +0000] "GET / HTTP/1.1" 500 - "-" "Mozilla/5.0 (iPhone; CPU iPhone OS 18_6_2 like Mac OS X) AppleWebKit/605.1.15 (KHTML, like Gecko) Version/18.6 Mobile/15E148 Safari/604.1"
2a09:bac3:6e8c:e6e::170:fe - - [14/Sep/2025:03:55:28 +0000] "GET /favicon.ico HTTP/1.1" 500 - "https://ancientufo.org/" "Mozilla/5.0 (iPhone; CPU iPhone OS 18_6_2 like Mac OS X) AppleWebKit/605.1.15 (KHTML, like Gecko) Version/18.6 Mobile/15E148 Safari/604.1"
216.73.216.47 - - [14/Sep/2025:03:56:00 +0000] "GET /jp/product/512872223162 HTTP/1.1" 500 - "-" "Mozilla/5.0 AppleWebKit/537.36 (KHTML, like Gecko; compatible; ClaudeBot/1.0; +claudebot@anthropic.com)"
216.73.216.47 - - [14/Sep/2025:03:56:35 +0000] "GET /jp/product/51302390367 HTTP/1.1" 500 - "-" "Mozilla/5.0 AppleWebKit/537.36 (KHTML, like Gecko; compatible; ClaudeBot/1.0; +claudebot@anthropic.com)"
216.73.216.47 - - [14/Sep/2025:03:58:10 +0000] "GET /robots.txt HTTP/1.1" 500 - "-" "Mozilla/5.0 AppleWebKit/537.36 (KHTML, like Gecko; compatible; ClaudeBot/1.0; +claudebot@anthropic.com)"
216.73.216.47 - - [14/Sep/2025:03:58:18 +0000] "GET /jp/product/51276834508 HTTP/1.1" 500 - "-" "Mozilla/5.0 AppleWebKit/537.36 (KHTML, like Gecko; compatible; ClaudeBot/1.0; +claudebot@anthropic.com)"
216.73.216.47 - - [14/Sep/2025:03:58:52 +0000] "GET /jp/product/51318422432 HTTP/1.1" 500 - "-" "Mozilla/5.0 AppleWebKit/537.36 (KHTML, like Gecko; compatible; ClaudeBot/1.0; +claudebot@anthropic.com)"
216.73.216.47 - - [14/Sep/2025:03:59:26 +0000] "GET /jp/product/512730287964 HTTP/1.1" 500 - "-" "Mozilla/5.0 AppleWebKit/537.36 (KHTML, like Gecko; compatible; ClaudeBot/1.0; +claudebot@anthropic.com)"
216.73.216.47 - - [14/Sep/2025:03:59:40 +0000] "GET /jp/product/51305393572 HTTP/1.1" 500 - "-" "Mozilla/5.0 AppleWebKit/537.36 (KHTML, like Gecko; compatible; ClaudeBot/1.0; +claudebot@anthropic.com)"
216.73.216.47 - - [14/Sep/2025:04:00:34 +0000] "GET /jp/product/512913452542 HTTP/1.1" 500 - "-" "Mozilla/5.0 AppleWebKit/537.36 (KHTML, like Gecko; compatible; ClaudeBot/1.0; +claudebot@anthropic.com)"
216.73.216.47 - - [14/Sep/2025:04:01:09 +0000] "GET /jp/product/513111578502 HTTP/1.1" 500 - "-" "Mozilla/5.0 AppleWebKit/537.36 (KHTML, like Gecko; compatible; ClaudeBot/1.0; +claudebot@anthropic.com)"
216.73.216.47 - - [14/Sep/2025:04:01:43 +0000] "GET /jp/product/512721251069 HTTP/1.1" 500 - "-" "Mozilla/5.0 AppleWebKit/537.36 (KHTML, like Gecko; compatible; ClaudeBot/1.0; +claudebot@anthropic.com)"
216.73.216.47 - - [14/Sep/2025:04:02:18 +0000] "GET /jp/product/51302366544 HTTP/1.1" 500 - "-" "Mozilla/5.0 AppleWebKit/537.36 (KHTML, like Gecko; compatible; ClaudeBot/1.0; +claudebot@anthropic.com)"
157.55.39.201 - - [14/Sep/2025:04:02:56 +0000] "GET /jp/product/513161855533 HTTP/1.1" 200 83883 "-" "Mozilla/5.0 AppleWebKit/537.36 (KHTML, like Gecko; compatible; bingbot/2.0; +http://www.bing.com/bingbot.htm) Chrome/116.0.1938.76 Safari/537.36"
216.73.216.47 - - [14/Sep/2025:04:04:02 +0000] "GET /jp/product/51302243230 HTTP/1.1" 500 - "-" "Mozilla/5.0 AppleWebKit/537.36 (KHTML, like Gecko; compatible; ClaudeBot/1.0; +claudebot@anthropic.com)"
216.73.216.47 - - [14/Sep/2025:04:04:37 +0000] "GET /jp/product/51302330874 HTTP/1.1" 500 - "-" "Mozilla/5.0 AppleWebKit/537.36 (KHTML, like Gecko; compatible; ClaudeBot/1.0; +claudebot@anthropic.com)"
216.73.216.47 - - [14/Sep/2025:04:05:11 +0000] "GET /jp/product/51291732543 HTTP/1.1" 500 - "-" "Mozilla/5.0 AppleWebKit/537.36 (KHTML, like Gecko; compatible; ClaudeBot/1.0; +claudebot@anthropic.com)"
216.73.216.47 - - [14/Sep/2025:04:05:33 +0000] "GET /jp/product/512733366739 HTTP/1.1" 500 - "-" "Mozilla/5.0 AppleWebKit/537.36 (KHTML, like Gecko; compatible; ClaudeBot/1.0; +claudebot@anthropic.com)"
152.59.183.104 - - [14/Sep/2025:04:05:53 +0000] "GET / HTTP/1.1" 500 - "-" "Mozilla/5.0 (Windows NT 10.0; Win64; x64) AppleWebKit/537.36 (KHTML, like Gecko) Chrome/114.0.0.0 Safari/537.36 Edg/114.0.1823.43"
102.206.254.175 - - [14/Sep/2025:04:05:54 +0000] "GET / HTTP/1.1" 500 - "-" "Mozilla/5.0 (Windows NT 10.0; Win64; x64) AppleWebKit/537.36 (KHTML, like Gecko) Chrome/114.0.0.0 Safari/537.36 Edg/114.0.1823.43"
212.42.119.66 - - [14/Sep/2025:04:05:55 +0000] "GET / HTTP/1.1" 500 - "-" "Mozilla/5.0 (Windows NT 10.0; Win64; x64) AppleWebKit/537.36 (KHTML, like Gecko) Chrome/114.0.0.0 Safari/537.36 Edg/114.0.1823.43"
49.36.32.195 - - [14/Sep/2025:04:05:56 +0000] "GET / HTTP/1.1" 500 - "-" "Mozilla/5.0 (Windows NT 10.0; Win64; x64) AppleWebKit/537.36 (KHTML, like Gecko) Chrome/114.0.0.0 Safari/537.36 Edg/114.0.1823.43"
103.178.30.106 - - [14/Sep/2025:04:05:59 +0000] "GET / HTTP/1.1" 500 - "-" "Mozilla/5.0 (Windows NT 10.0; Win64; x64) AppleWebKit/537.36 (KHTML, like Gecko) Chrome/114.0.0.0 Safari/537.36 Edg/114.0.1823.43"
157.55.39.15 - - [14/Sep/2025:04:06:13 +0000] "GET /jp/product/513167525090 HTTP/1.1" 200 84042 "-" "Mozilla/5.0 AppleWebKit/537.36 (KHTML, like Gecko; compatible; bingbot/2.0; +http://www.bing.com/bingbot.htm) Chrome/116.0.1938.76 Safari/537.36"
216.73.216.47 - - [14/Sep/2025:04:06:33 +0000] "GET /jp/product/51302219229 HTTP/1.1" 500 - "-" "Mozilla/5.0 AppleWebKit/537.36 (KHTML, like Gecko; compatible; ClaudeBot/1.0; +claudebot@anthropic.com)"
207.46.13.107 - - [14/Sep/2025:04:06:55 +0000] "GET /jp/product/513147162274 HTTP/1.1" 200 83543 "-" "Mozilla/5.0 AppleWebKit/537.36 (KHTML, like Gecko; compatible; bingbot/2.0; +http://www.bing.com/bingbot.htm) Chrome/116.0.1938.76 Safari/537.36"
216.73.216.47 - - [14/Sep/2025:04:07:07 +0000] "GET /jp/product/51318744978 HTTP/1.1" 500 - "-" "Mozilla/5.0 AppleWebKit/537.36 (KHTML, like Gecko; compatible; ClaudeBot/1.0; +claudebot@anthropic.com)"
216.73.216.47 - - [14/Sep/2025:04:07:41 +0000] "GET /jp/product/51307982169 HTTP/1.1" 500 - "-" "Mozilla/5.0 AppleWebKit/537.36 (KHTML, like Gecko; compatible; ClaudeBot/1.0; +claudebot@anthropic.com)"
216.73.216.47 - - [14/Sep/2025:04:08:16 +0000] "GET /jp/product/51305409807 HTTP/1.1" 500 - "-" "Mozilla/5.0 AppleWebKit/537.36 (KHTML, like Gecko; compatible; ClaudeBot/1.0; +claudebot@anthropic.com)"
216.73.216.47 - - [14/Sep/2025:04:08:38 +0000] "GET /jp/product/512771681967 HTTP/1.1" 500 - "-" "Mozilla/5.0 AppleWebKit/537.36 (KHTML, like Gecko; compatible; ClaudeBot/1.0; +claudebot@anthropic.com)"
45.149.173.211 - - [14/Sep/2025:04:09:01 +0000] "GET / HTTP/1.1" 500 - "-" "Mozilla/5.0 (Windows NT 10.0; Win64; x64) AppleWebKit/537.36 (KHTML, like Gecko) Chrome/78.0.3904.108 Safari/537.36"
216.73.216.47 - - [14/Sep/2025:04:09:13 +0000] "GET /jp/product/51263166126 HTTP/1.1" 500 - "-" "Mozilla/5.0 AppleWebKit/537.36 (KHTML, like Gecko; compatible; ClaudeBot/1.0; +claudebot@anthropic.com)"
52.169.206.229 - - [14/Sep/2025:04:09:29 +0000] "GET / HTTP/1.1" 500 - "-" "-"
52.169.206.229 - - [14/Sep/2025:04:09:38 +0000] "GET / HTTP/1.1" 500 - "-" "-"
216.73.216.47 - - [14/Sep/2025:04:09:48 +0000] "GET /jp/product/512641411682 HTTP/1.1" 500 - "-" "Mozilla/5.0 AppleWebKit/537.36 (KHTML, like Gecko; compatible; ClaudeBot/1.0; +claudebot@anthropic.com)"
52.169.206.229 - - [14/Sep/2025:04:09:45 +0000] "GET / HTTP/1.1" 500 - "-" "-"
45.149.173.211 - - [14/Sep/2025:04:09:08 +0000] "GET //wp-includes/wlwmanifest.xml HTTP/1.1" 200 4348 "-" "Mozilla/5.0 (Windows NT 10.0; Win64; x64) AppleWebKit/537.36 (KHTML, like Gecko) Chrome/78.0.3904.108 Safari/537.36"
52.169.206.229 - - [14/Sep/2025:04:09:52 +0000] "GET / HTTP/1.1" 500 - "-" "-"
45.149.173.211 - - [14/Sep/2025:04:09:54 +0000] "GET //xmlrpc.php?rsd HTTP/1.1" 500 - "-" "Mozilla/5.0 (Windows NT 10.0; Win64; x64) AppleWebKit/537.36 (KHTML, like Gecko) Chrome/78.0.3904.108 Safari/537.36"
52.169.206.229 - - [14/Sep/2025:04:09:58 +0000] "GET / HTTP/1.1" 500 - "-" "-"
45.149.173.211 - - [14/Sep/2025:04:10:00 +0000] "GET / HTTP/1.1" 500 - "-" "Mozilla/5.0 (Windows NT 10.0; Win64; x64) AppleWebKit/537.36 (KHTML, like Gecko) Chrome/78.0.3904.108 Safari/537.36"
52.169.206.229 - - [14/Sep/2025:04:10:06 +0000] "GET / HTTP/1.1" 500 - "-" "-"
52.169.206.229 - - [14/Sep/2025:04:10:14 +0000] "GET / HTTP/1.1" 500 - "-" "-"
216.73.216.47 - - [14/Sep/2025:04:10:22 +0000] "GET /jp/product/51273786083 HTTP/1.1" 500 - "-" "Mozilla/5.0 AppleWebKit/537.36 (KHTML, like Gecko; compatible; ClaudeBot/1.0; +claudebot@anthropic.com)"
2a02:598:96:8a00::1200:12f - - [14/Sep/2025:04:10:24 +0000] "GET /jp/product/51302265255 HTTP/1.1" 500 - "-" "Mozilla/5.0 (compatible; SeznamBot/4.0; +https://o-seznam.cz/napoveda/vyhledavani/en/seznambot-crawler/)"
52.169.206.229 - - [14/Sep/2025:04:10:22 +0000] "GET / HTTP/1.1" 500 - "-" "-"
52.169.206.229 - - [14/Sep/2025:04:10:31 +0000] "GET / HTTP/1.1" 500 - "-" "-"
189.216.159.155 - - [14/Sep/2025:04:10:41 +0000] "GET / HTTP/1.1" 500 - "-" "Mozilla/5.0 (Windows NT 10.0; Win64; x64) AppleWebKit/537.36 (KHTML, like Gecko) Chrome/114.0.0.0 Safari/537.36 Edg/114.0.1823.43"
52.169.206.229 - - [14/Sep/2025:04:10:40 +0000] "GET / HTTP/1.1" 500 - "-" "-"
27.49.16.112 - - [14/Sep/2025:04:10:40 +0000] "GET / HTTP/1.1" 500 - "-" "Mozilla/5.0 (Windows NT 10.0; Win64; x64) AppleWebKit/537.36 (KHTML, like Gecko) Chrome/114.0.0.0 Safari/537.36 Edg/114.0.1823.43"
213.186.1.154 - - [14/Sep/2025:04:10:47 +0000] "GET / HTTP/1.1" 500 - "-" "Mediatoolkitbot (complaints@mediatoolkit.com)"
52.169.206.229 - - [14/Sep/2025:04:10:48 +0000] "GET / HTTP/1.1" 500 - "-" "-"
45.149.173.211 - - [14/Sep/2025:04:10:09 +0000] "GET //blog/wp-includes/wlwmanifest.xml HTTP/1.1" 200 4383 "-" "Mozilla/5.0 (Windows NT 10.0; Win64; x64) AppleWebKit/537.36 (KHTML, like Gecko) Chrome/78.0.3904.108 Safari/537.36"
216.73.216.47 - - [14/Sep/2025:04:10:57 +0000] "GET /jp/product/513049437455 HTTP/1.1" 500 - "-" "Mozilla/5.0 AppleWebKit/537.36 (KHTML, like Gecko; compatible; ClaudeBot/1.0; +claudebot@anthropic.com)"
52.169.206.229 - - [14/Sep/2025:04:10:55 +0000] "GET / HTTP/1.1" 500 - "-" "-"
52.169.206.229 - - [14/Sep/2025:04:11:02 +0000] "GET / HTTP/1.1" 500 - "-" "-"
52.169.206.229 - - [14/Sep/2025:04:11:09 +0000] "GET / HTTP/1.1" 500 - "-" "-"
52.169.206.229 - - [14/Sep/2025:04:11:15 +0000] "GET / HTTP/1.1" 500 - "-" "-"
216.73.216.47 - - [14/Sep/2025:04:11:30 +0000] "GET /jp/product/513114335476 HTTP/1.1" 500 - "-" "Mozilla/5.0 AppleWebKit/537.36 (KHTML, like Gecko; compatible; ClaudeBot/1.0; +claudebot@anthropic.com)"
52.169.206.229 - - [14/Sep/2025:04:11:23 +0000] "GET / HTTP/1.1" 500 - "-" "-"
52.169.206.229 - - [14/Sep/2025:04:11:31 +0000] "GET / HTTP/1.1" 500 - "-" "-"
45.149.173.211 - - [14/Sep/2025:04:10:56 +0000] "GET //web/wp-includes/wlwmanifest.xml HTTP/1.1" 200 4393 "-" "Mozilla/5.0 (Windows NT 10.0; Win64; x64) AppleWebKit/537.36 (KHTML, like Gecko) Chrome/78.0.3904.108 Safari/537.36"
52.169.206.229 - - [14/Sep/2025:04:11:39 +0000] "GET / HTTP/1.1" 500 - "-" "-"
52.169.206.229 - - [14/Sep/2025:04:11:46 +0000] "GET / HTTP/1.1" 500 - "-" "-"
52.169.206.229 - - [14/Sep/2025:04:11:53 +0000] "GET / HTTP/1.1" 500 - "-" "-"
216.73.216.47 - - [14/Sep/2025:04:12:05 +0000] "GET /jp/product/51312739848 HTTP/1.1" 500 - "-" "Mozilla/5.0 AppleWebKit/537.36 (KHTML, like Gecko; compatible; ClaudeBot/1.0; +claudebot@anthropic.com)"
52.169.206.229 - - [14/Sep/2025:04:12:00 +0000] "GET / HTTP/1.1" 500 - "-" "-"
52.169.206.229 - - [14/Sep/2025:04:12:07 +0000] "GET / HTTP/1.1" 500 - "-" "-"
52.169.206.229 - - [14/Sep/2025:04:12:14 +0000] "GET / HTTP/1.1" 500 - "-" "-"
52.169.206.229 - - [14/Sep/2025:04:12:21 +0000] "GET / HTTP/1.1" 500 - "-" "-"
45.149.173.211 - - [14/Sep/2025:04:11:43 +0000] "GET //wordpress/wp-includes/wlwmanifest.xml HTTP/1.1" 200 4434 "-" "Mozilla/5.0 (Windows NT 10.0; Win64; x64) AppleWebKit/537.36 (KHTML, like Gecko) Chrome/78.0.3904.108 Safari/537.36"
52.169.206.229 - - [14/Sep/2025:04:12:27 +0000] "GET / HTTP/1.1" 500 - "-" "-"
216.73.216.47 - - [14/Sep/2025:04:12:39 +0000] "GET /jp/product/51312545767 HTTP/1.1" 500 - "-" "Mozilla/5.0 AppleWebKit/537.36 (KHTML, like Gecko; compatible; ClaudeBot/1.0; +claudebot@anthropic.com)"
52.169.206.229 - - [14/Sep/2025:04:12:34 +0000] "GET / HTTP/1.1" 500 - "-" "-"
52.169.206.229 - - [14/Sep/2025:04:12:41 +0000] "GET / HTTP/1.1" 500 - "-" "-"
52.169.206.229 - - [14/Sep/2025:04:12:47 +0000] "GET / HTTP/1.1" 500 - "-" "-"
52.169.206.229 - - [14/Sep/2025:04:12:53 +0000] "GET / HTTP/1.1" 500 - "-" "-"
52.169.206.229 - - [14/Sep/2025:04:12:59 +0000] "GET / HTTP/1.1" 500 - "-" "-"
52.169.206.229 - - [14/Sep/2025:04:13:04 +0000] "GET / HTTP/1.1" 500 - "-" "-"
45.149.173.211 - - [14/Sep/2025:04:12:29 +0000] "GET //website/wp-includes/wlwmanifest.xml HTTP/1.1" 200 4413 "-" "Mozilla/5.0 (Windows NT 10.0; Win64; x64) AppleWebKit/537.36 (KHTML, like Gecko) Chrome/78.0.3904.108 Safari/537.36"
52.169.206.229 - - [14/Sep/2025:04:13:09 +0000] "GET / HTTP/1.1" 500 - "-" "-"
216.73.216.47 - - [14/Sep/2025:04:13:13 +0000] "GET /sitemap.xml HTTP/1.1" 500 - "-" "Mozilla/5.0 AppleWebKit/537.36 (KHTML, like Gecko; compatible; ClaudeBot/1.0; +claudebot@anthropic.com)"
52.169.206.229 - - [14/Sep/2025:04:13:14 +0000] "GET / HTTP/1.1" 500 - "-" "-"
52.169.206.229 - - [14/Sep/2025:04:13:19 +0000] "GET / HTTP/1.1" 500 - "-" "-"
52.169.206.229 - - [14/Sep/2025:04:13:24 +0000] "GET / HTTP/1.1" 500 - "-" "-"
52.169.206.229 - - [14/Sep/2025:04:13:29 +0000] "GET / HTTP/1.1" 500 - "-" "-"
52.169.206.229 - - [14/Sep/2025:04:13:34 +0000] "GET / HTTP/1.1" 500 - "-" "-"
52.169.206.229 - - [14/Sep/2025:04:13:39 +0000] "GET / HTTP/1.1" 500 - "-" "-"
216.73.216.47 - - [14/Sep/2025:04:13:48 +0000] "GET /wp-includes/revisions.php HTTP/1.1" 200 - "-" "Mozilla/5.0 AppleWebKit/537.36 (KHTML, like Gecko; compatible; ClaudeBot/1.0; +claudebot@anthropic.com)"
52.169.206.229 - - [14/Sep/2025:04:13:44 +0000] "GET / HTTP/1.1" 500 - "-" "-"
45.149.173.211 - - [14/Sep/2025:04:13:12 +0000] "GET //wp/wp-includes/wlwmanifest.xml HTTP/1.1" 200 4391 "-" "Mozilla/5.0 (Windows NT 10.0; Win64; x64) AppleWebKit/537.36 (KHTML, like Gecko) Chrome/78.0.3904.108 Safari/537.36"
52.169.206.229 - - [14/Sep/2025:04:13:49 +0000] "GET / HTTP/1.1" 500 - "-" "-"
52.169.206.229 - - [14/Sep/2025:04:13:54 +0000] "GET / HTTP/1.1" 500 - "-" "-"
52.169.206.229 - - [14/Sep/2025:04:14:00 +0000] "GET / HTTP/1.1" 500 - "-" "-"
52.169.206.229 - - [14/Sep/2025:04:14:05 +0000] "GET / HTTP/1.1" 500 - "-" "-"
52.169.206.229 - - [14/Sep/2025:04:14:12 +0000] "GET / HTTP/1.1" 500 - "-" "-"
216.73.216.47 - - [14/Sep/2025:04:14:23 +0000] "GET /header.php HTTP/1.1" 200 - "-" "Mozilla/5.0 AppleWebKit/537.36 (KHTML, like Gecko; compatible; ClaudeBot/1.0; +claudebot@anthropic.com)"
84.54.71.151 - - [14/Sep/2025:04:14:18 +0000] "GET / HTTP/1.1" 500 - "-" "Mozilla/5.0 (Windows NT 10.0; Win64; x64) AppleWebKit/537.36 (KHTML, like Gecko) Chrome/114.0.0.0 Safari/537.36 Edg/114.0.1823.43"
52.169.206.229 - - [14/Sep/2025:04:14:19 +0000] "GET / HTTP/1.1" 500 - "-" "-"
52.169.206.229 - - [14/Sep/2025:04:14:26 +0000] "GET / HTTP/1.1" 500 - "-" "-"
45.149.173.211 - - [14/Sep/2025:04:13:52 +0000] "GET //news/wp-includes/wlwmanifest.xml HTTP/1.1" 200 4405 "-" "Mozilla/5.0 (Windows NT 10.0; Win64; x64) AppleWebKit/537.36 (KHTML, like Gecko) Chrome/78.0.3904.108 Safari/537.36"
52.169.206.229 - - [14/Sep/2025:04:14:34 +0000] "GET / HTTP/1.1" 500 - "-" "-"
34.192.67.98 - - [14/Sep/2025:04:14:46 +0000] "GET /2016/03/vietnam-ufos-killed-us-soldiers/ HTTP/1.1" 500 - "-" "Mozilla/5.0 AppleWebKit/537.36 (KHTML, like Gecko; compatible; Amazonbot/0.1; +https://developer.amazon.com/support/amazonbot) Chrome/119.0.6045.214 Safari/537.36"
52.169.206.229 - - [14/Sep/2025:04:14:42 +0000] "GET / HTTP/1.1" 500 - "-" "-"
216.73.216.47 - - [14/Sep/2025:04:14:57 +0000] "GET /jp/product/51302395792 HTTP/1.1" 500 - "-" "Mozilla/5.0 AppleWebKit/537.36 (KHTML, like Gecko; compatible; ClaudeBot/1.0; +claudebot@anthropic.com)"
52.169.206.229 - - [14/Sep/2025:04:14:51 +0000] "GET / HTTP/1.1" 500 - "-" "-"
52.169.206.229 - - [14/Sep/2025:04:14:59 +0000] "GET / HTTP/1.1" 500 - "-" "-"
47.79.219.2 - - [14/Sep/2025:04:15:00 +0000] "GET / HTTP/1.1" 500 - "https://www.google.com/" "Mozilla/5.0 (Windows NT 10.0; Win64; x64) AppleWebKit/537.36 (KHTML, like Gecko) Chrome/132.0.0.0 Safari/537.36 Edg/132.0.0.0"
52.169.206.229 - - [14/Sep/2025:04:15:07 +0000] "GET / HTTP/1.1" 500 - "-" "-"
52.169.206.229 - - [14/Sep/2025:04:15:13 +0000] "GET / HTTP/1.1" 500 - "-" "-"
45.149.173.211 - - [14/Sep/2025:04:14:37 +0000] "GET //2018/wp-includes/wlwmanifest.xml HTTP/1.1" 200 4384 "-" "Mozilla/5.0 (Windows NT 10.0; Win64; x64) AppleWebKit/537.36 (KHTML, like Gecko) Chrome/78.0.3904.108 Safari/537.36"
52.169.206.229 - - [14/Sep/2025:04:15:20 +0000] "GET / HTTP/1.1" 500 - "-" "-"
216.73.216.47 - - [14/Sep/2025:04:15:32 +0000] "GET /jp/product/51302471326 HTTP/1.1" 500 - "-" "Mozilla/5.0 AppleWebKit/537.36 (KHTML, like Gecko; compatible; ClaudeBot/1.0; +claudebot@anthropic.com)"
52.169.206.229 - - [14/Sep/2025:04:15:27 +0000] "GET / HTTP/1.1" 500 - "-" "-"
52.169.206.229 - - [14/Sep/2025:04:15:34 +0000] "GET / HTTP/1.1" 500 - "-" "-"
52.169.206.229 - - [14/Sep/2025:04:15:41 +0000] "GET / HTTP/1.1" 500 - "-" "-"
216.73.216.47 - - [14/Sep/2025:04:15:48 +0000] "GET /jp/product/51273537675 HTTP/1.1" 500 - "-" "Mozilla/5.0 AppleWebKit/537.36 (KHTML, like Gecko; compatible; ClaudeBot/1.0; +claudebot@anthropic.com)"
54.251.111.11 - - [14/Sep/2025:04:15:42 +0000] "GET / HTTP/1.1" 200 83409 "-" "Googlebot/2.1; +http://www.google.com/bot.html)"
52.169.206.229 - - [14/Sep/2025:04:15:48 +0000] "GET / HTTP/1.1" 500 - "-" "-"
54.251.111.11 - - [14/Sep/2025:04:15:47 +0000] "GET / HTTP/1.1" 200 83409 "http://ancientufo.org" "Googlebot/2.1; +http://www.google.com/bot.html)"
52.169.206.229 - - [14/Sep/2025:04:15:55 +0000] "GET / HTTP/1.1" 500 - "-" "-"
52.169.206.229 - - [14/Sep/2025:04:16:02 +0000] "GET / HTTP/1.1" 500 - "-" "-"
45.149.173.211 - - [14/Sep/2025:04:15:25 +0000] "GET //2019/wp-includes/wlwmanifest.xml HTTP/1.1" 200 4411 "-" "Mozilla/5.0 (Windows NT 10.0; Win64; x64) AppleWebKit/537.36 (KHTML, like Gecko) Chrome/78.0.3904.108 Safari/537.36"
52.169.206.229 - - [14/Sep/2025:04:16:09 +0000] "GET / HTTP/1.1" 500 - "-" "-"
52.169.206.229 - - [14/Sep/2025:04:16:16 +0000] "GET / HTTP/1.1" 500 - "-" "-"
216.73.216.47 - - [14/Sep/2025:04:16:23 +0000] "GET /jp/product/51266084641 HTTP/1.1" 500 - "-" "Mozilla/5.0 AppleWebKit/537.36 (KHTML, like Gecko; compatible; ClaudeBot/1.0; +claudebot@anthropic.com)"
52.169.206.229 - - [14/Sep/2025:04:16:23 +0000] "GET / HTTP/1.1" 500 - "-" "-"
52.169.206.229 - - [14/Sep/2025:04:16:30 +0000] "GET / HTTP/1.1" 500 - "-" "-"
52.169.206.229 - - [14/Sep/2025:04:16:36 +0000] "GET / HTTP/1.1" 500 - "-" "-"
52.169.206.229 - - [14/Sep/2025:04:16:43 +0000] "GET / HTTP/1.1" 500 - "-" "-"
52.169.206.229 - - [14/Sep/2025:04:16:50 +0000] "GET / HTTP/1.1" 500 - "-" "-"
216.73.216.47 - - [14/Sep/2025:04:16:57 +0000] "GET /jp/product/512611870384 HTTP/1.1" 500 - "-" "Mozilla/5.0 AppleWebKit/537.36 (KHTML, like Gecko; compatible; ClaudeBot/1.0; +claudebot@anthropic.com)"
45.149.173.211 - - [14/Sep/2025:04:16:12 +0000] "GET //shop/wp-includes/wlwmanifest.xml HTTP/1.1" 200 4407 "-" "Mozilla/5.0 (Windows NT 10.0; Win64; x64) AppleWebKit/537.36 (KHTML, like Gecko) Chrome/78.0.3904.108 Safari/537.36"
52.169.206.229 - - [14/Sep/2025:04:16:56 +0000] "GET / HTTP/1.1" 500 - "-" "-"
52.169.206.229 - - [14/Sep/2025:04:17:03 +0000] "GET / HTTP/1.1" 500 - "-" "-"
52.169.206.229 - - [14/Sep/2025:04:17:10 +0000] "GET / HTTP/1.1" 500 - "-" "-"
52.169.206.229 - - [14/Sep/2025:04:17:17 +0000] "GET / HTTP/1.1" 500 - "-" "-"
34.174.177.71 - - [14/Sep/2025:04:17:23 +0000] "GET / HTTP/1.1" 500 - "https://google.com/" "Mozilla/5.0 (X11; Linux x86_64) AppleWebKit/537.36 (KHTML, like Gecko) Chrome/136.0.0.0 Safari/537.36"
52.169.206.229 - - [14/Sep/2025:04:17:23 +0000] "GET / HTTP/1.1" 500 - "-" "-"
216.73.216.47 - - [14/Sep/2025:04:17:30 +0000] "GET /jp/product/513022991782 HTTP/1.1" 500 - "-" "Mozilla/5.0 AppleWebKit/537.36 (KHTML, like Gecko; compatible; ClaudeBot/1.0; +claudebot@anthropic.com)"
34.174.177.71 - - [14/Sep/2025:04:17:29 +0000] "GET / HTTP/1.1" 500 - "https://google.com/" "Mozilla/5.0 (X11; Linux x86_64) AppleWebKit/537.36 (KHTML, like Gecko) Chrome/136.0.0.0 Safari/537.36"
52.169.206.229 - - [14/Sep/2025:04:17:30 +0000] "GET / HTTP/1.1" 500 - "-" "-"
45.149.173.211 - - [14/Sep/2025:04:16:57 +0000] "GET //wp1/wp-includes/wlwmanifest.xml HTTP/1.1" 200 4364 "-" "Mozilla/5.0 (Windows NT 10.0; Win64; x64) AppleWebKit/537.36 (KHTML, like Gecko) Chrome/78.0.3904.108 Safari/537.36"
52.169.206.229 - - [14/Sep/2025:04:17:37 +0000] "GET / HTTP/1.1" 500 - "-" "-"
2a02:598:96:8a00::1200:12f - - [14/Sep/2025:04:17:45 +0000] "GET /jp/product/51268874878 HTTP/1.1" 500 - "-" "Mozilla/5.0 (compatible; SeznamBot/4.0; +https://o-seznam.cz/napoveda/vyhledavani/en/seznambot-crawler/)"
52.169.206.229 - - [14/Sep/2025:04:17:44 +0000] "GET / HTTP/1.1" 500 - "-" "-"
216.73.216.47 - - [14/Sep/2025:04:17:54 +0000] "GET /jp/product/51302207299 HTTP/1.1" 500 - "-" "Mozilla/5.0 AppleWebKit/537.36 (KHTML, like Gecko; compatible; ClaudeBot/1.0; +claudebot@anthropic.com)"
52.169.206.229 - - [14/Sep/2025:04:17:51 +0000] "GET / HTTP/1.1" 500 - "-" "-"
157.55.39.205 - - [14/Sep/2025:04:17:50 +0000] "GET /jp/product/512738929670 HTTP/1.1" 200 85651 "-" "Mozilla/5.0 AppleWebKit/537.36 (KHTML, like Gecko; compatible; bingbot/2.0; +http://www.bing.com/bingbot.htm) Chrome/116.0.1938.76 Safari/537.36"
52.169.206.229 - - [14/Sep/2025:04:17:59 +0000] "GET / HTTP/1.1" 500 - "-" "-"
52.169.206.229 - - [14/Sep/2025:04:18:06 +0000] "GET / HTTP/1.1" 500 - "-" "-"
52.169.206.229 - - [14/Sep/2025:04:18:13 +0000] "GET / HTTP/1.1" 500 - "-" "-"
45.149.173.211 - - [14/Sep/2025:04:17:40 +0000] "GET //test/wp-includes/wlwmanifest.xml HTTP/1.1" 200 4399 "-" "Mozilla/5.0 (Windows NT 10.0; Win64; x64) AppleWebKit/537.36 (KHTML, like Gecko) Chrome/78.0.3904.108 Safari/537.36"
52.169.206.229 - - [14/Sep/2025:04:18:19 +0000] "GET / HTTP/1.1" 500 - "-" "-"
216.73.216.47 - - [14/Sep/2025:04:18:28 +0000] "GET /jp/product/51297695765 HTTP/1.1" 500 - "-" "Mozilla/5.0 AppleWebKit/537.36 (KHTML, like Gecko; compatible; ClaudeBot/1.0; +claudebot@anthropic.com)"
52.169.206.229 - - [14/Sep/2025:04:18:26 +0000] "GET / HTTP/1.1" 500 - "-" "-"
52.169.206.229 - - [14/Sep/2025:04:18:33 +0000] "GET / HTTP/1.1" 500 - "-" "-"
216.73.216.47 - - [14/Sep/2025:04:18:45 +0000] "GET /jp/product/512821958477 HTTP/1.1" 500 - "-" "Mozilla/5.0 AppleWebKit/537.36 (KHTML, like Gecko; compatible; ClaudeBot/1.0; +claudebot@anthropic.com)"
52.169.206.229 - - [14/Sep/2025:04:18:39 +0000] "GET / HTTP/1.1" 500 - "-" "-"
45.187.161.147 - - [14/Sep/2025:04:18:43 +0000] "GET /jp/product/5127912271 HTTP/1.1" 500 - "-" "Mozilla/5.0 (Macintosh; Intel Mac OS X 10_14_6) AppleWebKit/537.36 (KHTML, like Gecko) Brave Chrome/78.0.3904.108 Safari/537.36"
52.169.206.229 - - [14/Sep/2025:04:18:46 +0000] "GET / HTTP/1.1" 500 - "-" "-"
52.169.206.229 - - [14/Sep/2025:04:18:53 +0000] "GET / HTTP/1.1" 500 - "-" "-"
52.169.206.229 - - [14/Sep/2025:04:19:00 +0000] "GET / HTTP/1.1" 500 - "-" "-"
45.149.173.211 - - [14/Sep/2025:04:18:25 +0000] "GET //media/wp-includes/wlwmanifest.xml HTTP/1.1" 200 4449 "-" "Mozilla/5.0 (Windows NT 10.0; Win64; x64) AppleWebKit/537.36 (KHTML, like Gecko) Chrome/78.0.3904.108 Safari/537.36"
52.169.206.229 - - [14/Sep/2025:04:19:07 +0000] "GET / HTTP/1.1" 500 - "-" "-"
216.73.216.47 - - [14/Sep/2025:04:19:11 +0000] "GET /robots.txt HTTP/1.1" 500 - "-" "Mozilla/5.0 AppleWebKit/537.36 (KHTML, like Gecko; compatible; ClaudeBot/1.0; +claudebot@anthropic.com)"
216.73.216.47 - - [14/Sep/2025:04:19:18 +0000] "GET /jp/product/51266113205 HTTP/1.1" 500 - "-" "Mozilla/5.0 AppleWebKit/537.36 (KHTML, like Gecko; compatible; ClaudeBot/1.0; +claudebot@anthropic.com)"
52.169.206.229 - - [14/Sep/2025:04:19:14 +0000] "GET / HTTP/1.1" 500 - "-" "-"
2a02:598:128:8a00::b00:5 - - [14/Sep/2025:04:19:22 +0000] "GET /jp/product/51281332260 HTTP/1.1" 500 - "-" "Mozilla/5.0 (compatible; SeznamBot/4.0; +https://o-seznam.cz/napoveda/vyhledavani/en/seznambot-crawler/)"
52.169.206.229 - - [14/Sep/2025:04:19:21 +0000] "GET / HTTP/1.1" 500 - "-" "-"
216.73.216.47 - - [14/Sep/2025:04:19:31 +0000] "GET /jp/product/51266015751 HTTP/1.1" 500 - "-" "Mozilla/5.0 AppleWebKit/537.36 (KHTML, like Gecko; compatible; ClaudeBot/1.0; +claudebot@anthropic.com)"
34.174.177.71 - - [14/Sep/2025:04:19:38 +0000] "GET / HTTP/1.1" 500 - "http://playground-magazine.com/robots.txt" "Mozilla/5.0 (Windows NT 10.0; Win64; x64; rv:136.0) Gecko/20100101 Firefox/136.0"
34.174.177.71 - - [14/Sep/2025:04:19:44 +0000] "GET / HTTP/1.1" 500 - "http://playground-magazine.com/2016/10/mad-science-4/" "Mozilla/5.0 (Windows NT 10.0; Win64; x64; rv:136.0) Gecko/20100101 Firefox/136.0"
45.149.173.211 - - [14/Sep/2025:04:19:10 +0000] "GET //wp2/wp-includes/wlwmanifest.xml HTTP/1.1" 200 4336 "-" "Mozilla/5.0 (Windows NT 10.0; Win64; x64) AppleWebKit/537.36 (KHTML, like Gecko) Chrome/78.0.3904.108 Safari/537.36"
216.73.216.47 - - [14/Sep/2025:04:20:05 +0000] "GET /jp/product/51302277691 HTTP/1.1" 500 - "-" "Mozilla/5.0 AppleWebKit/537.36 (KHTML, like Gecko; compatible; ClaudeBot/1.0; +claudebot@anthropic.com)"
216.73.216.47 - - [14/Sep/2025:04:20:38 +0000] "GET /jp/product/51284401361 HTTP/1.1" 500 - "-" "Mozilla/5.0 AppleWebKit/537.36 (KHTML, like Gecko; compatible; ClaudeBot/1.0; +claudebot@anthropic.com)"
45.149.173.211 - - [14/Sep/2025:04:19:57 +0000] "GET //site/wp-includes/wlwmanifest.xml HTTP/1.1" 200 4347 "-" "Mozilla/5.0 (Windows NT 10.0; Win64; x64) AppleWebKit/537.36 (KHTML, like Gecko) Chrome/78.0.3904.108 Safari/537.36"
216.73.216.47 - - [14/Sep/2025:04:21:01 +0000] "GET /jp/product/51273897109 HTTP/1.1" 500 - "-" "Mozilla/5.0 AppleWebKit/537.36 (KHTML, like Gecko; compatible; ClaudeBot/1.0; +claudebot@anthropic.com)"
216.73.216.47 - - [14/Sep/2025:04:21:27 +0000] "GET /jp/product/51318438532 HTTP/1.1" 500 - "-" "Mozilla/5.0 AppleWebKit/537.36 (KHTML, like Gecko; compatible; ClaudeBot/1.0; +claudebot@anthropic.com)"
45.149.173.211 - - [14/Sep/2025:04:20:45 +0000] "GET //cms/wp-includes/wlwmanifest.xml HTTP/1.1" 200 4350 "-" "Mozilla/5.0 (Windows NT 10.0; Win64; x64) AppleWebKit/537.36 (KHTML, like Gecko) Chrome/78.0.3904.108 Safari/537.36"
216.73.216.47 - - [14/Sep/2025:04:22:02 +0000] "GET /jp/product/51302435914 HTTP/1.1" 500 - "-" "Mozilla/5.0 AppleWebKit/537.36 (KHTML, like Gecko; compatible; ClaudeBot/1.0; +claudebot@anthropic.com)"
45.149.173.211 - - [14/Sep/2025:04:21:35 +0000] "GET //sito/wp-includes/wlwmanifest.xml HTTP/1.1" 200 4410 "-" "Mozilla/5.0 (Windows NT 10.0; Win64; x64) AppleWebKit/537.36 (KHTML, like Gecko) Chrome/78.0.3904.108 Safari/537.36"
216.73.216.47 - - [14/Sep/2025:04:22:37 +0000] "GET /jp/product/512629669255 HTTP/1.1" 500 - "-" "Mozilla/5.0 AppleWebKit/537.36 (KHTML, like Gecko; compatible; ClaudeBot/1.0; +claudebot@anthropic.com)"
216.73.216.47 - - [14/Sep/2025:04:23:07 +0000] "GET /jp/product/512813182896 HTTP/1.1" 500 - "-" "Mozilla/5.0 AppleWebKit/537.36 (KHTML, like Gecko; compatible; ClaudeBot/1.0; +claudebot@anthropic.com)"
157.55.39.205 - - [14/Sep/2025:04:23:02 +0000] "GET /jp/product/51263120684 HTTP/1.1" 200 84590 "-" "Mozilla/5.0 AppleWebKit/537.36 (KHTML, like Gecko; compatible; bingbot/2.0; +http://www.bing.com/bingbot.htm) Chrome/116.0.1938.76 Safari/537.36"
216.73.216.47 - - [14/Sep/2025:04:23:22 +0000] "GET /jp/product/512813278117 HTTP/1.1" 500 - "-" "Mozilla/5.0 AppleWebKit/537.36 (KHTML, like Gecko; compatible; ClaudeBot/1.0; +claudebot@anthropic.com)"
216.73.216.47 - - [14/Sep/2025:04:23:57 +0000] "GET /jp/product/51273788204 HTTP/1.1" 500 - "-" "Mozilla/5.0 AppleWebKit/537.36 (KHTML, like Gecko; compatible; ClaudeBot/1.0; +claudebot@anthropic.com)"
216.73.216.47 - - [14/Sep/2025:04:24:32 +0000] "GET /jp/product/51312714400 HTTP/1.1" 500 - "-" "Mozilla/5.0 AppleWebKit/537.36 (KHTML, like Gecko; compatible; ClaudeBot/1.0; +claudebot@anthropic.com)"
157.55.39.200 - - [14/Sep/2025:04:24:35 +0000] "GET /jp/product/513073235199 HTTP/1.1" 200 85515 "-" "Mozilla/5.0 AppleWebKit/537.36 (KHTML, like Gecko; compatible; bingbot/2.0; +http://www.bing.com/bingbot.htm) Chrome/116.0.1938.76 Safari/537.36"
216.73.216.47 - - [14/Sep/2025:04:25:06 +0000] "GET /jp/product/513164539818 HTTP/1.1" 500 - "-" "Mozilla/5.0 AppleWebKit/537.36 (KHTML, like Gecko; compatible; ClaudeBot/1.0; +claudebot@anthropic.com)"
216.73.216.47 - - [14/Sep/2025:04:25:41 +0000] "GET /jp/product/51291868584 HTTP/1.1" 500 - "-" "Mozilla/5.0 AppleWebKit/537.36 (KHTML, like Gecko; compatible; ClaudeBot/1.0; +claudebot@anthropic.com)"
216.73.216.47 - - [14/Sep/2025:04:26:15 +0000] "GET /jp/product/512925105201 HTTP/1.1" 500 - "-" "Mozilla/5.0 AppleWebKit/537.36 (KHTML, like Gecko; compatible; ClaudeBot/1.0; +claudebot@anthropic.com)"
85.208.96.205 - - [14/Sep/2025:04:26:45 +0000] "GET / HTTP/1.1" 500 - "-" "Mozilla/5.0 (compatible; SemrushBot/7~bl; +http://www.semrush.com/bot.html)"
216.73.216.47 - - [14/Sep/2025:04:26:50 +0000] "GET /jp/product/512721291802 HTTP/1.1" 500 - "-" "Mozilla/5.0 AppleWebKit/537.36 (KHTML, like Gecko; compatible; ClaudeBot/1.0; +claudebot@anthropic.com)"
216.73.216.47 - - [14/Sep/2025:04:27:16 +0000] "GET /jp/product/51283994032 HTTP/1.1" 500 - "-" "Mozilla/5.0 AppleWebKit/537.36 (KHTML, like Gecko; compatible; ClaudeBot/1.0; +claudebot@anthropic.com)"
2001:ee0:5385:3af3:bdc5:81bb:3e4e:2f7 - - [14/Sep/2025:04:27:21 +0000] "GET /site/wp-content/uploads/2015/07/1argentinaufo1960.jpg HTTP/1.1" 500 - "-" "Mozilla/5.0 (Macintosh; Intel Mac OS X 10_15_7) AppleWebKit/537.36 (KHTML, like Gecko) Chrome/133.0.0.0 Safari/537.36"
216.73.216.47 - - [14/Sep/2025:04:27:50 +0000] "GET /sitemap.xml HTTP/1.1" 500 - "-" "Mozilla/5.0 AppleWebKit/537.36 (KHTML, like Gecko; compatible; ClaudeBot/1.0; +claudebot@anthropic.com)"
216.73.216.47 - - [14/Sep/2025:04:28:25 +0000] "GET /wp-includes/revisions.php HTTP/1.1" 200 - "-" "Mozilla/5.0 AppleWebKit/537.36 (KHTML, like Gecko; compatible; ClaudeBot/1.0; +claudebot@anthropic.com)"
216.73.216.47 - - [14/Sep/2025:04:29:00 +0000] "GET /header.php HTTP/1.1" 200 - "-" "Mozilla/5.0 AppleWebKit/537.36 (KHTML, like Gecko; compatible; ClaudeBot/1.0; +claudebot@anthropic.com)"
216.73.216.47 - - [14/Sep/2025:04:29:14 +0000] "GET /jp/product/51312765908 HTTP/1.1" 500 - "-" "Mozilla/5.0 AppleWebKit/537.36 (KHTML, like Gecko; compatible; ClaudeBot/1.0; +claudebot@anthropic.com)"
216.73.216.47 - - [14/Sep/2025:04:29:44 +0000] "GET /jp/product/51302379517 HTTP/1.1" 500 - "-" "Mozilla/5.0 AppleWebKit/537.36 (KHTML, like Gecko; compatible; ClaudeBot/1.0; +claudebot@anthropic.com)"
216.73.216.47 - - [14/Sep/2025:04:30:10 +0000] "GET /jp/product/51312703457 HTTP/1.1" 500 - "-" "Mozilla/5.0 AppleWebKit/537.36 (KHTML, like Gecko; compatible; ClaudeBot/1.0; +claudebot@anthropic.com)"
216.73.216.47 - - [14/Sep/2025:04:30:45 +0000] "GET /jp/product/51273916419 HTTP/1.1" 500 - "-" "Mozilla/5.0 AppleWebKit/537.36 (KHTML, like Gecko; compatible; ClaudeBot/1.0; +claudebot@anthropic.com)"
216.73.216.47 - - [14/Sep/2025:04:31:19 +0000] "GET /jp/product/51273564783 HTTP/1.1" 500 - "-" "Mozilla/5.0 AppleWebKit/537.36 (KHTML, like Gecko; compatible; ClaudeBot/1.0; +claudebot@anthropic.com)"
157.55.39.200 - - [14/Sep/2025:04:31:37 +0000] "GET /jp/product/512851586396 HTTP/1.1" 200 84811 "-" "Mozilla/5.0 AppleWebKit/537.36 (KHTML, like Gecko; compatible; bingbot/2.0; +http://www.bing.com/bingbot.htm) Chrome/116.0.1938.76 Safari/537.36"
216.73.216.47 - - [14/Sep/2025:04:31:54 +0000] "GET /jp/product/51263391472 HTTP/1.1" 500 - "-" "Mozilla/5.0 AppleWebKit/537.36 (KHTML, like Gecko; compatible; ClaudeBot/1.0; +claudebot@anthropic.com)"
216.73.216.47 - - [14/Sep/2025:04:32:31 +0000] "GET /jp/product/512919515822 HTTP/1.1" 500 - "-" "Mozilla/5.0 AppleWebKit/537.36 (KHTML, like Gecko; compatible; ClaudeBot/1.0; +claudebot@anthropic.com)"
123.17.10.48 - - [14/Sep/2025:04:32:31 +0000] "GET /site/wp-content/uploads/2015/07/adhara10.jpg HTTP/1.1" 500 - "-" "Mozilla/5.0 (Windows NT 10.0; Win64; x64) AppleWebKit/537.36 (KHTML, like Gecko) Chrome/135.0.0.0 Safari/537.36"
216.73.216.47 - - [14/Sep/2025:04:33:05 +0000] "GET /jp/product/51291784371 HTTP/1.1" 500 - "-" "Mozilla/5.0 AppleWebKit/537.36 (KHTML, like Gecko; compatible; ClaudeBot/1.0; +claudebot@anthropic.com)"
34.174.114.141 - - [14/Sep/2025:04:32:59 +0000] "GET / HTTP/1.1" 500 - "http://playground-magazine.com/robots.txt" "Mozilla/5.0 (Windows NT 10.0; Win64; x64) AppleWebKit/537.36 (KHTML, like Gecko) Chrome/137.0.0.0 Safari/537.36"
34.174.114.141 - - [14/Sep/2025:04:33:05 +0000] "GET / HTTP/1.1" 500 - "http://playground-magazine.com/2016/10/mad-science-4/" "Mozilla/5.0 (Windows NT 10.0; Win64; x64) AppleWebKit/537.36 (KHTML, like Gecko) Chrome/137.0.0.0 Safari/537.36"
157.55.39.200 - - [14/Sep/2025:04:33:15 +0000] "GET /jp/product/51273626240 HTTP/1.1" 200 84469 "-" "Mozilla/5.0 AppleWebKit/537.36 (KHTML, like Gecko; compatible; bingbot/2.0; +http://www.bing.com/bingbot.htm) Chrome/116.0.1938.76 Safari/537.36"
2a02:598:128:8a00::b00:5 - - [14/Sep/2025:04:33:26 +0000] "GET /vimanas-and-flying-machines-in-vedic-literature/ HTTP/1.1" 500 - "-" "Mozilla/5.0 (compatible; SeznamBot/4.0; +https://o-seznam.cz/napoveda/vyhledavani/en/seznambot-crawler/)"
49.232.151.112 - - [14/Sep/2025:04:33:21 +0000] "GET / HTTP/1.1" 500 - "http://playground-magazine.com" "Mozilla/5.0 (iPhone; CPU iPhone OS 13_2_3 like Mac OS X) AppleWebKit/605.1.15 (KHTML, like Gecko) Version/13.0.3 Mobile/15E148 Safari/604.1"
216.73.216.47 - - [14/Sep/2025:04:33:39 +0000] "GET /jp/product/51302312915 HTTP/1.1" 500 - "-" "Mozilla/5.0 AppleWebKit/537.36 (KHTML, like Gecko; compatible; ClaudeBot/1.0; +claudebot@anthropic.com)"
216.73.216.47 - - [14/Sep/2025:04:34:14 +0000] "GET /jp/product/51305080870 HTTP/1.1" 500 - "-" "Mozilla/5.0 AppleWebKit/537.36 (KHTML, like Gecko; compatible; ClaudeBot/1.0; +claudebot@anthropic.com)"
216.73.216.47 - - [14/Sep/2025:04:34:48 +0000] "GET /jp/product/51302203706 HTTP/1.1" 500 - "-" "Mozilla/5.0 AppleWebKit/537.36 (KHTML, like Gecko; compatible; ClaudeBot/1.0; +claudebot@anthropic.com)"
216.73.216.47 - - [14/Sep/2025:04:35:23 +0000] "GET /jp/product/513129424395 HTTP/1.1" 500 - "-" "Mozilla/5.0 AppleWebKit/537.36 (KHTML, like Gecko; compatible; ClaudeBot/1.0; +claudebot@anthropic.com)"
216.73.216.47 - - [14/Sep/2025:04:35:46 +0000] "GET /jp/product/51312858649 HTTP/1.1" 500 - "-" "Mozilla/5.0 AppleWebKit/537.36 (KHTML, like Gecko; compatible; ClaudeBot/1.0; +claudebot@anthropic.com)"
216.73.216.47 - - [14/Sep/2025:04:36:21 +0000] "GET /jp/product/51315794853 HTTP/1.1" 500 - "-" "Mozilla/5.0 AppleWebKit/537.36 (KHTML, like Gecko; compatible; ClaudeBot/1.0; +claudebot@anthropic.com)"
216.73.216.47 - - [14/Sep/2025:04:36:55 +0000] "GET /jp/product/51302337958 HTTP/1.1" 500 - "-" "Mozilla/5.0 AppleWebKit/537.36 (KHTML, like Gecko; compatible; ClaudeBot/1.0; +claudebot@anthropic.com)"
170.106.197.109 - - [14/Sep/2025:04:37:14 +0000] "GET / HTTP/1.1" 500 - "http://www.playground-magazine.com" "Mozilla/5.0 (iPhone; CPU iPhone OS 13_2_3 like Mac OS X) AppleWebKit/605.1.15 (KHTML, like Gecko) Version/13.0.3 Mobile/15E148 Safari/604.1"
216.73.216.47 - - [14/Sep/2025:04:37:30 +0000] "GET /jp/product/51312696365 HTTP/1.1" 500 - "-" "Mozilla/5.0 AppleWebKit/537.36 (KHTML, like Gecko; compatible; ClaudeBot/1.0; +claudebot@anthropic.com)"
157.55.39.10 - - [14/Sep/2025:04:37:28 +0000] "GET /jp/product/51291945950 HTTP/1.1" 200 83599 "-" "Mozilla/5.0 AppleWebKit/537.36 (KHTML, like Gecko; compatible; bingbot/2.0; +http://www.bing.com/bingbot.htm) Chrome/116.0.1938.76 Safari/537.36"
216.73.216.47 - - [14/Sep/2025:04:38:05 +0000] "GET /jp/product/513173522642 HTTP/1.1" 500 - "-" "Mozilla/5.0 AppleWebKit/537.36 (KHTML, like Gecko; compatible; ClaudeBot/1.0; +claudebot@anthropic.com)"
216.73.216.47 - - [14/Sep/2025:04:38:39 +0000] "GET /jp/product/51315851920 HTTP/1.1" 500 - "-" "Mozilla/5.0 AppleWebKit/537.36 (KHTML, like Gecko; compatible; ClaudeBot/1.0; +claudebot@anthropic.com)"
103.205.134.11 - - [14/Sep/2025:04:38:47 +0000] "GET / HTTP/1.1" 500 - "-" "Mozilla/5.0 (Windows NT 10.0; Win64; x64) AppleWebKit/537.36 (KHTML, like Gecko) Chrome/114.0.0.0 Safari/537.36 Edg/114.0.1823.43"
84.54.71.7 - - [14/Sep/2025:04:38:48 +0000] "GET / HTTP/1.1" 500 - "-" "Mozilla/5.0 (Windows NT 10.0; Win64; x64) AppleWebKit/537.36 (KHTML, like Gecko) Chrome/114.0.0.0 Safari/537.36 Edg/114.0.1823.43"
190.111.193.86 - - [14/Sep/2025:04:38:51 +0000] "GET / HTTP/1.1" 500 - "-" "Mozilla/5.0 (Windows NT 10.0; Win64; x64) AppleWebKit/537.36 (KHTML, like Gecko) Chrome/114.0.0.0 Safari/537.36 Edg/114.0.1823.43"
216.73.216.47 - - [14/Sep/2025:04:39:14 +0000] "GET /jp/product/51312886393 HTTP/1.1" 500 - "-" "Mozilla/5.0 AppleWebKit/537.36 (KHTML, like Gecko; compatible; ClaudeBot/1.0; +claudebot@anthropic.com)"
2a02:598:96:8a00::1200:12f - - [14/Sep/2025:04:39:27 +0000] "GET /jp/product/51302092982 HTTP/1.1" 500 - "-" "Mozilla/5.0 (compatible; SeznamBot/4.0; +https://o-seznam.cz/napoveda/vyhledavani/en/seznambot-crawler/)"
216.73.216.47 - - [14/Sep/2025:04:39:47 +0000] "GET /jp/product/513149732820 HTTP/1.1" 500 - "-" "Mozilla/5.0 AppleWebKit/537.36 (KHTML, like Gecko; compatible; ClaudeBot/1.0; +claudebot@anthropic.com)"
216.73.216.47 - - [14/Sep/2025:04:40:18 +0000] "GET /jp/product/51312847220 HTTP/1.1" 500 - "-" "Mozilla/5.0 AppleWebKit/537.36 (KHTML, like Gecko; compatible; ClaudeBot/1.0; +claudebot@anthropic.com)"
216.73.216.47 - - [14/Sep/2025:04:40:43 +0000] "GET /jp/product/51312548465 HTTP/1.1" 500 - "-" "Mozilla/5.0 AppleWebKit/537.36 (KHTML, like Gecko; compatible; ClaudeBot/1.0; +claudebot@anthropic.com)"
181.94.232.99 - - [14/Sep/2025:04:40:47 +0000] "GET / HTTP/1.1" 500 - "-" "Mozilla/5.0 (Windows NT 10.0; Win64; x64) AppleWebKit/537.36 (KHTML, like Gecko) Chrome/114.0.0.0 Safari/537.36 Edg/114.0.1823.43"
216.73.216.47 - - [14/Sep/2025:04:41:16 +0000] "GET /jp/product/513173472982 HTTP/1.1" 500 - "-" "Mozilla/5.0 AppleWebKit/537.36 (KHTML, like Gecko; compatible; ClaudeBot/1.0; +claudebot@anthropic.com)"
216.73.216.47 - - [14/Sep/2025:04:41:51 +0000] "GET /jp/product/512612234594 HTTP/1.1" 500 - "-" "Mozilla/5.0 AppleWebKit/537.36 (KHTML, like Gecko; compatible; ClaudeBot/1.0; +claudebot@anthropic.com)"
216.73.216.47 - - [14/Sep/2025:04:42:26 +0000] "GET /jp/product/51263166392 HTTP/1.1" 500 - "-" "Mozilla/5.0 AppleWebKit/537.36 (KHTML, like Gecko; compatible; ClaudeBot/1.0; +claudebot@anthropic.com)"
216.73.216.47 - - [14/Sep/2025:04:43:00 +0000] "GET /jp/product/51273538941 HTTP/1.1" 500 - "-" "Mozilla/5.0 AppleWebKit/537.36 (KHTML, like Gecko; compatible; ClaudeBot/1.0; +claudebot@anthropic.com)"
207.46.13.127 - - [14/Sep/2025:04:43:05 +0000] "GET /jp/product/51315755204 HTTP/1.1" 200 83393 "-" "Mozilla/5.0 AppleWebKit/537.36 (KHTML, like Gecko; compatible; bingbot/2.0; +http://www.bing.com/bingbot.htm) Chrome/116.0.1938.76 Safari/537.36"
216.73.216.47 - - [14/Sep/2025:04:43:35 +0000] "GET /jp/product/512874855468 HTTP/1.1" 500 - "-" "Mozilla/5.0 AppleWebKit/537.36 (KHTML, like Gecko; compatible; ClaudeBot/1.0; +claudebot@anthropic.com)"
216.73.216.47 - - [14/Sep/2025:04:44:10 +0000] "GET /jp/product/51308222171 HTTP/1.1" 500 - "-" "Mozilla/5.0 AppleWebKit/537.36 (KHTML, like Gecko; compatible; ClaudeBot/1.0; +claudebot@anthropic.com)"
41.140.22.69 - - [14/Sep/2025:04:44:27 +0000] "GET / HTTP/1.1" 500 - "-" "Mozilla/5.0 (Windows NT 10.0; Win64; x64) AppleWebKit/537.36 (KHTML, like Gecko) Chrome/114.0.0.0 Safari/537.36 Edg/114.0.1823.43"
216.73.216.47 - - [14/Sep/2025:04:44:33 +0000] "GET /jp/product/512942981014 HTTP/1.1" 500 - "-" "Mozilla/5.0 AppleWebKit/537.36 (KHTML, like Gecko; compatible; ClaudeBot/1.0; +claudebot@anthropic.com)"
216.73.216.47 - - [14/Sep/2025:04:45:07 +0000] "GET /jp/product/51312889279 HTTP/1.1" 500 - "-" "Mozilla/5.0 AppleWebKit/537.36 (KHTML, like Gecko; compatible; ClaudeBot/1.0; +claudebot@anthropic.com)"
216.73.216.47 - - [14/Sep/2025:04:45:42 +0000] "GET /jp/product/51273633474 HTTP/1.1" 500 - "-" "Mozilla/5.0 AppleWebKit/537.36 (KHTML, like Gecko; compatible; ClaudeBot/1.0; +claudebot@anthropic.com)"
123.21.193.109 - - [14/Sep/2025:04:45:54 +0000] "GET / HTTP/1.1" 500 - "-" "Mozilla/5.0 (Windows NT 10.0; Win64; x64) AppleWebKit/537.36 (KHTML, like Gecko) Chrome/135.0.0.0 Safari/537.36"
216.73.216.47 - - [14/Sep/2025:04:46:13 +0000] "GET /jp/product/51291915374 HTTP/1.1" 500 - "-" "Mozilla/5.0 AppleWebKit/537.36 (KHTML, like Gecko; compatible; ClaudeBot/1.0; +claudebot@anthropic.com)"
2a03:2880:27ff:73:: - - [14/Sep/2025:04:46:38 +0000] "GET / HTTP/1.1" 500 - "-" "facebookexternalhit/1.1 (+http://www.facebook.com/externalhit_uatext.php)"
2a03:2880:27ff:70:: - - [14/Sep/2025:04:46:38 +0000] "GET / HTTP/1.1" 500 - "-" "facebookexternalhit/1.1 (+http://www.facebook.com/externalhit_uatext.php)"
179.211.9.34 - - [14/Sep/2025:04:46:43 +0000] "GET / HTTP/1.1" 500 - "-" "Mozilla/5.0 (Macintosh; Intel Mac OS X 10_15_7) AppleWebKit/537.36 (KHTML, like Gecko) Chrome/133.0.0.0 Safari/537.36"
216.73.216.47 - - [14/Sep/2025:04:46:48 +0000] "GET /jp/product/513063912570 HTTP/1.1" 500 - "-" "Mozilla/5.0 AppleWebKit/537.36 (KHTML, like Gecko; compatible; ClaudeBot/1.0; +claudebot@anthropic.com)"
177.97.78.169 - - [14/Sep/2025:04:46:46 +0000] "GET /jp/product/5126421141 HTTP/1.1" 500 - "-" "Mozilla/5.0 (Windows NT 6.1; WOW64) AppleWebKit/537.36 (KHTML, like Gecko) Chrome/97.0.4692.99 Safari/537.36"
216.73.216.47 - - [14/Sep/2025:04:47:22 +0000] "GET /jp/product/51312884721 HTTP/1.1" 500 - "-" "Mozilla/5.0 AppleWebKit/537.36 (KHTML, like Gecko; compatible; ClaudeBot/1.0; +claudebot@anthropic.com)"
154.208.54.218 - - [14/Sep/2025:04:47:48 +0000] "GET / HTTP/1.1" 500 - "-" "Mozilla/5.0 (Windows NT 10.0; Win64; x64) AppleWebKit/537.36 (KHTML, like Gecko) Chrome/114.0.0.0 Safari/537.36 Edg/114.0.1823.43"
216.73.216.47 - - [14/Sep/2025:04:47:57 +0000] "GET /jp/product/51302328190 HTTP/1.1" 500 - "-" "Mozilla/5.0 AppleWebKit/537.36 (KHTML, like Gecko; compatible; ClaudeBot/1.0; +claudebot@anthropic.com)"
216.73.216.47 - - [14/Sep/2025:04:48:32 +0000] "GET /jp/product/513120483529 HTTP/1.1" 500 - "-" "Mozilla/5.0 AppleWebKit/537.36 (KHTML, like Gecko; compatible; ClaudeBot/1.0; +claudebot@anthropic.com)"
38.250.214.143 - - [14/Sep/2025:04:48:26 +0000] "GET / HTTP/1.1" 500 - "-" "Mozilla/5.0 (Windows NT 10.0; Win64; x64) AppleWebKit/537.36 (KHTML, like Gecko) Chrome/114.0.0.0 Safari/537.36 Edg/114.0.1823.43"
216.73.216.47 - - [14/Sep/2025:04:49:06 +0000] "GET /jp/product/513031937799 HTTP/1.1" 500 - "-" "Mozilla/5.0 AppleWebKit/537.36 (KHTML, like Gecko; compatible; ClaudeBot/1.0; +claudebot@anthropic.com)"
216.73.216.47 - - [14/Sep/2025:04:49:41 +0000] "GET /jp/product/51284003161 HTTP/1.1" 500 - "-" "Mozilla/5.0 AppleWebKit/537.36 (KHTML, like Gecko; compatible; ClaudeBot/1.0; +claudebot@anthropic.com)"
216.73.216.47 - - [14/Sep/2025:04:50:15 +0000] "GET /jp/product/5126318292 HTTP/1.1" 500 - "-" "Mozilla/5.0 AppleWebKit/537.36 (KHTML, like Gecko; compatible; ClaudeBot/1.0; +claudebot@anthropic.com)"
216.73.216.47 - - [14/Sep/2025:04:50:50 +0000] "GET /jp/product/513072959363 HTTP/1.1" 500 - "-" "Mozilla/5.0 AppleWebKit/537.36 (KHTML, like Gecko; compatible; ClaudeBot/1.0; +claudebot@anthropic.com)"
3.208.8.222 - - [14/Sep/2025:04:51:02 +0000] "GET / HTTP/1.1" 500 - "-" "Mozilla/5.0 (Windows NT 10.0; Win64; x64) AppleWebKit/537.36 (KHTML, like Gecko) Chrome/78.0.3904.108 Safari/537.36"
216.73.216.47 - - [14/Sep/2025:04:51:10 +0000] "GET /jp/product/51291821245 HTTP/1.1" 500 - "-" "Mozilla/5.0 AppleWebKit/537.36 (KHTML, like Gecko; compatible; ClaudeBot/1.0; +claudebot@anthropic.com)"
216.73.216.47 - - [14/Sep/2025:04:51:45 +0000] "GET /jp/product/51312598306 HTTP/1.1" 500 - "-" "Mozilla/5.0 AppleWebKit/537.36 (KHTML, like Gecko; compatible; ClaudeBot/1.0; +claudebot@anthropic.com)"
3.208.8.222 - - [14/Sep/2025:04:51:08 +0000] "GET //wp-includes/wlwmanifest.xml HTTP/1.1" 200 4400 "-" "Mozilla/5.0 (Windows NT 10.0; Win64; x64) AppleWebKit/537.36 (KHTML, like Gecko) Chrome/78.0.3904.108 Safari/537.36"
